CRAN Package Check Results for Package WEGE

Last updated on 2021-04-21 06:48:01 CEST.

Flavor Version Tinstall Tcheck Ttotal Status Flags
r-devel-linux-x86_64-debian-clang 0.1.0 12.36 104.27 116.63 NOTE
r-devel-linux-x86_64-debian-gcc 0.1.0 8.09 77.95 86.04 NOTE
r-devel-linux-x86_64-fedora-clang 0.1.0 127.41 NOTE
r-devel-linux-x86_64-fedora-gcc 0.1.0 137.85 NOTE
r-devel-windows-ix86+x86_64 0.1.0 27.00 90.00 117.00 NOTE
r-devel-windows-x86_64-gcc10-UCRT 0.1.0 NOTE
r-patched-linux-x86_64 0.1.0 8.53 94.82 103.35 OK
r-patched-solaris-x86 0.1.0 196.80 OK
r-release-linux-x86_64 0.1.0 11.23 96.40 107.63 OK
r-release-macos-x86_64 0.1.0 OK
r-release-windows-ix86+x86_64 0.1.0 26.00 116.00 142.00 OK
r-oldrel-macos-x86_64 0.1.0 OK
r-oldrel-windows-ix86+x86_64 0.1.0 19.00 115.00 134.00 OK

Check Details

Version: 0.1.0
Check: LazyData
Result: NOTE
     'LazyData' is specified without a 'data' directory
Flavors: r-devel-linux-x86_64-debian-clang, r-devel-linux-x86_64-debian-gcc, r-devel-linux-x86_64-fedora-clang, r-devel-linux-x86_64-fedora-gcc, r-devel-windows-ix86+x86_64, r-devel-windows-x86_64-gcc10-UCRT