CRAN Package Check Results for Package WGCNA

Last updated on 2016-08-28 17:48:22.

Flavor Version Tinstall Tcheck Ttotal Status Flags
r-devel-linux-x86_64-debian-clang 1.51 13.11 181.47 194.57 OK
r-devel-linux-x86_64-debian-gcc 1.51 13.90 177.31 191.21 OK
r-devel-linux-x86_64-fedora-clang 1.51 353.15 OK
r-devel-linux-x86_64-fedora-gcc 1.51 330.89 OK
r-devel-osx-x86_64-clang 1.51 272.16 OK
r-devel-windows-ix86+x86_64 1.51 56.00 466.00 522.00 WARN
r-patched-linux-x86_64 1.51 13.45 174.87 188.31 OK
r-patched-solaris-sparc 1.51 1954.30 OK
r-patched-solaris-x86 1.51 398.70 OK
r-release-linux-x86_64 1.51 13.55 173.83 187.38 OK
r-release-osx-x86_64-mavericks 1.51 NOTE
r-release-windows-ix86+x86_64 1.51 51.00 318.00 369.00 OK
r-oldrel-windows-ix86+x86_64 1.51 62.00 603.00 665.00 OK

Check Details

Version: 1.51
Check: whether package can be installed
Result: WARN
    Found the following significant warnings:
     Warning: multiple methods tables found for 'which.max'
     Warning: multiple methods tables found for 'which.min'
     Warning: multiple methods tables found for 'which'
Flavor: r-devel-windows-ix86+x86_64

Version: 1.51
Check: package dependencies
Result: NOTE
    Package suggested but not available for checking: ‘org.Mm.eg.db’
Flavor: r-release-osx-x86_64-mavericks