CRAN Package Check Results for Package WGCNA

Last updated on 2017-08-19 16:46:51.

Flavor Version Tinstall Tcheck Ttotal Status Flags
r-devel-linux-x86_64-debian-clang 1.61 18.18 177.13 195.30 OK
r-devel-linux-x86_64-debian-gcc 1.61 17.92 171.57 189.49 OK
r-devel-linux-x86_64-fedora-clang 1.61 377.62 OK
r-devel-linux-x86_64-fedora-gcc 1.61 385.60 OK
r-devel-windows-ix86+x86_64 1.61 57.00 327.00 384.00 OK
r-patched-linux-x86_64 1.61 18.67 179.01 197.69 OK
r-patched-solaris-x86 1.61 462.00 OK
r-release-linux-x86_64 1.61 18.57 177.99 196.57 OK
r-release-windows-ix86+x86_64 1.61 79.00 334.00 413.00 OK
r-release-osx-x86_64 1.61 ERROR
r-oldrel-windows-ix86+x86_64 1.61 56.00 307.00 363.00 OK
r-oldrel-osx-x86_64 1.61 NOTE

Check Details

Version: 1.61
Check: package dependencies
Result: ERROR
    Packages required but not available: ‘impute’ ‘GO.db’ ‘AnnotationDbi’
    
    Packages suggested but not available for checking:
     ‘org.Hs.eg.db’ ‘org.Mm.eg.db’ ‘minet’
    
    See section ‘The DESCRIPTION file’ in the ‘Writing R Extensions’
    manual.
Flavor: r-release-osx-x86_64

Version: 1.61
Check: package dependencies
Result: NOTE
    Package suggested but not available for checking: ‘org.Mm.eg.db’
Flavor: r-oldrel-osx-x86_64