CRAN Package Check Results for Package WGCNA

Last updated on 2016-12-10 10:47:34.

Flavor Version Tinstall Tcheck Ttotal Status Flags
r-devel-linux-x86_64-debian-clang 1.51 13.18 186.37 199.55 OK
r-devel-linux-x86_64-debian-gcc 1.51 14.05 182.59 196.64 OK
r-devel-linux-x86_64-fedora-clang 1.51 386.71 OK --no-stop-on-test-error
r-devel-linux-x86_64-fedora-gcc 1.51 370.43 OK --no-stop-on-test-error
r-devel-macos-x86_64-clang 1.51 279.98 OK --no-stop-on-test-error
r-devel-windows-ix86+x86_64 1.51 38.00 316.00 354.00 OK
r-patched-linux-x86_64 1.51 13.65 166.57 180.22 OK
r-patched-solaris-sparc 1.51 2019.70 OK
r-patched-solaris-x86 1.51 412.30 OK
r-release-linux-x86_64 1.51 12.98 167.04 180.01 OK
r-release-osx-x86_64-mavericks 1.51 NOTE
r-release-windows-ix86+x86_64 1.51 39.00 324.00 363.00 OK
r-oldrel-windows-ix86+x86_64 1.51 71.00 457.00 528.00 OK

Check Details

Version: 1.51
Check: package dependencies
Result: NOTE
    Package suggested but not available for checking: ‘org.Mm.eg.db’
Flavor: r-release-osx-x86_64-mavericks