CRAN Package Check Results for Package WGCNA

Last updated on 2015-01-28 15:47:26.

Flavor Version Tinstall Tcheck Ttotal Status Flags
r-devel-linux-x86_64-debian-clang 1.43 13.00 149.35 162.34 NOTE
r-devel-linux-x86_64-debian-gcc 1.43 13.47 148.90 162.37 NOTE
r-devel-linux-x86_64-fedora-clang 1.43 378.86 NOTE
r-devel-linux-x86_64-fedora-gcc 1.43 359.36 NOTE
r-devel-osx-x86_64-clang 1.43 310.22 NOTE
r-devel-windows-ix86+x86_64 1.43 55.00 251.00 306.00 OK
r-patched-linux-x86_64 1.43 15.32 171.76 187.08 OK
r-patched-solaris-sparc 1.43 1927.20 OK
r-patched-solaris-x86 1.43 464.40 OK
r-release-linux-ix86 1.43 17.84 189.90 207.75 OK
r-release-linux-x86_64 1.43 15.36 179.85 195.21 OK
r-release-osx-x86_64-mavericks 1.43 ERROR
r-release-osx-x86_64-snowleopard 1.43 ERROR
r-release-windows-ix86+x86_64 1.43 50.00 333.00 383.00 OK
r-oldrel-windows-ix86+x86_64 1.43 20.00 2.00 22.00 ERROR

Check Details

Version: 1.43
Check: S3 generic/method consistency
Result: NOTE
    Found the following apparent S3 methods exported but not registered:
     mean.na scale.na quantile.na length.na log.na sum.na prod.na
    See section ‘Registering S3 methods’ in the ‘Writing R Extensions’
    manual.
Flavors: r-devel-linux-x86_64-debian-clang, r-devel-linux-x86_64-debian-gcc, r-devel-linux-x86_64-fedora-clang, r-devel-linux-x86_64-fedora-gcc, r-devel-osx-x86_64-clang

Version: 1.43
Check: package dependencies
Result: NOTE
    Packages suggested but not available for checking: ‘org.Mm.eg.db’ ‘minet’
Flavors: r-release-osx-x86_64-mavericks, r-release-osx-x86_64-snowleopard

Version: 1.43
Check: whether package can be installed
Result: ERROR
    Installation failed.
Flavors: r-release-osx-x86_64-mavericks, r-release-osx-x86_64-snowleopard, r-oldrel-windows-ix86+x86_64