CRAN Package Check Results for Package WGCNA

Last updated on 2016-05-05 23:50:16.

Flavor Version Tinstall Tcheck Ttotal Status Flags
r-devel-linux-x86_64-debian-gcc 1.51 13.52 176.26 189.78 OK
r-devel-linux-x86_64-fedora-clang 1.51 350.56 OK
r-devel-linux-x86_64-fedora-gcc 1.51 323.14 OK
r-devel-osx-x86_64-clang 1.51 347.08 OK
r-devel-windows-ix86+x86_64 1.51 45.00 318.00 363.00 OK
r-patched-linux-x86_64 1.51 13.17 174.37 187.54 OK
r-patched-solaris-sparc 1.51 1542.00 OK
r-patched-solaris-x86 1.51 402.30 OK
r-release-linux-x86_64 1.51 12.97 173.67 186.64 OK
r-release-osx-x86_64-mavericks 1.51 NOTE
r-release-windows-ix86+x86_64 1.51 45.00 318.00 363.00 OK
r-oldrel-windows-ix86+x86_64 1.51 55.00 445.00 500.00 OK

Check Details

Version: 1.51
Check: package dependencies
Result: NOTE
    Packages suggested but not available for checking:
     ‘org.Hs.eg.db’ ‘org.Mm.eg.db’ ‘minet’
Flavor: r-release-osx-x86_64-mavericks