CRAN Package Check Results for Package WGCNA

Last updated on 2017-12-11 20:47:21 CET.

Flavor Version Tinstall Tcheck Ttotal Status Flags
r-devel-linux-x86_64-debian-clang 1.61 22.46 238.02 260.48 OK
r-devel-linux-x86_64-debian-gcc 1.61 21.04 216.89 237.93 OK
r-devel-linux-x86_64-fedora-clang 1.61 346.41 OK
r-devel-linux-x86_64-fedora-gcc 1.61 342.76 OK
r-devel-windows-ix86+x86_64 1.61 85.00 427.00 512.00 OK
r-patched-linux-x86_64 1.61 25.79 297.23 323.02 OK
r-patched-solaris-x86 1.61 460.40 OK
r-release-linux-x86_64 1.61 24.53 295.23 319.76 OK
r-release-windows-ix86+x86_64 1.61 56.00 385.00 441.00 OK
r-release-osx-x86_64 1.61 ERROR
r-oldrel-windows-ix86+x86_64 1.61 59.00 448.00 507.00 OK
r-oldrel-osx-x86_64 1.61 NOTE

Check Details

Version: 1.61
Check: package dependencies
Result: ERROR
    Packages required but not available: ‘impute’ ‘GO.db’
    
    Packages suggested but not available for checking:
     ‘org.Hs.eg.db’ ‘org.Mm.eg.db’ ‘minet’
    
    See section ‘The DESCRIPTION file’ in the ‘Writing R Extensions’
    manual.
Flavor: r-release-osx-x86_64

Version: 1.61
Check: package dependencies
Result: NOTE
    Package suggested but not available for checking: ‘org.Mm.eg.db’
Flavor: r-oldrel-osx-x86_64