CRAN Package Check Results for Package WGCNA

Last updated on 2015-03-03 05:47:11.

Flavor Version Tinstall Tcheck Ttotal Status Flags
r-devel-linux-x86_64-debian-clang 1.43 11.60 143.70 155.30 NOTE
r-devel-linux-x86_64-debian-gcc 1.43 11.69 144.47 156.16 NOTE
r-devel-linux-x86_64-fedora-clang 1.43 314.42 NOTE
r-devel-linux-x86_64-fedora-gcc 1.43 264.32 NOTE
r-devel-osx-x86_64-clang 1.43 262.06 NOTE
r-devel-windows-ix86+x86_64 1.43 59.00 352.00 411.00 OK
r-patched-linux-x86_64 1.43 17.16 193.20 210.37 OK
r-patched-solaris-sparc 1.43 1927.20 OK
r-patched-solaris-x86 1.43 499.50 OK
r-release-linux-ix86 1.43 19.26 202.96 222.22 OK
r-release-linux-x86_64 1.43 17.15 185.74 202.90 OK
r-release-osx-x86_64-mavericks 1.43 ERROR
r-release-osx-x86_64-snowleopard 1.43 ERROR
r-release-windows-ix86+x86_64 1.43 78.00 501.00 579.00 OK
r-oldrel-windows-ix86+x86_64 1.43 22.00 1.00 23.00 ERROR

Check Details

Version: 1.43
Check: S3 generic/method consistency
Result: NOTE
    Found the following apparent S3 methods exported but not registered:
     length.na log.na mean.na prod.na quantile.na scale.na sum.na
    See section ‘Registering S3 methods’ in the ‘Writing R Extensions’
    manual.
Flavors: r-devel-linux-x86_64-debian-clang, r-devel-linux-x86_64-debian-gcc, r-devel-linux-x86_64-fedora-clang, r-devel-linux-x86_64-fedora-gcc, r-devel-osx-x86_64-clang

Version: 1.43
Check: package dependencies
Result: NOTE
    Packages suggested but not available for checking: ‘org.Mm.eg.db’ ‘minet’
Flavors: r-release-osx-x86_64-mavericks, r-release-osx-x86_64-snowleopard

Version: 1.43
Check: whether package can be installed
Result: ERROR
    Installation failed.
Flavors: r-release-osx-x86_64-mavericks, r-release-osx-x86_64-snowleopard, r-oldrel-windows-ix86+x86_64