CRAN Package Check Results for Package WGCNA

Last updated on 2014-12-19 15:48:41.

Flavor Version Tinstall Tcheck Ttotal Status Flags
r-devel-linux-x86_64-debian-clang 1.42 7.83 104.65 112.48 OK
r-devel-linux-x86_64-debian-gcc 1.42 8.28 95.57 103.85 OK
r-devel-linux-x86_64-fedora-clang 1.42 211.97 OK
r-devel-linux-x86_64-fedora-gcc 1.42 194.92 OK
r-devel-osx-x86_64-clang 1.42 182.64 OK
r-devel-windows-ix86+x86_64 1.42 32.00 188.00 220.00 OK
r-patched-linux-x86_64 1.42 8.72 105.49 114.21 OK
r-patched-solaris-sparc 1.42 1131.20 OK
r-patched-solaris-x86 1.42 257.10 OK
r-release-linux-ix86 1.42 11.00 116.78 127.78 OK
r-release-linux-x86_64 1.42 11.16 104.96 116.12 OK
r-release-osx-x86_64-mavericks 1.42 NOTE
r-release-osx-x86_64-snowleopard 1.42 NOTE
r-release-windows-ix86+x86_64 1.42 32.00 196.00 228.00 OK
r-oldrel-windows-ix86+x86_64 1.42 30.00 200.00 230.00 NOTE

Check Details

Version: 1.42
Check: package dependencies
Result: NOTE
    Packages suggested but not available for checking: ‘org.Mm.eg.db’ ‘minet’
Flavors: r-release-osx-x86_64-mavericks, r-release-osx-x86_64-snowleopard

Version: 1.42
Check: R code for possible problems
Result: NOTE
    Error : .onLoad failed in loadNamespace() for 'GO.db', details:
     call: match.arg(synchronous, c("off", "normal", "full"))
     error: 'arg' must be NULL or a character vector
    Error : .onLoad failed in loadNamespace() for 'org.Hs.eg.db', details:
     call: match.arg(synchronous, c("off", "normal", "full"))
     error: 'arg' must be NULL or a character vector
    Error : .onLoad failed in loadNamespace() for 'org.Mm.eg.db', details:
     call: match.arg(synchronous, c("off", "normal", "full"))
     error: 'arg' must be NULL or a character vector
Flavor: r-oldrel-windows-ix86+x86_64