CRAN Package Check Results for Package WGCNA

Last updated on 2015-05-28 11:48:47.

Flavor Version Tinstall Tcheck Ttotal Status Flags
r-devel-linux-x86_64-debian-clang 1.46 10.92 143.69 154.62 OK
r-devel-linux-x86_64-debian-gcc 1.46 11.75 138.88 150.63 OK
r-devel-linux-x86_64-fedora-clang 1.46 298.01 OK
r-devel-linux-x86_64-fedora-gcc 1.46 283.01 OK
r-devel-osx-x86_64-clang 1.46 243.96 OK
r-devel-windows-ix86+x86_64 1.46 43.00 274.00 317.00 OK
r-patched-linux-x86_64 1.46 11.76 138.28 150.03 OK
r-patched-solaris-sparc 1.46 1721.20 OK
r-patched-solaris-x86 1.46 368.80 OK
r-release-linux-x86_64 1.46 13.43 139.33 152.76 OK
r-release-osx-x86_64-mavericks 1.46 NOTE
r-release-osx-x86_64-snowleopard 1.46 ERROR
r-release-windows-ix86+x86_64 1.46 43.00 274.00 317.00 OK
r-oldrel-windows-ix86+x86_64 1.46 58.00 370.00 428.00 OK

Check Details

Version: 1.46
Check: package dependencies
Result: NOTE
    Packages suggested but not available for checking:
     ‘org.Hs.eg.db’ ‘org.Mm.eg.db’ ‘minet’
Flavor: r-release-osx-x86_64-mavericks

Version: 1.46
Check: package dependencies
Result: ERROR
    Packages required but not available:
     ‘impute’ ‘preprocessCore’ ‘GO.db’ ‘AnnotationDbi’
    
    Packages suggested but not available for checking:
     ‘org.Hs.eg.db’ ‘org.Mm.eg.db’ ‘minet’
    
    See section ‘The DESCRIPTION file’ in the ‘Writing R Extensions’
    manual.
Flavor: r-release-osx-x86_64-snowleopard