CRAN Package Check Results for Package WGCNA

Last updated on 2017-06-24 01:47:48.

Flavor Version Tinstall Tcheck Ttotal Status Flags
r-devel-linux-x86_64-debian-clang 1.51 14.23 183.51 197.74 NOTE
r-devel-linux-x86_64-debian-gcc 1.51 14.12 174.95 189.07 NOTE
r-devel-linux-x86_64-fedora-clang 1.51 412.01 NOTE
r-devel-linux-x86_64-fedora-gcc 1.51 385.44 NOTE
r-devel-windows-ix86+x86_64 1.51 75.00 462.00 537.00 OK
r-patched-linux-x86_64 1.51 13.83 177.27 191.10 NOTE
r-patched-solaris-sparc 1.51 2066.10 OK
r-patched-solaris-x86 1.51 452.90 OK
r-release-linux-x86_64 1.51 15.07 184.33 199.40 NOTE
r-release-windows-ix86+x86_64 1.51 45.00 488.00 533.00 OK
r-release-osx-x86_64 1.51 ERROR
r-oldrel-windows-ix86+x86_64 1.51 66.00 447.00 513.00 OK
r-oldrel-osx-x86_64 1.51 NOTE

Check Details

Version: 1.51
Check: compiled code
Result: NOTE
    File ‘WGCNA/libs/WGCNA.so’:
     Found no calls to: ‘R_registerRoutines’, ‘R_useDynamicSymbols’
    
    It is good practice to register native routines and to disable symbol
    search.
    
    See ‘Writing portable packages’ in the ‘Writing R Extensions’ manual.
Flavors: r-devel-linux-x86_64-debian-clang, r-devel-linux-x86_64-debian-gcc, r-devel-linux-x86_64-fedora-clang, r-devel-linux-x86_64-fedora-gcc, r-patched-linux-x86_64, r-release-linux-x86_64

Version: 1.51
Check: package dependencies
Result: ERROR
    Packages required but not available: ‘impute’ ‘GO.db’ ‘AnnotationDbi’
    
    Packages suggested but not available for checking:
     ‘org.Hs.eg.db’ ‘org.Mm.eg.db’ ‘minet’
    
    See section ‘The DESCRIPTION file’ in the ‘Writing R Extensions’
    manual.
Flavor: r-release-osx-x86_64

Version: 1.51
Check: package dependencies
Result: NOTE
    Package suggested but not available for checking: ‘org.Mm.eg.db’
Flavor: r-oldrel-osx-x86_64