CRAN Package Check Results for Package WGCNA

Last updated on 2017-10-18 03:48:41.

Flavor Version Tinstall Tcheck Ttotal Status Flags
r-devel-linux-x86_64-debian-clang 1.61 18.40 176.71 195.11 OK
r-devel-linux-x86_64-debian-gcc 1.61 20.50 180.63 201.13 OK
r-devel-linux-x86_64-fedora-clang 1.61 382.93 OK
r-devel-linux-x86_64-fedora-gcc 1.61 388.55 OK
r-devel-windows-ix86+x86_64 1.61 53.00 340.00 393.00 OK
r-patched-linux-x86_64 1.61 19.23 176.20 195.44 OK
r-patched-solaris-x86 1.61 466.20 OK
r-release-linux-x86_64 1.61 18.37 181.96 200.33 OK
r-release-windows-ix86+x86_64 1.61 68.00 445.00 513.00 OK
r-release-osx-x86_64 1.61 ERROR
r-oldrel-windows-ix86+x86_64 1.61 69.00 464.00 533.00 OK
r-oldrel-osx-x86_64 1.61 NOTE

Check Details

Version: 1.61
Check: package dependencies
Result: ERROR
    Packages required but not available: ‘impute’ ‘GO.db’ ‘AnnotationDbi’
    
    Packages suggested but not available for checking:
     ‘org.Hs.eg.db’ ‘org.Mm.eg.db’ ‘minet’
    
    See section ‘The DESCRIPTION file’ in the ‘Writing R Extensions’
    manual.
Flavor: r-release-osx-x86_64

Version: 1.61
Check: package dependencies
Result: NOTE
    Package suggested but not available for checking: ‘org.Mm.eg.db’
Flavor: r-oldrel-osx-x86_64