CRAN Package Check Results for Package WGCNA

Last updated on 2014-11-24 05:47:46.

Flavor Version Tinstall Tcheck Ttotal Status Flags
r-devel-linux-x86_64-debian-clang 1.41-1 7.15 98.24 105.39 NOTE
r-devel-linux-x86_64-debian-gcc 1.41-1 7.63 98.55 106.18 NOTE
r-devel-linux-x86_64-fedora-clang 1.41-1 205.10 NOTE
r-devel-linux-x86_64-fedora-gcc 1.41-1 190.37 NOTE
r-devel-osx-x86_64-clang 1.41-1 178.74 NOTE
r-devel-windows-ix86+x86_64 1.41-1 28.00 171.00 199.00 NOTE
r-patched-linux-x86_64 1.41-1 7.84 100.23 108.06 NOTE
r-patched-solaris-sparc 1.41-1 1191.60 NOTE
r-patched-solaris-x86 1.41-1 249.50 NOTE
r-release-linux-ix86 1.41-1 9.98 113.98 123.97 NOTE
r-release-linux-x86_64 1.41-1 8.13 100.91 109.04 NOTE
r-release-osx-x86_64-mavericks 1.41-1 NOTE
r-release-osx-x86_64-snowleopard 1.41-1 NOTE
r-release-windows-ix86+x86_64 1.41-1 28.00 201.00 229.00 NOTE
r-oldrel-windows-ix86+x86_64 1.41-1 26.00 188.00 214.00 NOTE

Check Details

Version: 1.41-1
Check: R code for possible problems
Result: NOTE
    .devianceResidual: no visible global function definition for ‘coxph’
    .equalizeQuantiles: no visible global function definition for
     ‘rowMedians’
    GOenrichmentAnalysis: no visible global function definition for
     ‘mappedkeys’
    GOenrichmentAnalysis: no visible binding for global variable ‘GOID’
    GOenrichmentAnalysis: no visible binding for global variable ‘Ontology’
    disableWGCNAThreads: no visible global function definition for
     ‘stopCluster’
    standardScreeningCensoredTime: no visible global function definition
     for ‘coxph’
    standardScreeningCensoredTime: no visible global function definition
     for ‘Surv’
    votingLinearPredictor: no visible global function definition for
     ‘is.Surv’
Flavors: r-devel-linux-x86_64-debian-clang, r-devel-linux-x86_64-debian-gcc, r-devel-linux-x86_64-fedora-clang, r-devel-linux-x86_64-fedora-gcc, r-devel-osx-x86_64-clang, r-devel-windows-ix86+x86_64, r-patched-linux-x86_64, r-patched-solaris-sparc, r-patched-solaris-x86, r-release-linux-ix86, r-release-linux-x86_64, r-release-windows-ix86+x86_64

Version: 1.41-1
Check: package dependencies
Result: NOTE
    Packages suggested but not available for checking: ‘org.Mm.eg.db’ ‘minet’
Flavors: r-release-osx-x86_64-mavericks, r-release-osx-x86_64-snowleopard

Version: 1.41-1
Check: R code for possible problems
Result: NOTE
    Error : .onLoad failed in loadNamespace() for 'GO.db', details:
     call: match.arg(synchronous, c("off", "normal", "full"))
     error: 'arg' must be NULL or a character vector
    Error : .onLoad failed in loadNamespace() for 'org.Hs.eg.db', details:
     call: match.arg(synchronous, c("off", "normal", "full"))
     error: 'arg' must be NULL or a character vector
    Error : .onLoad failed in loadNamespace() for 'org.Mm.eg.db', details:
     call: match.arg(synchronous, c("off", "normal", "full"))
     error: 'arg' must be NULL or a character vector
Flavor: r-oldrel-windows-ix86+x86_64