CRAN Package Check Results for Package WGCNA

Last updated on 2016-02-10 09:47:43.

Flavor Version Tinstall Tcheck Ttotal Status Flags
r-devel-linux-x86_64-debian-gcc 1.49 11.11 135.62 146.73 OK
r-devel-linux-x86_64-fedora-clang 1.49 283.44 OK
r-devel-linux-x86_64-fedora-gcc 1.49 268.62 OK
r-devel-osx-x86_64-clang 1.49 289.61 OK
r-devel-windows-ix86+x86_64 1.49 52.00 258.00 310.00 OK
r-patched-linux-x86_64 1.49 12.35 148.53 160.88 OK
r-patched-solaris-sparc 1.49 1662.30 OK
r-patched-solaris-x86 1.49 343.30 OK
r-release-linux-x86_64 1.49 12.10 140.53 152.63 OK
r-release-osx-x86_64-mavericks 1.49 NOTE
r-release-windows-ix86+x86_64 1.49 58.00 344.00 402.00 OK
r-oldrel-windows-ix86+x86_64 1.49 75.00 441.00 516.00 OK

Check Details

Version: 1.49
Check: package dependencies
Result: NOTE
    Packages suggested but not available for checking:
     ‘org.Hs.eg.db’ ‘org.Mm.eg.db’ ‘minet’
Flavor: r-release-osx-x86_64-mavericks