CRAN Package Check Results for Package WGCNA

Last updated on 2016-07-26 21:50:04.

Flavor Version Tinstall Tcheck Ttotal Status Flags
r-devel-linux-x86_64-debian-clang 1.51 17.33 183.22 200.55 OK
r-devel-linux-x86_64-debian-gcc 1.51 17.40 189.06 206.46 OK
r-devel-linux-x86_64-fedora-clang 1.51 354.10 OK
r-devel-linux-x86_64-fedora-gcc 1.51 336.13 OK
r-devel-osx-x86_64-clang 1.51 272.34 OK
r-devel-windows-ix86+x86_64 1.51 68.00 437.00 505.00 OK
r-patched-linux-x86_64 1.51 17.19 181.08 198.27 OK
r-patched-solaris-sparc 1.51 1954.30 OK
r-patched-solaris-x86 1.51 399.50 OK
r-release-linux-x86_64 1.51 16.91 184.16 201.07 OK
r-release-osx-x86_64-mavericks 1.51 NOTE
r-release-windows-ix86+x86_64 1.51 56.00 355.00 411.00 OK
r-oldrel-windows-ix86+x86_64 1.51 61.00 384.00 445.00 OK

Check Details

Version: 1.51
Check: package dependencies
Result: NOTE
    Package suggested but not available for checking: ‘org.Mm.eg.db’
Flavor: r-release-osx-x86_64-mavericks