CRAN Package Check Results for Package WGCNA

Last updated on 2014-08-21 05:47:07.

Flavor Version Tinstall Tcheck Ttotal Status Flags
r-devel-linux-x86_64-debian-clang 1.41-1 6.77 101.84 108.62 OK
r-devel-linux-x86_64-debian-gcc 1.41-1 7.85 102.99 110.84 OK
r-devel-linux-x86_64-fedora-clang 1.41-1 223.75 NOTE
r-devel-linux-x86_64-fedora-gcc 1.41-1 207.09 NOTE
r-devel-osx-x86_64-clang 1.41-1 170.43 NOTE
r-devel-windows-ix86+x86_64 1.41-1 27.00 181.00 208.00 OK
r-patched-linux-x86_64 1.41-1 7.95 104.43 112.38 OK
r-patched-solaris-sparc 1.41-1 1234.90 OK
r-patched-solaris-x86 1.41-1 260.50 OK
r-release-linux-ix86 1.41-1 10.36 124.34 134.70 OK
r-release-linux-x86_64 1.41-1 8.18 104.98 113.16 OK
r-release-osx-x86_64-mavericks 1.41-1 NOTE
r-release-osx-x86_64-snowleopard 1.41-1 NOTE
r-release-windows-ix86+x86_64 1.41-1 25.00 186.00 211.00 OK
r-oldrel-windows-ix86+x86_64 1.41-1 30.00 196.00 226.00 OK

Check Details

Version: 1.41-1
Check: R code for possible problems
Result: NOTE
    .devianceResidual: no visible global function definition for ‘coxph’
    .equalizeQuantiles: no visible global function definition for
     ‘rowMedians’
    GOenrichmentAnalysis: no visible global function definition for
     ‘mappedkeys’
    GOenrichmentAnalysis: no visible binding for global variable ‘GOID’
    GOenrichmentAnalysis: no visible binding for global variable ‘Ontology’
    disableWGCNAThreads: no visible global function definition for
     ‘stopCluster’
    standardScreeningCensoredTime: no visible global function definition
     for ‘coxph’
    standardScreeningCensoredTime: no visible global function definition
     for ‘Surv’
    votingLinearPredictor: no visible global function definition for
     ‘is.Surv’
Flavors: r-devel-linux-x86_64-fedora-clang, r-devel-linux-x86_64-fedora-gcc, r-devel-osx-x86_64-clang

Version: 1.41-1
Check: package dependencies
Result: NOTE
    Packages suggested but not available for checking: ‘org.Mm.eg.db’ ‘minet’
Flavors: r-release-osx-x86_64-mavericks, r-release-osx-x86_64-snowleopard