CRAN Package Check Results for Package WGCNA

Last updated on 2017-03-27 05:48:23.

Flavor Version Tinstall Tcheck Ttotal Status Flags
r-devel-linux-x86_64-debian-clang 1.51 14.30 175.85 190.14 NOTE
r-devel-linux-x86_64-debian-gcc 1.51 13.79 176.70 190.50 NOTE
r-devel-linux-x86_64-fedora-clang 1.51 373.64 NOTE --no-stop-on-test-error
r-devel-linux-x86_64-fedora-gcc 1.51 387.60 NOTE --no-stop-on-test-error
r-devel-macos-x86_64-clang 1.51 279.59 NOTE --no-stop-on-test-error
r-patched-linux-x86_64 1.51 13.99 172.28 186.27 NOTE
r-patched-solaris-sparc 1.51 2066.10 OK
r-patched-solaris-x86 1.51 468.20 OK
r-release-linux-x86_64 1.51 14.12 168.29 182.41 OK
r-release-osx-x86_64-mavericks 1.51 NOTE
r-release-windows-ix86+x86_64 1.51 56.00 354.00 410.00 OK
r-oldrel-windows-ix86+x86_64 1.51 47.00 368.00 415.00 OK

Check Details

Version: 1.51
Check: compiled code
Result: NOTE
    File ‘WGCNA/libs/WGCNA.so’:
     Found no calls to: ‘R_registerRoutines’, ‘R_useDynamicSymbols’
    
    It is good practice to register native routines and to disable symbol
    search.
    
    See ‘Writing portable packages’ in the ‘Writing R Extensions’ manual.
Flavors: r-devel-linux-x86_64-debian-clang, r-devel-linux-x86_64-debian-gcc, r-patched-linux-x86_64

Version: 1.51
Flags: --no-stop-on-test-error
Check: compiled code
Result: NOTE
    File ‘WGCNA/libs/WGCNA.so’:
     Found no calls to: ‘R_registerRoutines’, ‘R_useDynamicSymbols’
    
    It is good practice to register native routines and to disable symbol
    search.
    
    See ‘Writing portable packages’ in the ‘Writing R Extensions’ manual.
Flavors: r-devel-linux-x86_64-fedora-clang, r-devel-linux-x86_64-fedora-gcc, r-devel-macos-x86_64-clang

Version: 1.51
Check: package dependencies
Result: NOTE
    Package suggested but not available for checking: ‘org.Mm.eg.db’
Flavor: r-release-osx-x86_64-mavericks