CRAN Package Check Results for Package WGCNA

Last updated on 2014-09-24 01:49:44.

Flavor Version Tinstall Tcheck Ttotal Status Flags
r-devel-linux-x86_64-debian-clang 1.41-1 7.14 99.06 106.20 NOTE
r-devel-linux-x86_64-debian-gcc 1.41-1 8.03 95.61 103.64 NOTE
r-devel-linux-x86_64-fedora-clang 1.41-1 210.53 NOTE
r-devel-linux-x86_64-fedora-gcc 1.41-1 197.08 NOTE
r-devel-osx-x86_64-clang 1.41-1 168.48 NOTE
r-devel-windows-ix86+x86_64 1.41-1 28.00 175.00 203.00 NOTE
r-patched-linux-x86_64 1.41-1 8.51 107.20 115.70 OK
r-patched-solaris-sparc 1.41-1 1234.90 OK
r-patched-solaris-x86 1.41-1 272.80 OK
r-release-linux-ix86 1.41-1 10.51 126.58 137.08 OK
r-release-linux-x86_64 1.41-1 7.88 106.72 114.60 OK
r-release-osx-x86_64-mavericks 1.41-1 NOTE
r-release-osx-x86_64-snowleopard 1.41-1 NOTE
r-release-windows-ix86+x86_64 1.41-1 27.00 197.00 224.00 OK
r-oldrel-windows-ix86+x86_64 1.41-1 27.00 193.00 220.00 OK

Check Details

Version: 1.41-1
Check: R code for possible problems
Result: NOTE
    .devianceResidual: no visible global function definition for ‘coxph’
    .equalizeQuantiles: no visible global function definition for
     ‘rowMedians’
    GOenrichmentAnalysis: no visible global function definition for
     ‘mappedkeys’
    GOenrichmentAnalysis: no visible binding for global variable ‘GOID’
    GOenrichmentAnalysis: no visible binding for global variable ‘Ontology’
    disableWGCNAThreads: no visible global function definition for
     ‘stopCluster’
    standardScreeningCensoredTime: no visible global function definition
     for ‘coxph’
    standardScreeningCensoredTime: no visible global function definition
     for ‘Surv’
    votingLinearPredictor: no visible global function definition for
     ‘is.Surv’
Flavors: r-devel-linux-x86_64-debian-clang, r-devel-linux-x86_64-debian-gcc, r-devel-linux-x86_64-fedora-clang, r-devel-linux-x86_64-fedora-gcc, r-devel-osx-x86_64-clang, r-devel-windows-ix86+x86_64

Version: 1.41-1
Check: package dependencies
Result: NOTE
    Packages suggested but not available for checking: ‘org.Mm.eg.db’ ‘minet’
Flavors: r-release-osx-x86_64-mavericks, r-release-osx-x86_64-snowleopard