CRAN Package Check Results for Package WGCNA

Last updated on 2014-07-22 23:48:28.

Flavor Version Tinstall Tcheck Ttotal Status Flags
r-devel-linux-x86_64-debian-clang 1.41-1 6.83 106.25 113.08 OK
r-devel-linux-x86_64-debian-gcc 1.41-1 8.10 103.61 111.70 OK
r-devel-linux-x86_64-fedora-clang 1.41-1 232.94 OK
r-devel-linux-x86_64-fedora-gcc 1.41-1 221.34 OK
r-devel-osx-x86_64-clang 1.41-1 184.11 OK
r-devel-windows-ix86+x86_64 1.41-1 27.00 188.00 215.00 OK
r-patched-linux-x86_64 1.41-1 7.63 103.11 110.74 OK
r-patched-solaris-sparc 1.41-1 1144.00 OK
r-patched-solaris-x86 1.41-1 261.90 OK
r-release-linux-ix86 1.41-1 10.27 123.84 134.11 OK
r-release-linux-x86_64 1.41-1 7.98 103.90 111.88 OK
r-release-osx-x86_64-mavericks 1.41-1 NOTE
r-release-osx-x86_64-snowleopard 1.41-1 NOTE
r-release-windows-ix86+x86_64 1.41-1 26.00 198.00 224.00 OK
r-oldrel-windows-ix86+x86_64 1.41-1 29.00 194.00 223.00 OK

Check Details

Version: 1.41-1
Check: package dependencies
Result: NOTE
    Packages suggested but not available for checking: ‘org.Mm.eg.db’ ‘minet’
Flavors: r-release-osx-x86_64-mavericks, r-release-osx-x86_64-snowleopard