CRAN Package Check Results for Package WGCNA

Last updated on 2017-02-23 11:49:24.

Flavor Version Tinstall Tcheck Ttotal Status Flags
r-devel-linux-x86_64-debian-clang 1.51 13.82 174.51 188.33 NOTE
r-devel-linux-x86_64-debian-gcc 1.51 14.29 174.30 188.59 NOTE
r-devel-linux-x86_64-fedora-clang 1.51 371.89 NOTE --no-stop-on-test-error
r-devel-linux-x86_64-fedora-gcc 1.51 362.89 NOTE --no-stop-on-test-error
r-devel-macos-x86_64-clang 1.51 282.43 NOTE --no-stop-on-test-error
r-devel-windows-ix86+x86_64 1.51 75.00 447.00 522.00 WARN
r-patched-linux-x86_64 1.51 13.93 176.26 190.19 OK
r-patched-solaris-sparc 1.51 2031.70 OK
r-patched-solaris-x86 1.51 425.70 OK
r-release-linux-x86_64 1.51 13.60 178.88 192.48 OK
r-release-osx-x86_64-mavericks 1.51 NOTE
r-release-windows-ix86+x86_64 1.51 61.00 486.00 547.00 WARN
r-oldrel-windows-ix86+x86_64 1.51 53.00 361.00 414.00 OK

Check Details

Version: 1.51
Check: compiled code
Result: NOTE
    File ‘WGCNA/libs/WGCNA.so’:
     Found no calls to: ‘R_registerRoutines’, ‘R_useDynamicSymbols’
    
    It is good practice to register native routines and to disable symbol
    search.
    
    See ‘Writing portable packages’ in the ‘Writing R Extensions’ manual.
Flavors: r-devel-linux-x86_64-debian-clang, r-devel-linux-x86_64-debian-gcc

Version: 1.51
Flags: --no-stop-on-test-error
Check: compiled code
Result: NOTE
    File ‘WGCNA/libs/WGCNA.so’:
     Found no calls to: ‘R_registerRoutines’, ‘R_useDynamicSymbols’
    
    It is good practice to register native routines and to disable symbol
    search.
    
    See ‘Writing portable packages’ in the ‘Writing R Extensions’ manual.
Flavors: r-devel-linux-x86_64-fedora-clang, r-devel-linux-x86_64-fedora-gcc, r-devel-macos-x86_64-clang

Version: 1.51
Check: whether package can be installed
Result: WARN
    Found the following significant warnings:
     Warning: vfs customization not available on this platform. Ignoring value: vfs = unix-none
Flavors: r-devel-windows-ix86+x86_64, r-release-windows-ix86+x86_64

Version: 1.51
Check: package dependencies
Result: NOTE
    Package suggested but not available for checking: ‘org.Mm.eg.db’
Flavor: r-release-osx-x86_64-mavericks