CRAN Package Check Results for Package WGCNA

Last updated on 2018-06-21 20:47:19 CEST.

Flavor Version Tinstall Tcheck Ttotal Status Flags
r-devel-linux-x86_64-debian-clang 1.63 49.93 286.03 335.96 OK
r-devel-linux-x86_64-debian-gcc 1.63 41.33 253.73 295.06 OK
r-devel-linux-x86_64-fedora-clang 1.63 444.77 OK
r-devel-linux-x86_64-fedora-gcc 1.63 427.25 OK
r-devel-windows-ix86+x86_64 1.63 112.00 413.00 525.00 OK
r-patched-linux-x86_64 1.63 51.07 291.65 342.72 OK
r-patched-solaris-x86 1.63 513.70 OK
r-release-linux-x86_64 1.63 47.58 288.60 336.18 OK
r-release-windows-ix86+x86_64 1.63 78.00 366.00 444.00 OK
r-release-osx-x86_64 1.63 NOTE
r-oldrel-windows-ix86+x86_64 1.63 54.00 369.00 423.00 OK
r-oldrel-osx-x86_64 1.63 ERROR

Check Details

Version: 1.63
Check: package dependencies
Result: NOTE
    Package suggested but not available for checking: ‘org.Mm.eg.db’
Flavor: r-release-osx-x86_64

Version: 1.63
Check: package dependencies
Result: ERROR
    Package required but not available: ‘GO.db’
    
    Packages suggested but not available for checking:
     ‘org.Hs.eg.db’ ‘org.Mm.eg.db’
    
    See section ‘The DESCRIPTION file’ in the ‘Writing R Extensions’
    manual.
Flavor: r-oldrel-osx-x86_64