CRAN Package Check Results for Package WGCNA

Last updated on 2017-01-22 22:48:48.

Flavor Version Tinstall Tcheck Ttotal Status Flags
r-devel-linux-x86_64-debian-clang 1.51 14.19 173.11 187.31 OK
r-devel-linux-x86_64-debian-gcc 1.51 13.95 177.22 191.17 OK
r-devel-linux-x86_64-fedora-clang 1.51 361.58 OK --no-stop-on-test-error
r-devel-linux-x86_64-fedora-gcc 1.51 348.26 OK --no-stop-on-test-error
r-devel-macos-x86_64-clang 1.51 279.38 OK --no-stop-on-test-error
r-devel-windows-ix86+x86_64 1.51 42.00 368.00 410.00 OK
r-patched-linux-x86_64 1.51 13.49 167.93 181.42 OK
r-patched-solaris-sparc 1.51 2031.70 OK
r-patched-solaris-x86 1.51 418.20 OK
r-release-linux-x86_64 1.51 13.43 171.28 184.71 OK
r-release-osx-x86_64-mavericks 1.51 NOTE
r-release-windows-ix86+x86_64 1.51 98.00 445.00 543.00 OK
r-oldrel-windows-ix86+x86_64 1.51 71.00 615.00 686.00 OK

Check Details

Version: 1.51
Check: package dependencies
Result: NOTE
    Package suggested but not available for checking: ‘org.Mm.eg.db’
Flavor: r-release-osx-x86_64-mavericks