CRAN Package Check Results for Package WGCNA

Last updated on 2015-04-27 19:47:34.

Flavor Version Tinstall Tcheck Ttotal Status Flags
r-devel-linux-x86_64-debian-clang 1.46 11.15 140.94 152.10 OK
r-devel-linux-x86_64-debian-gcc 1.46 12.07 145.88 157.95 OK
r-devel-linux-x86_64-fedora-clang 1.46 306.71 OK
r-devel-linux-x86_64-fedora-gcc 1.46 279.12 OK
r-devel-osx-x86_64-clang 1.46 248.30 OK
r-devel-windows-ix86+x86_64 1.46 43.00 266.00 309.00 OK
r-patched-linux-x86_64 1.46 12.01 140.33 152.34 OK
r-patched-solaris-sparc 1.46 1517.10 OK
r-patched-solaris-x86 1.46 365.70 OK
r-release-linux-x86_64 1.46 12.72 141.95 154.66 OK
r-release-osx-x86_64-mavericks 1.46 ERROR
r-release-osx-x86_64-snowleopard 1.46 ERROR
r-release-windows-ix86+x86_64 1.46 57.00 352.00 409.00 OK
r-oldrel-windows-ix86+x86_64 1.46 49.00 346.00 395.00 OK

Check Details

Version: 1.46
Check: package dependencies
Result: ERROR
    Package required but not available: ‘GO.db’
    
    Packages suggested but not available for checking:
     ‘org.Hs.eg.db’ ‘org.Mm.eg.db’ ‘minet’
    
    See section ‘The DESCRIPTION file’ in the ‘Writing R Extensions’
    manual.
Flavor: r-release-osx-x86_64-mavericks

Version: 1.46
Check: package dependencies
Result: ERROR
    Packages required but not available:
     ‘Hmisc’ ‘impute’ ‘preprocessCore’ ‘GO.db’ ‘AnnotationDbi’
    
    Packages suggested but not available for checking:
     ‘org.Hs.eg.db’ ‘org.Mm.eg.db’ ‘minet’
    
    See section ‘The DESCRIPTION file’ in the ‘Writing R Extensions’
    manual.
Flavor: r-release-osx-x86_64-snowleopard