CRAN Package Check Results for Package WGCNA

Last updated on 2016-06-27 17:53:17.

Flavor Version Tinstall Tcheck Ttotal Status Flags
r-devel-linux-x86_64-debian-gcc 1.51 13.47 166.77 180.23 OK
r-devel-linux-x86_64-fedora-clang 1.51 342.34 OK
r-devel-linux-x86_64-fedora-gcc 1.51 326.91 OK
r-devel-osx-x86_64-clang 1.51 262.88 OK
r-devel-windows-ix86+x86_64 1.51 38.00 316.00 354.00 OK
r-patched-linux-x86_64 1.51 13.71 169.80 183.51 OK
r-patched-solaris-sparc 1.51 1954.30 OK
r-patched-solaris-x86 1.51 403.70 OK
r-release-linux-x86_64 1.51 13.54 170.94 184.48 OK
r-release-osx-x86_64-mavericks 1.51 NOTE
r-release-windows-ix86+x86_64 1.51 53.00 420.00 473.00 OK
r-oldrel-windows-ix86+x86_64 1.51 60.00 338.00 398.00 OK

Check Details

Version: 1.51
Check: package dependencies
Result: NOTE
    Package suggested but not available for checking: ‘org.Mm.eg.db’
Flavor: r-release-osx-x86_64-mavericks