CRAN Package Check Results for Package WGCNA

Last updated on 2017-04-29 23:50:55.

Flavor Version Tinstall Tcheck Ttotal Status Flags
r-devel-linux-x86_64-debian-clang 1.51 13.88 178.50 192.38 NOTE
r-devel-linux-x86_64-debian-gcc 1.51 14.08 179.33 193.41 NOTE
r-devel-linux-x86_64-fedora-clang 1.51 376.62 NOTE --no-stop-on-test-error
r-devel-linux-x86_64-fedora-gcc 1.51 364.86 NOTE --no-stop-on-test-error
r-devel-windows-ix86+x86_64 1.51 71.00 450.00 521.00 OK
r-patched-linux-x86_64 1.51 13.63 178.81 192.44 NOTE
r-patched-solaris-sparc 1.51 2066.10 OK
r-patched-solaris-x86 1.51 457.70 OK
r-release-linux-x86_64 1.51 14.17 183.77 197.94 NOTE
r-release-windows-ix86+x86_64 1.51 60.00 464.00 524.00 OK
r-release-osx-x86_64 1.51 ERROR
r-oldrel-windows-ix86+x86_64 1.51 75.00 441.00 516.00 OK
r-oldrel-osx-x86_64 1.51 NOTE

Check Details

Version: 1.51
Check: compiled code
Result: NOTE
    File ‘WGCNA/libs/WGCNA.so’:
     Found no calls to: ‘R_registerRoutines’, ‘R_useDynamicSymbols’
    
    It is good practice to register native routines and to disable symbol
    search.
    
    See ‘Writing portable packages’ in the ‘Writing R Extensions’ manual.
Flavors: r-devel-linux-x86_64-debian-clang, r-devel-linux-x86_64-debian-gcc, r-patched-linux-x86_64, r-release-linux-x86_64

Version: 1.51
Flags: --no-stop-on-test-error
Check: compiled code
Result: NOTE
    File ‘WGCNA/libs/WGCNA.so’:
     Found no calls to: ‘R_registerRoutines’, ‘R_useDynamicSymbols’
    
    It is good practice to register native routines and to disable symbol
    search.
    
    See ‘Writing portable packages’ in the ‘Writing R Extensions’ manual.
Flavors: r-devel-linux-x86_64-fedora-clang, r-devel-linux-x86_64-fedora-gcc

Version: 1.51
Check: package dependencies
Result: ERROR
    Packages required but not available: ‘impute’ ‘GO.db’ ‘AnnotationDbi’
    
    Packages suggested but not available for checking:
     ‘org.Hs.eg.db’ ‘org.Mm.eg.db’ ‘minet’
    
    See section ‘The DESCRIPTION file’ in the ‘Writing R Extensions’
    manual.
Flavor: r-release-osx-x86_64

Version: 1.51
Check: package dependencies
Result: NOTE
    Package suggested but not available for checking: ‘org.Mm.eg.db’
Flavor: r-oldrel-osx-x86_64