CRAN Package Check Results for Package WGCNA

Last updated on 2016-10-01 10:47:59.

Flavor Version Tinstall Tcheck Ttotal Status Flags
r-devel-linux-x86_64-debian-clang 1.51 13.28 178.62 191.90 OK
r-devel-linux-x86_64-debian-gcc 1.51 12.95 166.56 179.52 OK
r-devel-linux-x86_64-fedora-clang 1.51 365.28 OK
r-devel-linux-x86_64-fedora-gcc 1.51 325.14 OK
r-devel-macos-x86_64-clang 1.51 251.10 OK
r-devel-windows-ix86+x86_64 1.51 65.00 402.00 467.00 WARN
r-patched-linux-x86_64 1.51 13.15 168.01 181.16 OK
r-patched-solaris-sparc 1.51 1954.30 OK
r-patched-solaris-x86 1.51 396.10 OK
r-release-linux-x86_64 1.51 13.02 164.51 177.53 OK
r-release-osx-x86_64-mavericks 1.51 NOTE
r-release-windows-ix86+x86_64 1.51 40.00 310.00 350.00 OK
r-oldrel-windows-ix86+x86_64 1.51 63.00 440.00 503.00 OK

Check Details

Version: 1.51
Check: whether package can be installed
Result: WARN
    Found the following significant warnings:
     Warning: multiple methods tables found for 'which.max'
     Warning: multiple methods tables found for 'which.min'
     Warning: multiple methods tables found for 'which'
Flavor: r-devel-windows-ix86+x86_64

Version: 1.51
Check: package dependencies
Result: NOTE
    Package suggested but not available for checking: ‘org.Mm.eg.db’
Flavor: r-release-osx-x86_64-mavericks