CRAN Package Check Results for Package WMCapacity

Last updated on 2018-04-26 06:48:01 CEST.

Flavor Version Tinstall Tcheck Ttotal Status Flags
r-devel-linux-x86_64-debian-clang 0.9.6.7 9.56 64.34 73.90 NOTE
r-devel-linux-x86_64-debian-gcc 0.9.6.7 8.77 56.37 65.14 NOTE
r-devel-linux-x86_64-fedora-clang 0.9.6.7 102.25 NOTE
r-devel-linux-x86_64-fedora-gcc 0.9.6.7 99.16 NOTE
r-devel-windows-ix86+x86_64 0.9.6.7 25.00 97.00 122.00 OK
r-patched-linux-x86_64 0.9.6.7 10.52 69.30 79.82 NOTE
r-patched-solaris-x86 0.9.6.7 152.40 OK
r-release-linux-x86_64 0.9.6.7 9.80 70.81 80.61 NOTE
r-release-windows-ix86+x86_64 0.9.6.7 25.00 97.00 122.00 OK
r-release-osx-x86_64 0.9.6.7 ERROR
r-oldrel-windows-ix86+x86_64 0.9.6.7 18.00 132.00 150.00 OK
r-oldrel-osx-x86_64 0.9.6.7 ERROR

Check Details

Version: 0.9.6.7
Check: compiled code
Result: NOTE
    File ‘WMCapacity/libs/WMCapacity.so’:
     Found no calls to: ‘R_registerRoutines’, ‘R_useDynamicSymbols’
    
    It is good practice to register native routines and to disable symbol
    search.
    
    See ‘Writing portable packages’ in the ‘Writing R Extensions’ manual.
Flavors: r-devel-linux-x86_64-debian-clang, r-devel-linux-x86_64-debian-gcc, r-devel-linux-x86_64-fedora-clang, r-devel-linux-x86_64-fedora-gcc, r-patched-linux-x86_64, r-release-linux-x86_64

Version: 0.9.6.7
Check: package dependencies
Result: ERROR
    Packages required but not available: ‘gWidgetsRGtk2’ ‘cairoDevice’ ‘RGtk2’
    
    See section ‘The DESCRIPTION file’ in the ‘Writing R Extensions’
    manual.
Flavors: r-release-osx-x86_64, r-oldrel-osx-x86_64