CRAN Package Check Results for Package WMCapacity

Last updated on 2017-02-20 22:59:31.

Flavor Version Tinstall Tcheck Ttotal Status Flags
r-devel-linux-x86_64-debian-clang 0.9.6.7 4.23 45.63 49.86 NOTE
r-devel-linux-x86_64-debian-gcc 0.9.6.7 4.61 45.21 49.82 NOTE
r-devel-linux-x86_64-fedora-clang 0.9.6.7 96.01 NOTE --no-stop-on-test-error
r-devel-linux-x86_64-fedora-gcc 0.9.6.7 94.52 NOTE --no-stop-on-test-error
r-devel-macos-x86_64-clang 0.9.6.7 74.18 NOTE --no-stop-on-test-error
r-devel-windows-ix86+x86_64 0.9.6.7 26.00 129.00 155.00 OK
r-patched-linux-x86_64 0.9.6.7 4.30 42.68 46.98 OK
r-patched-solaris-sparc 0.9.6.7 524.00 OK
r-patched-solaris-x86 0.9.6.7 121.60 OK
r-release-linux-x86_64 0.9.6.7 4.19 42.36 46.55 OK
r-release-osx-x86_64-mavericks 0.9.6.7 ERROR
r-release-windows-ix86+x86_64 0.9.6.7 21.00 129.00 150.00 OK
r-oldrel-windows-ix86+x86_64 0.9.6.7 16.00 146.00 162.00 OK

Check Details

Version: 0.9.6.7
Check: compiled code
Result: NOTE
    File ‘WMCapacity/libs/WMCapacity.so’:
     Found no calls to: ‘R_registerRoutines’, ‘R_useDynamicSymbols’
    
    It is good practice to register native routines and to disable symbol
    search.
    
    See ‘Writing portable packages’ in the ‘Writing R Extensions’ manual.
Flavors: r-devel-linux-x86_64-debian-clang, r-devel-linux-x86_64-debian-gcc

Version: 0.9.6.7
Flags: --no-stop-on-test-error
Check: compiled code
Result: NOTE
    File ‘WMCapacity/libs/WMCapacity.so’:
     Found no calls to: ‘R_registerRoutines’, ‘R_useDynamicSymbols’
    
    It is good practice to register native routines and to disable symbol
    search.
    
    See ‘Writing portable packages’ in the ‘Writing R Extensions’ manual.
Flavors: r-devel-linux-x86_64-fedora-clang, r-devel-linux-x86_64-fedora-gcc, r-devel-macos-x86_64-clang

Version: 0.9.6.7
Check: whether package can be installed
Result: ERROR
    Installation failed.
Flavor: r-release-osx-x86_64-mavericks