CRAN Package Check Results for Package WMCapacity

Last updated on 2017-11-22 22:58:04 CET.

Flavor Version Tinstall Tcheck Ttotal Status Flags
r-devel-linux-x86_64-debian-clang 0.9.6.7 3.84 40.54 44.38 NOTE
r-devel-linux-x86_64-debian-gcc 0.9.6.7 5.20 94.31 99.52 NOTE
r-devel-linux-x86_64-fedora-clang 0.9.6.7 79.86 NOTE
r-devel-linux-x86_64-fedora-gcc 0.9.6.7 124.29 NOTE
r-devel-windows-ix86+x86_64 0.9.6.7 28.00 4.00 32.00 ERROR
r-patched-linux-x86_64 0.9.6.7 4.77 46.51 51.28 NOTE
r-patched-solaris-x86 0.9.6.7 134.60 OK
r-release-linux-x86_64 0.9.6.7 4.64 45.82 50.46 NOTE
r-release-windows-ix86+x86_64 0.9.6.7 63.00 5.00 68.00 ERROR
r-release-osx-x86_64 0.9.6.7 ERROR
r-oldrel-windows-ix86+x86_64 0.9.6.7 60.00 6.00 66.00 ERROR
r-oldrel-osx-x86_64 0.9.6.7 ERROR

Check Details

Version: 0.9.6.7
Check: compiled code
Result: NOTE
    File ‘WMCapacity/libs/WMCapacity.so’:
     Found no calls to: ‘R_registerRoutines’, ‘R_useDynamicSymbols’
    
    It is good practice to register native routines and to disable symbol
    search.
    
    See ‘Writing portable packages’ in the ‘Writing R Extensions’ manual.
Flavors: r-devel-linux-x86_64-debian-clang, r-devel-linux-x86_64-debian-gcc, r-devel-linux-x86_64-fedora-clang, r-devel-linux-x86_64-fedora-gcc, r-patched-linux-x86_64, r-release-linux-x86_64

Version: 0.9.6.7
Check: whether package can be installed
Result: ERROR
    Installation failed.
Flavors: r-devel-windows-ix86+x86_64, r-release-windows-ix86+x86_64, r-oldrel-windows-ix86+x86_64, r-oldrel-osx-x86_64

Version: 0.9.6.7
Check: package dependencies
Result: ERROR
    Packages required but not available: ‘gWidgetsRGtk2’ ‘cairoDevice’ ‘RGtk2’
    
    See section ‘The DESCRIPTION file’ in the ‘Writing R Extensions’
    manual.
Flavor: r-release-osx-x86_64