CRAN Package Check Results for Package WMCapacity

Last updated on 2017-04-24 18:47:51.

Flavor Version Tinstall Tcheck Ttotal Status Flags
r-devel-linux-x86_64-debian-clang 0.9.6.7 4.82 49.19 54.01 NOTE
r-devel-linux-x86_64-debian-gcc 0.9.6.7 4.65 45.52 50.17 NOTE
r-devel-linux-x86_64-fedora-clang 0.9.6.7 96.49 NOTE --no-stop-on-test-error
r-devel-linux-x86_64-fedora-gcc 0.9.6.7 94.22 NOTE --no-stop-on-test-error
r-devel-windows-ix86+x86_64 0.9.6.7 OK
r-patched-linux-x86_64 0.9.6.7 4.86 45.96 50.81 NOTE
r-patched-solaris-sparc 0.9.6.7 543.80 OK
r-patched-solaris-x86 0.9.6.7 132.60 OK
r-release-linux-x86_64 0.9.6.7 4.48 46.57 51.04 NOTE
r-release-windows-ix86+x86_64 0.9.6.7 15.00 94.00 109.00 OK
r-release-osx-x86_64 0.9.6.7 ERROR
r-oldrel-windows-ix86+x86_64 0.9.6.7 14.00 87.00 101.00 OK
r-oldrel-osx-x86_64 0.9.6.7 ERROR

Check Details

Version: 0.9.6.7
Check: compiled code
Result: NOTE
    File ‘WMCapacity/libs/WMCapacity.so’:
     Found no calls to: ‘R_registerRoutines’, ‘R_useDynamicSymbols’
    
    It is good practice to register native routines and to disable symbol
    search.
    
    See ‘Writing portable packages’ in the ‘Writing R Extensions’ manual.
Flavors: r-devel-linux-x86_64-debian-clang, r-devel-linux-x86_64-debian-gcc, r-patched-linux-x86_64, r-release-linux-x86_64

Version: 0.9.6.7
Flags: --no-stop-on-test-error
Check: compiled code
Result: NOTE
    File ‘WMCapacity/libs/WMCapacity.so’:
     Found no calls to: ‘R_registerRoutines’, ‘R_useDynamicSymbols’
    
    It is good practice to register native routines and to disable symbol
    search.
    
    See ‘Writing portable packages’ in the ‘Writing R Extensions’ manual.
Flavors: r-devel-linux-x86_64-fedora-clang, r-devel-linux-x86_64-fedora-gcc

Version: 0.9.6.7
Check: package dependencies
Result: ERROR
    Packages required but not available: ‘gWidgetsRGtk2’ ‘cairoDevice’ ‘RGtk2’
    
    See section ‘The DESCRIPTION file’ in the ‘Writing R Extensions’
    manual.
Flavor: r-release-osx-x86_64

Version: 0.9.6.7
Check: whether package can be installed
Result: ERROR
    Installation failed.
Flavor: r-oldrel-osx-x86_64