CRAN Package Check Results for Package WMCapacity

Last updated on 2014-07-28 03:49:12.

Flavor Version Tinstall Tcheck Ttotal Status Flags
r-devel-linux-x86_64-debian-clang 0.9.6.6 5.15 56.17 61.32 NOTE
r-devel-linux-x86_64-debian-gcc 0.9.6.6 5.38 56.16 61.55 NOTE
r-devel-linux-x86_64-fedora-clang 0.9.6.6 142.81 NOTE
r-devel-linux-x86_64-fedora-gcc 0.9.6.6 138.57 NOTE
r-devel-osx-x86_64-clang 0.9.6.6 113.12 NOTE
r-devel-windows-ix86+x86_64 0.9.6.6 18.00 110.00 128.00 NOTE
r-patched-linux-x86_64 0.9.6.6 5.44 56.84 62.29 NOTE
r-patched-solaris-sparc 0.9.6.6 813.20 NOTE
r-patched-solaris-x86 0.9.6.6 188.40 NOTE
r-release-linux-ix86 0.9.6.6 7.37 73.22 80.59 NOTE
r-release-linux-x86_64 0.9.6.6 5.86 59.60 65.46 NOTE
r-release-osx-x86_64-mavericks 0.9.6.6 ERROR
r-release-osx-x86_64-snowleopard 0.9.6.6 NOTE
r-release-windows-ix86+x86_64 0.9.6.6 23.00 111.00 134.00 NOTE
r-oldrel-windows-ix86+x86_64 0.9.6.6 21.00 120.00 141.00 NOTE

Check Details

Version: 0.9.6.6
Check: dependencies in R code
Result: NOTE
    Packages in Depends field not imported from:
     cairoDevice coda gWidgets gWidgetsRGtk2 gtools
     These packages need to be imported from (in the NAMESPACE file)
     for when this namespace is loaded but not attached.
    See the information on DESCRIPTION files in the chapter Creating R
    packages of the Writing R Extensions manual.
Flavors: r-devel-linux-x86_64-debian-clang, r-devel-linux-x86_64-debian-gcc, r-devel-linux-x86_64-fedora-clang, r-devel-linux-x86_64-fedora-gcc, r-devel-osx-x86_64-clang, r-devel-windows-ix86+x86_64, r-patched-linux-x86_64, r-patched-solaris-sparc, r-patched-solaris-x86, r-release-linux-ix86, r-release-linux-x86_64, r-release-windows-ix86+x86_64, r-oldrel-windows-ix86+x86_64

Version: 0.9.6.6
Check: R code for possible problems
Result: NOTE
    .selected_diagnostic_parameter_type: warning in gtkAdjustmentNew(value
     = 1, lower = 1, upper = maxPar, step.inc = 1): partial argument match
     of 'step.inc' to 'step.incr'
    .selected_diagnostics_model_row: warning in gtkAdjustmentNew(value = 1,
     lower = 1, upper = maxPar, step.inc = 1): partial argument match of
     'step.inc' to 'step.incr'
    .womCopyModelInfo: warning in ls(env = wommbatAnalysis): partial
     argument match of 'env' to 'envir'
    .womCopyModelInfo: warning in ls(env = project): partial argument match
     of 'env' to 'envir'
    .womGetDataFrame: warning in eval(parse(text = name), env =
     globalenv()): partial argument match of 'env' to 'envir'
    .womGetDataFrameList: warning in ls(env = envir): partial argument
     match of 'env' to 'envir'
    .womGetDataFrameList : <anonymous>: warning in eval(parse(text =
     paste("is.data.frame(", x, ")", sep = "")), env = globalenv()):
     partial argument match of 'env' to 'envir'
    .womLoadProject: warning in
     .womSetDataForColumnSelection(wommbatAnalysis$data, rem = FALSE,
     filename = projectFile): partial argument match of 'rem' to
     'removeModels'
    .womLoadProjectFile: warning in load(projectFile, env = myNewEnv):
     partial argument match of 'env' to 'envir'
    .womUpdateChainPlot: warning in axis(1, at = c(1, upperLimit - burnin),
     label = c(burnin + 1, upperLimit)): partial argument match of 'label'
     to 'labels'
    wommbatGUI: warning in gtkAdjustmentNew(value = 1, lower = 1, upper =
     1, step.inc = 1): partial argument match of 'step.inc' to 'step.incr'
    packageIsAvailable: no visible global function definition for
     not.null
    packageIsAvailable: no visible global function definition for
     questionDialog
    packageIsAvailable: no visible binding for global variable crv
Flavors: r-devel-linux-x86_64-debian-clang, r-devel-linux-x86_64-debian-gcc, r-devel-linux-x86_64-fedora-clang, r-devel-linux-x86_64-fedora-gcc, r-devel-osx-x86_64-clang, r-devel-windows-ix86+x86_64, r-patched-linux-x86_64, r-patched-solaris-sparc, r-patched-solaris-x86, r-release-linux-ix86, r-release-linux-x86_64, r-release-osx-x86_64-snowleopard, r-release-windows-ix86+x86_64, r-oldrel-windows-ix86+x86_64

Version: 0.9.6.6
Check: Rd files
Result: NOTE
    prepare_Rd: wommbatNoGUI.Rd:29-30: Dropping empty section \examples
Flavors: r-devel-linux-x86_64-debian-clang, r-devel-linux-x86_64-debian-gcc, r-devel-linux-x86_64-fedora-clang, r-devel-linux-x86_64-fedora-gcc, r-devel-osx-x86_64-clang, r-devel-windows-ix86+x86_64, r-patched-linux-x86_64, r-patched-solaris-sparc, r-patched-solaris-x86, r-release-linux-ix86, r-release-linux-x86_64, r-release-osx-x86_64-snowleopard, r-release-windows-ix86+x86_64, r-oldrel-windows-ix86+x86_64

Version: 0.9.6.6
Check: Rd line widths
Result: NOTE
    Rd file 'wommbatGUI.Rd':
     \usage lines wider than 90 characters:
     wommbatGUI(project = NULL, projectFile= NULL, CSVfile = NULL, dataFrame = NULL, devel=FALSE)
    
    These lines will be truncated in the PDF manual.
Flavors: r-devel-linux-x86_64-fedora-clang, r-devel-linux-x86_64-fedora-gcc

Version: 0.9.6.6
Check: package dependencies
Result: ERROR
    Packages required but not available: gWidgetsRGtk2 cairoDevice RGtk2
    
    See the information on DESCRIPTION files in the chapter Creating R
    packages of the Writing R Extensions manual.
Flavor: r-release-osx-x86_64-mavericks

Version: 0.9.6.6
Check: dependencies in R code
Result: NOTE
    Packages in Depends field not imported from:
     'cairoDevice' 'coda' 'gWidgets' 'gWidgetsRGtk2' 'gtools'
     These packages need to be imported from for the case when
     this namespace is loaded but not attached.
    See the information on DESCRIPTION files in the chapter 'Creating R
    packages' of the 'Writing R Extensions' manual.
Flavor: r-release-osx-x86_64-snowleopard