CRAN Package Check Results for Package WMCapacity

Last updated on 2016-06-27 23:47:23.

Flavor Version Tinstall Tcheck Ttotal Status Flags
r-devel-linux-x86_64-debian-gcc 0.9.6.7 4.50 41.51 46.01 OK
r-devel-linux-x86_64-fedora-clang 0.9.6.7 90.67 OK
r-devel-linux-x86_64-fedora-gcc 0.9.6.7 82.60 OK
r-devel-osx-x86_64-clang 0.9.6.7 69.59 OK
r-devel-windows-ix86+x86_64 0.9.6.7 15.00 121.00 136.00 OK
r-patched-linux-x86_64 0.9.6.7 4.68 42.15 46.83 OK
r-patched-solaris-sparc 0.9.6.7 514.60 OK
r-patched-solaris-x86 0.9.6.7 120.00 OK
r-release-linux-x86_64 0.9.6.7 4.27 41.17 45.44 OK
r-release-osx-x86_64-mavericks 0.9.6.7 ERROR
r-release-windows-ix86+x86_64 0.9.6.7 20.00 117.00 137.00 OK
r-oldrel-windows-ix86+x86_64 0.9.6.7 24.00 132.00 156.00 OK

Check Details

Version: 0.9.6.7
Check: whether package can be installed
Result: ERROR
    Installation failed.
Flavor: r-release-osx-x86_64-mavericks