CRAN Package Check Results for Package WMCapacity

Last updated on 2016-08-30 22:47:53.

Flavor Version Tinstall Tcheck Ttotal Status Flags
r-devel-linux-x86_64-debian-clang 0.9.6.7 4.40 42.39 46.78 OK
r-devel-linux-x86_64-debian-gcc 0.9.6.7 4.42 41.64 46.06 OK
r-devel-linux-x86_64-fedora-clang 0.9.6.7 90.84 OK
r-devel-linux-x86_64-fedora-gcc 0.9.6.7 87.62 OK
r-devel-osx-x86_64-clang 0.9.6.7 71.45 OK
r-devel-windows-ix86+x86_64 0.9.6.7 27.00 117.00 144.00 OK
r-patched-linux-x86_64 0.9.6.7 4.54 41.64 46.18 OK
r-patched-solaris-sparc 0.9.6.7 514.60 OK
r-patched-solaris-x86 0.9.6.7 117.50 OK
r-release-linux-x86_64 0.9.6.7 4.52 42.14 46.66 OK
r-release-osx-x86_64-mavericks 0.9.6.7 ERROR
r-release-windows-ix86+x86_64 0.9.6.7 19.00 121.00 140.00 OK
r-oldrel-windows-ix86+x86_64 0.9.6.7 28.00 144.00 172.00 OK

Check Details

Version: 0.9.6.7
Check: whether package can be installed
Result: ERROR
    Installation failed.
Flavor: r-release-osx-x86_64-mavericks