CRAN Package Check Results for Package WMCapacity

Last updated on 2014-04-19 08:50:24.

Flavor Version Tinstall Tcheck Ttotal Status Flags
r-devel-linux-x86_64-debian-clang 0.9.6.6 5.44 60.70 66.15 NOTE
r-devel-linux-x86_64-debian-gcc 0.9.6.6 5.97 62.19 68.16 NOTE
r-devel-linux-x86_64-fedora-clang 0.9.6.6 151.54 NOTE
r-devel-linux-x86_64-fedora-gcc 0.9.6.6 142.46 NOTE
r-devel-macosx-x86_64-clang 0.9.6.6 118.67 NOTE
r-devel-macosx-x86_64-gcc 0.9.6.6 ERROR
r-devel-windows-ix86+x86_64 0.9.6.6 22.00 100.00 122.00 NOTE
r-patched-linux-x86_64 0.9.6.6 5.87 63.69 69.56 NOTE
r-patched-solaris-sparc 0.9.6.6 813.20 NOTE
r-patched-solaris-x86 0.9.6.6 207.20 NOTE
r-release-linux-ix86 0.9.6.6 13.00 102.00 115.00 NOTE
r-release-linux-x86_64 0.9.6.6 6.02 62.15 68.17 NOTE
r-release-macosx-x86_64 0.9.6.6 NOTE
r-release-windows-ix86+x86_64 0.9.6.6 28.00 116.00 144.00 NOTE
r-oldrel-windows-ix86+x86_64 0.9.6.6 22.00 111.00 133.00 NOTE

Check Details

Version: 0.9.6.6
Check: dependencies in R code
Result: NOTE
    Packages in Depends field not imported from:
     ‘cairoDevice’ ‘coda’ ‘gWidgets’ ‘gWidgetsRGtk2’ ‘gtools’
     These packages need to be imported from (in the NAMESPACE file)
     for when this namespace is loaded but not attached.
    See the information on DESCRIPTION files in the chapter ‘Creating R
    packages’ of the ‘Writing R Extensions’ manual.
Flavors: r-devel-linux-x86_64-debian-clang, r-devel-linux-x86_64-debian-gcc, r-devel-linux-x86_64-fedora-clang, r-devel-linux-x86_64-fedora-gcc, r-devel-macosx-x86_64-clang, r-devel-windows-ix86+x86_64, r-patched-linux-x86_64, r-patched-solaris-sparc, r-patched-solaris-x86, r-release-linux-ix86, r-release-linux-x86_64, r-release-windows-ix86+x86_64, r-oldrel-windows-ix86+x86_64

Version: 0.9.6.6
Check: R code for possible problems
Result: NOTE
    .selected_diagnostic_parameter_type: warning in gtkAdjustmentNew(value
     = 1, lower = 1, upper = maxPar, step.inc = 1): partial argument match
     of 'step.inc' to 'step.incr'
    .selected_diagnostics_model_row: warning in gtkAdjustmentNew(value = 1,
     lower = 1, upper = maxPar, step.inc = 1): partial argument match of
     'step.inc' to 'step.incr'
    .womCopyModelInfo: warning in ls(env = wommbatAnalysis): partial
     argument match of 'env' to 'envir'
    .womCopyModelInfo: warning in ls(env = project): partial argument match
     of 'env' to 'envir'
    .womGetDataFrame: warning in eval(parse(text = name), env =
     globalenv()): partial argument match of 'env' to 'envir'
    .womGetDataFrameList: warning in ls(env = envir): partial argument
     match of 'env' to 'envir'
    .womGetDataFrameList : <anonymous>: warning in eval(parse(text =
     paste("is.data.frame(", x, ")", sep = "")), env = globalenv()):
     partial argument match of 'env' to 'envir'
    .womLoadProject: warning in
     .womSetDataForColumnSelection(wommbatAnalysis$data, rem = FALSE,
     filename = projectFile): partial argument match of 'rem' to
     'removeModels'
    .womLoadProjectFile: warning in load(projectFile, env = myNewEnv):
     partial argument match of 'env' to 'envir'
    .womUpdateChainPlot: warning in axis(1, at = c(1, upperLimit - burnin),
     label = c(burnin + 1, upperLimit)): partial argument match of 'label'
     to 'labels'
    wommbatGUI: warning in gtkAdjustmentNew(value = 1, lower = 1, upper =
     1, step.inc = 1): partial argument match of 'step.inc' to 'step.incr'
    packageIsAvailable: no visible global function definition for
     ‘not.null’
    packageIsAvailable: no visible global function definition for
     ‘questionDialog’
    packageIsAvailable: no visible binding for global variable ‘crv’
Flavors: r-devel-linux-x86_64-debian-clang, r-devel-linux-x86_64-debian-gcc, r-devel-linux-x86_64-fedora-clang, r-devel-linux-x86_64-fedora-gcc, r-devel-macosx-x86_64-clang, r-devel-windows-ix86+x86_64, r-patched-linux-x86_64, r-patched-solaris-sparc, r-patched-solaris-x86, r-release-linux-ix86, r-release-linux-x86_64, r-release-macosx-x86_64, r-release-windows-ix86+x86_64, r-oldrel-windows-ix86+x86_64

Version: 0.9.6.6
Check: Rd files
Result: NOTE
    prepare_Rd: wommbatNoGUI.Rd:29-30: Dropping empty section \examples
Flavors: r-devel-linux-x86_64-debian-clang, r-devel-linux-x86_64-debian-gcc, r-devel-linux-x86_64-fedora-clang, r-devel-linux-x86_64-fedora-gcc, r-devel-macosx-x86_64-clang, r-devel-windows-ix86+x86_64, r-patched-linux-x86_64, r-patched-solaris-sparc, r-patched-solaris-x86, r-release-linux-ix86, r-release-linux-x86_64, r-release-macosx-x86_64, r-release-windows-ix86+x86_64, r-oldrel-windows-ix86+x86_64

Version: 0.9.6.6
Check: Rd line widths
Result: NOTE
    Rd file 'wommbatGUI.Rd':
     \usage lines wider than 90 characters:
     wommbatGUI(project = NULL, projectFile= NULL, CSVfile = NULL, dataFrame = NULL, devel=FALSE)
    
    These lines will be truncated in the PDF manual.
Flavors: r-devel-linux-x86_64-fedora-clang, r-devel-linux-x86_64-fedora-gcc

Version: 0.9.6.6
Check: package dependencies
Result: ERROR
    Package required but not available: ‘XML’
    
    See the information on DESCRIPTION files in the chapter ‘Creating R
    packages’ of the ‘Writing R Extensions’ manual.
Flavor: r-devel-macosx-x86_64-gcc

Version: 0.9.6.6
Check: dependencies in R code
Result: NOTE
    Packages in Depends field not imported from:
     'cairoDevice' 'coda' 'gWidgets' 'gWidgetsRGtk2' 'gtools'
     These packages need to be imported from for the case when
     this namespace is loaded but not attached.
    See the information on DESCRIPTION files in the chapter 'Creating R
    packages' of the 'Writing R Extensions' manual.
Flavor: r-release-macosx-x86_64