CRAN Package Check Results for Package WMCapacity

Last updated on 2017-03-25 15:48:19.

Flavor Version Tinstall Tcheck Ttotal Status Flags
r-devel-linux-x86_64-debian-clang 0.9.6.7 4.51 46.08 50.59 NOTE
r-devel-linux-x86_64-debian-gcc 0.9.6.7 4.79 46.11 50.89 NOTE
r-devel-linux-x86_64-fedora-clang 0.9.6.7 95.39 NOTE --no-stop-on-test-error
r-devel-linux-x86_64-fedora-gcc 0.9.6.7 103.18 NOTE --no-stop-on-test-error
r-devel-macos-x86_64-clang 0.9.6.7 73.35 NOTE --no-stop-on-test-error
r-devel-windows-ix86+x86_64 0.9.6.7 15.00 143.00 158.00 OK
r-patched-linux-x86_64 0.9.6.7 4.93 45.37 50.30 NOTE
r-patched-solaris-sparc 0.9.6.7 543.80 OK
r-patched-solaris-x86 0.9.6.7 135.20 OK
r-release-linux-x86_64 0.9.6.7 4.52 42.09 46.62 OK
r-release-osx-x86_64-mavericks 0.9.6.7 ERROR
r-release-windows-ix86+x86_64 0.9.6.7 19.00 96.00 115.00 OK
r-oldrel-windows-ix86+x86_64 0.9.6.7 17.00 139.00 156.00 OK

Check Details

Version: 0.9.6.7
Check: compiled code
Result: NOTE
    File ‘WMCapacity/libs/WMCapacity.so’:
     Found no calls to: ‘R_registerRoutines’, ‘R_useDynamicSymbols’
    
    It is good practice to register native routines and to disable symbol
    search.
    
    See ‘Writing portable packages’ in the ‘Writing R Extensions’ manual.
Flavors: r-devel-linux-x86_64-debian-clang, r-devel-linux-x86_64-debian-gcc, r-patched-linux-x86_64

Version: 0.9.6.7
Flags: --no-stop-on-test-error
Check: compiled code
Result: NOTE
    File ‘WMCapacity/libs/WMCapacity.so’:
     Found no calls to: ‘R_registerRoutines’, ‘R_useDynamicSymbols’
    
    It is good practice to register native routines and to disable symbol
    search.
    
    See ‘Writing portable packages’ in the ‘Writing R Extensions’ manual.
Flavors: r-devel-linux-x86_64-fedora-clang, r-devel-linux-x86_64-fedora-gcc, r-devel-macos-x86_64-clang

Version: 0.9.6.7
Check: whether package can be installed
Result: ERROR
    Installation failed.
Flavor: r-release-osx-x86_64-mavericks