CRAN Package Check Results for Package WMCapacity

Last updated on 2018-02-22 11:58:32 CET.

Flavor Version Tinstall Tcheck Ttotal Status Flags
r-devel-linux-x86_64-debian-clang 0.9.6.7 8.79 63.19 71.98 NOTE
r-devel-linux-x86_64-debian-gcc 0.9.6.7 8.70 57.43 66.13 NOTE
r-devel-linux-x86_64-fedora-clang 0.9.6.7 101.38 NOTE
r-devel-linux-x86_64-fedora-gcc 0.9.6.7 96.30 NOTE
r-devel-windows-ix86+x86_64 0.9.6.7 27.00 88.00 115.00 OK
r-patched-linux-x86_64 0.9.6.7 5.51 73.12 78.63 NOTE
r-patched-solaris-x86 0.9.6.7 130.70 OK
r-release-linux-x86_64 0.9.6.7 6.57 72.51 79.08 NOTE
r-release-windows-ix86+x86_64 0.9.6.7 24.00 94.00 118.00 OK
r-release-osx-x86_64 0.9.6.7 ERROR
r-oldrel-windows-ix86+x86_64 0.9.6.7 16.00 94.00 110.00 OK
r-oldrel-osx-x86_64 0.9.6.7 ERROR

Check Details

Version: 0.9.6.7
Check: compiled code
Result: NOTE
    File ‘WMCapacity/libs/WMCapacity.so’:
     Found no calls to: ‘R_registerRoutines’, ‘R_useDynamicSymbols’
    
    It is good practice to register native routines and to disable symbol
    search.
    
    See ‘Writing portable packages’ in the ‘Writing R Extensions’ manual.
Flavors: r-devel-linux-x86_64-debian-clang, r-devel-linux-x86_64-debian-gcc, r-devel-linux-x86_64-fedora-clang, r-devel-linux-x86_64-fedora-gcc, r-patched-linux-x86_64, r-release-linux-x86_64

Version: 0.9.6.7
Check: package dependencies
Result: ERROR
    Packages required but not available: ‘gWidgetsRGtk2’ ‘cairoDevice’ ‘RGtk2’
    
    See section ‘The DESCRIPTION file’ in the ‘Writing R Extensions’
    manual.
Flavor: r-release-osx-x86_64

Version: 0.9.6.7
Check: whether package can be installed
Result: ERROR
    Installation failed.
Flavor: r-oldrel-osx-x86_64