CRAN Package Check Results for Package WMCapacity

Last updated on 2016-05-27 13:47:27.

Flavor Version Tinstall Tcheck Ttotal Status Flags
r-devel-linux-x86_64-debian-gcc 0.9.6.7 4.42 43.33 47.75 OK
r-devel-linux-x86_64-fedora-clang 0.9.6.7 93.23 OK
r-devel-linux-x86_64-fedora-gcc 0.9.6.7 85.57 OK
r-devel-osx-x86_64-clang 0.9.6.7 91.92 OK
r-devel-windows-ix86+x86_64 0.9.6.7 14.00 90.00 104.00 OK
r-patched-linux-x86_64 0.9.6.7 4.38 41.93 46.31 OK
r-patched-solaris-sparc 0.9.6.7 512.80 OK
r-patched-solaris-x86 0.9.6.7 120.80 OK
r-release-linux-x86_64 0.9.6.7 4.35 42.31 46.66 OK
r-release-osx-x86_64-mavericks 0.9.6.7 ERROR
r-release-windows-ix86+x86_64 0.9.6.7 25.00 87.00 112.00 OK
r-oldrel-windows-ix86+x86_64 0.9.6.7 20.00 134.00 154.00 OK

Check Details

Version: 0.9.6.7
Check: whether package can be installed
Result: ERROR
    Installation failed.
Flavor: r-release-osx-x86_64-mavericks