CRAN Package Check Results for Package WMCapacity

Last updated on 2016-07-30 06:48:00.

Flavor Version Tinstall Tcheck Ttotal Status Flags
r-devel-linux-x86_64-debian-clang 0.9.6.7 4.22 42.32 46.54 OK
r-devel-linux-x86_64-debian-gcc 0.9.6.7 4.46 41.89 46.35 OK
r-devel-linux-x86_64-fedora-clang 0.9.6.7 90.79 OK
r-devel-linux-x86_64-fedora-gcc 0.9.6.7 82.72 OK
r-devel-osx-x86_64-clang 0.9.6.7 70.97 OK
r-devel-windows-ix86+x86_64 0.9.6.7 11.00 91.00 102.00 OK
r-patched-linux-x86_64 0.9.6.7 5.01 47.89 52.89 OK
r-patched-solaris-sparc 0.9.6.7 514.60 OK
r-patched-solaris-x86 0.9.6.7 116.70 OK
r-release-linux-x86_64 0.9.6.7 5.28 49.14 54.41 OK
r-release-osx-x86_64-mavericks 0.9.6.7 ERROR
r-release-windows-ix86+x86_64 0.9.6.7 22.00 111.00 133.00 OK
r-oldrel-windows-ix86+x86_64 0.9.6.7 24.00 132.00 156.00 OK

Check Details

Version: 0.9.6.7
Check: whether package can be installed
Result: ERROR
    Installation failed.
Flavor: r-release-osx-x86_64-mavericks