CRAN Package Check Results for Package WMCapacity

Last updated on 2017-01-20 01:48:01.

Flavor Version Tinstall Tcheck Ttotal Status Flags
r-devel-linux-x86_64-debian-clang 0.9.6.7 4.54 45.72 50.26 OK
r-devel-linux-x86_64-debian-gcc 0.9.6.7 4.86 45.25 50.12 OK
r-devel-linux-x86_64-fedora-clang 0.9.6.7 96.92 OK --no-stop-on-test-error
r-devel-linux-x86_64-fedora-gcc 0.9.6.7 94.28 OK --no-stop-on-test-error
r-devel-macos-x86_64-clang 0.9.6.7 73.86 OK --no-stop-on-test-error
r-devel-windows-ix86+x86_64 0.9.6.7 20.00 97.00 117.00 OK
r-patched-linux-x86_64 0.9.6.7 4.30 42.23 46.52 OK
r-patched-solaris-sparc 0.9.6.7 524.00 OK
r-patched-solaris-x86 0.9.6.7 121.80 OK
r-release-linux-x86_64 0.9.6.7 4.29 42.49 46.78 OK
r-release-osx-x86_64-mavericks 0.9.6.7 ERROR
r-release-windows-ix86+x86_64 0.9.6.7 15.00 134.00 149.00 OK
r-oldrel-windows-ix86+x86_64 0.9.6.7 18.00 134.00 152.00 OK

Check Details

Version: 0.9.6.7
Check: whether package can be installed
Result: ERROR
    Installation failed.
Flavor: r-release-osx-x86_64-mavericks