CRAN Package Check Results for Package WMCapacity

Last updated on 2016-12-08 12:48:31.

Flavor Version Tinstall Tcheck Ttotal Status Flags
r-devel-linux-x86_64-debian-clang 0.9.6.7 4.70 45.85 50.55 OK
r-devel-linux-x86_64-debian-gcc 0.9.6.7 5.15 46.18 51.32 OK
r-devel-linux-x86_64-fedora-clang 0.9.6.7 101.94 OK --no-stop-on-test-error
r-devel-linux-x86_64-fedora-gcc 0.9.6.7 98.95 OK --no-stop-on-test-error
r-devel-macos-x86_64-clang 0.9.6.7 74.68 OK
r-devel-windows-ix86+x86_64 0.9.6.7 13.00 125.00 138.00 OK
r-patched-linux-x86_64 0.9.6.7 4.39 42.94 47.33 OK
r-patched-solaris-sparc 0.9.6.7 514.60 OK
r-patched-solaris-x86 0.9.6.7 120.60 OK
r-release-linux-x86_64 0.9.6.7 4.36 42.56 46.93 OK
r-release-osx-x86_64-mavericks 0.9.6.7 ERROR
r-release-windows-ix86+x86_64 0.9.6.7 16.00 141.00 157.00 OK
r-oldrel-windows-ix86+x86_64 0.9.6.7 23.00 105.00 128.00 OK

Check Details

Version: 0.9.6.7
Check: whether package can be installed
Result: ERROR
    Installation failed.
Flavor: r-release-osx-x86_64-mavericks