CRAN Package Check Results for Package WMCapacity

Last updated on 2017-09-23 05:48:45.

Flavor Version Tinstall Tcheck Ttotal Status Flags
r-devel-linux-x86_64-debian-clang 0.9.6.7 4.15 45.35 49.50 NOTE
r-devel-linux-x86_64-debian-gcc 0.9.6.7 4.55 44.77 49.32 NOTE
r-devel-linux-x86_64-fedora-clang 0.9.6.7 92.94 NOTE
r-devel-linux-x86_64-fedora-gcc 0.9.6.7 93.50 NOTE
r-devel-windows-ix86+x86_64 0.9.6.7 15.00 92.00 107.00 OK
r-patched-linux-x86_64 0.9.6.7 4.82 45.40 50.22 NOTE
r-patched-solaris-x86 0.9.6.7 136.00 OK
r-release-linux-x86_64 0.9.6.7 4.82 46.84 51.66 NOTE
r-release-windows-ix86+x86_64 0.9.6.7 15.00 99.00 114.00 OK
r-release-osx-x86_64 0.9.6.7 ERROR
r-oldrel-windows-ix86+x86_64 0.9.6.7 14.00 87.00 101.00 OK
r-oldrel-osx-x86_64 0.9.6.7 ERROR

Check Details

Version: 0.9.6.7
Check: compiled code
Result: NOTE
    File ‘WMCapacity/libs/WMCapacity.so’:
     Found no calls to: ‘R_registerRoutines’, ‘R_useDynamicSymbols’
    
    It is good practice to register native routines and to disable symbol
    search.
    
    See ‘Writing portable packages’ in the ‘Writing R Extensions’ manual.
Flavors: r-devel-linux-x86_64-debian-clang, r-devel-linux-x86_64-debian-gcc, r-devel-linux-x86_64-fedora-clang, r-devel-linux-x86_64-fedora-gcc, r-patched-linux-x86_64, r-release-linux-x86_64

Version: 0.9.6.7
Check: package dependencies
Result: ERROR
    Packages required but not available: ‘gWidgetsRGtk2’ ‘cairoDevice’ ‘RGtk2’
    
    See section ‘The DESCRIPTION file’ in the ‘Writing R Extensions’
    manual.
Flavor: r-release-osx-x86_64

Version: 0.9.6.7
Check: whether package can be installed
Result: ERROR
    Installation failed.
Flavor: r-oldrel-osx-x86_64