CRAN Package Check Results for Package WMCapacity

Last updated on 2015-08-05 03:48:28.

Flavor Version Tinstall Tcheck Ttotal Status Flags
r-devel-linux-x86_64-debian-clang 0.9.6.7 4.27 46.85 51.12 OK
r-devel-linux-x86_64-debian-gcc 0.9.6.7 4.75 46.11 50.86 OK
r-devel-linux-x86_64-fedora-clang 0.9.6.7 101.85 OK
r-devel-linux-x86_64-fedora-gcc 0.9.6.7 97.31 OK
r-devel-osx-x86_64-clang 0.9.6.7 84.93 OK
r-devel-windows-ix86+x86_64 0.9.6.7 26.00 117.00 143.00 OK
r-patched-linux-x86_64 0.9.6.7 4.69 45.91 50.60 OK
r-patched-solaris-sparc 0.9.6.7 621.20 OK
r-patched-solaris-x86 0.9.6.7 151.60 OK
r-release-linux-x86_64 0.9.6.7 5.01 46.72 51.73 OK
r-release-osx-x86_64-mavericks 0.9.6.7 ERROR
r-release-windows-ix86+x86_64 0.9.6.7 22.00 108.00 130.00 OK
r-oldrel-windows-ix86+x86_64 0.9.6.7 31.00 147.00 178.00 OK

Check Details

Version: 0.9.6.7
Check: whether package can be installed
Result: ERROR
    Installation failed.
Flavor: r-release-osx-x86_64-mavericks