CRAN Package Check Results for Package WMCapacity

Last updated on 2016-09-30 12:50:42.

Flavor Version Tinstall Tcheck Ttotal Status Flags
r-devel-linux-x86_64-debian-clang 0.9.6.7 4.38 44.49 48.87 OK
r-devel-linux-x86_64-debian-gcc 0.9.6.7 4.54 43.61 48.15 OK
r-devel-linux-x86_64-fedora-clang 0.9.6.7 92.68 OK
r-devel-linux-x86_64-fedora-gcc 0.9.6.7 82.58 OK
r-devel-macos-x86_64-clang 0.9.6.7 67.08 OK
r-devel-windows-ix86+x86_64 0.9.6.7 25.00 112.00 137.00 OK
r-patched-linux-x86_64 0.9.6.7 4.50 42.77 47.28 OK
r-patched-solaris-sparc 0.9.6.7 514.60 OK
r-patched-solaris-x86 0.9.6.7 119.40 OK
r-release-linux-x86_64 0.9.6.7 4.30 42.74 47.04 OK
r-release-osx-x86_64-mavericks 0.9.6.7 ERROR
r-release-windows-ix86+x86_64 0.9.6.7 13.00 120.00 133.00 OK
r-oldrel-windows-ix86+x86_64 0.9.6.7 27.00 94.00 121.00 OK

Check Details

Version: 0.9.6.7
Check: whether package can be installed
Result: ERROR
    Installation failed.
Flavor: r-release-osx-x86_64-mavericks