CRAN Package Check Results for Package WMTregions

Last updated on 2014-04-24 15:50:50.

Flavor Version Tinstall Tcheck Ttotal Status Flags
r-devel-osx-x86_64-gcc 3.2.6 ERROR
r-release-osx-x86_64-mavericks 3.2.6 ERROR

Check Details

Version: 3.2.6
Check: package dependencies
Result: NOTE
    Package suggested but not available for checking: ‘rggobi’
Flavor: r-devel-osx-x86_64-gcc

Version: 3.2.6
Check: dependencies in R code
Result: NOTE
    Package in Depends field not imported from: ‘rgl’
     These packages need to be imported from (in the NAMESPACE file)
     for when this namespace is loaded but not attached.
    See the information on DESCRIPTION files in the chapter ‘Creating R
    packages’ of the ‘Writing R Extensions’ manual.
Flavor: r-devel-osx-x86_64-gcc

Version: 3.2.6
Check: examples
Result: ERROR
    Running examples in ‘WMTregions-Ex.R’ failed
    The error most likely occurred in:
    
    > ### Name: WMTR
    > ### Title: Calculating WMT Regions of the Empirical Data
    > ### Aliases: WMTR
    > ### Keywords: iplot programming IO multivariate nonparametric
    >
    > ### ** Examples
    >
    > generTRsample("Cloud.dat") # Generate a sample data file in the working directory
    > WMTR("Cloud.dat") # Processing the file from the working directory
Flavor: r-devel-osx-x86_64-gcc

Version: 3.2.6
Check: package dependencies
Result: NOTE
    Packages suggested but not available for checking: ‘RGtk2’ ‘rggobi’
Flavor: r-release-osx-x86_64-mavericks

Version: 3.2.6
Check: whether package can be installed
Result: ERROR
    Installation failed.
    See ‘/Builds/CRAN-QA-Simon/packages/mavericks-x86_64/results/3.1/WMTregions.Rcheck/00install.out’ for details.
Flavor: r-release-osx-x86_64-mavericks