CRAN Package Check Results for Package WOTPLY

Last updated on 2023-09-30 11:51:56 CEST.

Flavor Version Tinstall Tcheck Ttotal Status Flags
r-devel-linux-x86_64-debian-clang 0.1.0 2.43 26.36 28.79 OK
r-devel-linux-x86_64-debian-gcc 0.1.0 2.04 20.43 22.47 OK
r-devel-linux-x86_64-fedora-clang 0.1.0 35.78 NOTE
r-devel-linux-x86_64-fedora-gcc 0.1.0 54.47 NOTE
r-devel-windows-x86_64 0.1.0 4.00 44.00 48.00 OK
r-patched-linux-x86_64 0.1.0 1.69 25.66 27.35 OK
r-release-linux-x86_64 0.1.0 1.57 25.76 27.33 OK
r-release-macos-arm64 0.1.0 26.00 OK
r-release-macos-x86_64 0.1.0 39.00 OK
r-release-windows-x86_64 0.1.0 4.00 43.00 47.00 OK
r-oldrel-macos-arm64 0.1.0 24.00 NOTE
r-oldrel-macos-x86_64 0.1.0 35.00 NOTE
r-oldrel-windows-x86_64 0.1.0 6.00 45.00 51.00 OK

Check Details

Version: 0.1.0
Check: dependencies in R code
Result: NOTE
    Namespace in Imports field not imported from: ‘sna’
     All declared Imports should be used.
Flavors: r-devel-linux-x86_64-fedora-clang, r-devel-linux-x86_64-fedora-gcc, r-oldrel-macos-arm64, r-oldrel-macos-x86_64