CRAN Package Check Results for Package Wats

Last updated on 2017-06-23 15:48:37.

Flavor Version Tinstall Tcheck Ttotal Status Flags
r-devel-linux-x86_64-debian-clang 0.10.3 1.78 57.12 58.90 OK
r-devel-linux-x86_64-debian-gcc 0.10.3 1.78 57.75 59.53 OK
r-devel-linux-x86_64-fedora-clang 0.10.3 112.55 NOTE
r-devel-linux-x86_64-fedora-gcc 0.10.3 109.94 NOTE
r-devel-windows-ix86+x86_64 0.10.3 7.00 134.00 141.00 NOTE
r-patched-linux-x86_64 0.10.3 1.86 57.48 59.35 OK
r-patched-solaris-sparc 0.10.3 743.30 NOTE
r-patched-solaris-x86 0.10.3 142.80 NOTE
r-release-linux-x86_64 0.10.3 1.78 56.46 58.24 OK
r-release-windows-ix86+x86_64 0.10.3 5.00 100.00 105.00 NOTE
r-release-osx-x86_64 0.10.3 NOTE
r-oldrel-windows-ix86+x86_64 0.10.3 5.00 117.00 122.00 OK
r-oldrel-osx-x86_64 0.10.3 OK

Check Details

Version: 0.10.3
Check: installed package size
Result: NOTE
     installed size is 12.3Mb
     sub-directories of 1Mb or more:
     doc 12.1Mb
Flavors: r-devel-linux-x86_64-fedora-clang, r-devel-linux-x86_64-fedora-gcc, r-devel-windows-ix86+x86_64, r-patched-solaris-sparc, r-patched-solaris-x86, r-release-windows-ix86+x86_64, r-release-osx-x86_64

Version: 0.10.3
Check: package dependencies
Result: NOTE
    Package suggested but not available for checking: ‘devtools’
Flavor: r-release-osx-x86_64