CRAN Package Check Results for Package Wats

Last updated on 2015-07-01 06:49:03.

Flavor Version Tinstall Tcheck Ttotal Status Flags
r-devel-linux-x86_64-debian-clang 0.2-16 0.94 48.79 49.74 NOTE
r-devel-linux-x86_64-debian-gcc 0.2-16 0.84 48.14 48.98 NOTE
r-devel-linux-x86_64-fedora-clang 0.2-16 88.46 NOTE
r-devel-linux-x86_64-fedora-gcc 0.2-16 85.11 NOTE
r-devel-osx-x86_64-clang 0.2-16 81.48 NOTE
r-devel-windows-ix86+x86_64 0.2-16 3.00 73.00 76.00 NOTE
r-patched-linux-x86_64 0.2-16 0.90 45.25 46.16 NOTE
r-patched-solaris-sparc 0.2-16 625.30 NOTE
r-patched-solaris-x86 0.2-16 125.50 NOTE
r-release-linux-x86_64 0.2-16 0.94 47.09 48.03 NOTE
r-release-osx-x86_64-mavericks 0.2-16 NOTE
r-release-windows-ix86+x86_64 0.2-16 3.00 80.00 83.00 NOTE
r-oldrel-windows-ix86+x86_64 0.2-16 4.00 81.00 85.00 OK

Check Details

Version: 0.2-16
Check: DESCRIPTION meta-information
Result: NOTE
    Malformed Description field: should contain one or more complete sentences.
Flavors: r-devel-linux-x86_64-debian-clang, r-devel-linux-x86_64-debian-gcc, r-devel-linux-x86_64-fedora-clang, r-devel-linux-x86_64-fedora-gcc, r-devel-osx-x86_64-clang, r-devel-windows-ix86+x86_64, r-patched-linux-x86_64, r-patched-solaris-sparc, r-patched-solaris-x86, r-release-linux-x86_64, r-release-osx-x86_64-mavericks, r-release-windows-ix86+x86_64