CRAN Package Check Results for Package Wats

Last updated on 2015-05-27 11:49:40.

Flavor Version Tinstall Tcheck Ttotal Status Flags
r-devel-linux-x86_64-debian-clang 0.2-16 0.96 46.94 47.90 NOTE
r-devel-linux-x86_64-debian-gcc 0.2-16 0.89 44.80 45.70 NOTE
r-devel-linux-x86_64-fedora-clang 0.2-16 92.76 NOTE
r-devel-linux-x86_64-fedora-gcc 0.2-16 88.21 NOTE
r-devel-osx-x86_64-clang 0.2-16 84.04 NOTE
r-devel-windows-ix86+x86_64 0.2-16 3.00 77.00 80.00 NOTE
r-patched-linux-x86_64 0.2-16 0.87 45.24 46.11 NOTE
r-patched-solaris-sparc 0.2-16 625.30 NOTE
r-patched-solaris-x86 0.2-16 127.00 NOTE
r-release-linux-x86_64 0.2-16 1.14 45.49 46.63 NOTE
r-release-osx-x86_64-mavericks 0.2-16 NOTE
r-release-osx-x86_64-snowleopard 0.2-16 ERROR
r-release-windows-ix86+x86_64 0.2-16 3.00 83.00 86.00 NOTE
r-oldrel-windows-ix86+x86_64 0.2-16 5.00 78.00 83.00 OK

Check Details

Version: 0.2-16
Check: DESCRIPTION meta-information
Result: NOTE
    Malformed Description field: should contain one or more complete sentences.
Flavors: r-devel-linux-x86_64-debian-clang, r-devel-linux-x86_64-debian-gcc, r-devel-linux-x86_64-fedora-clang, r-devel-linux-x86_64-fedora-gcc, r-devel-osx-x86_64-clang, r-devel-windows-ix86+x86_64, r-patched-linux-x86_64, r-patched-solaris-sparc, r-patched-solaris-x86, r-release-linux-x86_64, r-release-osx-x86_64-mavericks, r-release-windows-ix86+x86_64

Version: 0.2-16
Check: package dependencies
Result: ERROR
    Packages required but not available: ‘ggplot2’ ‘zoo’
    
    Packages suggested but not available for checking:
     ‘devtools’ ‘knitr’ ‘scales’
    
    VignetteBuilder package required for checking but not installed: ‘knitr’
    
    See section ‘The DESCRIPTION file’ in the ‘Writing R Extensions’
    manual.
Flavor: r-release-osx-x86_64-snowleopard