CRAN Package Check Results for Package Wats

Last updated on 2018-04-24 10:47:48 CEST.

Flavor Version Tinstall Tcheck Ttotal Status Flags
r-devel-linux-x86_64-debian-clang 0.10.3 3.55 66.07 69.62 OK
r-devel-linux-x86_64-debian-gcc 0.10.3 2.53 60.63 63.16 OK
r-devel-linux-x86_64-fedora-clang 0.10.3 96.03 NOTE
r-devel-linux-x86_64-fedora-gcc 0.10.3 93.59 NOTE
r-devel-windows-ix86+x86_64 0.10.3 7.00 94.00 101.00 NOTE
r-patched-linux-x86_64 0.10.3 3.16 76.33 79.49 OK
r-patched-solaris-x86 0.10.3 142.90 NOTE
r-release-linux-x86_64 0.10.3 2.77 76.40 79.17 OK
r-release-windows-ix86+x86_64 0.10.3 7.00 94.00 101.00 NOTE
r-release-osx-x86_64 0.10.3 NOTE
r-oldrel-windows-ix86+x86_64 0.10.3 5.00 97.00 102.00 NOTE
r-oldrel-osx-x86_64 0.10.3 NOTE

Check Details

Version: 0.10.3
Check: installed package size
Result: NOTE
     installed size is 12.4Mb
     sub-directories of 1Mb or more:
     doc 12.1Mb
Flavors: r-devel-linux-x86_64-fedora-clang, r-devel-linux-x86_64-fedora-gcc, r-devel-windows-ix86+x86_64, r-patched-solaris-x86, r-release-windows-ix86+x86_64, r-release-osx-x86_64, r-oldrel-windows-ix86+x86_64, r-oldrel-osx-x86_64

Version: 0.10.3
Check: package dependencies
Result: NOTE
    Package suggested but not available for checking: ‘devtools’
Flavor: r-oldrel-osx-x86_64