CRAN Package Check Results for Package Wats

Last updated on 2015-03-01 03:48:52.

Flavor Version Tinstall Tcheck Ttotal Status Flags
r-devel-linux-x86_64-debian-clang 0.2-16 1.00 68.05 69.05 NOTE
r-devel-linux-x86_64-debian-gcc 0.2-16 0.87 67.09 67.96 NOTE
r-devel-linux-x86_64-fedora-clang 0.2-16 140.91 NOTE
r-devel-linux-x86_64-fedora-gcc 0.2-16 126.19 NOTE
r-devel-osx-x86_64-clang 0.2-16 122.15 NOTE
r-devel-windows-ix86+x86_64 0.2-16 6.00 111.00 117.00 NOTE
r-patched-linux-x86_64 0.2-16 1.06 79.05 80.11 OK
r-patched-solaris-sparc 0.2-16 933.00 OK
r-patched-solaris-x86 0.2-16 192.60 OK
r-release-linux-ix86 0.2-16 1.86 94.63 96.49 OK
r-release-linux-x86_64 0.2-16 1.06 78.65 79.72 OK
r-release-osx-x86_64-mavericks 0.2-16 OK
r-release-osx-x86_64-snowleopard 0.2-16 OK
r-release-windows-ix86+x86_64 0.2-16 4.00 122.00 126.00 OK
r-oldrel-windows-ix86+x86_64 0.2-16 5.00 128.00 133.00 OK

Check Details

Version: 0.2-16
Check: DESCRIPTION meta-information
Result: NOTE
    Malformed Description field: should contain one or more complete sentences.
Flavors: r-devel-linux-x86_64-debian-clang, r-devel-linux-x86_64-debian-gcc, r-devel-linux-x86_64-fedora-clang, r-devel-linux-x86_64-fedora-gcc, r-devel-osx-x86_64-clang, r-devel-windows-ix86+x86_64