CRAN Package Check Results for Package Wats

Last updated on 2017-12-13 15:48:49 CET.

Flavor Version Tinstall Tcheck Ttotal Status Flags
r-devel-linux-x86_64-debian-clang 0.10.3 2.30 92.69 94.99 OK
r-devel-linux-x86_64-debian-gcc 0.10.3 1.93 71.48 73.41 OK
r-devel-linux-x86_64-fedora-clang 0.10.3 103.68 NOTE
r-devel-linux-x86_64-fedora-gcc 0.10.3 104.56 NOTE
r-devel-windows-ix86+x86_64 0.10.3 7.00 134.00 141.00 NOTE
r-patched-linux-x86_64 0.10.3 2.13 92.47 94.60 OK
r-patched-solaris-x86 0.10.3 145.70 NOTE
r-release-linux-x86_64 0.10.3 2.08 94.19 96.27 OK
r-release-windows-ix86+x86_64 0.10.3 5.00 118.00 123.00 NOTE
r-release-osx-x86_64 0.10.3 NOTE
r-oldrel-windows-ix86+x86_64 0.10.3 3.00 117.00 120.00 OK
r-oldrel-osx-x86_64 0.10.3 OK

Check Details

Version: 0.10.3
Check: installed package size
Result: NOTE
     installed size is 12.3Mb
     sub-directories of 1Mb or more:
     doc 12.1Mb
Flavors: r-devel-linux-x86_64-fedora-clang, r-devel-linux-x86_64-fedora-gcc, r-devel-windows-ix86+x86_64, r-patched-solaris-x86, r-release-windows-ix86+x86_64, r-release-osx-x86_64

Version: 0.10.3
Check: package dependencies
Result: NOTE
    Package suggested but not available for checking: ‘devtools’
Flavor: r-release-osx-x86_64