CRAN Package Check Results for Package Wats

Last updated on 2017-04-24 08:48:26.

Flavor Version Tinstall Tcheck Ttotal Status Flags
r-devel-linux-x86_64-debian-clang 0.10.3 1.95 57.98 59.94 OK
r-devel-linux-x86_64-debian-gcc 0.10.3 1.84 56.68 58.53 OK
r-devel-linux-x86_64-fedora-clang 0.10.3 112.30 NOTE --no-stop-on-test-error
r-devel-linux-x86_64-fedora-gcc 0.10.3 109.87 NOTE --no-stop-on-test-error
r-devel-windows-ix86+x86_64 0.10.3 8.00 139.00 147.00 NOTE
r-patched-linux-x86_64 0.10.3 1.98 57.07 59.04 OK
r-patched-solaris-sparc 0.10.3 743.30 NOTE
r-patched-solaris-x86 0.10.3 144.20 NOTE
r-release-linux-x86_64 0.10.3 1.83 58.96 60.79 OK
r-release-windows-ix86+x86_64 0.10.3 5.00 107.00 112.00 NOTE
r-release-osx-x86_64 0.10.3 NOTE
r-oldrel-windows-ix86+x86_64 0.10.3 3.00 96.00 99.00 OK
r-oldrel-osx-x86_64 0.10.3 OK

Check Details

Version: 0.10.3
Flags: --no-stop-on-test-error
Check: installed package size
Result: NOTE
     installed size is 12.3Mb
     sub-directories of 1Mb or more:
     doc 12.1Mb
Flavors: r-devel-linux-x86_64-fedora-clang, r-devel-linux-x86_64-fedora-gcc

Version: 0.10.3
Check: installed package size
Result: NOTE
     installed size is 12.3Mb
     sub-directories of 1Mb or more:
     doc 12.1Mb
Flavors: r-devel-windows-ix86+x86_64, r-patched-solaris-sparc, r-patched-solaris-x86, r-release-windows-ix86+x86_64, r-release-osx-x86_64

Version: 0.10.3
Check: package dependencies
Result: NOTE
    Package suggested but not available for checking: ‘devtools’
Flavor: r-release-osx-x86_64