CRAN Package Check Results for Package Wats

Last updated on 2017-08-17 02:48:22.

Flavor Version Tinstall Tcheck Ttotal Status Flags
r-devel-linux-x86_64-debian-clang 0.10.3 1.75 59.47 61.22 OK
r-devel-linux-x86_64-debian-gcc 0.10.3 1.88 57.97 59.84 OK
r-devel-linux-x86_64-fedora-clang 0.10.3 109.77 NOTE
r-devel-linux-x86_64-fedora-gcc 0.10.3 116.72 NOTE
r-devel-windows-ix86+x86_64 0.10.3 5.00 104.00 109.00 NOTE
r-patched-linux-x86_64 0.10.3 1.81 57.61 59.42 OK
r-patched-solaris-x86 0.10.3 144.20 NOTE
r-release-linux-x86_64 0.10.3 1.74 58.01 59.75 OK
r-release-windows-ix86+x86_64 0.10.3 5.00 110.00 115.00 NOTE
r-release-osx-x86_64 0.10.3 NOTE
r-oldrel-windows-ix86+x86_64 0.10.3 3.00 87.00 90.00 OK
r-oldrel-osx-x86_64 0.10.3 OK

Check Details

Version: 0.10.3
Check: installed package size
Result: NOTE
     installed size is 12.3Mb
     sub-directories of 1Mb or more:
     doc 12.1Mb
Flavors: r-devel-linux-x86_64-fedora-clang, r-devel-linux-x86_64-fedora-gcc, r-devel-windows-ix86+x86_64, r-patched-solaris-x86, r-release-windows-ix86+x86_64, r-release-osx-x86_64

Version: 0.10.3
Check: package dependencies
Result: NOTE
    Package suggested but not available for checking: ‘devtools’
Flavor: r-release-osx-x86_64