CRAN Package Check Results for Package Wats

Last updated on 2016-12-11 06:57:52.

Flavor Version Tinstall Tcheck Ttotal Status Flags
r-devel-linux-x86_64-debian-clang 0.10.3 2.23 59.86 62.09 OK
r-devel-linux-x86_64-debian-gcc 0.10.3 1.80 59.95 61.75 OK
r-devel-linux-x86_64-fedora-clang 0.10.3 115.29 NOTE --no-stop-on-test-error
r-devel-linux-x86_64-fedora-gcc 0.10.3 111.72 NOTE --no-stop-on-test-error
r-devel-macos-x86_64-clang 0.10.3 88.16 NOTE --no-stop-on-test-error
r-devel-windows-ix86+x86_64 0.10.3 3.00 146.00 149.00 WARN
r-patched-linux-x86_64 0.10.3 2.34 50.64 52.98 OK
r-patched-solaris-sparc 0.10.3 646.10 NOTE
r-patched-solaris-x86 0.10.3 119.70 NOTE
r-release-linux-x86_64 0.10.3 1.89 48.68 50.57 OK
r-release-osx-x86_64-mavericks 0.10.3 OK
r-release-windows-ix86+x86_64 0.10.3 4.00 97.00 101.00 OK
r-oldrel-windows-ix86+x86_64 0.10.3 5.00 117.00 122.00 OK

Check Details

Version: 0.10.3
Flags: --no-stop-on-test-error
Check: installed package size
Result: NOTE
     installed size is 12.3Mb
     sub-directories of 1Mb or more:
     doc 12.1Mb
Flavors: r-devel-linux-x86_64-fedora-clang, r-devel-linux-x86_64-fedora-gcc, r-devel-macos-x86_64-clang

Version: 0.10.3
Check: files in ‘vignettes’
Result: WARN
    Files in the 'vignettes' directory newer than all files in 'inst/doc':
     'figure_mbr_rmd/Figure2IndividualBasic-1.png',
     'figure_mbr_rmd/Figure2Stylized-1.png',
     'figure_mbr_rmd/Figure4Basic-1.png',
     'figure_mbr_rmd/Figure4Stylized-1.png',
     'figure_mbr_rmd/Figure5-1.png', 'figure_mbr_rmd/Figure6-1.png',
     'figure_mbr_rmd/Figure7-1.png',
     'figure_mbr_rmd/Figure7AllCounties-1.png',
     'figure_mbr_rmd/Figure8-1.png',
     'figure_okc_fertility_intercensal_rmd/CartesianPeriodic-1.png',
     'figure_okc_fertility_intercensal_rmd/CartesianRolling-1.png',
     'figure_okc_fertility_intercensal_rmd/ConfirmatoryFrequentist-1.png',
     'figure_okc_fertility_intercensal_rmd/ConfirmatoryFrequentist-2.png',
     'figure_okc_fertility_intercensal_rmd/PolarPeriodic-1.png'
Flavor: r-devel-windows-ix86+x86_64

Version: 0.10.3
Check: installed package size
Result: NOTE
     installed size is 12.5Mb
     sub-directories of 1Mb or more:
     doc 12.3Mb
Flavors: r-patched-solaris-sparc, r-patched-solaris-x86