CRAN Package Check Results for Package Wats

Last updated on 2017-02-25 11:48:56.

Flavor Version Tinstall Tcheck Ttotal Status Flags
r-devel-linux-x86_64-debian-clang 0.10.3 1.83 58.26 60.10 OK
r-devel-linux-x86_64-debian-gcc 0.10.3 1.68 58.35 60.03 OK
r-devel-linux-x86_64-fedora-clang 0.10.3 111.78 NOTE --no-stop-on-test-error
r-devel-linux-x86_64-fedora-gcc 0.10.3 109.41 NOTE --no-stop-on-test-error
r-devel-macos-x86_64-clang 0.10.3 87.45 NOTE --no-stop-on-test-error
r-devel-windows-ix86+x86_64 0.10.3 7.00 131.00 138.00 NOTE
r-patched-linux-x86_64 0.10.3 2.14 47.61 49.75 OK
r-patched-solaris-sparc 0.10.3 654.00 NOTE
r-patched-solaris-x86 0.10.3 126.10 NOTE
r-release-linux-x86_64 0.10.3 1.86 50.38 52.24 OK
r-release-osx-x86_64-mavericks 0.10.3 OK
r-release-windows-ix86+x86_64 0.10.3 6.00 95.00 101.00 OK
r-oldrel-windows-ix86+x86_64 0.10.3 5.00 117.00 122.00 OK

Check Details

Version: 0.10.3
Flags: --no-stop-on-test-error
Check: installed package size
Result: NOTE
     installed size is 12.3Mb
     sub-directories of 1Mb or more:
     doc 12.1Mb
Flavors: r-devel-linux-x86_64-fedora-clang, r-devel-linux-x86_64-fedora-gcc, r-devel-macos-x86_64-clang

Version: 0.10.3
Check: installed package size
Result: NOTE
     installed size is 12.3Mb
     sub-directories of 1Mb or more:
     doc 12.1Mb
Flavors: r-devel-windows-ix86+x86_64, r-patched-solaris-sparc, r-patched-solaris-x86