CRAN Package Check Results for Package Wats

Last updated on 2017-05-22 16:49:10.

Flavor Version Tinstall Tcheck Ttotal Status Flags
r-devel-linux-x86_64-debian-clang 0.10.3 2.10 59.93 62.04 OK
r-devel-linux-x86_64-debian-gcc 0.10.3 1.76 56.72 58.48 OK
r-devel-linux-x86_64-fedora-clang 0.10.3 117.00 NOTE --no-stop-on-test-error
r-devel-linux-x86_64-fedora-gcc 0.10.3 109.86 NOTE --no-stop-on-test-error
r-devel-windows-ix86+x86_64 0.10.3 6.00 131.00 137.00 NOTE
r-patched-linux-x86_64 0.10.3 1.81 56.78 58.60 OK
r-patched-solaris-sparc 0.10.3 743.30 NOTE
r-patched-solaris-x86 0.10.3 143.80 NOTE
r-release-linux-x86_64 0.10.3 1.82 58.83 60.66 OK
r-release-windows-ix86+x86_64 0.10.3 6.00 139.00 145.00 NOTE
r-release-osx-x86_64 0.10.3 NOTE
r-oldrel-windows-ix86+x86_64 0.10.3 7.00 115.00 122.00 OK
r-oldrel-osx-x86_64 0.10.3 OK

Check Details

Version: 0.10.3
Flags: --no-stop-on-test-error
Check: installed package size
Result: NOTE
     installed size is 12.3Mb
     sub-directories of 1Mb or more:
     doc 12.1Mb
Flavors: r-devel-linux-x86_64-fedora-clang, r-devel-linux-x86_64-fedora-gcc

Version: 0.10.3
Check: installed package size
Result: NOTE
     installed size is 12.3Mb
     sub-directories of 1Mb or more:
     doc 12.1Mb
Flavors: r-devel-windows-ix86+x86_64, r-patched-solaris-sparc, r-patched-solaris-x86, r-release-windows-ix86+x86_64, r-release-osx-x86_64

Version: 0.10.3
Check: package dependencies
Result: NOTE
    Package suggested but not available for checking: ‘devtools’
Flavor: r-release-osx-x86_64