CRAN Package Check Results for Package Wats

Last updated on 2015-08-04 21:47:27.

Flavor Version Tinstall Tcheck Ttotal Status Flags
r-devel-linux-x86_64-debian-clang 0.2-16 0.90 44.81 45.71 NOTE
r-devel-linux-x86_64-debian-gcc 0.2-16 0.94 44.15 45.09 NOTE
r-devel-linux-x86_64-fedora-clang 0.2-16 89.04 NOTE
r-devel-linux-x86_64-fedora-gcc 0.2-16 85.76 NOTE
r-devel-osx-x86_64-clang 0.2-16 81.09 NOTE
r-devel-windows-ix86+x86_64 0.2-16 5.00 80.00 85.00 NOTE
r-patched-linux-x86_64 0.2-16 0.89 44.88 45.77 NOTE
r-patched-solaris-sparc 0.2-16 646.00 NOTE
r-patched-solaris-x86 0.2-16 126.50 NOTE
r-release-linux-x86_64 0.2-16 0.88 45.07 45.96 NOTE
r-release-osx-x86_64-mavericks 0.2-16 NOTE
r-release-windows-ix86+x86_64 0.2-16 4.00 80.00 84.00 NOTE
r-oldrel-windows-ix86+x86_64 0.2-16 5.00 87.00 92.00 OK

Check Details

Version: 0.2-16
Check: DESCRIPTION meta-information
Result: NOTE
    Malformed Description field: should contain one or more complete sentences.
Flavors: r-devel-linux-x86_64-debian-clang, r-devel-linux-x86_64-debian-gcc, r-devel-linux-x86_64-fedora-clang, r-devel-linux-x86_64-fedora-gcc, r-devel-osx-x86_64-clang, r-devel-windows-ix86+x86_64, r-patched-linux-x86_64, r-patched-solaris-sparc, r-patched-solaris-x86, r-release-linux-x86_64, r-release-osx-x86_64-mavericks, r-release-windows-ix86+x86_64