CRAN Package Check Results for Package Wats

Last updated on 2017-01-17 20:51:06.

Flavor Version Tinstall Tcheck Ttotal Status Flags
r-devel-linux-x86_64-debian-clang 0.10.3 1.98 58.18 60.17 OK
r-devel-linux-x86_64-debian-gcc 0.10.3 2.13 56.94 59.07 OK
r-devel-linux-x86_64-fedora-clang 0.10.3 111.86 NOTE --no-stop-on-test-error
r-devel-linux-x86_64-fedora-gcc 0.10.3 110.49 NOTE --no-stop-on-test-error
r-devel-macos-x86_64-clang 0.10.3 86.73 NOTE --no-stop-on-test-error
r-devel-windows-ix86+x86_64 0.10.3 8.00 131.00 139.00 NOTE
r-patched-linux-x86_64 0.10.3 2.10 48.72 50.82 OK
r-patched-solaris-sparc 0.10.3 654.00 NOTE
r-patched-solaris-x86 0.10.3 126.40 NOTE
r-release-linux-x86_64 0.10.3 2.12 49.06 51.18 OK
r-release-osx-x86_64-mavericks 0.10.3 OK
r-release-windows-ix86+x86_64 0.10.3 4.00 82.00 86.00 OK
r-oldrel-windows-ix86+x86_64 0.10.3 3.00 99.00 102.00 OK

Check Details

Version: 0.10.3
Flags: --no-stop-on-test-error
Check: installed package size
Result: NOTE
     installed size is 12.3Mb
     sub-directories of 1Mb or more:
     doc 12.1Mb
Flavors: r-devel-linux-x86_64-fedora-clang, r-devel-linux-x86_64-fedora-gcc, r-devel-macos-x86_64-clang

Version: 0.10.3
Check: installed package size
Result: NOTE
     installed size is 12.3Mb
     sub-directories of 1Mb or more:
     doc 12.1Mb
Flavors: r-devel-windows-ix86+x86_64, r-patched-solaris-sparc, r-patched-solaris-x86