CRAN Package Check Results for Package Wats

Last updated on 2015-04-28 08:50:39.

Flavor Version Tinstall Tcheck Ttotal Status Flags
r-devel-linux-x86_64-debian-clang 0.2-16 0.92 46.03 46.95 NOTE
r-devel-linux-x86_64-debian-gcc 0.2-16 0.89 46.14 47.03 NOTE
r-devel-linux-x86_64-fedora-clang 0.2-16 91.80 NOTE
r-devel-linux-x86_64-fedora-gcc 0.2-16 88.63 NOTE
r-devel-osx-x86_64-clang 0.2-16 87.41 NOTE
r-devel-windows-ix86+x86_64 0.2-16 4.00 85.00 89.00 NOTE
r-patched-linux-x86_64 0.2-16 0.89 45.74 46.63 NOTE
r-patched-solaris-sparc 0.2-16 951.00 NOTE
r-patched-solaris-x86 0.2-16 124.10 NOTE
r-release-linux-x86_64 0.2-16 0.88 46.11 46.99 NOTE
r-release-osx-x86_64-mavericks 0.2-16 NOTE
r-release-osx-x86_64-snowleopard 0.2-16 ERROR
r-release-windows-ix86+x86_64 0.2-16 3.00 81.00 84.00 NOTE
r-oldrel-windows-ix86+x86_64 0.2-16 4.00 116.00 120.00 OK

Check Details

Version: 0.2-16
Check: DESCRIPTION meta-information
Result: NOTE
    Malformed Description field: should contain one or more complete sentences.
Flavors: r-devel-linux-x86_64-debian-clang, r-devel-linux-x86_64-debian-gcc, r-devel-linux-x86_64-fedora-clang, r-devel-linux-x86_64-fedora-gcc, r-devel-osx-x86_64-clang, r-devel-windows-ix86+x86_64, r-patched-solaris-sparc, r-patched-solaris-x86, r-release-linux-x86_64, r-release-osx-x86_64-mavericks, r-release-windows-ix86+x86_64

Version: 0.2-16
Check: package dependencies
Result: ERROR
    Packages required but not available: ‘ggplot2’ ‘zoo’
    
    Packages suggested but not available for checking:
     ‘devtools’ ‘knitr’ ‘scales’
    
    VignetteBuilder package required for checking but not installed: ‘knitr’
    
    See section ‘The DESCRIPTION file’ in the ‘Writing R Extensions’
    manual.
Flavor: r-release-osx-x86_64-snowleopard