CRAN Package Check Results for Package Wats

Last updated on 2017-10-19 11:47:57.

Flavor Version Tinstall Tcheck Ttotal Status Flags
r-devel-linux-x86_64-debian-clang 0.10.3 1.98 58.06 60.04 OK
r-devel-linux-x86_64-debian-gcc 0.10.3 1.56 56.87 58.43 OK
r-devel-linux-x86_64-fedora-clang 0.10.3 116.98 NOTE
r-devel-linux-x86_64-fedora-gcc 0.10.3 117.60 NOTE
r-devel-windows-ix86+x86_64 0.10.3 6.00 99.00 105.00 NOTE
r-patched-linux-x86_64 0.10.3 1.80 56.45 58.24 OK
r-patched-solaris-x86 0.10.3 148.00 NOTE
r-release-linux-x86_64 0.10.3 1.97 58.86 60.83 OK
r-release-windows-ix86+x86_64 0.10.3 6.00 133.00 139.00 NOTE
r-release-osx-x86_64 0.10.3 NOTE
r-oldrel-windows-ix86+x86_64 0.10.3 4.00 123.00 127.00 OK
r-oldrel-osx-x86_64 0.10.3 OK

Check Details

Version: 0.10.3
Check: installed package size
Result: NOTE
     installed size is 12.3Mb
     sub-directories of 1Mb or more:
     doc 12.1Mb
Flavors: r-devel-linux-x86_64-fedora-clang, r-devel-linux-x86_64-fedora-gcc, r-devel-windows-ix86+x86_64, r-patched-solaris-x86, r-release-windows-ix86+x86_64, r-release-osx-x86_64

Version: 0.10.3
Check: package dependencies
Result: NOTE
    Package suggested but not available for checking: ‘devtools’
Flavor: r-release-osx-x86_64