CRAN Package Check Results for Package Wats

Last updated on 2016-09-25 21:50:23.

Flavor Version Tinstall Tcheck Ttotal Status Flags
r-devel-linux-x86_64-debian-clang 0.10.3 0.94 46.83 47.77 WARN
r-devel-linux-x86_64-debian-gcc 0.10.3 1.01 46.94 47.95 WARN
r-devel-linux-x86_64-fedora-clang 0.10.3 89.80 WARN
r-devel-linux-x86_64-fedora-gcc 0.10.3 86.07 WARN
r-devel-macos-x86_64-clang 0.10.3 69.91 WARN
r-devel-windows-ix86+x86_64 0.10.3 3.00 122.00 125.00 WARN
r-patched-linux-x86_64 0.10.3 0.93 48.36 49.29 OK
r-patched-solaris-sparc 0.10.3 606.50 OK
r-patched-solaris-x86 0.10.3 116.90 OK
r-release-linux-x86_64 0.10.3 1.06 46.42 47.48 OK
r-release-osx-x86_64-mavericks 0.10.3 OK
r-release-windows-ix86+x86_64 0.10.3 5.00 135.00 140.00 OK
r-oldrel-windows-ix86+x86_64 0.10.3 5.00 111.00 116.00 OK

Check Details

Version: 0.10.3
Check: files in ‘vignettes’
Result: WARN
    Files in the 'vignettes' directory newer than all files in 'inst/doc':
     ‘figure_mbr_rmd/Figure2IndividualBasic-1.png’,
     ‘figure_mbr_rmd/Figure2Stylized-1.png’,
     ‘figure_mbr_rmd/Figure4Basic-1.png’,
     ‘figure_mbr_rmd/Figure4Stylized-1.png’,
     ‘figure_mbr_rmd/Figure5-1.png’, ‘figure_mbr_rmd/Figure6-1.png’,
     ‘figure_mbr_rmd/Figure7-1.png’,
     ‘figure_mbr_rmd/Figure7AllCounties-1.png’,
     ‘figure_mbr_rmd/Figure8-1.png’,
     ‘figure_okc_fertility_intercensal_rmd/CartesianPeriodic-1.png’,
     ‘figure_okc_fertility_intercensal_rmd/CartesianRolling-1.png’,
     ‘figure_okc_fertility_intercensal_rmd/ConfirmatoryFrequentist-1.png’,
     ‘figure_okc_fertility_intercensal_rmd/ConfirmatoryFrequentist-2.png’,
     ‘figure_okc_fertility_intercensal_rmd/PolarPeriodic-1.png’
Flavors: r-devel-linux-x86_64-debian-clang, r-devel-linux-x86_64-debian-gcc, r-devel-linux-x86_64-fedora-clang, r-devel-linux-x86_64-fedora-gcc, r-devel-macos-x86_64-clang, r-devel-windows-ix86+x86_64