CRAN Package Check Results for Package Wats

Last updated on 2017-03-27 18:50:23.

Flavor Version Tinstall Tcheck Ttotal Status Flags
r-devel-linux-x86_64-debian-clang 0.10.3 1.82 57.96 59.78 OK
r-devel-linux-x86_64-debian-gcc 0.10.3 1.94 57.86 59.80 OK
r-devel-linux-x86_64-fedora-clang 0.10.3 111.66 NOTE --no-stop-on-test-error
r-devel-linux-x86_64-fedora-gcc 0.10.3 116.20 NOTE --no-stop-on-test-error
r-devel-macos-x86_64-clang 0.10.3 87.37 NOTE --no-stop-on-test-error
r-devel-windows-ix86+x86_64 0.10.3 6.00 105.00 111.00 NOTE
r-patched-linux-x86_64 0.10.3 1.89 56.07 57.96 OK
r-patched-solaris-sparc 0.10.3 743.30 NOTE
r-patched-solaris-x86 0.10.3 144.00 NOTE
r-release-linux-x86_64 0.10.3 1.71 48.67 50.38 OK
r-release-osx-x86_64-mavericks 0.10.3 OK
r-release-windows-ix86+x86_64 0.10.3 4.00 97.00 101.00 OK
r-oldrel-windows-ix86+x86_64 0.10.3 3.00 104.00 107.00 OK

Check Details

Version: 0.10.3
Flags: --no-stop-on-test-error
Check: installed package size
Result: NOTE
     installed size is 12.3Mb
     sub-directories of 1Mb or more:
     doc 12.1Mb
Flavors: r-devel-linux-x86_64-fedora-clang, r-devel-linux-x86_64-fedora-gcc, r-devel-macos-x86_64-clang

Version: 0.10.3
Check: installed package size
Result: NOTE
     installed size is 12.3Mb
     sub-directories of 1Mb or more:
     doc 12.1Mb
Flavors: r-devel-windows-ix86+x86_64, r-patched-solaris-sparc, r-patched-solaris-x86