CRAN Package Check Results for Package WaveCD

Last updated on 2014-04-24 23:48:15.

Flavor Version Tinstall Tcheck Ttotal Status Flags
r-devel-linux-x86_64-debian-clang 1.0 0.74 11.97 12.70 OK
r-devel-linux-x86_64-debian-gcc 1.0 0.74 12.18 12.92 OK
r-devel-linux-x86_64-fedora-clang 1.0 25.32 OK
r-devel-linux-x86_64-fedora-gcc 1.0 24.48 OK
r-devel-osx-x86_64-clang 1.0 25.32 OK
r-devel-osx-x86_64-gcc 1.0 OK
r-devel-windows-ix86+x86_64 1.0 3.00 21.00 24.00 OK
r-patched-linux-x86_64 1.0 0.78 12.40 13.19 OK
r-patched-solaris-sparc 1.0 172.60 OK
r-patched-solaris-x86 1.0 36.90 OK
r-release-linux-ix86 1.0 2.00 26.00 28.00 OK
r-release-linux-x86_64 1.0 0.74 12.53 13.26 OK
r-release-osx-x86_64-mavericks 1.0 WARN
r-release-osx-x86_64-snowleopard 1.0 OK
r-release-windows-ix86+x86_64 1.0 3.00 21.00 24.00 OK
r-oldrel-windows-ix86+x86_64 1.0 3.00 21.00 24.00 OK

Check Details

Version: 1.0
Check: PDF version of manual
Result: WARNING
    LaTeX errors when creating PDF version.
    This typically indicates Rd problems.
    LaTeX errors found:
    ! LaTeX Error: File `upquote.sty' not found.
    
    Type X to quit or <RETURN> to proceed,
    or enter new name. (Default extension: sty)
    
    2b3f2195/Rd2.tex:8: ==> Fatal error occurred, no output PDF file produced!
Flavor: r-release-osx-x86_64-mavericks