CRAN Package Check Results for Package WaveCD

Last updated on 2015-05-05 10:49:27.

Flavor Version Tinstall Tcheck Ttotal Status Flags
r-devel-linux-x86_64-debian-clang 1.0 0.63 10.59 11.22 NOTE
r-devel-linux-x86_64-debian-gcc 1.0 0.63 10.50 11.14 NOTE
r-devel-linux-x86_64-fedora-clang 1.0 23.54 NOTE
r-devel-linux-x86_64-fedora-gcc 1.0 20.65 NOTE
r-devel-osx-x86_64-clang 1.0 25.27 NOTE
r-devel-windows-ix86+x86_64 1.0 3.00 18.00 21.00 NOTE
r-patched-linux-x86_64 1.0 0.63 10.86 11.48 NOTE
r-patched-solaris-sparc 1.0 154.30 NOTE
r-patched-solaris-x86 1.0 32.10 NOTE
r-release-linux-x86_64 1.0 0.64 10.48 11.11 NOTE
r-release-osx-x86_64-mavericks 1.0 NOTE
r-release-osx-x86_64-snowleopard 1.0 NOTE
r-release-windows-ix86+x86_64 1.0 3.00 19.00 22.00 NOTE
r-oldrel-windows-ix86+x86_64 1.0 4.00 30.00 34.00 OK

Check Details

Version: 1.0
Check: DESCRIPTION meta-information
Result: NOTE
    Malformed Description field: should contain one or more complete sentences.
Flavors: r-devel-linux-x86_64-debian-clang, r-devel-linux-x86_64-debian-gcc, r-devel-linux-x86_64-fedora-clang, r-devel-linux-x86_64-fedora-gcc, r-devel-osx-x86_64-clang, r-devel-windows-ix86+x86_64, r-patched-linux-x86_64, r-patched-solaris-sparc, r-patched-solaris-x86, r-release-linux-x86_64, r-release-osx-x86_64-mavericks, r-release-osx-x86_64-snowleopard, r-release-windows-ix86+x86_64