CRAN Package Check Results for Package WaveCD

Last updated on 2015-03-29 05:49:36.

Flavor Version Tinstall Tcheck Ttotal Status Flags
r-devel-linux-x86_64-debian-clang 1.0 0.64 10.68 11.32 NOTE
r-devel-linux-x86_64-debian-gcc 1.0 0.65 10.63 11.28 NOTE
r-devel-linux-x86_64-fedora-clang 1.0 23.50 NOTE
r-devel-linux-x86_64-fedora-gcc 1.0 21.55 NOTE
r-devel-osx-x86_64-clang 1.0 28.12 NOTE
r-prerel-windows-ix86+x86_64 1.0 5.00 20.00 25.00 NOTE
r-prerel-linux-x86_64 1.0 0.82 10.67 11.48 NOTE
r-prerel-solaris-sparc 1.0 154.30 NOTE
r-prerel-solaris-x86 1.0 31.50 NOTE
r-release-linux-x86_64 1.0 0.76 12.46 13.22 OK
r-release-osx-x86_64-mavericks 1.0 OK
r-release-osx-x86_64-snowleopard 1.0 OK
r-release-windows-ix86+x86_64 1.0 3.00 23.00 26.00 OK
r-oldrel-windows-ix86+x86_64 1.0 4.00 25.00 29.00 OK

Check Details

Version: 1.0
Check: DESCRIPTION meta-information
Result: NOTE
    Malformed Description field: should contain one or more complete sentences.
Flavors: r-devel-linux-x86_64-debian-clang, r-devel-linux-x86_64-debian-gcc, r-devel-linux-x86_64-fedora-clang, r-devel-linux-x86_64-fedora-gcc, r-devel-osx-x86_64-clang, r-prerel-windows-ix86+x86_64, r-prerel-linux-x86_64, r-prerel-solaris-sparc, r-prerel-solaris-x86