CRAN Package Check Results for Package WaveletGARCH

Last updated on 2023-05-29 05:00:26 CEST.

Flavor Version Tinstall Tcheck Ttotal Status Flags
r-devel-linux-x86_64-debian-clang 0.1.1 15.94 127.31 143.25 NOTE
r-devel-linux-x86_64-debian-gcc 0.1.1 10.70 95.55 106.25 NOTE
r-devel-linux-x86_64-fedora-clang 0.1.1 174.81 NOTE
r-devel-linux-x86_64-fedora-gcc 0.1.1 191.47 NOTE
r-devel-windows-x86_64 0.1.1 15.00 101.00 116.00 NOTE
r-patched-linux-x86_64 0.1.1 12.85 120.18 133.03 NOTE
r-release-linux-x86_64 0.1.1 9.76 118.60 128.36 NOTE
r-release-macos-arm64 0.1.1 51.00 NOTE
r-release-macos-x86_64 0.1.1 84.00 NOTE
r-release-windows-x86_64 0.1.1 18.00 132.00 150.00 NOTE
r-oldrel-macos-arm64 0.1.1 45.00 NOTE
r-oldrel-macos-x86_64 0.1.1 86.00 NOTE
r-oldrel-windows-x86_64 0.1.1 17.00 128.00 145.00 NOTE

Check Details

Version: 0.1.1
Check: LazyData
Result: NOTE
     'LazyData' is specified without a 'data' directory
Flavors: r-devel-linux-x86_64-debian-clang, r-devel-linux-x86_64-debian-gcc, r-devel-linux-x86_64-fedora-clang, r-devel-linux-x86_64-fedora-gcc, r-devel-windows-x86_64, r-patched-linux-x86_64, r-release-linux-x86_64, r-release-macos-arm64, r-release-macos-x86_64, r-release-windows-x86_64, r-oldrel-macos-arm64, r-oldrel-macos-x86_64, r-oldrel-windows-x86_64