CRAN Package Check Results for Package WeibullR

Last updated on 2020-02-20 08:48:27 CET.

Flavor Version Tinstall Tcheck Ttotal Status Flags
r-devel-linux-x86_64-debian-clang 1.0.12 104.17 51.41 155.58 OK
r-devel-linux-x86_64-debian-gcc 1.0.12 74.71 38.61 113.32 OK
r-devel-linux-x86_64-fedora-clang 1.0.12 207.93 NOTE
r-devel-linux-x86_64-fedora-gcc 1.0.12 227.15 OK
r-devel-windows-ix86+x86_64 1.0.12 165.00 76.00 241.00 OK
r-devel-windows-ix86+x86_64-gcc8 1.0.12 259.00 116.00 375.00 OK
r-patched-linux-x86_64 1.0.12 85.66 45.81 131.47 OK
r-patched-solaris-x86 1.0.12 191.00 OK
r-release-linux-x86_64 1.0.12 84.89 45.33 130.22 OK
r-release-windows-ix86+x86_64 1.0.12 179.00 70.00 249.00 OK
r-release-osx-x86_64 1.0.12 OK
r-oldrel-windows-ix86+x86_64 1.0.12 152.00 80.00 232.00 OK
r-oldrel-osx-x86_64 1.0.12 OK

Check Details

Version: 1.0.12
Check: installed package size
Result: NOTE
     installed size is 5.9Mb
     sub-directories of 1Mb or more:
     libs 5.4Mb
Flavor: r-devel-linux-x86_64-fedora-clang