CRAN Package Check Results for Package WeightedCluster

Last updated on 2014-12-17 19:49:00.

Flavor Version Tinstall Tcheck Ttotal Status Flags
r-devel-linux-x86_64-debian-clang 1.2 2.44 163.02 165.45 OK
r-devel-linux-x86_64-debian-gcc 1.2 2.59 157.57 160.16 OK
r-devel-linux-x86_64-fedora-clang 1.2 255.72 OK
r-devel-linux-x86_64-fedora-gcc 1.2 239.36 OK
r-devel-osx-x86_64-clang 1.2 487.88 OK
r-devel-windows-ix86+x86_64 1.2 16.00 195.00 211.00 OK
r-patched-linux-x86_64 1.2 2.77 161.50 164.28 OK
r-patched-solaris-sparc 1.2 2089.30 OK
r-patched-solaris-x86 1.2 607.40 OK
r-release-linux-ix86 1.2 3.68 266.67 270.34 OK
r-release-linux-x86_64 1.2 2.70 161.70 164.40 OK
r-release-osx-x86_64-mavericks 1.2 NOTE
r-release-osx-x86_64-snowleopard 1.2 OK
r-release-windows-ix86+x86_64 1.2 18.00 192.00 210.00 OK
r-oldrel-windows-ix86+x86_64 1.2 16.00 210.00 226.00 OK

Check Details

Version: 1.2
Check: re-building of vignette outputs
Result: NOTE
    Error in re-building vignettes:
     ...
     [>] state coding:
     [alphabet] [label] [long label]
     1 FE FE FE
     2 HE HE HE
     3 employment employment employment
     4 joblessness joblessness joblessness
     5 school school school
     6 training training training
     [>] sum of weights: 712 - min/max: 1/50
     [>] 490 sequences in the data set
     [>] min/max sequence length: 70/70
     [>] 490 sequences with 6 distinct events/states
     [>] 490 distinct sequences
     [>] min/max sequence length: 70/70
     [>] computing distances using HAM metric
     [>] total time: 0.279 secs
    Error in texi2dvi(file = file, pdf = TRUE, clean = clean, quiet = quiet, :
     Running 'texi2dvi' on 'WeightedClusterPreview.tex' failed.
    LaTeX errors:
    ! LaTeX Error: File `subfigure.sty' not found.
    
    Type X to quit or <RETURN> to proceed,
    or enter new name. (Default extension: sty)
    Calls: buildVignettes -> texi2pdf -> texi2dvi
    Execution halted
Flavor: r-release-osx-x86_64-mavericks