CRAN Package Check Results for Package WeightedCluster

Last updated on 2015-07-01 16:47:48.

Flavor Version Tinstall Tcheck Ttotal Status Flags
r-devel-linux-x86_64-debian-clang 1.2 2.34 72.21 74.54 NOTE
r-devel-linux-x86_64-debian-gcc 1.2 2.61 72.32 74.94 NOTE
r-devel-linux-x86_64-fedora-clang 1.2 145.80 NOTE
r-devel-linux-x86_64-fedora-gcc 1.2 139.50 NOTE
r-devel-osx-x86_64-clang 1.2 172.75 OK
r-devel-windows-ix86+x86_64 1.2 16.00 137.00 153.00 NOTE
r-patched-linux-x86_64 1.2 2.53 70.91 73.44 OK
r-patched-solaris-sparc 1.2 1328.90 OK
r-patched-solaris-x86 1.2 266.00 OK
r-release-linux-x86_64 1.2 2.55 70.75 73.30 OK
r-release-osx-x86_64-mavericks 1.2 OK
r-release-windows-ix86+x86_64 1.2 16.00 136.00 152.00 OK
r-oldrel-windows-ix86+x86_64 1.2 26.00 156.00 182.00 OK

Check Details

Version: 1.2
Check: R code for possible problems
Result: NOTE
    as.clustrange.default : <anonymous>: no visible global function
     definition for ‘var’
    as.clustrange.hclust: no visible global function definition for
     ‘cutree’
    as.seqtree.hclust: no visible global function definition for ‘cutree’
    crflegend: no visible global function definition for ‘par’
    crflegend: no visible global function definition for ‘plot’
    crflegend: no visible global function definition for ‘legend’
    normalize.values: no visible global function definition for ‘var’
    normalize.values: no visible global function definition for ‘median’
    plot.clustrange : getline: no visible global function definition for
     ‘median’
    plot.clustrange : <anonymous>: no visible global function definition
     for ‘qnorm’
    plot.clustrange : <anonymous>: no visible global function definition
     for ‘var’
    plot.clustrange : <anonymous>: no visible global function definition
     for ‘quantile’
    plot.clustrange: no visible global function definition for ‘plot’
    plot.clustrange: no visible global function definition for ‘lines’
    plot.clustrange: no visible global function definition for ‘polygon’
    plot.clustrange: no visible global function definition for
     ‘adjustcolor’
    plot.clustrange: no visible global function definition for ‘legend’
    plot.clustrangefamily: no visible global function definition for ‘par’
    plot.clustrangefamily: no visible global function definition for
     ‘layout’
    plot.clustrangefamily: no visible global function definition for ‘plot’
    plot.clustrangefamily: no visible global function definition for
     ‘lines’
    seqclustname: no visible global function definition for ‘xtabs’
    wcAggregateCasesInternal: no visible global function definition for
     ‘aggregate’
    wcClusterQualityInternal: no visible global function definition for
     ‘xtabs’
    wcCmpCluster: no visible global function definition for ‘as.dist’
    wcCmpCluster: no visible global function definition for ‘hclust’
    wcKMedoids: no visible global function definition for ‘cutree’
    wcSilhouetteObs: no visible global function definition for ‘xtabs’
Flavors: r-devel-linux-x86_64-debian-clang, r-devel-linux-x86_64-debian-gcc, r-devel-linux-x86_64-fedora-clang, r-devel-linux-x86_64-fedora-gcc, r-devel-windows-ix86+x86_64