CRAN Package Check Results for Package WeightedCluster

Last updated on 2015-05-29 09:47:43.

Flavor Version Tinstall Tcheck Ttotal Status Flags
r-devel-linux-x86_64-debian-clang 1.2 2.59 72.64 75.23 OK
r-devel-linux-x86_64-debian-gcc 1.2 2.59 73.34 75.93 OK
r-devel-linux-x86_64-fedora-clang 1.2 147.99 OK
r-devel-linux-x86_64-fedora-gcc 1.2 139.16 OK
r-devel-osx-x86_64-clang 1.2 184.39 OK
r-devel-windows-ix86+x86_64 1.2 16.00 130.00 146.00 OK
r-patched-linux-x86_64 1.2 2.54 74.36 76.91 OK
r-patched-solaris-sparc 1.2 1328.90 OK
r-patched-solaris-x86 1.2 268.00 OK
r-release-linux-x86_64 1.2 2.82 72.19 75.01 OK
r-release-osx-x86_64-mavericks 1.2 OK
r-release-osx-x86_64-snowleopard 1.2 ERROR
r-release-windows-ix86+x86_64 1.2 16.00 127.00 143.00 OK
r-oldrel-windows-ix86+x86_64 1.2 16.00 148.00 164.00 OK

Check Details

Version: 1.2
Check: package dependencies
Result: ERROR
    Packages suggested but not available for checking: ‘knitr’ ‘vegan’
    
    VignetteBuilder package required for checking but installed: ‘knitr’
    
    Files named as vignettes but with no recognized vignette engine:
     ‘inst/doc/WeightedCluster.Rnw’
     ‘inst/doc/WeightedClusterFR.Rnw’
     ‘inst/doc/WeightedClusterPreview.Rnw’
    (Is a VignetteBuilder field missing?)
    
    See section ‘The DESCRIPTION file’ in the ‘Writing R Extensions’
    manual.
Flavor: r-release-osx-x86_64-snowleopard