CRAN Package Check Results for Package WeightedCluster

Last updated on 2014-04-24 11:48:58.

Flavor Version Tinstall Tcheck Ttotal Status Flags
r-devel-linux-x86_64-debian-clang 1.2 2.33 112.06 114.39 OK
r-devel-linux-x86_64-debian-gcc 1.2 2.69 109.43 112.12 OK
r-devel-linux-x86_64-fedora-clang 1.2 225.44 OK
r-devel-linux-x86_64-fedora-gcc 1.2 214.54 OK
r-devel-osx-x86_64-clang 1.2 200.09 OK
r-devel-osx-x86_64-gcc 1.2 NOTE
r-devel-windows-ix86+x86_64 1.2 14.00 182.00 196.00 OK
r-patched-linux-x86_64 1.2 2.84 111.14 113.98 OK
r-patched-solaris-sparc 1.2 2134.40 OK
r-patched-solaris-x86 1.2 438.00 OK
r-release-linux-ix86 1.2 4.00 181.00 185.00 OK
r-release-linux-x86_64 1.2 2.71 110.36 113.07 OK
r-release-osx-x86_64-mavericks 1.2 WARN
r-release-osx-x86_64-snowleopard 1.2 OK
r-release-windows-ix86+x86_64 1.2 13.00 182.00 195.00 OK
r-oldrel-windows-ix86+x86_64 1.2 15.00 203.00 218.00 OK

Check Details

Version: 1.2
Check: package dependencies
Result: NOTE
    Packages suggested but not available for checking: ‘knitr’ ‘vegan’
    
    Files named as vignettes but with no recognized vignette engine:
     ‘inst/doc/WeightedCluster.Rnw’
     ‘inst/doc/WeightedClusterFR.Rnw’
     ‘inst/doc/WeightedClusterPreview.Rnw’
    (Is a VignetteBuilder field missing?)
Flavor: r-devel-osx-x86_64-gcc

Version: 1.2
Check: re-building of vignette outputs
Result: NOTE
    Error in re-building vignettes:
     ...
     [>] state coding:
     [alphabet] [label] [long label]
     1 FE FE FE
     2 HE HE HE
     3 employment employment employment
     4 joblessness joblessness joblessness
     5 school school school
     6 training training training
     [>] sum of weights: 712 - min/max: 1/50
     [>] 490 sequences in the data set
     [>] min/max sequence length: 70/70
     [>] 490 sequences with 6 distinct events/states
     [>] 490 distinct sequences
     [>] min/max sequence length: 70/70
     [>] computing distances using HAM metric
     [>] total time: 0.201 secs
    Error in texi2dvi(file = file, pdf = TRUE, clean = clean, quiet = quiet, :
     Running 'texi2dvi' on 'WeightedClusterPreview.tex' failed.
    LaTeX errors:
    ! LaTeX Error: File `subfigure.sty' not found.
    
    Type X to quit or <RETURN> to proceed,
    or enter new name. (Default extension: sty)
    Calls: buildVignettes -> texi2pdf -> texi2dvi
    Execution halted
Flavor: r-release-osx-x86_64-mavericks

Version: 1.2
Check: PDF version of manual
Result: WARNING
    LaTeX errors when creating PDF version.
    This typically indicates Rd problems.
    LaTeX errors found:
    ! LaTeX Error: File `upquote.sty' not found.
    
    Type X to quit or <RETURN> to proceed,
    or enter new name. (Default extension: sty)
    
    bf4a73e/Rd2.tex:8: ==> Fatal error occurred, no output PDF file produced!
Flavor: r-release-osx-x86_64-mavericks