CRAN Package Check Results for Package WeightedCluster

Last updated on 2014-11-23 09:50:29.

Flavor Version Tinstall Tcheck Ttotal Status Flags
r-devel-linux-x86_64-debian-clang 1.2 2.44 162.90 165.33 OK
r-devel-linux-x86_64-debian-gcc 1.2 2.63 160.51 163.14 OK
r-devel-linux-x86_64-fedora-clang 1.2 255.87 OK
r-devel-linux-x86_64-fedora-gcc 1.2 240.29 OK
r-devel-osx-x86_64-clang 1.2 214.93 OK
r-devel-windows-ix86+x86_64 1.2 16.00 189.00 205.00 OK
r-patched-linux-x86_64 1.2 2.84 162.41 165.24 OK
r-patched-solaris-sparc 1.2 2089.30 OK
r-patched-solaris-x86 1.2 617.00 OK
r-release-linux-ix86 1.2 3.77 280.71 284.48 OK
r-release-linux-x86_64 1.2 2.76 164.36 167.12 OK
r-release-osx-x86_64-mavericks 1.2 NOTE
r-release-osx-x86_64-snowleopard 1.2 OK
r-release-windows-ix86+x86_64 1.2 16.00 193.00 209.00 OK
r-oldrel-windows-ix86+x86_64 1.2 15.00 222.00 237.00 OK

Check Details

Version: 1.2
Check: re-building of vignette outputs
Result: NOTE
    Error in re-building vignettes:
     ...
     [>] state coding:
     [alphabet] [label] [long label]
     1 FE FE FE
     2 HE HE HE
     3 employment employment employment
     4 joblessness joblessness joblessness
     5 school school school
     6 training training training
     [>] sum of weights: 712 - min/max: 1/50
     [>] 490 sequences in the data set
     [>] min/max sequence length: 70/70
     [>] 490 sequences with 6 distinct events/states
     [>] 490 distinct sequences
     [>] min/max sequence length: 70/70
     [>] computing distances using HAM metric
     [>] total time: 0.279 secs
    Error in texi2dvi(file = file, pdf = TRUE, clean = clean, quiet = quiet, :
     Running 'texi2dvi' on 'WeightedClusterPreview.tex' failed.
    LaTeX errors:
    ! LaTeX Error: File `subfigure.sty' not found.
    
    Type X to quit or <RETURN> to proceed,
    or enter new name. (Default extension: sty)
    Calls: buildVignettes -> texi2pdf -> texi2dvi
    Execution halted
Flavor: r-release-osx-x86_64-mavericks