CRAN Package Check Results for Package WeightedCluster

Last updated on 2017-08-18 00:50:29.

Flavor Version Tinstall Tcheck Ttotal Status Flags
r-devel-linux-x86_64-debian-clang 1.2-1 6.19 115.01 121.19 OK
r-devel-linux-x86_64-debian-gcc 1.2-1 5.75 117.22 122.97 OK
r-devel-linux-x86_64-fedora-clang 1.2-1 242.62 OK
r-devel-linux-x86_64-fedora-gcc 1.2-1 254.13 OK
r-devel-windows-ix86+x86_64 1.2-1 28.00 238.00 266.00 OK
r-patched-linux-x86_64 1.2-1 6.18 117.00 123.17 OK
r-patched-solaris-x86 1.2-1 357.00 OK
r-release-linux-x86_64 1.2-1 6.37 114.94 121.31 OK
r-release-windows-ix86+x86_64 1.2-1 24.00 256.00 280.00 OK
r-release-osx-x86_64 1.2-1 WARN
r-oldrel-windows-ix86+x86_64 1.2-1 23.00 293.00 316.00 OK
r-oldrel-osx-x86_64 1.2-1 OK

Additional issues

rchk

Check Details

Version: 1.2-1
Check: re-building of vignette outputs
Result: WARN
    Error in re-building vignettes:
     ...
     [>] 490 sequences in the data set
     [>] min/max sequence length: 70/70
     [>] 490 sequences with 6 distinct states
     [>] creating a 'sm' with a single substitution cost of 1
     [>] creating 6x6 substitution-cost matrix using 1 as constant value
     [>] 490 distinct sequences
     [>] min/max sequence length: 70/70
     [>] computing distances using the HAM metric
     [>] elapsed time: 0.17 secs
    Error in texi2dvi(file = file, pdf = TRUE, clean = clean, quiet = quiet, :
     Running 'texi2dvi' on 'WeightedClusterPreview.tex' failed.
    LaTeX errors:
    ! LaTeX Error: File `subfigure.sty' not found.
    
    Type X to quit or <RETURN> to proceed,
    or enter new name. (Default extension: sty)
    
    ! Emergency stop.
    <read *>
    
    l.78 \usepackage
     {afterpage}^^M
    ! ==> Fatal error occurred, no output PDF file produced!
    Calls: buildVignettes -> texi2pdf -> texi2dvi
    Execution halted
Flavor: r-release-osx-x86_64