CRAN Package Check Results for Package WeightedCluster

Last updated on 2018-04-22 21:50:05 CEST.

Flavor Version Tinstall Tcheck Ttotal Status Flags
r-devel-linux-x86_64-debian-clang 1.2-1 9.86 173.25 183.11 OK
r-devel-linux-x86_64-debian-gcc 1.2-1 7.66 137.24 144.90 OK
r-devel-linux-x86_64-fedora-clang 1.2-1 225.92 OK
r-devel-linux-x86_64-fedora-gcc 1.2-1 221.33 OK
r-devel-windows-ix86+x86_64 1.2-1 37.00 252.00 289.00 OK
r-devel-osx-x86_64 1.2-1 OK
r-patched-linux-x86_64 1.2-1 9.23 170.95 180.18 OK
r-patched-solaris-x86 1.2-1 371.80 OK
r-release-linux-x86_64 1.2-1 9.04 183.67 192.71 OK
r-release-windows-ix86+x86_64 1.2-1 25.00 249.00 274.00 OK
r-release-osx-x86_64 1.2-1 WARN
r-oldrel-windows-ix86+x86_64 1.2-1 43.00 231.00 274.00 OK

Check Details

Version: 1.2-1
Check: re-building of vignette outputs
Result: WARN
    Error in re-building vignettes:
     ...
     [>] 490 sequences in the data set
     [>] min/max sequence length: 70/70
     [>] 490 sequences with 6 distinct states
     [>] creating a 'sm' with a single substitution cost of 1
     [>] creating 6x6 substitution-cost matrix using 1 as constant value
     [>] 490 distinct sequences
     [>] min/max sequence length: 70/70
     [>] computing distances using the HAM metric
     [>] elapsed time: 0.17 secs
    Error in texi2dvi(file = file, pdf = TRUE, clean = clean, quiet = quiet, :
     Running 'texi2dvi' on 'WeightedClusterPreview.tex' failed.
    LaTeX errors:
    ! LaTeX Error: File `subfigure.sty' not found.
    
    Type X to quit or <RETURN> to proceed,
    or enter new name. (Default extension: sty)
    
    ! Emergency stop.
    <read *>
    
    l.78 \usepackage
     {afterpage}^^M
    ! ==> Fatal error occurred, no output PDF file produced!
    Calls: buildVignettes -> texi2pdf -> texi2dvi
    Execution halted
Flavor: r-release-osx-x86_64