CRAN Package Check Results for Package WeightedCluster

Last updated on 2018-06-25 11:53:00 CEST.

Flavor Version Tinstall Tcheck Ttotal Status Flags
r-devel-linux-x86_64-debian-clang 1.2-1 12.70 168.67 181.37 OK
r-devel-linux-x86_64-debian-gcc 1.2-1 9.38 151.67 161.05 OK
r-devel-linux-x86_64-fedora-clang 1.2-1 240.23 OK
r-devel-linux-x86_64-fedora-gcc 1.2-1 234.17 OK
r-devel-windows-ix86+x86_64 1.2-1 55.00 285.00 340.00 OK
r-patched-linux-x86_64 1.2-1 8.86 174.91 183.77 OK
r-patched-solaris-x86 1.2-1 364.10 OK
r-release-linux-x86_64 1.2-1 9.62 175.57 185.19 OK
r-release-windows-ix86+x86_64 1.2-1 40.00 334.00 374.00 OK
r-release-osx-x86_64 1.2-1 OK
r-oldrel-windows-ix86+x86_64 1.2-1 39.00 254.00 293.00 OK
r-oldrel-osx-x86_64 1.2-1 WARN

Check Details

Version: 1.2-1
Check: re-building of vignette outputs
Result: WARN
    Error in re-building vignettes:
     ...
     [>] 490 sequences in the data set
     [>] min/max sequence length: 70/70
     [>] 490 sequences with 6 distinct states
     [>] creating a 'sm' with a single substitution cost of 1
     [>] creating 6x6 substitution-cost matrix using 1 as constant value
     [>] 490 distinct sequences
     [>] min/max sequence length: 70/70
     [>] computing distances using the HAM metric
     [>] elapsed time: 0.17 secs
    Error in texi2dvi(file = file, pdf = TRUE, clean = clean, quiet = quiet, :
     Running 'texi2dvi' on 'WeightedClusterPreview.tex' failed.
    LaTeX errors:
    ! LaTeX Error: File `subfigure.sty' not found.
    
    Type X to quit or <RETURN> to proceed,
    or enter new name. (Default extension: sty)
    
    ! Emergency stop.
    <read *>
    
    l.78 \usepackage
     {afterpage}^^M
    ! ==> Fatal error occurred, no output PDF file produced!
    Calls: buildVignettes -> texi2pdf -> texi2dvi
    Execution halted
Flavor: r-oldrel-osx-x86_64