CRAN Package Check Results for Package WeightedCluster

Last updated on 2017-12-15 04:47:49 CET.

Flavor Version Tinstall Tcheck Ttotal Status Flags
r-devel-linux-x86_64-debian-clang 1.2-1 7.83 45.78 53.61 FAIL
r-devel-linux-x86_64-debian-gcc 1.2-1 7.43 148.01 155.44 OK
r-devel-linux-x86_64-fedora-clang 1.2-1 231.76 OK
r-devel-linux-x86_64-fedora-gcc 1.2-1 235.03 OK
r-devel-windows-ix86+x86_64 1.2-1 32.00 249.00 281.00 OK
r-patched-linux-x86_64 1.2-1 8.44 185.13 193.57 OK
r-patched-solaris-x86 1.2-1 364.40 OK
r-release-linux-x86_64 1.2-1 8.37 186.87 195.24 OK
r-release-windows-ix86+x86_64 1.2-1 27.00 255.00 282.00 OK
r-release-osx-x86_64 1.2-1 WARN
r-oldrel-windows-ix86+x86_64 1.2-1 55.00 305.00 360.00 OK
r-oldrel-osx-x86_64 1.2-1 OK

Additional issues

rchk

Check Details

Version: 1.2-1
Check: pragmas in C/C++ headers and code
Result: FAIL
    
Flavor: r-devel-linux-x86_64-debian-clang

Version: 1.2-1
Check: re-building of vignette outputs
Result: WARN
    Error in re-building vignettes:
     ...
     [>] 490 sequences in the data set
     [>] min/max sequence length: 70/70
     [>] 490 sequences with 6 distinct states
     [>] creating a 'sm' with a single substitution cost of 1
     [>] creating 6x6 substitution-cost matrix using 1 as constant value
     [>] 490 distinct sequences
     [>] min/max sequence length: 70/70
     [>] computing distances using the HAM metric
     [>] elapsed time: 0.17 secs
    Error in texi2dvi(file = file, pdf = TRUE, clean = clean, quiet = quiet, :
     Running 'texi2dvi' on 'WeightedClusterPreview.tex' failed.
    LaTeX errors:
    ! LaTeX Error: File `subfigure.sty' not found.
    
    Type X to quit or <RETURN> to proceed,
    or enter new name. (Default extension: sty)
    
    ! Emergency stop.
    <read *>
    
    l.78 \usepackage
     {afterpage}^^M
    ! ==> Fatal error occurred, no output PDF file produced!
    Calls: buildVignettes -> texi2pdf -> texi2dvi
    Execution halted
Flavor: r-release-osx-x86_64