CRAN Package Check Results for Package WeightedCluster

Last updated on 2015-09-04 22:47:13.

Flavor Version Tinstall Tcheck Ttotal Status Flags
r-devel-linux-x86_64-debian-clang 1.2 2.42 69.73 72.15 NOTE
r-devel-linux-x86_64-debian-gcc 1.2 2.45 69.24 71.69 NOTE
r-devel-linux-x86_64-fedora-clang 1.2 145.23 NOTE
r-devel-linux-x86_64-fedora-gcc 1.2 137.79 NOTE
r-devel-osx-x86_64-clang 1.2 147.66 OK
r-devel-windows-ix86+x86_64 1.2 15.00 133.00 148.00 NOTE
r-patched-linux-x86_64 1.2 2.57 70.00 72.58 OK
r-patched-solaris-sparc 1.2 1343.20 OK
r-patched-solaris-x86 1.2 271.80 OK
r-release-linux-x86_64 1.2 2.57 70.35 72.92 OK
r-release-osx-x86_64-mavericks 1.2 OK
r-release-windows-ix86+x86_64 1.2 21.00 134.00 155.00 OK
r-oldrel-windows-ix86+x86_64 1.2 19.00 165.00 184.00 OK

Check Details

Version: 1.2
Check: R code for possible problems
Result: NOTE
    as.clustrange.default : <anonymous>: no visible global function
     definition for ‘var’
    as.clustrange.hclust: no visible global function definition for
     ‘cutree’
    as.seqtree.hclust: no visible global function definition for ‘cutree’
    crflegend: no visible global function definition for ‘par’
    crflegend: no visible global function definition for ‘plot’
    crflegend: no visible global function definition for ‘legend’
    normalize.values: no visible global function definition for ‘var’
    normalize.values: no visible global function definition for ‘median’
    plot.clustrange : getline: no visible global function definition for
     ‘median’
    plot.clustrange : <anonymous>: no visible global function definition
     for ‘qnorm’
    plot.clustrange : <anonymous>: no visible global function definition
     for ‘var’
    plot.clustrange : <anonymous>: no visible global function definition
     for ‘quantile’
    plot.clustrange: no visible global function definition for ‘plot’
    plot.clustrange: no visible global function definition for ‘lines’
    plot.clustrange: no visible global function definition for ‘polygon’
    plot.clustrange: no visible global function definition for
     ‘adjustcolor’
    plot.clustrange: no visible global function definition for ‘legend’
    plot.clustrangefamily: no visible global function definition for ‘par’
    plot.clustrangefamily: no visible global function definition for
     ‘layout’
    plot.clustrangefamily: no visible global function definition for ‘plot’
    plot.clustrangefamily: no visible global function definition for
     ‘lines’
    seqclustname: no visible global function definition for ‘xtabs’
    wcAggregateCasesInternal: no visible global function definition for
     ‘aggregate’
    wcClusterQualityInternal: no visible global function definition for
     ‘xtabs’
    wcCmpCluster: no visible global function definition for ‘as.dist’
    wcCmpCluster: no visible global function definition for ‘hclust’
    wcKMedoids: no visible global function definition for ‘cutree’
    wcSilhouetteObs: no visible global function definition for ‘xtabs’
    Undefined global functions or variables:
     adjustcolor aggregate as.dist cutree hclust layout legend lines
     median par plot polygon qnorm quantile var xtabs
    Consider adding
     importFrom("grDevices", "adjustcolor")
     importFrom("graphics", "layout", "legend", "lines", "par", "plot",
     "polygon")
     importFrom("stats", "aggregate", "as.dist", "cutree", "hclust",
     "median", "qnorm", "quantile", "var", "xtabs")
    to your NAMESPACE.
Flavors: r-devel-linux-x86_64-debian-clang, r-devel-linux-x86_64-debian-gcc, r-devel-linux-x86_64-fedora-clang, r-devel-linux-x86_64-fedora-gcc, r-devel-windows-ix86+x86_64