CRAN Package Check Results for Package WeightedCluster

Last updated on 2017-02-26 19:54:19.

Flavor Version Tinstall Tcheck Ttotal Status Flags
r-devel-linux-x86_64-debian-clang 1.2 5.94 119.04 124.97 NOTE
r-devel-linux-x86_64-debian-gcc 1.2 5.93 116.99 122.92 NOTE
r-devel-linux-x86_64-fedora-clang 1.2 243.88 NOTE --no-stop-on-test-error
r-devel-linux-x86_64-fedora-gcc 1.2 241.77 NOTE --no-stop-on-test-error
r-devel-macos-x86_64-clang 1.2 230.12 NOTE --no-stop-on-test-error
r-devel-windows-ix86+x86_64 1.2 46.00 333.00 379.00 NOTE
r-patched-linux-x86_64 1.2 5.60 109.16 114.76 NOTE
r-patched-solaris-sparc 1.2 1655.10 NOTE
r-patched-solaris-x86 1.2 315.20 NOTE
r-release-linux-x86_64 1.2 5.04 107.75 112.79 NOTE
r-release-osx-x86_64-mavericks 1.2 NOTE
r-release-windows-ix86+x86_64 1.2 33.00 338.00 371.00 NOTE
r-oldrel-windows-ix86+x86_64 1.2 34.00 313.00 347.00 OK

Check Details

Version: 1.2
Check: R code for possible problems
Result: NOTE
    as.clustrange.default : <anonymous>: no visible global function
     definition for ‘var’
    as.clustrange.hclust: no visible global function definition for
     ‘cutree’
    as.seqtree.hclust: no visible global function definition for ‘cutree’
    crflegend: no visible global function definition for ‘par’
    crflegend: no visible global function definition for ‘plot’
    crflegend: no visible global function definition for ‘legend’
    normalize.values: no visible global function definition for ‘var’
    normalize.values: no visible global function definition for ‘median’
    plot.clustrange : getline: no visible global function definition for
     ‘median’
    plot.clustrange : <anonymous>: no visible global function definition
     for ‘qnorm’
    plot.clustrange : <anonymous>: no visible global function definition
     for ‘var’
    plot.clustrange : <anonymous>: no visible global function definition
     for ‘quantile’
    plot.clustrange: no visible global function definition for ‘plot’
    plot.clustrange: no visible global function definition for ‘lines’
    plot.clustrange: no visible global function definition for ‘polygon’
    plot.clustrange: no visible global function definition for
     ‘adjustcolor’
    plot.clustrange: no visible global function definition for ‘legend’
    plot.clustrangefamily: no visible global function definition for ‘par’
    plot.clustrangefamily: no visible global function definition for
     ‘layout’
    plot.clustrangefamily: no visible global function definition for ‘plot’
    plot.clustrangefamily: no visible global function definition for
     ‘lines’
    seqclustname: no visible global function definition for ‘xtabs’
    wcAggregateCasesInternal: no visible global function definition for
     ‘aggregate’
    wcClusterQualityInternal: no visible global function definition for
     ‘xtabs’
    wcCmpCluster: no visible global function definition for ‘as.dist’
    wcCmpCluster: no visible global function definition for ‘hclust’
    wcKMedoids: no visible global function definition for ‘cutree’
    wcSilhouetteObs: no visible global function definition for ‘xtabs’
    Undefined global functions or variables:
     adjustcolor aggregate as.dist cutree hclust layout legend lines
     median par plot polygon qnorm quantile var xtabs
    Consider adding
     importFrom("grDevices", "adjustcolor")
     importFrom("graphics", "layout", "legend", "lines", "par", "plot",
     "polygon")
     importFrom("stats", "aggregate", "as.dist", "cutree", "hclust",
     "median", "qnorm", "quantile", "var", "xtabs")
    to your NAMESPACE file.
Flavors: r-devel-linux-x86_64-debian-clang, r-devel-linux-x86_64-debian-gcc, r-devel-windows-ix86+x86_64, r-patched-linux-x86_64, r-patched-solaris-sparc, r-patched-solaris-x86, r-release-linux-x86_64, r-release-osx-x86_64-mavericks, r-release-windows-ix86+x86_64

Version: 1.2
Check: compiled code
Result: NOTE
    File ‘WeightedCluster/libs/WeightedCluster.so’:
     Found no calls to: ‘R_registerRoutines’, ‘R_useDynamicSymbols’
    
    It is good practice to register native routines and to disable symbol
    search.
    
    See ‘Writing portable packages’ in the ‘Writing R Extensions’ manual.
Flavors: r-devel-linux-x86_64-debian-clang, r-devel-linux-x86_64-debian-gcc

Version: 1.2
Flags: --no-stop-on-test-error
Check: R code for possible problems
Result: NOTE
    as.clustrange.default : <anonymous>: no visible global function
     definition for ‘var’
    as.clustrange.hclust: no visible global function definition for
     ‘cutree’
    as.seqtree.hclust: no visible global function definition for ‘cutree’
    crflegend: no visible global function definition for ‘par’
    crflegend: no visible global function definition for ‘plot’
    crflegend: no visible global function definition for ‘legend’
    normalize.values: no visible global function definition for ‘var’
    normalize.values: no visible global function definition for ‘median’
    plot.clustrange : getline: no visible global function definition for
     ‘median’
    plot.clustrange : <anonymous>: no visible global function definition
     for ‘qnorm’
    plot.clustrange : <anonymous>: no visible global function definition
     for ‘var’
    plot.clustrange : <anonymous>: no visible global function definition
     for ‘quantile’
    plot.clustrange: no visible global function definition for ‘plot’
    plot.clustrange: no visible global function definition for ‘lines’
    plot.clustrange: no visible global function definition for ‘polygon’
    plot.clustrange: no visible global function definition for
     ‘adjustcolor’
    plot.clustrange: no visible global function definition for ‘legend’
    plot.clustrangefamily: no visible global function definition for ‘par’
    plot.clustrangefamily: no visible global function definition for
     ‘layout’
    plot.clustrangefamily: no visible global function definition for ‘plot’
    plot.clustrangefamily: no visible global function definition for
     ‘lines’
    seqclustname: no visible global function definition for ‘xtabs’
    wcAggregateCasesInternal: no visible global function definition for
     ‘aggregate’
    wcClusterQualityInternal: no visible global function definition for
     ‘xtabs’
    wcCmpCluster: no visible global function definition for ‘as.dist’
    wcCmpCluster: no visible global function definition for ‘hclust’
    wcKMedoids: no visible global function definition for ‘cutree’
    wcSilhouetteObs: no visible global function definition for ‘xtabs’
    Undefined global functions or variables:
     adjustcolor aggregate as.dist cutree hclust layout legend lines
     median par plot polygon qnorm quantile var xtabs
    Consider adding
     importFrom("grDevices", "adjustcolor")
     importFrom("graphics", "layout", "legend", "lines", "par", "plot",
     "polygon")
     importFrom("stats", "aggregate", "as.dist", "cutree", "hclust",
     "median", "qnorm", "quantile", "var", "xtabs")
    to your NAMESPACE file.
Flavors: r-devel-linux-x86_64-fedora-clang, r-devel-linux-x86_64-fedora-gcc, r-devel-macos-x86_64-clang

Version: 1.2
Flags: --no-stop-on-test-error
Check: compiled code
Result: NOTE
    File ‘WeightedCluster/libs/WeightedCluster.so’:
     Found no calls to: ‘R_registerRoutines’, ‘R_useDynamicSymbols’
    
    It is good practice to register native routines and to disable symbol
    search.
    
    See ‘Writing portable packages’ in the ‘Writing R Extensions’ manual.
Flavors: r-devel-linux-x86_64-fedora-clang, r-devel-linux-x86_64-fedora-gcc, r-devel-macos-x86_64-clang