CRAN Package Check Results for Package WeightedCluster

Last updated on 2015-04-28 06:46:53.

Flavor Version Tinstall Tcheck Ttotal Status Flags
r-devel-linux-x86_64-debian-clang 1.2 2.38 74.36 76.75 OK
r-devel-linux-x86_64-debian-gcc 1.2 2.56 72.92 75.48 OK
r-devel-linux-x86_64-fedora-clang 1.2 148.69 OK
r-devel-linux-x86_64-fedora-gcc 1.2 140.00 OK
r-devel-osx-x86_64-clang 1.2 187.41 OK
r-devel-windows-ix86+x86_64 1.2 15.00 130.00 145.00 OK
r-patched-linux-x86_64 1.2 2.60 72.67 75.27 OK
r-patched-solaris-sparc 1.2 2259.70 OK
r-patched-solaris-x86 1.2 262.00 OK
r-release-linux-x86_64 1.2 2.59 73.39 75.98 OK
r-release-osx-x86_64-mavericks 1.2 OK
r-release-osx-x86_64-snowleopard 1.2 ERROR
r-release-windows-ix86+x86_64 1.2 24.00 161.00 185.00 OK
r-oldrel-windows-ix86+x86_64 1.2 12.00 207.00 219.00 OK

Check Details

Version: 1.2
Check: package dependencies
Result: ERROR
    Packages suggested but not available for checking: ‘knitr’ ‘vegan’
    
    VignetteBuilder package required for checking but installed: ‘knitr’
    
    Files named as vignettes but with no recognized vignette engine:
     ‘inst/doc/WeightedCluster.Rnw’
     ‘inst/doc/WeightedClusterFR.Rnw’
     ‘inst/doc/WeightedClusterPreview.Rnw’
    (Is a VignetteBuilder field missing?)
    
    See section ‘The DESCRIPTION file’ in the ‘Writing R Extensions’
    manual.
Flavor: r-release-osx-x86_64-snowleopard