CRAN Package Check Results for Package WeightedPortTest

Last updated on 2016-02-14 08:47:50.

Flavor Version Tinstall Tcheck Ttotal Status Flags
r-devel-linux-x86_64-debian-gcc 1.0 0.53 7.63 8.16 NOTE
r-devel-linux-x86_64-fedora-clang 1.0 14.22 NOTE
r-devel-linux-x86_64-fedora-gcc 1.0 13.13 NOTE
r-devel-osx-x86_64-clang 1.0 16.70 NOTE
r-devel-windows-ix86+x86_64 1.0 4.00 23.00 27.00 NOTE
r-patched-linux-x86_64 1.0 0.55 8.09 8.64 OK
r-patched-solaris-sparc 1.0 93.20 OK
r-patched-solaris-x86 1.0 21.50 OK
r-release-linux-x86_64 1.0 0.51 8.01 8.53 OK
r-release-osx-x86_64-mavericks 1.0 OK
r-release-windows-ix86+x86_64 1.0 2.00 15.00 17.00 OK
r-oldrel-windows-ix86+x86_64 1.0 4.00 17.00 21.00 OK

Check Details

Version: 1.0
Check: R code for possible problems
Result: NOTE
    Weighted.Box.test: no visible global function definition for ‘acf’
    Weighted.Box.test: no visible binding for global variable ‘na.pass’
    Weighted.Box.test: no visible global function definition for ‘pgamma’
    Weighted.Box.test: no visible global function definition for ‘pchisq’
    Weighted.LM.test: no visible global function definition for ‘acf’
    Weighted.LM.test: no visible binding for global variable ‘na.pass’
    Weighted.LM.test: no visible global function definition for ‘pgamma’
    Undefined global functions or variables:
     acf na.pass pchisq pgamma
    Consider adding
     importFrom("stats", "acf", "na.pass", "pchisq", "pgamma")
    to your NAMESPACE file.
Flavors: r-devel-linux-x86_64-debian-gcc, r-devel-linux-x86_64-fedora-clang, r-devel-linux-x86_64-fedora-gcc, r-devel-osx-x86_64-clang, r-devel-windows-ix86+x86_64