CRAN Package Check Results for Package WeightedPortTest

Last updated on 2015-07-06 03:48:10.

Flavor Version Tinstall Tcheck Ttotal Status Flags
r-devel-linux-x86_64-debian-clang 1.0 0.49 7.92 8.41 NOTE
r-devel-linux-x86_64-debian-gcc 1.0 0.51 7.70 8.21 NOTE
r-devel-linux-x86_64-fedora-clang 1.0 15.74 NOTE
r-devel-linux-x86_64-fedora-gcc 1.0 14.72 NOTE
r-devel-osx-x86_64-clang 1.0 15.10 OK
r-devel-windows-ix86+x86_64 1.0 3.00 15.00 18.00 NOTE
r-patched-linux-x86_64 1.0 0.48 8.13 8.61 OK
r-patched-solaris-sparc 1.0 117.80 OK
r-patched-solaris-x86 1.0 25.10 OK
r-release-linux-x86_64 1.0 0.51 8.74 9.25 OK
r-release-osx-x86_64-mavericks 1.0 OK
r-release-windows-ix86+x86_64 1.0 2.00 15.00 17.00 OK
r-oldrel-windows-ix86+x86_64 1.0 4.00 17.00 21.00 OK

Check Details

Version: 1.0
Check: R code for possible problems
Result: NOTE
    Weighted.Box.test: no visible global function definition for ‘acf’
    Weighted.Box.test: no visible binding for global variable ‘na.pass’
    Weighted.Box.test: no visible global function definition for ‘pgamma’
    Weighted.Box.test: no visible global function definition for ‘pchisq’
    Weighted.LM.test: no visible global function definition for ‘acf’
    Weighted.LM.test: no visible binding for global variable ‘na.pass’
    Weighted.LM.test: no visible global function definition for ‘pgamma’
    Undefined global functions or variables:
     acf na.pass pchisq pgamma
Flavors: r-devel-linux-x86_64-debian-clang, r-devel-linux-x86_64-debian-gcc, r-devel-linux-x86_64-fedora-clang, r-devel-linux-x86_64-fedora-gcc, r-devel-windows-ix86+x86_64