CRAN Package Check Results for Package WeightedPortTest

Last updated on 2016-09-29 00:47:31.

Flavor Version Tinstall Tcheck Ttotal Status Flags
r-devel-linux-x86_64-debian-clang 1.0 0.54 8.85 9.39 NOTE
r-devel-linux-x86_64-debian-gcc 1.0 0.49 8.35 8.85 NOTE
r-devel-linux-x86_64-fedora-clang 1.0 15.46 NOTE
r-devel-linux-x86_64-fedora-gcc 1.0 13.76 NOTE
r-devel-macos-x86_64-clang 1.0 13.73 NOTE
r-devel-windows-ix86+x86_64 1.0 5.00 34.00 39.00 NOTE
r-patched-linux-x86_64 1.0 0.53 8.54 9.07 NOTE
r-patched-solaris-sparc 1.0 87.00 NOTE
r-patched-solaris-x86 1.0 19.70 NOTE
r-release-linux-x86_64 1.0 0.62 8.48 9.10 NOTE
r-release-osx-x86_64-mavericks 1.0 NOTE
r-release-windows-ix86+x86_64 1.0 2.00 24.00 26.00 NOTE
r-oldrel-windows-ix86+x86_64 1.0 2.00 15.00 17.00 OK

Check Details

Version: 1.0
Check: R code for possible problems
Result: NOTE
    Weighted.Box.test: no visible global function definition for ‘acf’
    Weighted.Box.test: no visible binding for global variable ‘na.pass’
    Weighted.Box.test: no visible global function definition for ‘pgamma’
    Weighted.Box.test: no visible global function definition for ‘pchisq’
    Weighted.LM.test: no visible global function definition for ‘acf’
    Weighted.LM.test: no visible binding for global variable ‘na.pass’
    Weighted.LM.test: no visible global function definition for ‘pgamma’
    Undefined global functions or variables:
     acf na.pass pchisq pgamma
    Consider adding
     importFrom("stats", "acf", "na.pass", "pchisq", "pgamma")
    to your NAMESPACE file.
Flavors: r-devel-linux-x86_64-debian-clang, r-devel-linux-x86_64-debian-gcc, r-devel-linux-x86_64-fedora-clang, r-devel-linux-x86_64-fedora-gcc, r-devel-macos-x86_64-clang, r-devel-windows-ix86+x86_64, r-patched-linux-x86_64, r-patched-solaris-sparc, r-patched-solaris-x86, r-release-linux-x86_64, r-release-osx-x86_64-mavericks, r-release-windows-ix86+x86_64