CRAN Package Check Results for Package WeightedPortTest

Last updated on 2017-09-20 06:49:56.

Flavor Version Tinstall Tcheck Ttotal Status Flags
r-devel-linux-x86_64-debian-clang 1.0 0.54 10.72 11.27 NOTE
r-devel-linux-x86_64-debian-gcc 1.0 0.58 10.27 10.85 NOTE
r-devel-linux-x86_64-fedora-clang 1.0 17.13 NOTE
r-devel-linux-x86_64-fedora-gcc 1.0 15.89 NOTE
r-devel-windows-ix86+x86_64 1.0 3.00 21.00 24.00 NOTE
r-patched-linux-x86_64 1.0 0.61 9.98 10.59 NOTE
r-patched-solaris-x86 1.0 25.20 NOTE
r-release-linux-x86_64 1.0 0.58 10.14 10.72 NOTE
r-release-windows-ix86+x86_64 1.0 3.00 23.00 26.00 NOTE
r-release-osx-x86_64 1.0 NOTE
r-oldrel-windows-ix86+x86_64 1.0 2.00 22.00 24.00 NOTE
r-oldrel-osx-x86_64 1.0 NOTE

Check Details

Version: 1.0
Check: R code for possible problems
Result: NOTE
    Weighted.Box.test: no visible global function definition for ‘acf’
    Weighted.Box.test: no visible binding for global variable ‘na.pass’
    Weighted.Box.test: no visible global function definition for ‘pgamma’
    Weighted.Box.test: no visible global function definition for ‘pchisq’
    Weighted.LM.test: no visible global function definition for ‘acf’
    Weighted.LM.test: no visible binding for global variable ‘na.pass’
    Weighted.LM.test: no visible global function definition for ‘pgamma’
    Undefined global functions or variables:
     acf na.pass pchisq pgamma
    Consider adding
     importFrom("stats", "acf", "na.pass", "pchisq", "pgamma")
    to your NAMESPACE file.
Flavors: r-devel-linux-x86_64-debian-clang, r-devel-linux-x86_64-debian-gcc, r-devel-linux-x86_64-fedora-clang, r-devel-linux-x86_64-fedora-gcc, r-devel-windows-ix86+x86_64, r-patched-linux-x86_64, r-patched-solaris-x86, r-release-linux-x86_64, r-release-windows-ix86+x86_64, r-release-osx-x86_64, r-oldrel-windows-ix86+x86_64, r-oldrel-osx-x86_64