CRAN Package Check Results for Package WeightedPortTest

Last updated on 2022-01-21 11:52:18 CET.

Flavor Version Tinstall Tcheck Ttotal Status Flags
r-devel-linux-x86_64-debian-clang 1.0 1.91 29.73 31.64 NOTE
r-devel-linux-x86_64-debian-gcc 1.0 1.65 23.26 24.91 NOTE
r-devel-linux-x86_64-fedora-clang 1.0 39.68 NOTE
r-devel-linux-x86_64-fedora-gcc 1.0 28.76 NOTE
r-devel-windows-x86_64-new-UL 1.0 46.00 50.00 96.00 NOTE
r-devel-windows-x86_64-new-TK 1.0 NOTE
r-patched-linux-x86_64 1.0 1.50 28.13 29.63 NOTE
r-release-linux-x86_64 1.0 1.76 28.71 30.47 NOTE
r-release-macos-arm64 1.0 NOTE
r-release-macos-x86_64 1.0 NOTE
r-release-windows-ix86+x86_64 1.0 4.00 31.00 35.00 NOTE
r-oldrel-macos-x86_64 1.0 NOTE
r-oldrel-windows-ix86+x86_64 1.0 4.00 30.00 34.00 NOTE

Check Details

Version: 1.0
Check: R code for possible problems
Result: NOTE
    Weighted.Box.test: no visible global function definition for 'acf'
    Weighted.Box.test: no visible binding for global variable 'na.pass'
    Weighted.Box.test: no visible global function definition for 'pgamma'
    Weighted.Box.test: no visible global function definition for 'pchisq'
    Weighted.LM.test: no visible global function definition for 'acf'
    Weighted.LM.test: no visible binding for global variable 'na.pass'
    Weighted.LM.test: no visible global function definition for 'pgamma'
    Undefined global functions or variables:
     acf na.pass pchisq pgamma
    Consider adding
     importFrom("stats", "acf", "na.pass", "pchisq", "pgamma")
    to your NAMESPACE file.
Flavors: r-devel-linux-x86_64-debian-clang, r-devel-linux-x86_64-debian-gcc, r-devel-linux-x86_64-fedora-clang, r-devel-linux-x86_64-fedora-gcc, r-devel-windows-x86_64-new-UL, r-devel-windows-x86_64-new-TK, r-patched-linux-x86_64, r-release-linux-x86_64, r-release-macos-arm64, r-release-macos-x86_64, r-release-windows-ix86+x86_64, r-oldrel-macos-x86_64, r-oldrel-windows-ix86+x86_64