CRAN Package Check Results for Package WeightedPortTest

Last updated on 2015-08-31 21:47:14.

Flavor Version Tinstall Tcheck Ttotal Status Flags
r-devel-linux-x86_64-debian-clang 1.0 0.46 7.83 8.29 NOTE
r-devel-linux-x86_64-debian-gcc 1.0 0.44 7.48 7.92 NOTE
r-devel-linux-x86_64-fedora-clang 1.0 15.50 NOTE
r-devel-linux-x86_64-fedora-gcc 1.0 14.75 NOTE
r-devel-osx-x86_64-clang 1.0 13.74 OK
r-devel-windows-ix86+x86_64 1.0 2.00 18.00 20.00 NOTE
r-patched-linux-x86_64 1.0 0.51 8.23 8.74 OK
r-patched-solaris-sparc 1.0 109.00 OK
r-patched-solaris-x86 1.0 26.30 OK
r-release-linux-x86_64 1.0 0.56 8.85 9.41 OK
r-release-osx-x86_64-mavericks 1.0 OK
r-release-windows-ix86+x86_64 1.0 2.00 24.00 26.00 OK
r-oldrel-windows-ix86+x86_64 1.0 4.00 17.00 21.00 OK

Check Details

Version: 1.0
Check: R code for possible problems
Result: NOTE
    Weighted.Box.test: no visible global function definition for ‘acf’
    Weighted.Box.test: no visible binding for global variable ‘na.pass’
    Weighted.Box.test: no visible global function definition for ‘pgamma’
    Weighted.Box.test: no visible global function definition for ‘pchisq’
    Weighted.LM.test: no visible global function definition for ‘acf’
    Weighted.LM.test: no visible binding for global variable ‘na.pass’
    Weighted.LM.test: no visible global function definition for ‘pgamma’
    Undefined global functions or variables:
     acf na.pass pchisq pgamma
    Consider adding
     importFrom("stats", "acf", "na.pass", "pchisq", "pgamma")
    to your NAMESPACE.
Flavors: r-devel-linux-x86_64-debian-clang, r-devel-linux-x86_64-debian-gcc, r-devel-linux-x86_64-fedora-clang, r-devel-linux-x86_64-fedora-gcc, r-devel-windows-ix86+x86_64