CRAN Package Check Results for Package WhatIf

Last updated on 2016-12-08 06:48:45.

Flavor Version Tinstall Tcheck Ttotal Status Flags
r-devel-linux-x86_64-debian-clang 1.5-6 0.72 12.03 12.75 WARN
r-devel-linux-x86_64-debian-gcc 1.5-6 0.68 12.29 12.98 WARN
r-devel-linux-x86_64-fedora-clang 1.5-6 25.39 WARN --no-stop-on-test-error
r-devel-linux-x86_64-fedora-gcc 1.5-6 21.75 WARN --no-stop-on-test-error
r-devel-macos-x86_64-clang 1.5-6 20.19 WARN
r-devel-windows-ix86+x86_64 1.5-6 8.00 36.00 44.00 WARN
r-patched-linux-x86_64 1.5-6 0.66 10.08 10.74 NOTE
r-patched-solaris-sparc 1.5-6 120.20 NOTE
r-patched-solaris-x86 1.5-6 26.50 NOTE
r-release-linux-x86_64 1.5-6 0.66 10.37 11.04 NOTE
r-release-osx-x86_64-mavericks 1.5-6 NOTE
r-release-windows-ix86+x86_64 1.5-6 3.00 27.00 30.00 NOTE
r-oldrel-windows-ix86+x86_64 1.5-6 3.00 24.00 27.00 OK

Check Details

Version: 1.5-6
Check: R code for possible problems
Result: NOTE
    plot.whatif: no visible global function definition for ‘na.fail’
    plot.whatif : do.plot: no visible global function definition for
     ‘lines’
    plot.whatif : do.plot: no visible global function definition for
     ‘lowess’
    plot.whatif: no visible global function definition for ‘postscript’
    plot.whatif: no visible global function definition for ‘plot’
    plot.whatif: no visible global function definition for ‘dev.off’
    whatif: no visible global function definition for ‘read.table’
    whatif: no visible global function definition for ‘complete.cases’
    whatif: no visible global function definition for ‘terms’
    whatif: no visible global function definition for ‘model.matrix’
    whatif: no visible global function definition for ‘model.frame’
    whatif: no visible global function definition for ‘update.formula’
    whatif: no visible global function definition for ‘na.omit’
    whatif: no visible global function definition for ‘na.fail’
    Undefined global functions or variables:
     complete.cases dev.off lines lowess model.frame model.matrix na.fail
     na.omit plot postscript read.table terms update.formula
    Consider adding
     importFrom("grDevices", "dev.off", "postscript")
     importFrom("graphics", "lines", "plot")
     importFrom("stats", "complete.cases", "lowess", "model.frame",
     "model.matrix", "na.fail", "na.omit", "terms",
     "update.formula")
     importFrom("utils", "read.table")
    to your NAMESPACE file.
Flavors: r-devel-linux-x86_64-debian-clang, r-devel-linux-x86_64-debian-gcc, r-devel-macos-x86_64-clang, r-devel-windows-ix86+x86_64, r-patched-linux-x86_64, r-patched-solaris-sparc, r-patched-solaris-x86, r-release-linux-x86_64, r-release-osx-x86_64-mavericks, r-release-windows-ix86+x86_64

Version: 1.5-6
Check: files in ‘vignettes’
Result: WARN
    Files in the 'vignettes' directory newer than all files in 'inst/doc':
     ‘gk.bib’, ‘gkpubs.bib’, ‘whatif.pdf’, ‘whatif.tex’
    Package has no Sweave vignette sources and no VignetteBuilder field.
Flavors: r-devel-linux-x86_64-debian-clang, r-devel-linux-x86_64-debian-gcc, r-devel-macos-x86_64-clang, r-devel-windows-ix86+x86_64

Version: 1.5-6
Flags: --no-stop-on-test-error
Check: R code for possible problems
Result: NOTE
    plot.whatif: no visible global function definition for ‘na.fail’
    plot.whatif : do.plot: no visible global function definition for
     ‘lines’
    plot.whatif : do.plot: no visible global function definition for
     ‘lowess’
    plot.whatif: no visible global function definition for ‘postscript’
    plot.whatif: no visible global function definition for ‘plot’
    plot.whatif: no visible global function definition for ‘dev.off’
    whatif: no visible global function definition for ‘read.table’
    whatif: no visible global function definition for ‘complete.cases’
    whatif: no visible global function definition for ‘terms’
    whatif: no visible global function definition for ‘model.matrix’
    whatif: no visible global function definition for ‘model.frame’
    whatif: no visible global function definition for ‘update.formula’
    whatif: no visible global function definition for ‘na.omit’
    whatif: no visible global function definition for ‘na.fail’
    Undefined global functions or variables:
     complete.cases dev.off lines lowess model.frame model.matrix na.fail
     na.omit plot postscript read.table terms update.formula
    Consider adding
     importFrom("grDevices", "dev.off", "postscript")
     importFrom("graphics", "lines", "plot")
     importFrom("stats", "complete.cases", "lowess", "model.frame",
     "model.matrix", "na.fail", "na.omit", "terms",
     "update.formula")
     importFrom("utils", "read.table")
    to your NAMESPACE file.
Flavors: r-devel-linux-x86_64-fedora-clang, r-devel-linux-x86_64-fedora-gcc

Version: 1.5-6
Flags: --no-stop-on-test-error
Check: files in ‘vignettes’
Result: WARN
    Files in the 'vignettes' directory newer than all files in 'inst/doc':
     ‘gk.bib’, ‘gkpubs.bib’, ‘whatif.pdf’, ‘whatif.tex’
    Package has no Sweave vignette sources and no VignetteBuilder field.
Flavors: r-devel-linux-x86_64-fedora-clang, r-devel-linux-x86_64-fedora-gcc