CRAN Package Check Results for Package WhatIf

Last updated on 2015-09-02 22:48:15.

Flavor Version Tinstall Tcheck Ttotal Status Flags
r-devel-linux-x86_64-debian-clang 1.5-6 0.59 9.50 10.09 NOTE
r-devel-linux-x86_64-debian-gcc 1.5-6 0.60 9.42 10.03 NOTE
r-devel-linux-x86_64-fedora-clang 1.5-6 19.33 NOTE
r-devel-linux-x86_64-fedora-gcc 1.5-6 18.29 NOTE
r-devel-osx-x86_64-clang 1.5-6 17.92 OK
r-devel-windows-ix86+x86_64 1.5-6 2.00 23.00 25.00 NOTE
r-patched-linux-x86_64 1.5-6 0.64 10.01 10.66 OK
r-patched-solaris-sparc 1.5-6 139.80 OK
r-patched-solaris-x86 1.5-6 30.80 OK
r-release-linux-x86_64 1.5-6 0.64 10.16 10.80 OK
r-release-osx-x86_64-mavericks 1.5-6 OK
r-release-windows-ix86+x86_64 1.5-6 4.00 21.00 25.00 OK
r-oldrel-windows-ix86+x86_64 1.5-6 5.00 28.00 33.00 OK

Check Details

Version: 1.5-6
Check: R code for possible problems
Result: NOTE
    plot.whatif: no visible global function definition for ‘na.fail’
    plot.whatif : do.plot: no visible global function definition for
     ‘lines’
    plot.whatif : do.plot: no visible global function definition for
     ‘lowess’
    plot.whatif: no visible global function definition for ‘postscript’
    plot.whatif: no visible global function definition for ‘plot’
    plot.whatif: no visible global function definition for ‘dev.off’
    whatif: no visible global function definition for ‘read.table’
    whatif: no visible global function definition for ‘complete.cases’
    whatif: no visible global function definition for ‘terms’
    whatif: no visible global function definition for ‘model.matrix’
    whatif: no visible global function definition for ‘model.frame’
    whatif: no visible global function definition for ‘update.formula’
    whatif: no visible global function definition for ‘na.omit’
    whatif: no visible global function definition for ‘na.fail’
    Undefined global functions or variables:
     complete.cases dev.off lines lowess model.frame model.matrix na.fail
     na.omit plot postscript read.table terms update.formula
    Consider adding
     importFrom("grDevices", "dev.off", "postscript")
     importFrom("graphics", "lines", "plot")
     importFrom("stats", "complete.cases", "lowess", "model.frame",
     "model.matrix", "na.fail", "na.omit", "terms",
     "update.formula")
     importFrom("utils", "read.table")
    to your NAMESPACE.
Flavors: r-devel-linux-x86_64-debian-clang, r-devel-linux-x86_64-debian-gcc, r-devel-linux-x86_64-fedora-clang, r-devel-linux-x86_64-fedora-gcc, r-devel-windows-ix86+x86_64