CRAN Package Check Results for Package WhatIf

Last updated on 2015-07-01 13:47:41.

Flavor Version Tinstall Tcheck Ttotal Status Flags
r-devel-linux-x86_64-debian-clang 1.5-6 0.69 9.68 10.37 NOTE
r-devel-linux-x86_64-debian-gcc 1.5-6 0.67 10.08 10.75 NOTE
r-devel-linux-x86_64-fedora-clang 1.5-6 19.82 NOTE
r-devel-linux-x86_64-fedora-gcc 1.5-6 18.22 NOTE
r-devel-osx-x86_64-clang 1.5-6 20.16 OK
r-devel-windows-ix86+x86_64 1.5-6 5.00 20.00 25.00 OK
r-patched-linux-x86_64 1.5-6 0.64 9.80 10.44 OK
r-patched-solaris-sparc 1.5-6 150.20 OK
r-patched-solaris-x86 1.5-6 30.70 OK
r-release-linux-x86_64 1.5-6 0.65 9.95 10.60 OK
r-release-osx-x86_64-mavericks 1.5-6 OK
r-release-windows-ix86+x86_64 1.5-6 3.00 19.00 22.00 OK
r-oldrel-windows-ix86+x86_64 1.5-6 5.00 28.00 33.00 OK

Check Details

Version: 1.5-6
Check: R code for possible problems
Result: NOTE
    plot.whatif: no visible global function definition for ‘na.fail’
    plot.whatif : do.plot: no visible global function definition for
     ‘lines’
    plot.whatif : do.plot: no visible global function definition for
     ‘lowess’
    plot.whatif: no visible global function definition for ‘postscript’
    plot.whatif: no visible global function definition for ‘plot’
    plot.whatif: no visible global function definition for ‘dev.off’
    whatif: no visible global function definition for ‘read.table’
    whatif: no visible global function definition for ‘complete.cases’
    whatif: no visible global function definition for ‘terms’
    whatif: no visible global function definition for ‘model.matrix’
    whatif: no visible global function definition for ‘model.frame’
    whatif: no visible global function definition for ‘update.formula’
    whatif: no visible global function definition for ‘na.omit’
    whatif: no visible global function definition for ‘na.fail’
Flavors: r-devel-linux-x86_64-debian-clang, r-devel-linux-x86_64-debian-gcc, r-devel-linux-x86_64-fedora-clang, r-devel-linux-x86_64-fedora-gcc