CRAN Package Check Results for Package WhopGenome

Last updated on 2017-03-29 18:47:43.

Flavor Version Tinstall Tcheck Ttotal Status Flags
r-devel-linux-x86_64-debian-clang 0.9.7 11.65 17.98 29.63 OK
r-devel-linux-x86_64-debian-gcc 0.9.7 12.13 18.19 30.32 OK
r-devel-linux-x86_64-fedora-clang 0.9.7 60.05 OK --no-stop-on-test-error
r-devel-linux-x86_64-fedora-gcc 0.9.7 53.91 OK --no-stop-on-test-error
r-devel-macos-x86_64-clang 0.9.7 45.18 OK --no-stop-on-test-error
r-devel-windows-ix86+x86_64 0.9.7 115.00 48.00 163.00 OK
r-patched-linux-x86_64 0.9.7 11.14 18.22 29.36 OK
r-patched-solaris-sparc 0.9.7 343.50 NOTE
r-patched-solaris-x86 0.9.7 76.90 NOTE
r-release-linux-x86_64 0.9.7 10.71 15.93 26.63 OK
r-release-osx-x86_64-mavericks 0.9.7 OK
r-release-windows-ix86+x86_64 0.9.7 191.00 68.00 259.00 OK
r-oldrel-windows-ix86+x86_64 0.9.7 211.00 42.00 253.00 OK

Check Details

Version: 0.9.7
Check: package dependencies
Result: NOTE
    Package suggested but not available for checking: ‘RMySQL’
Flavors: r-patched-solaris-sparc, r-patched-solaris-x86