CRAN Package Check Results for Package WhopGenome

Last updated on 2016-07-27 02:47:21.

Flavor Version Tinstall Tcheck Ttotal Status Flags
r-devel-linux-x86_64-debian-clang 0.9.4 15.05 18.26 33.31 OK
r-devel-linux-x86_64-debian-gcc 0.9.4 17.02 18.93 35.95 OK
r-devel-linux-x86_64-fedora-clang 0.9.4 56.58 OK
r-devel-linux-x86_64-fedora-gcc 0.9.4 45.68 OK
r-devel-osx-x86_64-clang 0.9.4 42.06 OK
r-devel-windows-ix86+x86_64 0.9.4 198.00 46.00 244.00 OK
r-patched-linux-x86_64 0.9.4 12.34 19.20 31.54 OK
r-patched-solaris-sparc 0.9.4 255.70 NOTE
r-patched-solaris-x86 0.9.4 57.80 NOTE
r-release-linux-x86_64 0.9.4 12.81 19.32 32.13 OK
r-release-osx-x86_64-mavericks 0.9.4 OK
r-release-windows-ix86+x86_64 0.9.4 160.00 55.00 215.00 OK
r-oldrel-windows-ix86+x86_64 0.9.4 116.00 56.00 172.00 OK

Check Details

Version: 0.9.4
Check: package dependencies
Result: NOTE
    Package suggested but not available for checking: ‘RMySQL’
Flavors: r-patched-solaris-sparc, r-patched-solaris-x86