CRAN Package Check Results for Package WhopGenome

Last updated on 2015-03-05 23:48:34.

Flavor Version Tinstall Tcheck Ttotal Status Flags
r-devel-linux-x86_64-debian-clang 0.9.2 8.01 16.80 24.81 OK
r-devel-linux-x86_64-debian-gcc 0.9.2 10.54 15.98 26.52 OK
r-devel-linux-x86_64-fedora-clang 0.9.2 54.81 OK
r-devel-linux-x86_64-fedora-gcc 0.9.2 48.09 OK
r-devel-osx-x86_64-clang 0.9.2 48.00 OK
r-devel-windows-ix86+x86_64 0.9.2 95.00 33.00 128.00 OK
r-patched-linux-x86_64 0.9.2 11.21 17.61 28.82 OK
r-patched-solaris-sparc 0.9.2 323.20 NOTE
r-patched-solaris-x86 0.9.2 70.70 NOTE
r-release-linux-ix86 0.9.2 13.80 29.43 43.23 OK
r-release-linux-x86_64 0.9.2 10.76 17.69 28.45 OK
r-release-osx-x86_64-mavericks 0.9.2 OK
r-release-osx-x86_64-snowleopard 0.9.2 OK
r-release-windows-ix86+x86_64 0.9.2 85.00 38.00 123.00 OK
r-oldrel-windows-ix86+x86_64 0.9.2 90.00 58.00 148.00 OK

Check Details

Version: 0.9.2
Check: package dependencies
Result: NOTE
    Package suggested but not available for checking: ‘RMySQL’
Flavors: r-patched-solaris-sparc, r-patched-solaris-x86