CRAN Package Check Results for Package WhopGenome

Last updated on 2014-10-26 03:47:47.

Flavor Version Tinstall Tcheck Ttotal Status Flags
r-devel-linux-x86_64-debian-clang 0.9.0 10.01 18.86 28.88 OK
r-devel-linux-x86_64-debian-gcc 0.9.0 13.80 19.02 32.83 OK
r-devel-linux-x86_64-fedora-clang 0.9.0 63.15 OK
r-devel-linux-x86_64-fedora-gcc 0.9.0 57.91 OK
r-devel-osx-x86_64-clang 0.9.0 56.48 NOTE
r-devel-windows-ix86+x86_64 0.9.0 90.00 37.00 127.00 NOTE
r-patched-linux-x86_64 0.9.0 13.88 19.36 33.24 OK
r-patched-solaris-sparc 0.9.0 312.40 NOTE
r-patched-solaris-x86 0.9.0 79.20 NOTE
r-release-linux-ix86 0.9.0 18.82 28.14 46.96 OK
r-release-linux-x86_64 0.9.0 14.04 20.50 34.54 OK
r-release-osx-x86_64-mavericks 0.9.0 NOTE
r-release-osx-x86_64-snowleopard 0.9.0 OK
r-release-windows-ix86+x86_64 0.9.0 99.00 42.00 141.00 NOTE
r-oldrel-windows-ix86+x86_64 0.9.0 131.00 41.00 172.00 NOTE

Check Details

Version: 0.9.0
Check: package dependencies
Result: NOTE
    Package suggested but not available for checking: ‘RMySQL’
Flavors: r-devel-osx-x86_64-clang, r-devel-windows-ix86+x86_64, r-patched-solaris-sparc, r-patched-solaris-x86, r-release-osx-x86_64-mavericks, r-release-windows-ix86+x86_64, r-oldrel-windows-ix86+x86_64