CRAN Package Check Results for Package WhopGenome

Last updated on 2014-09-30 11:48:39.

Flavor Version Tinstall Tcheck Ttotal Status Flags
r-devel-linux-x86_64-debian-clang 0.9.0 10.02 18.56 28.58 OK
r-devel-linux-x86_64-debian-gcc 0.9.0 14.44 18.23 32.67 OK
r-devel-linux-x86_64-fedora-clang 0.9.0 63.46 OK
r-devel-linux-x86_64-fedora-gcc 0.9.0 59.31 OK
r-devel-osx-x86_64-clang 0.9.0 55.27 NOTE
r-devel-windows-ix86+x86_64 0.9.0 103.00 38.00 141.00 NOTE
r-patched-linux-x86_64 0.9.0 14.43 20.64 35.07 OK
r-patched-solaris-sparc 0.9.0 312.40 NOTE
r-patched-solaris-x86 0.9.0 84.20 NOTE
r-release-linux-ix86 0.9.0 18.80 28.61 47.41 OK
r-release-linux-x86_64 0.9.0 14.21 21.48 35.69 OK
r-release-osx-x86_64-mavericks 0.9.0 NOTE
r-release-osx-x86_64-snowleopard 0.9.0 OK
r-release-windows-ix86+x86_64 0.9.0 105.00 38.00 143.00 NOTE
r-oldrel-windows-ix86+x86_64 0.9.0 107.00 40.00 147.00 NOTE

Check Details

Version: 0.9.0
Check: package dependencies
Result: NOTE
    Package suggested but not available for checking: ‘RMySQL’
Flavors: r-devel-osx-x86_64-clang, r-devel-windows-ix86+x86_64, r-patched-solaris-sparc, r-patched-solaris-x86, r-release-osx-x86_64-mavericks, r-release-windows-ix86+x86_64, r-oldrel-windows-ix86+x86_64