CRAN Package Check Results for Package WhopGenome

Last updated on 2016-02-08 17:49:50.

Flavor Version Tinstall Tcheck Ttotal Status Flags
r-devel-linux-x86_64-debian-gcc 0.9.3 11.51 15.09 26.60 OK
r-devel-linux-x86_64-fedora-clang 0.9.3 52.00 OK
r-devel-linux-x86_64-fedora-gcc 0.9.3 45.30 OK
r-devel-osx-x86_64-clang 0.9.3 48.97 OK
r-devel-windows-ix86+x86_64 0.9.3 127.00 38.00 165.00 OK
r-patched-linux-x86_64 0.9.3 10.73 15.95 26.69 OK
r-patched-solaris-sparc 0.9.3 269.80 NOTE
r-patched-solaris-x86 0.9.3 59.70 NOTE
r-release-linux-x86_64 0.9.3 10.54 16.23 26.77 OK
r-release-osx-x86_64-mavericks 0.9.3 OK
r-release-windows-ix86+x86_64 0.9.3 111.00 37.00 148.00 OK
r-oldrel-windows-ix86+x86_64 0.9.3 142.00 37.00 179.00 OK

Check Details

Version: 0.9.3
Check: package dependencies
Result: NOTE
    Package suggested but not available for checking: ‘RMySQL’
Flavors: r-patched-solaris-sparc, r-patched-solaris-x86