CRAN Package Check Results for Package WhopGenome

Last updated on 2016-05-01 11:47:30.

Flavor Version Tinstall Tcheck Ttotal Status Flags
r-devel-linux-x86_64-debian-gcc 0.9.3 10.46 15.77 26.23 OK
r-devel-linux-x86_64-fedora-clang 0.9.3 53.25 OK
r-devel-linux-x86_64-fedora-gcc 0.9.3 45.04 OK
r-devel-osx-x86_64-clang 0.9.3 50.98 OK
r-devel-windows-ix86+x86_64 0.9.3 105.00 41.00 146.00 OK
r-patched-linux-x86_64 0.9.3 10.67 15.91 26.58 OK
r-patched-solaris-sparc 0.9.3 278.60 NOTE
r-patched-solaris-x86 0.9.3 60.70 NOTE
r-release-linux-x86_64 0.9.3 10.78 17.05 27.82 OK
r-release-osx-x86_64-mavericks 0.9.3 OK
r-release-windows-ix86+x86_64 0.9.3 138.00 55.00 193.00 OK
r-oldrel-windows-ix86+x86_64 0.9.3 139.00 55.00 194.00 OK

Check Details

Version: 0.9.3
Check: package dependencies
Result: NOTE
    Package suggested but not available for checking: ‘RMySQL’
Flavors: r-patched-solaris-sparc, r-patched-solaris-x86