CRAN Package Check Results for Package WhopGenome

Last updated on 2018-01-16 23:49:17 CET.

Flavor Version Tinstall Tcheck Ttotal Status Flags
r-devel-linux-x86_64-debian-clang 0.9.7 15.81 29.84 45.65 WARN
r-devel-linux-x86_64-debian-gcc 0.9.7 13.43 23.35 36.78 OK
r-devel-linux-x86_64-fedora-clang 0.9.7 59.12 WARN
r-devel-linux-x86_64-fedora-gcc 0.9.7 51.61 NOTE
r-devel-windows-ix86+x86_64 0.9.7 150.00 52.00 202.00 OK
r-patched-linux-x86_64 0.9.7 16.77 28.42 45.19 OK
r-patched-solaris-x86 0.9.7 86.10 OK
r-release-linux-x86_64 0.9.7 17.90 28.23 46.13 OK
r-release-windows-ix86+x86_64 0.9.7 159.00 65.00 224.00 OK
r-release-osx-x86_64 0.9.7 NOTE
r-oldrel-windows-ix86+x86_64 0.9.7 133.00 49.00 182.00 OK
r-oldrel-osx-x86_64 0.9.7 OK

Additional issues

rchk

Check Details

Version: 0.9.7
Check: whether package can be installed
Result: WARN
    Found the following significant warnings:
     t_region.cpp:78:6: warning: 'this' pointer cannot be null in well-defined C++ code; comparison may be assumed to always evaluate to false [-Wtautological-undefined-compare]
     t_info.cpp:115:6: warning: 'this' pointer cannot be null in well-defined C++ code; comparison may be assumed to always evaluate to false [-Wtautological-undefined-compare]
     t_info.cpp:120:7: warning: reference cannot be bound to dereferenced null pointer in well-defined C++ code; comparison may be assumed to always evaluate to false [-Wtautological-undefined-compare]
Flavors: r-devel-linux-x86_64-debian-clang, r-devel-linux-x86_64-fedora-clang

Version: 0.9.7
Check: package dependencies
Result: NOTE
    Package suggested but not available for checking: ‘AnnotationDbi’
Flavors: r-devel-linux-x86_64-fedora-clang, r-devel-linux-x86_64-fedora-gcc, r-release-osx-x86_64