CRAN Package Check Results for Package WhopGenome

Last updated on 2015-08-01 08:52:09.

Flavor Version Tinstall Tcheck Ttotal Status Flags
r-devel-linux-x86_64-debian-clang 0.9.2 8.49 15.66 24.15 NOTE
r-devel-linux-x86_64-debian-gcc 0.9.2 10.78 15.67 26.45 NOTE
r-devel-linux-x86_64-fedora-clang 0.9.2 54.07 NOTE
r-devel-linux-x86_64-fedora-gcc 0.9.2 48.70 NOTE
r-devel-osx-x86_64-clang 0.9.2 44.01 OK
r-devel-windows-ix86+x86_64 0.9.2 128.00 52.00 180.00 NOTE
r-patched-linux-x86_64 0.9.2 10.81 15.75 26.56 OK
r-patched-solaris-sparc 0.9.2 293.30 NOTE
r-patched-solaris-x86 0.9.2 64.10 NOTE
r-release-linux-x86_64 0.9.2 10.50 15.78 26.28 OK
r-release-osx-x86_64-mavericks 0.9.2 OK
r-release-windows-ix86+x86_64 0.9.2 136.00 49.00 185.00 OK
r-oldrel-windows-ix86+x86_64 0.9.2 115.00 37.00 152.00 OK

Check Details

Version: 0.9.2
Check: R code for possible problems
Result: NOTE
    whop.go.load: no visible global function definition for ‘read.delim’
    whop.ped.load: no visible global function definition for ‘read.delim’
    whop.ped.save: no visible global function definition for ‘write.table’
    Undefined global functions or variables:
     read.delim write.table
    Consider adding
     importFrom("utils", "read.delim", "write.table")
    to your NAMESPACE.
Flavors: r-devel-linux-x86_64-debian-clang, r-devel-linux-x86_64-debian-gcc, r-devel-linux-x86_64-fedora-clang, r-devel-linux-x86_64-fedora-gcc, r-devel-windows-ix86+x86_64

Version: 0.9.2
Check: package dependencies
Result: NOTE
    Package suggested but not available for checking: ‘RMySQL’
Flavors: r-patched-solaris-sparc, r-patched-solaris-x86