CRAN Package Check Results for Package WhopGenome

Last updated on 2014-11-23 17:49:43.

Flavor Version Tinstall Tcheck Ttotal Status Flags
r-devel-linux-x86_64-debian-clang 0.9.0 9.84 18.84 28.68 OK
r-devel-linux-x86_64-debian-gcc 0.9.0 13.76 18.83 32.59 OK
r-devel-linux-x86_64-fedora-clang 0.9.0 63.52 OK
r-devel-linux-x86_64-fedora-gcc 0.9.0 59.21 OK
r-devel-osx-x86_64-clang 0.9.0 58.77 NOTE
r-devel-windows-ix86+x86_64 0.9.0 93.00 37.00 130.00 NOTE
r-patched-linux-x86_64 0.9.0 13.80 18.78 32.58 OK
r-patched-solaris-sparc 0.9.0 312.40 NOTE
r-patched-solaris-x86 0.9.0 77.80 NOTE
r-release-linux-ix86 0.9.0 17.80 26.50 44.30 OK
r-release-linux-x86_64 0.9.0 13.82 18.99 32.81 OK
r-release-osx-x86_64-mavericks 0.9.0 NOTE
r-release-osx-x86_64-snowleopard 0.9.0 OK
r-release-windows-ix86+x86_64 0.9.0 104.00 38.00 142.00 NOTE
r-oldrel-windows-ix86+x86_64 0.9.0 98.00 42.00 140.00 NOTE

Check Details

Version: 0.9.0
Check: package dependencies
Result: NOTE
    Package suggested but not available for checking: ‘RMySQL’
Flavors: r-devel-osx-x86_64-clang, r-devel-windows-ix86+x86_64, r-patched-solaris-sparc, r-patched-solaris-x86, r-release-osx-x86_64-mavericks, r-release-windows-ix86+x86_64, r-oldrel-windows-ix86+x86_64