CRAN Package Check Results for Package WhopGenome

Last updated on 2014-12-17 21:47:06.

Flavor Version Tinstall Tcheck Ttotal Status Flags
r-devel-linux-x86_64-debian-clang 0.9.0 10.02 18.96 28.98 OK
r-devel-linux-x86_64-debian-gcc 0.9.0 13.84 18.70 32.54 OK
r-devel-linux-x86_64-fedora-clang 0.9.0 63.67 OK
r-devel-linux-x86_64-fedora-gcc 0.9.0 58.03 OK
r-devel-osx-x86_64-clang 0.9.0 56.74 NOTE
r-devel-windows-ix86+x86_64 0.9.0 111.00 40.00 151.00 NOTE
r-patched-linux-x86_64 0.9.0 13.84 18.60 32.44 OK
r-patched-solaris-sparc 0.9.0 312.40 NOTE
r-patched-solaris-x86 0.9.0 77.70 NOTE
r-release-linux-ix86 0.9.0 17.80 26.73 44.54 OK
r-release-linux-x86_64 0.9.0 14.18 18.76 32.95 OK
r-release-osx-x86_64-mavericks 0.9.0 NOTE
r-release-osx-x86_64-snowleopard 0.9.0 OK
r-release-windows-ix86+x86_64 0.9.0 116.00 39.00 155.00 NOTE
r-oldrel-windows-ix86+x86_64 0.9.0 103.00 43.00 146.00 NOTE

Check Details

Version: 0.9.0
Check: package dependencies
Result: NOTE
    Package suggested but not available for checking: ‘RMySQL’
Flavors: r-devel-osx-x86_64-clang, r-devel-windows-ix86+x86_64, r-patched-solaris-sparc, r-patched-solaris-x86, r-release-osx-x86_64-mavericks, r-release-windows-ix86+x86_64, r-oldrel-windows-ix86+x86_64