CRAN Package Check Results for Package WhopGenome

Last updated on 2014-08-28 11:49:19.

Flavor Version Tinstall Tcheck Ttotal Status Flags
r-devel-linux-x86_64-debian-clang 0.8.2 8.33 15.28 23.61 WARN
r-devel-linux-x86_64-debian-gcc 0.8.9 13.82 17.46 31.28 OK
r-devel-linux-x86_64-fedora-clang 0.8.9 60.51 OK
r-devel-linux-x86_64-fedora-gcc 0.8.9 59.53 OK
r-devel-osx-x86_64-clang 0.8.9 56.63 NOTE
r-devel-windows-ix86+x86_64 0.8.2 90.00 34.00 124.00 NOTE
r-patched-linux-x86_64 0.8.9 14.00 19.54 33.55 OK
r-patched-solaris-sparc 0.8.9 344.50 NOTE
r-patched-solaris-x86 0.8.9 68.50 NOTE
r-release-linux-ix86 0.8.2 17.22 24.57 41.79 WARN
r-release-linux-x86_64 0.8.2 13.61 17.22 30.82 WARN
r-release-osx-x86_64-mavericks 0.8.9 NOTE
r-release-osx-x86_64-snowleopard 0.8.2 NOTE
r-release-windows-ix86+x86_64 0.8.9 79.00 41.00 120.00 NOTE
r-oldrel-windows-ix86+x86_64 0.8.9 83.00 43.00 126.00 NOTE

Check Details

Version: 0.8.2
Check: whether package can be installed
Result: WARN
    Found the following significant warnings:
     tabix/razf.c:293:9: warning: arithmetic on a pointer to void is a GNU extension [-Wpointer-arith]
     tabix/razf.c:307:8: warning: arithmetic on a pointer to void is a GNU extension [-Wpointer-arith]
     tabix/razf.c:402:35: warning: arithmetic on a pointer to void is a GNU extension [-Wpointer-arith]
     tabix/razf.c:410:37: warning: arithmetic on a pointer to void is a GNU extension [-Wpointer-arith]
     tabix/razf.c:641:10: warning: arithmetic on a pointer to void is a GNU extension [-Wpointer-arith]
     tabix/razf.c:647:10: warning: arithmetic on a pointer to void is a GNU extension [-Wpointer-arith]
Flavor: r-devel-linux-x86_64-debian-clang

Version: 0.8.9
Check: package dependencies
Result: NOTE
    Package suggested but not available for checking: ‘RMySQL’
Flavors: r-devel-osx-x86_64-clang, r-patched-solaris-sparc, r-patched-solaris-x86, r-release-osx-x86_64-mavericks, r-release-windows-ix86+x86_64, r-oldrel-windows-ix86+x86_64

Version: 0.8.2
Check: package dependencies
Result: NOTE
    Package suggested but not available for checking: 'RMySQL'
Flavor: r-devel-windows-ix86+x86_64

Version: 0.8.2
Check: whether package can be installed
Result: WARN
    Found the following significant warnings:
     tabix/razf.c:293:9: warning: pointer of type ‘void *’ used in arithmetic [-Wpointer-arith]
     tabix/razf.c:307:8: warning: pointer of type ‘void *’ used in arithmetic [-Wpointer-arith]
     tabix/razf.c:402:35: warning: pointer of type ‘void *’ used in arithmetic [-Wpointer-arith]
     tabix/razf.c:410:37: warning: pointer of type ‘void *’ used in arithmetic [-Wpointer-arith]
     tabix/razf.c:641:10: warning: pointer of type ‘void *’ used in arithmetic [-Wpointer-arith]
     tabix/razf.c:647:10: warning: pointer of type ‘void *’ used in arithmetic [-Wpointer-arith]
Flavors: r-release-linux-ix86, r-release-linux-x86_64

Version: 0.8.2
Check: package dependencies
Result: NOTE
    Package suggested but not available for checking: 'AnnotationDbi'
Flavor: r-release-osx-x86_64-snowleopard