CRAN Package Check Results for Package WhopGenome

Last updated on 2015-04-01 02:48:33.

Flavor Version Tinstall Tcheck Ttotal Status Flags
r-devel-linux-x86_64-debian-clang 0.9.2 8.72 16.81 25.53 OK
r-devel-linux-x86_64-debian-gcc 0.9.2 10.66 16.14 26.79 OK
r-devel-linux-x86_64-fedora-clang 0.9.2 55.41 OK
r-devel-linux-x86_64-fedora-gcc 0.9.2 48.53 OK
r-devel-osx-x86_64-clang 0.9.2 51.03 OK
r-prerel-windows-ix86+x86_64 0.9.2 94.00 36.00 130.00 OK
r-prerel-linux-x86_64 0.9.2 10.60 16.45 27.06 OK
r-prerel-solaris-sparc 0.9.2 294.80 NOTE
r-prerel-solaris-x86 0.9.2 64.60 NOTE
r-release-linux-x86_64 0.9.2 10.60 17.85 28.44 OK
r-release-osx-x86_64-mavericks 0.9.2 OK
r-release-osx-x86_64-snowleopard 0.9.2 OK
r-release-windows-ix86+x86_64 0.9.2 89.00 37.00 126.00 OK
r-oldrel-windows-ix86+x86_64 0.9.2 90.00 43.00 133.00 OK

Check Details

Version: 0.9.2
Check: package dependencies
Result: NOTE
    Package suggested but not available for checking: ‘RMySQL’
Flavors: r-prerel-solaris-sparc, r-prerel-solaris-x86