CRAN Package Check Results for Package WhopGenome

Last updated on 2015-05-24 22:47:19.

Flavor Version Tinstall Tcheck Ttotal Status Flags
r-devel-linux-x86_64-debian-clang 0.9.2 8.46 16.73 25.19 OK
r-devel-linux-x86_64-debian-gcc 0.9.2 10.64 15.94 26.58 OK
r-devel-linux-x86_64-fedora-clang 0.9.2 53.92 OK
r-devel-linux-x86_64-fedora-gcc 0.9.2 48.38 OK
r-devel-osx-x86_64-clang 0.9.2 47.13 OK
r-devel-windows-ix86+x86_64 0.9.2 83.00 36.00 119.00 OK
r-patched-linux-x86_64 0.9.2 11.08 15.82 26.90 OK
r-patched-solaris-sparc 0.9.2 291.90 NOTE
r-patched-solaris-x86 0.9.2 64.70 NOTE
r-release-linux-x86_64 0.9.2 10.60 16.42 27.02 OK
r-release-osx-x86_64-mavericks 0.9.2 OK
r-release-osx-x86_64-snowleopard 0.9.2 NOTE
r-release-windows-ix86+x86_64 0.9.2 100.00 35.00 135.00 OK
r-oldrel-windows-ix86+x86_64 0.9.2 81.00 35.00 116.00 OK

Check Details

Version: 0.9.2
Check: package dependencies
Result: NOTE
    Package suggested but not available for checking: ‘RMySQL’
Flavors: r-patched-solaris-sparc, r-patched-solaris-x86

Version: 0.9.2
Check: package dependencies
Result: NOTE
    Package suggested but not available for checking: ‘AnnotationDbi’
Flavor: r-release-osx-x86_64-snowleopard