CRAN Package Check Results for Package WhopGenome

Last updated on 2017-01-22 06:47:40.

Flavor Version Tinstall Tcheck Ttotal Status Flags
r-devel-linux-x86_64-debian-clang 0.9.4 10.93 17.51 28.44 ERROR
r-devel-linux-x86_64-debian-gcc 0.9.4 11.68 17.25 28.92 ERROR
r-devel-linux-x86_64-fedora-clang 0.9.4 57.27 ERROR --no-stop-on-test-error
r-devel-linux-x86_64-fedora-gcc 0.9.4 51.65 ERROR --no-stop-on-test-error
r-devel-macos-x86_64-clang 0.9.4 45.11 ERROR --no-stop-on-test-error
r-devel-windows-ix86+x86_64 0.9.4 190.00 40.00 230.00 ERROR
r-patched-linux-x86_64 0.9.4 10.69 15.92 26.60 OK
r-patched-solaris-sparc 0.9.4 278.20 NOTE
r-patched-solaris-x86 0.9.4 58.40 NOTE
r-release-linux-x86_64 0.9.4 10.73 16.52 27.26 OK
r-release-osx-x86_64-mavericks 0.9.4 OK
r-release-windows-ix86+x86_64 0.9.4 283.00 41.00 324.00 OK
r-oldrel-windows-ix86+x86_64 0.9.4 225.00 57.00 282.00 OK

Check Details

Version: 0.9.4
Check: examples
Result: ERROR
    Running examples in ‘WhopGenome-Ex.R’ failed
    The error most likely occurred in:
    
    > base::assign(".ptime", proc.time(), pos = "CheckExEnv")
    > ### Name: fai_close
    > ### Title: Closes a file previously opened with fai_open
    > ### Aliases: fai_close
    >
    > ### ** Examples
    >
    >
    > ##
    > ## Example :
    > ##
    > faifile <- system.file("extdata", "ex.fasta", package = "WhopGenome")
    > faifh <- fai_open( faifile )
    > stopifnot( faifh != NULL )
    Error in faifh != NULL :
     comparison (2) is possible only for atomic and list types
    Calls: stopifnot
    Execution halted
Flavors: r-devel-linux-x86_64-debian-clang, r-devel-linux-x86_64-debian-gcc

Version: 0.9.4
Flags: --no-stop-on-test-error
Check: examples
Result: ERROR
    Running examples in ‘WhopGenome-Ex.R’ failed
    The error most likely occurred in:
    
    > ### Name: fai_close
    > ### Title: Closes a file previously opened with fai_open
    > ### Aliases: fai_close
    >
    > ### ** Examples
    >
    >
    > ##
    > ## Example :
    > ##
    > faifile <- system.file("extdata", "ex.fasta", package = "WhopGenome")
    > faifh <- fai_open( faifile )
    > stopifnot( faifh != NULL )
    Error in faifh != NULL :
     comparison (2) is possible only for atomic and list types
    Calls: stopifnot
    Execution halted
Flavors: r-devel-linux-x86_64-fedora-clang, r-devel-linux-x86_64-fedora-gcc, r-devel-macos-x86_64-clang

Version: 0.9.4
Check: whether package can be installed
Result: WARN
    Found the following significant warnings:
     tabix/knetfile.c:438:5: warning: ISO C does not support the 'I64' ms_printf length modifier [-Wformat=]
Flavor: r-devel-windows-ix86+x86_64

Version: 0.9.4
Check: running examples for arch ‘i386’
Result: ERROR
    Running examples in 'WhopGenome-Ex.R' failed
    The error most likely occurred in:
    
    > ### Name: fai_close
    > ### Title: Closes a file previously opened with fai_open
    > ### Aliases: fai_close
    >
    > ### ** Examples
    >
    >
    > ##
    > ## Example :
    > ##
    > faifile <- system.file("extdata", "ex.fasta", package = "WhopGenome")
    > faifh <- fai_open( faifile )
    > stopifnot( faifh != NULL )
    Error in faifh != NULL :
     comparison (2) is possible only for atomic and list types
    Calls: stopifnot
    Execution halted
Flavor: r-devel-windows-ix86+x86_64

Version: 0.9.4
Check: running examples for arch ‘x64’
Result: ERROR
    Running examples in 'WhopGenome-Ex.R' failed
    The error most likely occurred in:
    
    > ### Name: fai_close
    > ### Title: Closes a file previously opened with fai_open
    > ### Aliases: fai_close
    >
    > ### ** Examples
    >
    >
    > ##
    > ## Example :
    > ##
    > faifile <- system.file("extdata", "ex.fasta", package = "WhopGenome")
    > faifh <- fai_open( faifile )
    > stopifnot( faifh != NULL )
    Error in faifh != NULL :
     comparison (2) is possible only for atomic and list types
    Calls: stopifnot
    Execution halted
Flavor: r-devel-windows-ix86+x86_64

Version: 0.9.4
Check: package dependencies
Result: NOTE
    Package suggested but not available for checking: ‘RMySQL’
Flavors: r-patched-solaris-sparc, r-patched-solaris-x86