CRAN Package Check Results for Package WhopGenome

Last updated on 2017-10-23 01:47:07.

Flavor Version Tinstall Tcheck Ttotal Status Flags
r-devel-linux-x86_64-debian-clang 0.9.7 11.34 18.11 29.46 OK
r-devel-linux-x86_64-debian-gcc 0.9.7 14.24 19.03 33.26 OK
r-devel-linux-x86_64-fedora-clang 0.9.7 60.37 OK
r-devel-linux-x86_64-fedora-gcc 0.9.7 55.29 OK
r-devel-windows-ix86+x86_64 0.9.7 119.00 48.00 167.00 OK
r-patched-linux-x86_64 0.9.7 12.41 18.48 30.89 OK
r-patched-solaris-x86 0.9.7 91.10 NOTE
r-release-linux-x86_64 0.9.7 12.40 17.90 30.30 OK
r-release-windows-ix86+x86_64 0.9.7 143.00 48.00 191.00 OK
r-release-osx-x86_64 0.9.7 NOTE
r-oldrel-windows-ix86+x86_64 0.9.7 105.00 62.00 167.00 OK
r-oldrel-osx-x86_64 0.9.7 OK

Additional issues

rchk

Check Details

Version: 0.9.7
Check: package dependencies
Result: NOTE
    Package suggested but not available for checking: ‘RMySQL’
Flavor: r-patched-solaris-x86

Version: 0.9.7
Check: package dependencies
Result: NOTE
    Package suggested but not available for checking: ‘AnnotationDbi’
Flavor: r-release-osx-x86_64