CRAN Package Check Results for Package WhopGenome

Last updated on 2018-05-22 22:48:57 CEST.

Flavor Version Tinstall Tcheck Ttotal Status Flags
r-devel-linux-x86_64-debian-clang 0.9.7 20.79 30.53 51.32 WARN
r-devel-linux-x86_64-debian-gcc 0.9.7 17.84 24.25 42.09 OK
r-devel-linux-x86_64-fedora-clang 0.9.7 68.30 WARN
r-devel-linux-x86_64-fedora-gcc 0.9.7 61.80 OK
r-devel-windows-ix86+x86_64 0.9.7 144.00 75.00 219.00 OK
r-patched-linux-x86_64 0.9.7 22.99 28.96 51.95 OK
r-patched-solaris-x86 0.9.7 96.10 OK
r-release-linux-x86_64 0.9.7 22.20 29.26 51.46 OK
r-release-windows-ix86+x86_64 0.9.7 154.00 53.00 207.00 OK
r-release-osx-x86_64 0.9.7 WARN
r-oldrel-windows-ix86+x86_64 0.9.7 175.00 68.00 243.00 OK
r-oldrel-osx-x86_64 0.9.7 NOTE

Additional issues

rchk

Check Details

Version: 0.9.7
Check: whether package can be installed
Result: WARN
    Found the following significant warnings:
     t_region.cpp:78:6: warning: 'this' pointer cannot be null in well-defined C++ code; comparison may be assumed to always evaluate to false [-Wtautological-undefined-compare]
     t_info.cpp:115:6: warning: 'this' pointer cannot be null in well-defined C++ code; comparison may be assumed to always evaluate to false [-Wtautological-undefined-compare]
     t_info.cpp:120:7: warning: reference cannot be bound to dereferenced null pointer in well-defined C++ code; comparison may be assumed to always evaluate to false [-Wtautological-undefined-compare]
Flavors: r-devel-linux-x86_64-debian-clang, r-devel-linux-x86_64-fedora-clang, r-release-osx-x86_64

Version: 0.9.7
Check: package dependencies
Result: NOTE
    Package suggested but not available for checking: ‘AnnotationDbi’
Flavor: r-oldrel-osx-x86_64