CRAN Package Check Results for Package WhopGenome

Last updated on 2017-08-17 00:56:53.

Flavor Version Tinstall Tcheck Ttotal Status Flags
r-devel-linux-x86_64-debian-clang 0.9.7 12.22 18.38 30.60 OK
r-devel-linux-x86_64-debian-gcc 0.9.7 12.85 18.05 30.90 OK
r-devel-linux-x86_64-fedora-clang 0.9.7 59.86 OK
r-devel-linux-x86_64-fedora-gcc 0.9.7 55.87 OK
r-devel-windows-ix86+x86_64 0.9.7 136.00 50.00 186.00 OK
r-patched-linux-x86_64 0.9.7 12.37 18.04 30.41 OK
r-patched-solaris-x86 0.9.7 93.10 NOTE
r-release-linux-x86_64 0.9.7 12.42 17.89 30.32 OK
r-release-windows-ix86+x86_64 0.9.7 121.00 50.00 171.00 OK
r-release-osx-x86_64 0.9.7 NOTE
r-oldrel-windows-ix86+x86_64 0.9.7 172.00 47.00 219.00 OK
r-oldrel-osx-x86_64 0.9.7 OK

Additional issues

rchk

Check Details

Version: 0.9.7
Check: package dependencies
Result: NOTE
    Package suggested but not available for checking: ‘RMySQL’
Flavor: r-patched-solaris-x86

Version: 0.9.7
Check: package dependencies
Result: NOTE
    Package suggested but not available for checking: ‘AnnotationDbi’
Flavor: r-release-osx-x86_64