CRAN Package Check Results for Package WhopGenome

Last updated on 2016-06-27 08:48:46.

Flavor Version Tinstall Tcheck Ttotal Status Flags
r-devel-linux-x86_64-debian-gcc 0.9.3 14.24 15.98 30.22 OK
r-devel-linux-x86_64-fedora-clang 0.9.3 54.06 OK
r-devel-linux-x86_64-fedora-gcc 0.9.3 44.63 OK
r-devel-osx-x86_64-clang 0.9.3 41.85 OK
r-devel-windows-ix86+x86_64 0.9.3 106.00 36.00 142.00 OK
r-patched-linux-x86_64 0.9.3 11.63 16.48 28.10 OK
r-patched-solaris-sparc 0.9.3 268.00 NOTE
r-patched-solaris-x86 0.9.3 60.50 NOTE
r-release-linux-x86_64 0.9.3 11.23 16.55 27.78 OK
r-release-osx-x86_64-mavericks 0.9.3 OK
r-release-windows-ix86+x86_64 0.9.3 100.00 38.00 138.00 OK
r-oldrel-windows-ix86+x86_64 0.9.3 178.00 43.00 221.00 OK

Check Details

Version: 0.9.3
Check: package dependencies
Result: NOTE
    Package suggested but not available for checking: ‘RMySQL’
Flavors: r-patched-solaris-sparc, r-patched-solaris-x86