CRAN Package Check Results for Package WhopGenome

Last updated on 2017-05-24 07:50:16.

Flavor Version Tinstall Tcheck Ttotal Status Flags
r-devel-linux-x86_64-debian-clang 0.9.7 11.52 18.16 29.68 OK
r-devel-linux-x86_64-debian-gcc 0.9.7 12.48 17.77 30.24 OK
r-devel-linux-x86_64-fedora-clang 0.9.7 60.83 OK --no-stop-on-test-error
r-devel-linux-x86_64-fedora-gcc 0.9.7 52.26 OK --no-stop-on-test-error
r-devel-windows-ix86+x86_64 0.9.7 126.00 48.00 174.00 WARN
r-patched-linux-x86_64 0.9.7 10.97 17.66 28.63 OK
r-patched-solaris-sparc 0.9.7 343.50 NOTE
r-patched-solaris-x86 0.9.7 75.80 NOTE
r-release-linux-x86_64 0.9.7 10.91 17.74 28.65 OK
r-release-windows-ix86+x86_64 0.9.7 120.00 68.00 188.00 OK
r-release-osx-x86_64 0.9.7 NOTE
r-oldrel-windows-ix86+x86_64 0.9.7 161.00 63.00 224.00 OK
r-oldrel-osx-x86_64 0.9.7 OK

Check Details

Version: 0.9.7
Check: whether package can be installed
Result: WARN
    Found the following significant warnings:
     tabix/knetfile.c:438:5: warning: ISO C does not support the 'I64' ms_printf length modifier [-Wformat=]
Flavor: r-devel-windows-ix86+x86_64

Version: 0.9.7
Check: package dependencies
Result: NOTE
    Package suggested but not available for checking: ‘RMySQL’
Flavors: r-patched-solaris-sparc, r-patched-solaris-x86

Version: 0.9.7
Check: package dependencies
Result: NOTE
    Package suggested but not available for checking: ‘AnnotationDbi’
Flavor: r-release-osx-x86_64