CRAN Package Check Results for Package WhopGenome

Last updated on 2016-09-25 20:47:39.

Flavor Version Tinstall Tcheck Ttotal Status Flags
r-devel-linux-x86_64-debian-clang 0.9.4 10.73 16.22 26.96 ERROR
r-devel-linux-x86_64-debian-gcc 0.9.4 11.89 16.08 27.96 ERROR
r-devel-linux-x86_64-fedora-clang 0.9.4 54.10 ERROR
r-devel-linux-x86_64-fedora-gcc 0.9.4 46.55 ERROR
r-devel-macos-x86_64-clang 0.9.4 42.21 ERROR
r-devel-windows-ix86+x86_64 0.9.4 169.00 59.00 228.00 ERROR
r-patched-linux-x86_64 0.9.4 10.43 15.91 26.34 OK
r-patched-solaris-sparc 0.9.4 255.70 NOTE
r-patched-solaris-x86 0.9.4 57.60 NOTE
r-release-linux-x86_64 0.9.4 10.62 16.07 26.69 OK
r-release-osx-x86_64-mavericks 0.9.4 OK
r-release-windows-ix86+x86_64 0.9.4 119.00 39.00 158.00 OK
r-oldrel-windows-ix86+x86_64 0.9.4 121.00 63.00 184.00 OK

Check Details

Version: 0.9.4
Check: examples
Result: ERROR
    Running examples in ‘WhopGenome-Ex.R’ failed
    The error most likely occurred in:
    
    > ### Name: fai_close
    > ### Title: Closes a file previously opened with fai_open
    > ### Aliases: fai_close
    >
    > ### ** Examples
    >
    >
    > ##
    > ## Example :
    > ##
    > faifile <- system.file("extdata", "ex.fasta", package = "WhopGenome")
    > faifh <- fai_open( faifile )
    > stopifnot( faifh != NULL )
    Error in faifh != NULL :
     comparison (2) is possible only for atomic and list types
    Calls: stopifnot
    Execution halted
Flavors: r-devel-linux-x86_64-debian-clang, r-devel-linux-x86_64-debian-gcc, r-devel-linux-x86_64-fedora-clang, r-devel-linux-x86_64-fedora-gcc, r-devel-macos-x86_64-clang

Version: 0.9.4
Check: whether package can be installed
Result: WARN
    Found the following significant warnings:
     tabix/knetfile.c:438:5: warning: ISO C does not support the 'I64' ms_printf length modifier [-Wformat=]
Flavor: r-devel-windows-ix86+x86_64

Version: 0.9.4
Check: running examples for arch ‘i386’
Result: ERROR
    Running examples in 'WhopGenome-Ex.R' failed
    The error most likely occurred in:
    
    > ### Name: fai_close
    > ### Title: Closes a file previously opened with fai_open
    > ### Aliases: fai_close
    >
    > ### ** Examples
    >
    >
    > ##
    > ## Example :
    > ##
    > faifile <- system.file("extdata", "ex.fasta", package = "WhopGenome")
    > faifh <- fai_open( faifile )
    > stopifnot( faifh != NULL )
    Error in faifh != NULL :
     comparison (2) is possible only for atomic and list types
    Calls: stopifnot
    Execution halted
Flavor: r-devel-windows-ix86+x86_64

Version: 0.9.4
Check: running examples for arch ‘x64’
Result: ERROR
    Running examples in 'WhopGenome-Ex.R' failed
    The error most likely occurred in:
    
    > ### Name: fai_close
    > ### Title: Closes a file previously opened with fai_open
    > ### Aliases: fai_close
    >
    > ### ** Examples
    >
    >
    > ##
    > ## Example :
    > ##
    > faifile <- system.file("extdata", "ex.fasta", package = "WhopGenome")
    > faifh <- fai_open( faifile )
    > stopifnot( faifh != NULL )
    Error in faifh != NULL :
     comparison (2) is possible only for atomic and list types
    Calls: stopifnot
    Execution halted
Flavor: r-devel-windows-ix86+x86_64

Version: 0.9.4
Check: package dependencies
Result: NOTE
    Package suggested but not available for checking: ‘RMySQL’
Flavors: r-patched-solaris-sparc, r-patched-solaris-x86