CRAN Package Check Results for Package WhopGenome

Last updated on 2014-07-25 10:52:07.

Flavor Version Tinstall Tcheck Ttotal Status Flags
r-devel-linux-x86_64-debian-clang 0.8.2 8.54 19.12 27.65 WARN
r-devel-linux-x86_64-debian-gcc 0.8.2 12.89 18.40 31.29 WARN
r-devel-linux-x86_64-fedora-clang 0.8.2 59.14 WARN
r-devel-linux-x86_64-fedora-gcc 0.8.2 58.50 WARN
r-devel-osx-x86_64-clang 0.8.2 53.89 WARN
r-devel-windows-ix86+x86_64 0.8.2 88.00 39.00 127.00 NOTE
r-patched-linux-x86_64 0.8.2 13.01 17.04 30.06 WARN
r-patched-solaris-sparc 0.8.2 320.20 NOTE
r-patched-solaris-x86 0.8.2 71.90 NOTE
r-release-linux-ix86 0.8.2 17.44 24.61 42.05 WARN
r-release-linux-x86_64 0.8.2 12.54 18.65 31.19 WARN
r-release-osx-x86_64-mavericks 0.8.2 NOTE
r-release-osx-x86_64-snowleopard 0.8.2 NOTE
r-release-windows-ix86+x86_64 0.8.2 110.00 37.00 147.00 NOTE
r-oldrel-windows-ix86+x86_64 0.8.2 88.00 35.00 123.00 NOTE

Check Details

Version: 0.8.2
Check: whether package can be installed
Result: WARNING
    Found the following significant warnings:
     tabix/razf.c:293:9: warning: arithmetic on a pointer to void is a GNU extension [-Wpointer-arith]
     tabix/razf.c:307:8: warning: arithmetic on a pointer to void is a GNU extension [-Wpointer-arith]
     tabix/razf.c:402:35: warning: arithmetic on a pointer to void is a GNU extension [-Wpointer-arith]
     tabix/razf.c:410:37: warning: arithmetic on a pointer to void is a GNU extension [-Wpointer-arith]
     tabix/razf.c:641:10: warning: arithmetic on a pointer to void is a GNU extension [-Wpointer-arith]
     tabix/razf.c:647:10: warning: arithmetic on a pointer to void is a GNU extension [-Wpointer-arith]
    See ‘/home/hornik/tmp/R.check/r-devel-clang/Work/PKGS/WhopGenome.Rcheck/00install.out’ for details.
Flavor: r-devel-linux-x86_64-debian-clang

Version: 0.8.2
Check: whether package can be installed
Result: WARNING
    Found the following significant warnings:
     tabix/razf.c:293:9: warning: pointer of type ‘void *’ used in arithmetic [-Wpointer-arith]
     tabix/razf.c:307:8: warning: pointer of type ‘void *’ used in arithmetic [-Wpointer-arith]
     tabix/razf.c:402:35: warning: pointer of type ‘void *’ used in arithmetic [-Wpointer-arith]
     tabix/razf.c:410:37: warning: pointer of type ‘void *’ used in arithmetic [-Wpointer-arith]
     tabix/razf.c:641:10: warning: pointer of type ‘void *’ used in arithmetic [-Wpointer-arith]
     tabix/razf.c:647:10: warning: pointer of type ‘void *’ used in arithmetic [-Wpointer-arith]
    See ‘/home/hornik/tmp/R.check/r-devel-gcc/Work/PKGS/WhopGenome.Rcheck/00install.out’ for details.
Flavor: r-devel-linux-x86_64-debian-gcc

Version: 0.8.2
Check: whether package can be installed
Result: WARNING
    Found the following significant warnings:
     tabix/razf.c:293:9: warning: arithmetic on a pointer to void is a GNU extension [-Wpointer-arith]
     tabix/razf.c:307:8: warning: arithmetic on a pointer to void is a GNU extension [-Wpointer-arith]
     tabix/razf.c:402:35: warning: arithmetic on a pointer to void is a GNU extension [-Wpointer-arith]
     tabix/razf.c:410:37: warning: arithmetic on a pointer to void is a GNU extension [-Wpointer-arith]
     tabix/razf.c:641:10: warning: arithmetic on a pointer to void is a GNU extension [-Wpointer-arith]
     tabix/razf.c:647:10: warning: arithmetic on a pointer to void is a GNU extension [-Wpointer-arith]
    See ‘/data/gannet/ripley/R/packages/tests-clang/WhopGenome.Rcheck/00install.out’ for details.
Flavor: r-devel-linux-x86_64-fedora-clang

Version: 0.8.2
Check: whether package can be installed
Result: WARNING
    Found the following significant warnings:
     tabix/razf.c:293:9: warning: pointer of type ‘void *’ used in arithmetic [-Wpedantic]
     tabix/razf.c:307:8: warning: pointer of type ‘void *’ used in arithmetic [-Wpedantic]
     tabix/razf.c:402:35: warning: pointer of type ‘void *’ used in arithmetic [-Wpedantic]
     tabix/razf.c:410:37: warning: pointer of type ‘void *’ used in arithmetic [-Wpedantic]
     tabix/razf.c:641:10: warning: pointer of type ‘void *’ used in arithmetic [-Wpedantic]
     tabix/razf.c:647:10: warning: pointer of type ‘void *’ used in arithmetic [-Wpedantic]
    See ‘/data/gannet/ripley/R/packages/tests-devel/WhopGenome.Rcheck/00install.out’ for details.
Flavor: r-devel-linux-x86_64-fedora-gcc

Version: 0.8.2
Check: package dependencies
Result: NOTE
    Package suggested but not available for checking: ‘RMySQL’
Flavors: r-devel-osx-x86_64-clang, r-devel-windows-ix86+x86_64, r-patched-solaris-sparc, r-patched-solaris-x86, r-release-windows-ix86+x86_64, r-oldrel-windows-ix86+x86_64

Version: 0.8.2
Check: whether package can be installed
Result: WARNING
    Found the following significant warnings:
     tabix/razf.c:293:9: warning: arithmetic on a pointer to void is a GNU extension [-Wpointer-arith]
     tabix/razf.c:307:8: warning: arithmetic on a pointer to void is a GNU extension [-Wpointer-arith]
     tabix/razf.c:402:35: warning: arithmetic on a pointer to void is a GNU extension [-Wpointer-arith]
     tabix/razf.c:410:37: warning: arithmetic on a pointer to void is a GNU extension [-Wpointer-arith]
     tabix/razf.c:641:10: warning: arithmetic on a pointer to void is a GNU extension [-Wpointer-arith]
     tabix/razf.c:647:10: warning: arithmetic on a pointer to void is a GNU extension [-Wpointer-arith]
    See ‘/Users/ripley/R/packages/tests-devel/WhopGenome.Rcheck/00install.out’ for details.
Flavor: r-devel-osx-x86_64-clang

Version: 0.8.2
Check: whether package can be installed
Result: WARNING
    Found the following significant warnings:
     tabix/razf.c:293:9: warning: pointer of type ‘void *’ used in arithmetic [-Wpointer-arith]
     tabix/razf.c:307:8: warning: pointer of type ‘void *’ used in arithmetic [-Wpointer-arith]
     tabix/razf.c:402:35: warning: pointer of type ‘void *’ used in arithmetic [-Wpointer-arith]
     tabix/razf.c:410:37: warning: pointer of type ‘void *’ used in arithmetic [-Wpointer-arith]
     tabix/razf.c:641:10: warning: pointer of type ‘void *’ used in arithmetic [-Wpointer-arith]
     tabix/razf.c:647:10: warning: pointer of type ‘void *’ used in arithmetic [-Wpointer-arith]
    See ‘/home/hornik/tmp/R.check/r-patched-gcc/Work/PKGS/WhopGenome.Rcheck/00install.out’ for details.
Flavor: r-patched-linux-x86_64

Version: 0.8.2
Check: whether package can be installed
Result: WARNING
    Found the following significant warnings:
     tabix/razf.c:293:9: warning: pointer of type ‘void *’ used in arithmetic [-Wpointer-arith]
     tabix/razf.c:307:8: warning: pointer of type ‘void *’ used in arithmetic [-Wpointer-arith]
     tabix/razf.c:402:35: warning: pointer of type ‘void *’ used in arithmetic [-Wpointer-arith]
     tabix/razf.c:410:37: warning: pointer of type ‘void *’ used in arithmetic [-Wpointer-arith]
     tabix/razf.c:641:10: warning: pointer of type ‘void *’ used in arithmetic [-Wpointer-arith]
     tabix/razf.c:647:10: warning: pointer of type ‘void *’ used in arithmetic [-Wpointer-arith]
    See ‘/home/hornik/tmp/R.check/r-release-gcc/Work/PKGS/WhopGenome.Rcheck/00install.out’ for details.
Flavors: r-release-linux-ix86, r-release-linux-x86_64

Version: 0.8.2
Check: package dependencies
Result: NOTE
    Packages suggested but not available for checking: ‘RMySQL’ ‘AnnotationDbi’
Flavor: r-release-osx-x86_64-mavericks

Version: 0.8.2
Check: package dependencies
Result: NOTE
    Package suggested but not available for checking: 'AnnotationDbi'
Flavor: r-release-osx-x86_64-snowleopard