CRAN Package Check Results for Package WhopGenome

Last updated on 2017-06-28 20:49:05.

Flavor Version Tinstall Tcheck Ttotal Status Flags
r-devel-linux-x86_64-debian-clang 0.9.7 11.73 18.32 30.06 OK
r-devel-linux-x86_64-debian-gcc 0.9.7 12.86 15.77 28.63 OK
r-devel-linux-x86_64-fedora-clang 0.9.7 61.70 OK
r-devel-linux-x86_64-fedora-gcc 0.9.7 51.47 OK
r-devel-windows-ix86+x86_64 0.9.7 119.00 46.00 165.00 WARN
r-patched-linux-x86_64 0.9.7 12.56 18.25 30.81 OK
r-patched-solaris-sparc 0.9.7 343.50 NOTE
r-patched-solaris-x86 0.9.7 80.40 NOTE
r-release-linux-x86_64 0.9.7 12.55 18.16 30.72 OK
r-release-windows-ix86+x86_64 0.9.7 110.00 63.00 173.00 OK
r-release-osx-x86_64 0.9.7 NOTE
r-oldrel-windows-ix86+x86_64 0.9.7 176.00 65.00 241.00 OK
r-oldrel-osx-x86_64 0.9.7 OK

Additional issues

rchk

Check Details

Version: 0.9.7
Check: whether package can be installed
Result: WARN
    Found the following significant warnings:
     tabix/knetfile.c:438:5: warning: ISO C does not support the 'I64' ms_printf length modifier [-Wformat=]
Flavor: r-devel-windows-ix86+x86_64

Version: 0.9.7
Check: package dependencies
Result: NOTE
    Package suggested but not available for checking: ‘RMySQL’
Flavors: r-patched-solaris-sparc, r-patched-solaris-x86

Version: 0.9.7
Check: package dependencies
Result: NOTE
    Package suggested but not available for checking: ‘AnnotationDbi’
Flavor: r-release-osx-x86_64