CRAN Package Check Results for Package WideLM

Last updated on 2015-03-06 23:48:35.

Flavor Version Tinstall Tcheck Ttotal Status Flags
r-devel-linux-x86_64-debian-clang 0.1-1 0.76 11.50 12.26 WARN --install=fake
r-devel-linux-x86_64-debian-gcc 0.1-1 0.72 12.09 12.81 WARN --install=fake
r-devel-linux-x86_64-fedora-clang 0.1-1 23.37 WARN --install=fake
r-devel-linux-x86_64-fedora-gcc 0.1-1 21.42 WARN --install=fake
r-patched-linux-x86_64 0.1-1 0.90 13.44 14.34 WARN --install=fake
r-release-linux-ix86 0.1-1 1.19 22.90 24.09 OK --install=fake
r-release-linux-x86_64 0.1-1 0.90 14.00 14.90 OK --install=fake
r-release-osx-x86_64-mavericks 0.1-1 ERROR
r-release-osx-x86_64-snowleopard 0.1-1 ERROR

Check Details

Version: 0.1-1
Flags: --install=fake
Check: for GNU extensions in Makefiles
Result: WARN
    Found the following file(s) containing GNU extensions:
     src/Makefile.in
    Portable Makefiles do not use GNU extensions such as +=, :=, $(shell),
    $(wildcard), ifeq ... endif. See section ‘Writing portable packages’ in
    the ‘Writing R Extensions’ manual.
Flavors: r-devel-linux-x86_64-debian-clang, r-devel-linux-x86_64-debian-gcc, r-devel-linux-x86_64-fedora-clang, r-devel-linux-x86_64-fedora-gcc, r-patched-linux-x86_64

Version: 0.1-1
Check: whether package can be installed
Result: ERROR
    Installation failed.
Flavors: r-release-osx-x86_64-mavericks, r-release-osx-x86_64-snowleopard