CRAN Package Check Results for Package WideLM

Last updated on 2014-04-24 09:49:13.

Flavor Version Tinstall Tcheck Ttotal Status Flags
r-devel-linux-x86_64-debian-clang 0.1-1 0.95 13.43 14.38 OK --install=fake
r-devel-linux-x86_64-debian-gcc 0.1-1 0.96 13.45 14.42 OK --install=fake
r-devel-linux-x86_64-fedora-clang 0.1-1 27.37 OK --install=fake
r-devel-linux-x86_64-fedora-gcc 0.1-1 25.30 OK --install=fake
r-devel-osx-x86_64-gcc 0.1-1 ERROR
r-patched-linux-x86_64 0.1-1 1.02 13.84 14.86 OK --install=fake
r-release-linux-ix86 0.1-1 2.00 27.00 29.00 OK --install=fake
r-release-linux-x86_64 0.1-1 0.94 14.11 15.06 OK --install=fake
r-release-osx-x86_64-mavericks 0.1-1 ERROR
r-release-osx-x86_64-snowleopard 0.1-1 ERROR

Check Details

Version: 0.1-1
Check: whether package can be installed
Result: ERROR
    Installation failed.
    See ‘/Volumes/XT3/Builds/R-dev-web/QA/Simon/packages/snowleopard-x86_64/results/3.2/WideLM.Rcheck/00install.out’ for details.
Flavor: r-devel-osx-x86_64-gcc

Version: 0.1-1
Check: whether package can be installed
Result: ERROR
    Installation failed.
    See ‘/Builds/CRAN-QA-Simon/packages/mavericks-x86_64/results/3.1/WideLM.Rcheck/00install.out’ for details.
Flavor: r-release-osx-x86_64-mavericks

Version: 0.1-1
Check: whether package can be installed
Result: ERROR
    Installation failed.
    See ‘/Volumes/XT3/Builds/R-dev-web/QA/Simon/packages/snowleopard-x86_64/results/3.1/WideLM.Rcheck/00install.out’ for details.
Flavor: r-release-osx-x86_64-snowleopard