CRAN Package Check Results for Package WideLM

Last updated on 2014-08-31 05:50:24.

Flavor Version Tinstall Tcheck Ttotal Status Flags
r-devel-linux-x86_64-debian-clang 0.1-1 0.87 12.60 13.47 OK --install=fake
r-devel-linux-x86_64-debian-gcc 0.1-1 0.94 12.21 13.15 OK --install=fake
r-devel-linux-x86_64-fedora-clang 0.1-1 27.19 OK --install=fake
r-devel-linux-x86_64-fedora-gcc 0.1-1 24.97 OK --install=fake
r-patched-linux-x86_64 0.1-1 0.95 12.63 13.58 OK --install=fake
r-release-linux-ix86 0.1-1 1.35 18.75 20.10 OK --install=fake
r-release-linux-x86_64 0.1-1 0.97 12.96 13.93 OK --install=fake
r-release-osx-x86_64-mavericks 0.1-1 ERROR
r-release-osx-x86_64-snowleopard 0.1-1 ERROR

Check Details

Version: 0.1-1
Check: whether package can be installed
Result: ERROR
    Installation failed.
Flavors: r-release-osx-x86_64-mavericks, r-release-osx-x86_64-snowleopard