CRAN Package Check Results for Package WideLM

Last updated on 2015-08-31 12:48:06.

Flavor Version Tinstall Tcheck Ttotal Status Flags
r-devel-linux-x86_64-debian-clang 0.1-1 0.72 11.26 11.99 WARN --install=fake
r-devel-linux-x86_64-debian-gcc 0.1-1 0.66 10.34 10.99 WARN --install=fake
r-devel-linux-x86_64-fedora-clang 0.1-1 21.14 WARN --install=fake
r-devel-linux-x86_64-fedora-gcc 0.1-1 19.68 WARN --install=fake
r-patched-linux-x86_64 0.1-1 0.80 11.17 11.96 WARN --install=fake
r-release-linux-x86_64 0.1-1 0.72 11.27 11.99 WARN --install=fake
r-release-osx-x86_64-mavericks 0.1-1 ERROR

Check Details

Version: 0.1-1
Flags: --install=fake
Check: for GNU extensions in Makefiles
Result: WARN
    Found the following file(s) containing GNU extensions:
     src/Makefile.in
    Portable Makefiles do not use GNU extensions such as +=, :=, $(shell),
    $(wildcard), ifeq ... endif. See section ‘Writing portable packages’ in
    the ‘Writing R Extensions’ manual.
Flavors: r-devel-linux-x86_64-debian-clang, r-devel-linux-x86_64-debian-gcc, r-devel-linux-x86_64-fedora-clang, r-devel-linux-x86_64-fedora-gcc, r-patched-linux-x86_64, r-release-linux-x86_64

Version: 0.1-1
Check: whether package can be installed
Result: ERROR
    Installation failed.
Flavor: r-release-osx-x86_64-mavericks