CRAN Package Check Results for Package WideLM

Last updated on 2014-11-28 11:50:36.

Flavor Version Tinstall Tcheck Ttotal Status Flags
r-devel-linux-x86_64-debian-clang 0.1-1 0.87 13.74 14.61 OK --install=fake
r-devel-linux-x86_64-debian-gcc 0.1-1 0.89 13.06 13.95 OK --install=fake
r-devel-linux-x86_64-fedora-clang 0.1-1 28.17 OK --install=fake
r-devel-linux-x86_64-fedora-gcc 0.1-1 28.38 OK --install=fake
r-patched-linux-x86_64 0.1-1 0.89 13.05 13.94 OK --install=fake
r-release-linux-ix86 0.1-1 1.18 19.06 20.24 OK --install=fake
r-release-linux-x86_64 0.1-1 1.14 13.15 14.29 OK --install=fake
r-release-osx-x86_64-mavericks 0.1-1 ERROR
r-release-osx-x86_64-snowleopard 0.1-1 ERROR

Check Details

Version: 0.1-1
Check: whether package can be installed
Result: ERROR
    Installation failed.
Flavors: r-release-osx-x86_64-mavericks, r-release-osx-x86_64-snowleopard