CRAN Package Check Results for Package WideLM

Last updated on 2014-10-24 16:46:59.

Flavor Version Tinstall Tcheck Ttotal Status Flags
r-devel-linux-x86_64-debian-clang 0.1-1 0.89 13.15 14.04 OK --install=fake
r-devel-linux-x86_64-debian-gcc 0.1-1 0.83 13.05 13.88 OK --install=fake
r-devel-linux-x86_64-fedora-clang 0.1-1 26.90 OK --install=fake
r-devel-linux-x86_64-fedora-gcc 0.1-1 25.90 OK --install=fake
r-patched-linux-x86_64 0.1-1 0.91 13.17 14.08 OK --install=fake
r-release-linux-ix86 0.1-1 1.24 19.01 20.25 OK --install=fake
r-release-linux-x86_64 0.1-1 0.94 13.14 14.07 OK --install=fake
r-release-osx-x86_64-mavericks 0.1-1 ERROR
r-release-osx-x86_64-snowleopard 0.1-1 ERROR

Check Details

Version: 0.1-1
Check: whether package can be installed
Result: ERROR
    Installation failed.
Flavors: r-release-osx-x86_64-mavericks, r-release-osx-x86_64-snowleopard