CRAN Package Check Results for Package WideLM

Last updated on 2014-12-20 23:47:32.

Flavor Version Tinstall Tcheck Ttotal Status Flags
r-devel-linux-x86_64-debian-clang 0.1-1 0.92 13.80 14.72 OK --install=fake
r-devel-linux-x86_64-debian-gcc 0.1-1 0.84 13.38 14.22 OK --install=fake
r-devel-linux-x86_64-fedora-clang 0.1-1 27.66 OK --install=fake
r-devel-linux-x86_64-fedora-gcc 0.1-1 25.51 OK --install=fake
r-patched-linux-x86_64 0.1-1 0.89 13.28 14.17 OK --install=fake
r-release-linux-ix86 0.1-1 1.18 18.53 19.71 OK --install=fake
r-release-linux-x86_64 0.1-1 0.90 13.56 14.46 OK --install=fake
r-release-osx-x86_64-mavericks 0.1-1 ERROR
r-release-osx-x86_64-snowleopard 0.1-1 ERROR

Check Details

Version: 0.1-1
Check: whether package can be installed
Result: ERROR
    Installation failed.
Flavors: r-release-osx-x86_64-mavericks, r-release-osx-x86_64-snowleopard