CRAN Package Check Results for Package WideLM

Last updated on 2015-04-01 23:49:30.

Flavor Version Tinstall Tcheck Ttotal Status Flags
r-devel-linux-x86_64-debian-clang 0.1-1 0.75 11.62 12.36 WARN --install=fake
r-devel-linux-x86_64-debian-gcc 0.1-1 0.74 12.07 12.80 WARN --install=fake
r-devel-linux-x86_64-fedora-clang 0.1-1 23.75 WARN --install=fake
r-devel-linux-x86_64-fedora-gcc 0.1-1 21.82 WARN --install=fake
r-prerel-linux-x86_64 0.1-1 0.77 11.53 12.30 WARN --install=fake
r-release-linux-x86_64 0.1-1 0.91 13.45 14.36 WARN --install=fake
r-release-osx-x86_64-mavericks 0.1-1 ERROR
r-release-osx-x86_64-snowleopard 0.1-1 ERROR

Check Details

Version: 0.1-1
Flags: --install=fake
Check: for GNU extensions in Makefiles
Result: WARN
    Found the following file(s) containing GNU extensions:
     src/Makefile.in
    Portable Makefiles do not use GNU extensions such as +=, :=, $(shell),
    $(wildcard), ifeq ... endif. See section ‘Writing portable packages’ in
    the ‘Writing R Extensions’ manual.
Flavors: r-devel-linux-x86_64-debian-clang, r-devel-linux-x86_64-debian-gcc, r-devel-linux-x86_64-fedora-clang, r-devel-linux-x86_64-fedora-gcc, r-prerel-linux-x86_64, r-release-linux-x86_64

Version: 0.1-1
Check: whether package can be installed
Result: ERROR
    Installation failed.
Flavors: r-release-osx-x86_64-mavericks, r-release-osx-x86_64-snowleopard