CRAN Package Check Results for Package WideLM

Last updated on 2014-07-23 05:49:14.

Flavor Version Tinstall Tcheck Ttotal Status Flags
r-devel-linux-x86_64-debian-clang 0.1-1 0.88 12.64 13.52 OK --install=fake
r-devel-linux-x86_64-debian-gcc 0.1-1 0.94 12.72 13.66 OK --install=fake
r-devel-linux-x86_64-fedora-clang 0.1-1 27.51 OK --install=fake
r-devel-linux-x86_64-fedora-gcc 0.1-1 25.28 OK --install=fake
r-patched-linux-x86_64 0.1-1 0.89 12.69 13.58 OK --install=fake
r-release-linux-ix86 0.1-1 1.24 18.80 20.04 OK --install=fake
r-release-linux-x86_64 0.1-1 1.06 13.57 14.63 OK --install=fake
r-release-osx-x86_64-mavericks 0.1-1 ERROR
r-release-osx-x86_64-snowleopard 0.1-1 ERROR

Check Details

Version: 0.1-1
Check: whether package can be installed
Result: ERROR
    Installation failed.
    See ‘/Builds/CRAN-QA-Simon/packages/mavericks-x86_64/results/3.1/WideLM.Rcheck/00install.out’ for details.
Flavor: r-release-osx-x86_64-mavericks

Version: 0.1-1
Check: whether package can be installed
Result: ERROR
    Installation failed.
    See ‘/Volumes/XT3/Builds/R-dev-web/QA/Simon/packages/snowleopard-x86_64/results/3.1/WideLM.Rcheck/00install.out’ for details.
Flavor: r-release-osx-x86_64-snowleopard