CRAN Package Check Results for Package WideLM

Last updated on 2015-10-04 08:47:27.

Flavor Version Tinstall Tcheck Ttotal Status Flags
r-devel-linux-x86_64-debian-gcc 0.1-1 0.68 9.54 10.22 WARN --install=fake
r-devel-linux-x86_64-fedora-clang 0.1-1 19.58 WARN --install=fake
r-devel-linux-x86_64-fedora-gcc 0.1-1 17.87 WARN --install=fake
r-patched-linux-x86_64 0.1-1 0.81 10.40 11.21 WARN --install=fake
r-release-linux-x86_64 0.1-1 0.74 11.29 12.03 WARN --install=fake
r-release-osx-x86_64-mavericks 0.1-1 ERROR

Check Details

Version: 0.1-1
Flags: --install=fake
Check: for GNU extensions in Makefiles
Result: WARN
    Found the following file(s) containing GNU extensions:
    Portable Makefiles do not use GNU extensions such as +=, :=, $(shell),
    $(wildcard), ifeq ... endif. See section ‘Writing portable packages’ in
    the ‘Writing R Extensions’ manual.
Flavors: r-devel-linux-x86_64-debian-gcc, r-devel-linux-x86_64-fedora-clang, r-devel-linux-x86_64-fedora-gcc, r-patched-linux-x86_64, r-release-linux-x86_64

Version: 0.1-1
Check: whether package can be installed
Result: ERROR
    Installation failed.
Flavor: r-release-osx-x86_64-mavericks