CRAN Package Check Results for Package WilcoxCV

Last updated on 2016-05-01 11:47:30.

Flavor Version Tinstall Tcheck Ttotal Status Flags
r-devel-linux-x86_64-debian-gcc 1.0-2 0.49 8.31 8.80 NOTE
r-devel-linux-x86_64-fedora-clang 1.0-2 15.03 NOTE
r-devel-linux-x86_64-fedora-gcc 1.0-2 13.72 NOTE
r-devel-osx-x86_64-clang 1.0-2 17.20 NOTE
r-devel-windows-ix86+x86_64 1.0-2 2.00 23.00 25.00 NOTE
r-patched-linux-x86_64 1.0-2 0.56 8.17 8.73 NOTE
r-patched-solaris-sparc 1.0-2 96.60 NOTE
r-patched-solaris-x86 1.0-2 23.20 NOTE
r-release-linux-x86_64 1.0-2 0.54 8.61 9.14 OK
r-release-osx-x86_64-mavericks 1.0-2 OK
r-release-windows-ix86+x86_64 1.0-2 3.00 15.00 18.00 OK
r-oldrel-windows-ix86+x86_64 1.0-2 3.00 15.00 18.00 OK

Check Details

Version: 1.0-2
Check: R code for possible problems
Result: NOTE
    wilcox.selection.split: no visible global function definition for
     ‘pnorm’
    wilcox.test2: no visible global function definition for ‘wilcox.test’
    Undefined global functions or variables:
     pnorm wilcox.test
    Consider adding
     importFrom("stats", "pnorm", "wilcox.test")
    to your NAMESPACE file.
Flavors: r-devel-linux-x86_64-debian-gcc, r-devel-linux-x86_64-fedora-clang, r-devel-linux-x86_64-fedora-gcc, r-devel-osx-x86_64-clang, r-devel-windows-ix86+x86_64, r-patched-linux-x86_64, r-patched-solaris-sparc, r-patched-solaris-x86