CRAN Package Check Results for Package WilcoxCV

Last updated on 2016-12-08 23:49:55.

Flavor Version Tinstall Tcheck Ttotal Status Flags
r-devel-linux-x86_64-debian-clang 1.0-2 0.57 9.85 10.41 NOTE
r-devel-linux-x86_64-debian-gcc 1.0-2 0.55 9.69 10.24 NOTE
r-devel-linux-x86_64-fedora-clang 1.0-2 18.80 NOTE --no-stop-on-test-error
r-devel-linux-x86_64-fedora-gcc 1.0-2 17.72 NOTE --no-stop-on-test-error
r-devel-macos-x86_64-clang 1.0-2 16.05 NOTE
r-devel-windows-ix86+x86_64 1.0-2 6.00 30.00 36.00 NOTE
r-patched-linux-x86_64 1.0-2 0.54 8.25 8.79 NOTE
r-patched-solaris-sparc 1.0-2 97.80 NOTE
r-patched-solaris-x86 1.0-2 22.40 NOTE
r-release-linux-x86_64 1.0-2 0.57 8.45 9.02 NOTE
r-release-osx-x86_64-mavericks 1.0-2 NOTE
r-release-windows-ix86+x86_64 1.0-2 3.00 23.00 26.00 NOTE
r-oldrel-windows-ix86+x86_64 1.0-2 2.00 21.00 23.00 OK

Check Details

Version: 1.0-2
Check: R code for possible problems
Result: NOTE
    wilcox.selection.split: no visible global function definition for
     ‘pnorm’
    wilcox.test2: no visible global function definition for ‘wilcox.test’
    Undefined global functions or variables:
     pnorm wilcox.test
    Consider adding
     importFrom("stats", "pnorm", "wilcox.test")
    to your NAMESPACE file.
Flavors: r-devel-linux-x86_64-debian-clang, r-devel-linux-x86_64-debian-gcc, r-devel-macos-x86_64-clang, r-devel-windows-ix86+x86_64, r-patched-linux-x86_64, r-patched-solaris-sparc, r-patched-solaris-x86, r-release-linux-x86_64, r-release-osx-x86_64-mavericks, r-release-windows-ix86+x86_64

Version: 1.0-2
Flags: --no-stop-on-test-error
Check: R code for possible problems
Result: NOTE
    wilcox.selection.split: no visible global function definition for
     ‘pnorm’
    wilcox.test2: no visible global function definition for ‘wilcox.test’
    Undefined global functions or variables:
     pnorm wilcox.test
    Consider adding
     importFrom("stats", "pnorm", "wilcox.test")
    to your NAMESPACE file.
Flavors: r-devel-linux-x86_64-fedora-clang, r-devel-linux-x86_64-fedora-gcc