CRAN Package Check Results for Package WilcoxCV

Last updated on 2016-06-29 15:48:11.

Flavor Version Tinstall Tcheck Ttotal Status Flags
r-devel-linux-x86_64-debian-gcc 1.0-2 0.74 8.35 9.08 NOTE
r-devel-linux-x86_64-fedora-clang 1.0-2 15.19 NOTE
r-devel-linux-x86_64-fedora-gcc 1.0-2 13.28 NOTE
r-devel-osx-x86_64-clang 1.0-2 14.02 NOTE
r-devel-windows-ix86+x86_64 1.0-2 4.00 23.00 27.00 NOTE
r-patched-linux-x86_64 1.0-2 0.61 8.27 8.88 NOTE
r-patched-solaris-sparc 1.0-2 97.80 NOTE
r-patched-solaris-x86 1.0-2 23.50 NOTE
r-release-linux-x86_64 1.0-2 0.62 8.30 8.92 NOTE
r-release-osx-x86_64-mavericks 1.0-2 NOTE
r-release-windows-ix86+x86_64 1.0-2 3.00 33.00 36.00 NOTE
r-oldrel-windows-ix86+x86_64 1.0-2 3.00 15.00 18.00 OK

Check Details

Version: 1.0-2
Check: R code for possible problems
Result: NOTE
    wilcox.selection.split: no visible global function definition for
     ‘pnorm’
    wilcox.test2: no visible global function definition for ‘wilcox.test’
    Undefined global functions or variables:
     pnorm wilcox.test
    Consider adding
     importFrom("stats", "pnorm", "wilcox.test")
    to your NAMESPACE file.
Flavors: r-devel-linux-x86_64-debian-gcc, r-devel-linux-x86_64-fedora-clang, r-devel-linux-x86_64-fedora-gcc, r-devel-osx-x86_64-clang, r-devel-windows-ix86+x86_64, r-patched-linux-x86_64, r-patched-solaris-sparc, r-patched-solaris-x86, r-release-linux-x86_64, r-release-osx-x86_64-mavericks, r-release-windows-ix86+x86_64