CRAN Package Check Results for Package WilcoxCV

Last updated on 2017-05-25 17:48:32.

Flavor Version Tinstall Tcheck Ttotal Status Flags
r-devel-linux-x86_64-debian-clang 1.0-2 0.65 10.13 10.78 NOTE
r-devel-linux-x86_64-debian-gcc 1.0-2 0.64 10.35 10.98 NOTE
r-devel-linux-x86_64-fedora-clang 1.0-2 18.71 NOTE --no-stop-on-test-error
r-devel-linux-x86_64-fedora-gcc 1.0-2 17.07 NOTE --no-stop-on-test-error
r-devel-windows-ix86+x86_64 1.0-2 4.00 35.00 39.00 NOTE
r-patched-linux-x86_64 1.0-2 0.55 10.19 10.74 NOTE
r-patched-solaris-sparc 1.0-2 108.20 NOTE
r-patched-solaris-x86 1.0-2 26.20 NOTE
r-release-linux-x86_64 1.0-2 0.57 10.22 10.79 NOTE
r-release-windows-ix86+x86_64 1.0-2 2.00 24.00 26.00 NOTE
r-release-osx-x86_64 1.0-2 NOTE
r-oldrel-windows-ix86+x86_64 1.0-2 3.00 23.00 26.00 NOTE
r-oldrel-osx-x86_64 1.0-2 NOTE

Check Details

Version: 1.0-2
Check: R code for possible problems
Result: NOTE
    wilcox.selection.split: no visible global function definition for
     ‘pnorm’
    wilcox.test2: no visible global function definition for ‘wilcox.test’
    Undefined global functions or variables:
     pnorm wilcox.test
    Consider adding
     importFrom("stats", "pnorm", "wilcox.test")
    to your NAMESPACE file.
Flavors: r-devel-linux-x86_64-debian-clang, r-devel-linux-x86_64-debian-gcc, r-devel-windows-ix86+x86_64, r-patched-linux-x86_64, r-patched-solaris-sparc, r-patched-solaris-x86, r-release-linux-x86_64, r-release-windows-ix86+x86_64, r-release-osx-x86_64, r-oldrel-windows-ix86+x86_64, r-oldrel-osx-x86_64

Version: 1.0-2
Flags: --no-stop-on-test-error
Check: R code for possible problems
Result: NOTE
    wilcox.selection.split: no visible global function definition for
     ‘pnorm’
    wilcox.test2: no visible global function definition for ‘wilcox.test’
    Undefined global functions or variables:
     pnorm wilcox.test
    Consider adding
     importFrom("stats", "pnorm", "wilcox.test")
    to your NAMESPACE file.
Flavors: r-devel-linux-x86_64-fedora-clang, r-devel-linux-x86_64-fedora-gcc