CRAN Package Check Results for Package WilcoxCV

Last updated on 2020-11-30 18:51:33 CET.

Flavor Version Tinstall Tcheck Ttotal Status Flags
r-devel-linux-x86_64-debian-clang 1.0-2 2.54 21.92 24.46 NOTE
r-devel-linux-x86_64-debian-gcc 1.0-2 1.93 16.77 18.70 NOTE
r-devel-linux-x86_64-fedora-clang 1.0-2 34.81 NOTE
r-devel-linux-x86_64-fedora-gcc 1.0-2 24.93 NOTE
r-devel-windows-ix86+x86_64 1.0-2 4.00 33.00 37.00 NOTE
r-patched-linux-x86_64 1.0-2 2.51 20.91 23.42 NOTE
r-patched-solaris-x86 1.0-2 39.10 NOTE
r-release-linux-x86_64 1.0-2 2.66 21.61 24.27 NOTE
r-release-macos-x86_64 1.0-2 NOTE
r-release-windows-ix86+x86_64 1.0-2 4.00 30.00 34.00 NOTE
r-oldrel-macos-x86_64 1.0-2 NOTE
r-oldrel-windows-ix86+x86_64 1.0-2 5.00 35.00 40.00 NOTE

Check Details

Version: 1.0-2
Check: R code for possible problems
Result: NOTE
    wilcox.selection.split: no visible global function definition for
     'pnorm'
    wilcox.test2: no visible global function definition for 'wilcox.test'
    Undefined global functions or variables:
     pnorm wilcox.test
    Consider adding
     importFrom("stats", "pnorm", "wilcox.test")
    to your NAMESPACE file.
Flavors: r-devel-linux-x86_64-debian-clang, r-devel-linux-x86_64-debian-gcc, r-devel-linux-x86_64-fedora-clang, r-devel-linux-x86_64-fedora-gcc, r-devel-windows-ix86+x86_64, r-patched-linux-x86_64, r-patched-solaris-x86, r-release-linux-x86_64, r-release-macos-x86_64, r-release-windows-ix86+x86_64, r-oldrel-macos-x86_64, r-oldrel-windows-ix86+x86_64