CRAN Package Check Results for Package WilcoxCV

Last updated on 2015-07-06 06:47:07.

Flavor Version Tinstall Tcheck Ttotal Status Flags
r-devel-linux-x86_64-debian-clang 1.0-2 0.50 8.05 8.55 NOTE
r-devel-linux-x86_64-debian-gcc 1.0-2 0.52 8.11 8.63 NOTE
r-devel-linux-x86_64-fedora-clang 1.0-2 15.92 NOTE
r-devel-linux-x86_64-fedora-gcc 1.0-2 14.87 NOTE
r-devel-osx-x86_64-clang 1.0-2 16.82 OK
r-devel-windows-ix86+x86_64 1.0-2 2.00 14.00 16.00 NOTE
r-patched-linux-x86_64 1.0-2 0.52 8.16 8.68 OK
r-patched-solaris-sparc 1.0-2 114.60 OK
r-patched-solaris-x86 1.0-2 26.00 OK
r-release-linux-x86_64 1.0-2 0.52 8.98 9.50 OK
r-release-osx-x86_64-mavericks 1.0-2 OK
r-release-windows-ix86+x86_64 1.0-2 2.00 14.00 16.00 OK
r-oldrel-windows-ix86+x86_64 1.0-2 3.00 15.00 18.00 OK

Check Details

Version: 1.0-2
Check: R code for possible problems
Result: NOTE
    wilcox.selection.split: no visible global function definition for
     ‘pnorm’
    wilcox.test2: no visible global function definition for ‘wilcox.test’
    Undefined global functions or variables:
     pnorm wilcox.test
Flavors: r-devel-linux-x86_64-debian-clang, r-devel-linux-x86_64-debian-gcc, r-devel-linux-x86_64-fedora-clang, r-devel-linux-x86_64-fedora-gcc, r-devel-windows-ix86+x86_64