CRAN Package Check Results for Package WilcoxCV

Last updated on 2015-08-03 16:48:39.

Flavor Version Tinstall Tcheck Ttotal Status Flags
r-devel-linux-x86_64-debian-clang 1.0-2 0.50 8.59 9.09 NOTE
r-devel-linux-x86_64-debian-gcc 1.0-2 0.54 7.94 8.48 NOTE
r-devel-linux-x86_64-fedora-clang 1.0-2 16.99 NOTE
r-devel-linux-x86_64-fedora-gcc 1.0-2 15.34 NOTE
r-devel-osx-x86_64-clang 1.0-2 16.64 OK
r-devel-windows-ix86+x86_64 1.0-2 2.00 15.00 17.00 NOTE
r-patched-linux-x86_64 1.0-2 0.50 8.45 8.96 OK
r-patched-solaris-sparc 1.0-2 115.00 OK
r-patched-solaris-x86 1.0-2 27.00 OK
r-release-linux-x86_64 1.0-2 0.56 8.48 9.04 OK
r-release-osx-x86_64-mavericks 1.0-2 OK
r-release-windows-ix86+x86_64 1.0-2 2.00 14.00 16.00 OK
r-oldrel-windows-ix86+x86_64 1.0-2 3.00 15.00 18.00 OK

Check Details

Version: 1.0-2
Check: R code for possible problems
Result: NOTE
    wilcox.selection.split: no visible global function definition for
     ‘pnorm’
    wilcox.test2: no visible global function definition for ‘wilcox.test’
    Undefined global functions or variables:
     pnorm wilcox.test
    Consider adding
     importFrom("stats", "pnorm", "wilcox.test")
    to your NAMESPACE.
Flavors: r-devel-linux-x86_64-debian-clang, r-devel-linux-x86_64-debian-gcc, r-devel-linux-x86_64-fedora-clang, r-devel-linux-x86_64-fedora-gcc, r-devel-windows-ix86+x86_64