CRAN Package Check Results for Package WilcoxCV

Last updated on 2018-06-24 09:49:28 CEST.

Flavor Version Tinstall Tcheck Ttotal Status Flags
r-devel-linux-x86_64-debian-clang 1.0-2 1.10 17.33 18.43 NOTE
r-devel-linux-x86_64-debian-gcc 1.0-2 0.82 14.01 14.83 NOTE
r-devel-linux-x86_64-fedora-clang 1.0-2 21.38 NOTE
r-devel-linux-x86_64-fedora-gcc 1.0-2 20.27 NOTE
r-devel-windows-ix86+x86_64 1.0-2 4.00 30.00 34.00 NOTE
r-patched-linux-x86_64 1.0-2 1.06 16.21 17.27 NOTE
r-patched-solaris-x86 1.0-2 32.40 NOTE
r-release-linux-x86_64 1.0-2 0.97 16.21 17.18 NOTE
r-release-windows-ix86+x86_64 1.0-2 4.00 26.00 30.00 NOTE
r-release-osx-x86_64 1.0-2 NOTE
r-oldrel-windows-ix86+x86_64 1.0-2 2.00 23.00 25.00 NOTE
r-oldrel-osx-x86_64 1.0-2 NOTE

Check Details

Version: 1.0-2
Check: R code for possible problems
Result: NOTE
    wilcox.selection.split: no visible global function definition for
     ‘pnorm’
    wilcox.test2: no visible global function definition for ‘wilcox.test’
    Undefined global functions or variables:
     pnorm wilcox.test
    Consider adding
     importFrom("stats", "pnorm", "wilcox.test")
    to your NAMESPACE file.
Flavors: r-devel-linux-x86_64-debian-clang, r-devel-linux-x86_64-debian-gcc, r-devel-linux-x86_64-fedora-clang, r-devel-linux-x86_64-fedora-gcc, r-devel-windows-ix86+x86_64, r-patched-linux-x86_64, r-patched-solaris-x86, r-release-linux-x86_64, r-release-windows-ix86+x86_64, r-release-osx-x86_64, r-oldrel-windows-ix86+x86_64, r-oldrel-osx-x86_64