Last updated on 2021-03-01 08:48:17 CET.
Flavor | Version | Tinstall | Tcheck | Ttotal | Status | Flags |
---|---|---|---|---|---|---|
r-devel-linux-x86_64-debian-clang | 1.0 | OK | ||||
r-devel-linux-x86_64-debian-gcc | 1.0 | 18.92 | 56.49 | 75.41 | OK | |
r-devel-linux-x86_64-fedora-clang | 1.0 | 137.14 | OK | |||
r-devel-linux-x86_64-fedora-gcc | 1.0 | 119.35 | OK | |||
r-devel-windows-ix86+x86_64 | 1.0 | 44.00 | 100.00 | 144.00 | OK | |
r-patched-linux-x86_64 | 1.0 | 22.16 | 71.42 | 93.58 | OK | |
r-patched-solaris-x86 | 1.0 | 156.30 | OK | |||
r-release-linux-x86_64 | 1.0 | 21.03 | 70.21 | 91.24 | OK | |
r-release-macos-x86_64 | 1.0 | OK | ||||
r-release-windows-ix86+x86_64 | 1.0 | 65.00 | 135.00 | 200.00 | OK | |
r-oldrel-macos-x86_64 | 1.0 | ERROR |
Version: 1.0
Check: whether package can be installed
Result: ERROR
Installation failed.
Flavor: r-oldrel-macos-x86_64