CRAN Package Check Results for Package WoodburyMatrix

Last updated on 2021-11-29 03:53:25 CET.

Flavor Version Tinstall Tcheck Ttotal Status Flags
r-devel-linux-x86_64-debian-clang 0.0.1 NOTE
r-devel-linux-x86_64-debian-gcc 0.0.1 7.14 61.41 68.55 NOTE
r-devel-linux-x86_64-fedora-clang 0.0.1 118.27 NOTE
r-devel-linux-x86_64-fedora-gcc 0.0.1 105.11 NOTE
r-devel-windows-x86_64-new-UL 0.0.1 17.00 122.00 139.00 NOTE
r-devel-windows-x86_64-new-TK 0.0.1 NOTE
r-devel-windows-x86_64-old 0.0.1 12.00 104.00 116.00 NOTE
r-patched-linux-x86_64 0.0.1 7.63 75.07 82.70 NOTE
r-patched-solaris-x86 0.0.1 134.80 NOTE
r-release-linux-x86_64 0.0.1 9.30 76.18 85.48 NOTE
r-release-macos-arm64 0.0.1 NOTE
r-release-macos-x86_64 0.0.1 NOTE
r-release-windows-ix86+x86_64 0.0.1 19.00 96.00 115.00 NOTE
r-oldrel-macos-x86_64 0.0.1 OK
r-oldrel-windows-ix86+x86_64 0.0.1 15.00 98.00 113.00 OK

Check Details

Version: 0.0.1
Check: LazyData
Result: NOTE
     'LazyData' is specified without a 'data' directory
Flavors: r-devel-linux-x86_64-debian-clang, r-devel-linux-x86_64-debian-gcc, r-devel-linux-x86_64-fedora-clang, r-devel-linux-x86_64-fedora-gcc, r-devel-windows-x86_64-new-UL, r-devel-windows-x86_64-new-TK, r-devel-windows-x86_64-old, r-patched-linux-x86_64, r-patched-solaris-x86, r-release-linux-x86_64, r-release-macos-arm64, r-release-macos-x86_64, r-release-windows-ix86+x86_64