CRAN Package Check Results for Package XLConnect

Last updated on 2018-06-24 16:49:14 CEST.

Flavor Version Tinstall Tcheck Ttotal Status Flags
r-devel-linux-x86_64-debian-clang 0.2-15 6.86 182.25 189.11 OK
r-devel-linux-x86_64-debian-gcc 0.2-15 7.43 142.66 150.09 OK
r-devel-linux-x86_64-fedora-clang 0.2-15 205.59 NOTE
r-devel-linux-x86_64-fedora-gcc 0.2-15 194.14 OK
r-devel-windows-ix86+x86_64 0.2-15 22.00 152.00 174.00 NOTE
r-patched-linux-x86_64 0.2-15 7.77 166.98 174.75 OK
r-patched-solaris-x86 0.2-15 169.10 NOTE
r-release-linux-x86_64 0.2-15 7.85 169.50 177.35 OK
r-release-windows-ix86+x86_64 0.2-15 23.00 169.00 192.00 NOTE
r-release-osx-x86_64 0.2-15 NOTE
r-oldrel-windows-ix86+x86_64 0.2-15 19.00 132.00 151.00 NOTE
r-oldrel-osx-x86_64 0.2-15 NOTE

Check Details

Version: 0.2-15
Check: installed package size
Result: NOTE
     installed size is 12.0Mb
     sub-directories of 1Mb or more:
     java 9.8Mb
Flavors: r-devel-linux-x86_64-fedora-clang, r-devel-windows-ix86+x86_64, r-patched-solaris-x86, r-release-windows-ix86+x86_64, r-release-osx-x86_64, r-oldrel-windows-ix86+x86_64, r-oldrel-osx-x86_64