CRAN Package Check Results for Package XLConnect

Last updated on 2015-01-31 22:47:28.

Flavor Version Tinstall Tcheck Ttotal Status Flags
r-devel-linux-x86_64-debian-clang 0.2-10 3.29 87.30 90.59 NOTE
r-devel-linux-x86_64-debian-gcc 0.2-10 3.22 84.16 87.38 NOTE
r-devel-linux-x86_64-fedora-clang 0.2-10 221.03 NOTE
r-devel-linux-x86_64-fedora-gcc 0.2-10 213.55 NOTE
r-devel-osx-x86_64-clang 0.2-10 92.64 NOTE
r-devel-windows-ix86+x86_64 0.2-10 21.00 133.00 154.00 NOTE
r-patched-linux-x86_64 0.2-10 4.22 99.67 103.89 NOTE
r-patched-solaris-sparc 0.2-10 980.50 NOTE
r-patched-solaris-x86 0.2-10 191.20 NOTE
r-release-linux-ix86 0.2-10 4.54 111.22 115.77 NOTE
r-release-linux-x86_64 0.2-10 3.87 98.94 102.82 NOTE
r-release-osx-x86_64-mavericks 0.2-10 NOTE
r-release-osx-x86_64-snowleopard 0.2-10 NOTE
r-release-windows-ix86+x86_64 0.2-10 14.00 159.00 173.00 NOTE
r-oldrel-windows-ix86+x86_64 0.2-10 13.00 146.00 159.00 NOTE

Check Details

Version: 0.2-10
Check: installed package size
Result: NOTE
     installed size is 6.5Mb
     sub-directories of 1Mb or more:
     java 4.0Mb
     unitTests 1.0Mb
Flavors: r-devel-linux-x86_64-debian-clang, r-devel-linux-x86_64-debian-gcc, r-devel-linux-x86_64-fedora-clang, r-devel-linux-x86_64-fedora-gcc, r-devel-osx-x86_64-clang, r-devel-windows-ix86+x86_64, r-patched-linux-x86_64, r-patched-solaris-sparc, r-patched-solaris-x86, r-release-linux-ix86, r-release-linux-x86_64, r-release-osx-x86_64-mavericks, r-release-osx-x86_64-snowleopard, r-release-windows-ix86+x86_64, r-oldrel-windows-ix86+x86_64