CRAN Package Check Results for Package XLConnect

Last updated on 2017-04-24 18:47:52.

Flavor Version Tinstall Tcheck Ttotal Status Flags
r-devel-linux-x86_64-debian-clang 0.2-12 3.37 78.52 81.89 OK
r-devel-linux-x86_64-debian-gcc 0.2-12 3.31 77.92 81.23 OK
r-devel-linux-x86_64-fedora-clang 0.2-12 204.00 NOTE --no-stop-on-test-error
r-devel-linux-x86_64-fedora-gcc 0.2-12 201.56 NOTE --no-stop-on-test-error
r-devel-windows-ix86+x86_64 0.2-12 NOTE
r-patched-linux-x86_64 0.2-12 3.63 79.64 83.27 OK
r-patched-solaris-sparc 0.2-12 842.30 NOTE
r-patched-solaris-x86 0.2-12 172.70 NOTE
r-release-linux-x86_64 0.2-12 3.58 78.22 81.80 OK
r-release-windows-ix86+x86_64 0.2-12 12.00 134.00 146.00 NOTE
r-release-osx-x86_64 0.2-12 NOTE
r-oldrel-windows-ix86+x86_64 0.2-12 12.00 128.00 140.00 NOTE
r-oldrel-osx-x86_64 0.2-12 NOTE

Check Details

Version: 0.2-12
Flags: --no-stop-on-test-error
Check: installed package size
Result: NOTE
     installed size is 7.1Mb
     sub-directories of 1Mb or more:
     java 4.6Mb
     unitTests 1.1Mb
Flavors: r-devel-linux-x86_64-fedora-clang, r-devel-linux-x86_64-fedora-gcc

Version: 0.2-12
Check: installed package size
Result: NOTE
     installed size is 7.1Mb
     sub-directories of 1Mb or more:
     java 4.6Mb
     unitTests 1.1Mb
Flavors: r-devel-windows-ix86+x86_64, r-patched-solaris-sparc, r-patched-solaris-x86, r-release-windows-ix86+x86_64, r-release-osx-x86_64, r-oldrel-windows-ix86+x86_64, r-oldrel-osx-x86_64

Version: 0.2-12
Check: re-building of vignette outputs
Result: NOTE
    Error in re-building vignettes:
     ...
    Loading required package: zoo
    
    Attaching package: ‘zoo’
    
    The following objects are masked from ‘package:base’:
    
     as.Date, as.Date.numeric
    
    Loading required package: ggplot2
    Error in texi2dvi(file = file, pdf = TRUE, clean = clean, quiet = quiet, :
     Running 'texi2dvi' on 'XLConnect.tex' failed.
    LaTeX errors:
    ! LaTeX Error: File `couriers.sty' not found.
    
    Type X to quit or <RETURN> to proceed,
    or enter new name. (Default extension: sty)
    
    ! Emergency stop.
    <read *>
    
    l.12 \usepackage
     [colorlinks]{hyperref}^^M
    ! ==> Fatal error occurred, no output PDF file produced!
    Calls: buildVignettes -> texi2pdf -> texi2dvi
    Execution halted
Flavor: r-release-osx-x86_64