CRAN Package Check Results for Package XLConnect

Last updated on 2015-08-04 23:48:39.

Flavor Version Tinstall Tcheck Ttotal Status Flags
r-devel-linux-x86_64-debian-clang 0.2-11 3.46 74.86 78.32 NOTE
r-devel-linux-x86_64-debian-gcc 0.2-11 3.15 74.10 77.25 NOTE
r-devel-linux-x86_64-fedora-clang 0.2-11 215.85 NOTE
r-devel-linux-x86_64-fedora-gcc 0.2-11 210.20 NOTE
r-devel-osx-x86_64-clang 0.2-11 135.62 NOTE
r-devel-windows-ix86+x86_64 0.2-11 19.00 123.00 142.00 NOTE
r-patched-linux-x86_64 0.2-11 3.15 74.23 77.38 NOTE
r-patched-solaris-sparc 0.2-11 873.70 NOTE
r-patched-solaris-x86 0.2-11 192.70 NOTE
r-release-linux-x86_64 0.2-11 3.28 73.81 77.09 NOTE
r-release-osx-x86_64-mavericks 0.2-11 NOTE
r-release-windows-ix86+x86_64 0.2-11 21.00 120.00 141.00 NOTE
r-oldrel-windows-ix86+x86_64 0.2-11 25.00 134.00 159.00 NOTE

Check Details

Version: 0.2-11
Check: installed package size
Result: NOTE
     installed size is 6.5Mb
     sub-directories of 1Mb or more:
     java 4.1Mb
     unitTests 1.0Mb
Flavors: r-devel-linux-x86_64-debian-clang, r-devel-linux-x86_64-debian-gcc, r-devel-linux-x86_64-fedora-clang, r-devel-linux-x86_64-fedora-gcc, r-devel-osx-x86_64-clang, r-devel-windows-ix86+x86_64, r-patched-linux-x86_64, r-patched-solaris-sparc, r-patched-solaris-x86, r-release-linux-x86_64, r-release-osx-x86_64-mavericks, r-release-windows-ix86+x86_64, r-oldrel-windows-ix86+x86_64

Version: 0.2-11
Check: R code for possible problems
Result: NOTE
    print.mirai: no visible global function definition for ‘browseURL’
    Undefined global functions or variables:
     browseURL
    Consider adding
     importFrom("utils", "browseURL")
    to your NAMESPACE.
Flavors: r-devel-linux-x86_64-debian-clang, r-devel-linux-x86_64-debian-gcc, r-devel-linux-x86_64-fedora-clang, r-devel-linux-x86_64-fedora-gcc, r-devel-windows-ix86+x86_64