CRAN Package Check Results for Package XLConnect

Last updated on 2017-05-27 14:47:26.

Flavor Version Tinstall Tcheck Ttotal Status Flags
r-devel-linux-x86_64-debian-clang 0.2-13 3.59 76.57 80.16 OK
r-devel-linux-x86_64-debian-gcc 0.2-13 3.85 76.47 80.32 OK
r-devel-linux-x86_64-fedora-clang 0.2-13 205.97 NOTE
r-devel-linux-x86_64-fedora-gcc 0.2-13 199.02 NOTE
r-devel-windows-ix86+x86_64 0.2-13 20.00 141.00 161.00 NOTE
r-patched-linux-x86_64 0.2-13 4.47 79.77 84.24 OK
r-patched-solaris-sparc 0.2-13 841.80 NOTE
r-patched-solaris-x86 0.2-13 156.60 OK
r-release-linux-x86_64 0.2-13 3.80 76.40 80.20 OK
r-release-windows-ix86+x86_64 0.2-13 13.00 122.00 135.00 NOTE
r-release-osx-x86_64 0.2-13 NOTE
r-oldrel-windows-ix86+x86_64 0.2-13 16.00 125.00 141.00 NOTE
r-oldrel-osx-x86_64 0.2-13 NOTE

Check Details

Version: 0.2-13
Check: installed package size
Result: NOTE
     installed size is 11.7Mb
     sub-directories of 1Mb or more:
     java 9.7Mb
Flavors: r-devel-linux-x86_64-fedora-clang, r-devel-linux-x86_64-fedora-gcc, r-devel-windows-ix86+x86_64, r-patched-solaris-sparc, r-release-windows-ix86+x86_64, r-release-osx-x86_64, r-oldrel-windows-ix86+x86_64, r-oldrel-osx-x86_64

Version: 0.2-13
Check: re-building of vignette outputs
Result: NOTE
    Error in re-building vignettes:
     ...
    Loading required package: zoo
    
    Attaching package: ‘zoo’
    
    The following objects are masked from ‘package:base’:
    
     as.Date, as.Date.numeric
    
    Loading required package: ggplot2
    Error in texi2dvi(file = file, pdf = TRUE, clean = clean, quiet = quiet, :
     Running 'texi2dvi' on 'XLConnect.tex' failed.
    LaTeX errors:
    ! LaTeX Error: File `couriers.sty' not found.
    
    Type X to quit or <RETURN> to proceed,
    or enter new name. (Default extension: sty)
    
    ! Emergency stop.
    <read *>
    
    l.12 \usepackage
     [colorlinks]{hyperref}^^M
    ! ==> Fatal error occurred, no output PDF file produced!
    Calls: buildVignettes -> texi2pdf -> texi2dvi
    Execution halted
Flavor: r-release-osx-x86_64