CRAN Package Check Results for Package XLConnect

Last updated on 2015-02-27 16:48:06.

Flavor Version Tinstall Tcheck Ttotal Status Flags
r-devel-linux-x86_64-debian-clang 0.2-10 3.32 65.46 68.78 ERROR
r-devel-linux-x86_64-debian-gcc 0.2-10 3.33 66.00 69.33 ERROR
r-devel-linux-x86_64-fedora-clang 0.2-10 91.63 ERROR
r-devel-linux-x86_64-fedora-gcc 0.2-10 146.61 ERROR
r-devel-osx-x86_64-clang 0.2-10 121.80 ERROR
r-devel-windows-ix86+x86_64 0.2-10 20.00 104.00 124.00 ERROR
r-patched-linux-x86_64 0.2-10 3.90 66.34 70.24 ERROR
r-patched-solaris-sparc 0.2-10 980.50 NOTE
r-release-linux-ix86 0.2-10 4.59 73.54 78.14 ERROR
r-release-linux-x86_64 0.2-10 3.90 66.66 70.56 ERROR
r-release-osx-x86_64-mavericks 0.2-10 NOTE
r-release-osx-x86_64-snowleopard 0.2-10 NOTE
r-release-windows-ix86+x86_64 0.2-10 13.00 97.00 110.00 ERROR
r-oldrel-windows-ix86+x86_64 0.2-10 15.00 90.00 105.00 ERROR

Check Details

Version: 0.2-10
Check: installed package size
Result: NOTE
     installed size is 6.5Mb
     sub-directories of 1Mb or more:
     java 4.0Mb
     unitTests 1.0Mb
Flavors: r-devel-linux-x86_64-debian-clang, r-devel-linux-x86_64-debian-gcc, r-devel-linux-x86_64-fedora-clang, r-devel-linux-x86_64-fedora-gcc, r-devel-osx-x86_64-clang, r-devel-windows-ix86+x86_64, r-patched-linux-x86_64, r-patched-solaris-sparc, r-release-linux-ix86, r-release-linux-x86_64, r-release-osx-x86_64-mavericks, r-release-osx-x86_64-snowleopard, r-release-windows-ix86+x86_64, r-oldrel-windows-ix86+x86_64

Version: 0.2-10
Check: running R code from vignettes
Result: ERROR
    Errors in running code in vignettes:
    when running code in ‘XLConnect.Rnw’
     ...
    + function(cur) oandaSeries(paste(cur, "CHF", sep = "/"))))
    trying URL ‘http://www.oanda.com/convert/fxhistory?lang=en&date1=02%2F25%2F14&date=02%2F26%2F15&date_fmt=us&exch=EUR&expr2=CHF&margin_fixed=0&SUBMIT=Get+Table&format=CSV&redirected=1’
    Warning in download.file(paste(source, from.date, to.date, "exch=", ccy.pair[1], :
     cannot open: HTTP status was ‘404 Not Found’
    Error in download.file(paste(source, from.date, to.date, "exch=", ccy.pair[1], :
     cannot open URL ‘http://www.oanda.com/convert/fxhistory?lang=en&date1=02%2F25%2F14&date=02%2F26%2F15&date_fmt=us&exch=EUR&expr2=CHF&margin_fixed=0&SUBMIT=Get+Table&format=CSV&redirected=1’
    
     When sourcing ‘XLConnect.R’:
    Error: trying to get slot "data" from an object of a basic class ("character") with no slots
    Execution halted
Flavors: r-devel-linux-x86_64-debian-clang, r-devel-linux-x86_64-debian-gcc, r-devel-windows-ix86+x86_64, r-patched-linux-x86_64, r-oldrel-windows-ix86+x86_64

Version: 0.2-10
Check: re-building of vignette outputs
Result: NOTE
    Error in re-building vignettes:
     ...
    Attaching package: ‘zoo’
    
    The following object is masked from ‘package:timeSeries’:
    
     time<-
    
    The following objects are masked from ‘package:base’:
    
     as.Date, as.Date.numeric
    
    This is forecast 5.8
    
    Loading required package: ggplot2
    Loading required package: scales
    trying URL ‘http://www.oanda.com/convert/fxhistory?lang=en&date1=02%2F25%2F14&date=02%2F26%2F15&date_fmt=us&exch=EUR&expr2=CHF&margin_fixed=0&SUBMIT=Get+Table&format=CSV&redirected=1’
    Warning in download.file(paste(source, from.date, to.date, "exch=", ccy.pair[1], :
     cannot open: HTTP status was ‘404 Not Found’
    Error in download.file(paste(source, from.date, to.date, "exch=", ccy.pair[1], :
     cannot open URL ‘http://www.oanda.com/convert/fxhistory?lang=en&date1=02%2F25%2F14&date=02%2F26%2F15&date_fmt=us&exch=EUR&expr2=CHF&margin_fixed=0&SUBMIT=Get+Table&format=CSV&redirected=1’
    
    Error: processing vignette ‘XLConnect.Rnw’ failed with diagnostics:
     chunk 16 (label = AdvancedExampleP2)
    Error in oandaSeries(paste(cur, "CHF", sep = "/")) :
     trying to get slot "data" from an object of a basic class ("character") with no slots
    Execution halted
Flavors: r-devel-linux-x86_64-debian-clang, r-devel-windows-ix86+x86_64

Version: 0.2-10
Check: re-building of vignette outputs
Result: NOTE
    Error in re-building vignettes:
     ...
    Attaching package: ‘zoo’
    
    The following object is masked from ‘package:timeSeries’:
    
     time<-
    
    The following objects are masked from ‘package:base’:
    
     as.Date, as.Date.numeric
    
    This is forecast 5.9
    
    Loading required package: ggplot2
    Loading required package: scales
    trying URL ‘http://www.oanda.com/convert/fxhistory?lang=en&date1=02%2F25%2F14&date=02%2F26%2F15&date_fmt=us&exch=EUR&expr2=CHF&margin_fixed=0&SUBMIT=Get+Table&format=CSV&redirected=1’
    Warning in download.file(paste(source, from.date, to.date, "exch=", ccy.pair[1], :
     cannot open: HTTP status was ‘404 Not Found’
    Error in download.file(paste(source, from.date, to.date, "exch=", ccy.pair[1], :
     cannot open URL ‘http://www.oanda.com/convert/fxhistory?lang=en&date1=02%2F25%2F14&date=02%2F26%2F15&date_fmt=us&exch=EUR&expr2=CHF&margin_fixed=0&SUBMIT=Get+Table&format=CSV&redirected=1’
    
    Error: processing vignette ‘XLConnect.Rnw’ failed with diagnostics:
     chunk 16 (label = AdvancedExampleP2)
    Error in oandaSeries(paste(cur, "CHF", sep = "/")) :
     trying to get slot "data" from an object of a basic class ("character") with no slots
    Execution halted
Flavor: r-devel-linux-x86_64-debian-gcc

Version: 0.2-10
Check: running R code from vignettes
Result: ERROR
    Errors in running code in vignettes:
    when running code in ‘XLConnect.Rnw’
     ...
    + function(cur) oandaSeries(paste(cur, "CHF", sep = "/"))))
    trying URL 'http://www.oanda.com/convert/fxhistory?lang=en&date1=02%2F26%2F14&date=02%2F27%2F15&date_fmt=us&exch=EUR&expr2=CHF&margin_fixed=0&SUBMIT=Get+Table&format=CSV&redirected=1'
    Warning in download.file(paste(source, from.date, to.date, "exch=", ccy.pair[1], :
     cannot open: HTTP status was '404 Not Found'
    Error in download.file(paste(source, from.date, to.date, "exch=", ccy.pair[1], :
     cannot open URL 'http://www.oanda.com/convert/fxhistory?lang=en&date1=02%2F26%2F14&date=02%2F27%2F15&date_fmt=us&exch=EUR&expr2=CHF&margin_fixed=0&SUBMIT=Get+Table&format=CSV&redirected=1'
    
     When sourcing ‘XLConnect.R’:
    Error: trying to get slot "data" from an object of a basic class ("character") with no slots
    Execution halted
Flavors: r-devel-linux-x86_64-fedora-clang, r-devel-linux-x86_64-fedora-gcc, r-release-linux-x86_64, r-release-windows-ix86+x86_64

Version: 0.2-10
Check: re-building of vignette outputs
Result: NOTE
    Error in re-building vignettes:
     ...
    Attaching package: ‘zoo’
    
    The following object is masked from ‘package:timeSeries’:
    
     time<-
    
    The following objects are masked from ‘package:base’:
    
     as.Date, as.Date.numeric
    
    This is forecast 5.9
    
    Loading required package: ggplot2
    Loading required package: scales
    trying URL 'http://www.oanda.com/convert/fxhistory?lang=en&date1=02%2F26%2F14&date=02%2F27%2F15&date_fmt=us&exch=EUR&expr2=CHF&margin_fixed=0&SUBMIT=Get+Table&format=CSV&redirected=1'
    Warning in download.file(paste(source, from.date, to.date, "exch=", ccy.pair[1], :
     cannot open: HTTP status was '404 Not Found'
    Error in download.file(paste(source, from.date, to.date, "exch=", ccy.pair[1], :
     cannot open URL 'http://www.oanda.com/convert/fxhistory?lang=en&date1=02%2F26%2F14&date=02%2F27%2F15&date_fmt=us&exch=EUR&expr2=CHF&margin_fixed=0&SUBMIT=Get+Table&format=CSV&redirected=1'
    
    Error: processing vignette 'XLConnect.Rnw' failed with diagnostics:
     chunk 16 (label = AdvancedExampleP2)
    Error in oandaSeries(paste(cur, "CHF", sep = "/")) :
     trying to get slot "data" from an object of a basic class ("character") with no slots
    Execution halted
Flavors: r-devel-linux-x86_64-fedora-clang, r-devel-linux-x86_64-fedora-gcc

Version: 0.2-10
Check: running R code from vignettes
Result: ERROR
    Errors in running code in vignettes:
    when running code in ‘XLConnect.Rnw’
     ...
    + function(cur) oandaSeries(paste(cur, "CHF", sep = "/"))))
    trying URL 'http://www.oanda.com/convert/fxhistory?lang=en&date1=02%2F24%2F14&date=02%2F25%2F15&date_fmt=us&exch=EUR&expr2=CHF&margin_fixed=0&SUBMIT=Get+Table&format=CSV&redirected=1'
    Warning in download.file(paste(source, from.date, to.date, "exch=", ccy.pair[1], :
     cannot open: HTTP status was '404 Not Found'
    Error in download.file(paste(source, from.date, to.date, "exch=", ccy.pair[1], :
     cannot open URL 'http://www.oanda.com/convert/fxhistory?lang=en&date1=02%2F24%2F14&date=02%2F25%2F15&date_fmt=us&exch=EUR&expr2=CHF&margin_fixed=0&SUBMIT=Get+Table&format=CSV&redirected=1'
    
     When sourcing ‘XLConnect.R’:
    Error: trying to get slot "data" from an object of a basic class ("character") with no slots
    Execution halted
Flavor: r-devel-osx-x86_64-clang

Version: 0.2-10
Check: re-building of vignette outputs
Result: NOTE
    Error in re-building vignettes:
     ...
    Attaching package: ‘zoo’
    
    The following object is masked from ‘package:timeSeries’:
    
     time<-
    
    The following objects are masked from ‘package:base’:
    
     as.Date, as.Date.numeric
    
    This is forecast 5.8
    
    Loading required package: ggplot2
    Loading required package: scales
    trying URL 'http://www.oanda.com/convert/fxhistory?lang=en&date1=02%2F24%2F14&date=02%2F25%2F15&date_fmt=us&exch=EUR&expr2=CHF&margin_fixed=0&SUBMIT=Get+Table&format=CSV&redirected=1'
    Warning in download.file(paste(source, from.date, to.date, "exch=", ccy.pair[1], :
     cannot open: HTTP status was '404 Not Found'
    Error in download.file(paste(source, from.date, to.date, "exch=", ccy.pair[1], :
     cannot open URL 'http://www.oanda.com/convert/fxhistory?lang=en&date1=02%2F24%2F14&date=02%2F25%2F15&date_fmt=us&exch=EUR&expr2=CHF&margin_fixed=0&SUBMIT=Get+Table&format=CSV&redirected=1'
    
    Error: processing vignette 'XLConnect.Rnw' failed with diagnostics:
     chunk 16 (label = AdvancedExampleP2)
    Error in oandaSeries(paste(cur, "CHF", sep = "/")) :
     trying to get slot "data" from an object of a basic class ("character") with no slots
    Execution halted
Flavor: r-devel-osx-x86_64-clang

Version: 0.2-10
Check: running R code from vignettes
Result: ERROR
    Errors in running code in vignettes:
    when running code in ‘XLConnect.Rnw’
     ...
    + function(cur) oandaSeries(paste(cur, "CHF", sep = "/"))))
    trying URL ‘http://www.oanda.com/convert/fxhistory?lang=en&date1=02%2F22%2F14&date=02%2F23%2F15&date_fmt=us&exch=EUR&expr2=CHF&margin_fixed=0&SUBMIT=Get+Table&format=CSV&redirected=1’
    Warning in download.file(paste(source, from.date, to.date, "exch=", ccy.pair[1], :
     cannot open: HTTP status was ‘404 Not Found’
    Error in download.file(paste(source, from.date, to.date, "exch=", ccy.pair[1], :
     cannot open URL ‘http://www.oanda.com/convert/fxhistory?lang=en&date1=02%2F22%2F14&date=02%2F23%2F15&date_fmt=us&exch=EUR&expr2=CHF&margin_fixed=0&SUBMIT=Get+Table&format=CSV&redirected=1’
    
     When sourcing ‘XLConnect.R’:
    Error: trying to get slot "data" from an object of a basic class ("character") with no slots
    Execution halted
Flavor: r-release-linux-ix86