CRAN Package Check Results for Package XLConnect

Last updated on 2016-08-30 22:47:53.

Flavor Version Tinstall Tcheck Ttotal Status Flags
r-devel-linux-x86_64-debian-clang 0.2-12 3.18 70.28 73.46 NOTE
r-devel-linux-x86_64-debian-gcc 0.2-12 3.28 70.35 73.62 NOTE
r-devel-linux-x86_64-fedora-clang 0.2-12 187.55 NOTE
r-devel-linux-x86_64-fedora-gcc 0.2-12 185.48 NOTE
r-devel-osx-x86_64-clang 0.2-12 147.86 NOTE
r-devel-windows-ix86+x86_64 0.2-12 20.00 180.00 200.00 NOTE
r-patched-linux-x86_64 0.2-12 3.24 68.43 71.68 NOTE
r-patched-solaris-sparc 0.2-12 757.80 NOTE
r-patched-solaris-x86 0.2-12 152.80 NOTE
r-release-linux-x86_64 0.2-12 3.27 69.69 72.96 NOTE
r-release-osx-x86_64-mavericks 0.2-12 NOTE
r-release-windows-ix86+x86_64 0.2-12 16.00 149.00 165.00 NOTE
r-oldrel-windows-ix86+x86_64 0.2-12 26.00 194.00 220.00 NOTE

Check Details

Version: 0.2-12
Check: installed package size
Result: NOTE
     installed size is 7.1Mb
     sub-directories of 1Mb or more:
     java 4.6Mb
     unitTests 1.1Mb
Flavors: r-devel-linux-x86_64-debian-clang, r-devel-linux-x86_64-debian-gcc, r-devel-linux-x86_64-fedora-clang, r-devel-linux-x86_64-fedora-gcc, r-devel-osx-x86_64-clang, r-devel-windows-ix86+x86_64, r-patched-linux-x86_64, r-patched-solaris-sparc, r-patched-solaris-x86, r-release-linux-x86_64, r-release-osx-x86_64-mavericks, r-release-windows-ix86+x86_64, r-oldrel-windows-ix86+x86_64