CRAN Package Check Results for Package XLConnect

Last updated on 2015-07-04 11:50:10.

Flavor Version Tinstall Tcheck Ttotal Status Flags
r-devel-linux-x86_64-debian-clang 0.2-11 4.46 72.98 77.44 NOTE
r-devel-linux-x86_64-debian-gcc 0.2-11 3.12 72.04 75.16 NOTE
r-devel-linux-x86_64-fedora-clang 0.2-11 214.91 NOTE
r-devel-linux-x86_64-fedora-gcc 0.2-11 211.32 NOTE
r-devel-osx-x86_64-clang 0.2-11 135.24 NOTE
r-devel-windows-ix86+x86_64 0.2-11 27.00 118.00 145.00 NOTE
r-patched-linux-x86_64 0.2-11 3.17 72.52 75.69 NOTE
r-patched-solaris-sparc 0.2-11 871.70 NOTE
r-patched-solaris-x86 0.2-11 192.20 NOTE
r-release-linux-x86_64 0.2-11 3.55 74.56 78.10 NOTE
r-release-osx-x86_64-mavericks 0.2-11 NOTE
r-release-windows-ix86+x86_64 0.2-11 19.00 120.00 139.00 NOTE
r-oldrel-windows-ix86+x86_64 0.2-11 21.00 123.00 144.00 NOTE

Check Details

Version: 0.2-11
Check: installed package size
Result: NOTE
     installed size is 6.5Mb
     sub-directories of 1Mb or more:
     java 4.1Mb
     unitTests 1.0Mb
Flavors: r-devel-linux-x86_64-debian-clang, r-devel-linux-x86_64-debian-gcc, r-devel-linux-x86_64-fedora-clang, r-devel-linux-x86_64-fedora-gcc, r-devel-osx-x86_64-clang, r-devel-windows-ix86+x86_64, r-patched-linux-x86_64, r-patched-solaris-sparc, r-patched-solaris-x86, r-release-linux-x86_64, r-release-osx-x86_64-mavericks, r-release-windows-ix86+x86_64, r-oldrel-windows-ix86+x86_64

Version: 0.2-11
Check: R code for possible problems
Result: NOTE
    print.mirai: no visible global function definition for ‘browseURL’
    Undefined global functions or variables:
     browseURL
Flavors: r-devel-linux-x86_64-debian-clang, r-devel-linux-x86_64-debian-gcc, r-devel-linux-x86_64-fedora-clang, r-devel-linux-x86_64-fedora-gcc, r-devel-windows-ix86+x86_64