CRAN Package Check Results for Package XLConnect

Last updated on 2015-05-28 19:47:48.

Flavor Version Tinstall Tcheck Ttotal Status Flags
r-devel-linux-x86_64-debian-clang 0.2-11 3.26 72.98 76.25 NOTE
r-devel-linux-x86_64-debian-gcc 0.2-11 3.14 78.19 81.33 NOTE
r-devel-linux-x86_64-fedora-clang 0.2-11 218.42 NOTE
r-devel-linux-x86_64-fedora-gcc 0.2-11 209.39 NOTE
r-devel-osx-x86_64-clang 0.2-11 140.84 NOTE
r-devel-windows-ix86+x86_64 0.2-11 13.00 124.00 137.00 NOTE
r-patched-linux-x86_64 0.2-11 3.28 73.24 76.52 NOTE
r-patched-solaris-sparc 0.2-11 871.70 NOTE
r-patched-solaris-x86 0.2-11 185.10 NOTE
r-release-linux-x86_64 0.2-11 3.35 72.12 75.47 NOTE
r-release-osx-x86_64-mavericks 0.2-11 NOTE
r-release-osx-x86_64-snowleopard 0.2-11 ERROR
r-release-windows-ix86+x86_64 0.2-11 13.00 117.00 130.00 NOTE
r-oldrel-windows-ix86+x86_64 0.2-11 13.00 114.00 127.00 NOTE

Check Details

Version: 0.2-11
Check: installed package size
Result: NOTE
     installed size is 6.5Mb
     sub-directories of 1Mb or more:
     java 4.1Mb
     unitTests 1.0Mb
Flavors: r-devel-linux-x86_64-debian-clang, r-devel-linux-x86_64-debian-gcc, r-devel-linux-x86_64-fedora-clang, r-devel-linux-x86_64-fedora-gcc, r-devel-osx-x86_64-clang, r-devel-windows-ix86+x86_64, r-patched-linux-x86_64, r-patched-solaris-sparc, r-patched-solaris-x86, r-release-linux-x86_64, r-release-osx-x86_64-mavericks, r-release-osx-x86_64-snowleopard, r-release-windows-ix86+x86_64, r-oldrel-windows-ix86+x86_64

Version: 0.2-11
Check: package dependencies
Result: NOTE
    Packages suggested but not available for checking: ‘ggplot2’ ‘zoo’
Flavor: r-release-osx-x86_64-snowleopard

Version: 0.2-11
Check: running R code from vignettes
Result: ERROR
    Errors in running code in vignettes:
    when running code in ‘XLConnect.Rnw’
     ...
    + cellstyle = csDate)
    
    > setColumnWidth(wb, sheet = sheet, column = 1, width = 2800)
    
    > idx = rollapply(curr[, -1], width = 2, FUN = function(x) abs(x[2]/x[1] -
    + 1), by.column = TRUE) > 0.02
    
     When sourcing ‘XLConnect.R’:
    Error: could not find function "rollapply"
    Execution halted
Flavor: r-release-osx-x86_64-snowleopard

Version: 0.2-11
Check: re-building of vignette outputs
Result: NOTE
    Error in re-building vignettes:
     ...
    Loading required package: XLConnect
    Loading required package: XLConnectJars
    XLConnect 0.2-11 by Mirai Solutions GmbH [aut],
     Martin Studer [cre],
     The Apache Software Foundation [ctb, cph] (Apache POI, Apache Commons
     Codec),
     Stephen Colebourne [ctb, cph] (Joda-Time Java library)
    http://www.mirai-solutions.com ,
    http://miraisolutions.wordpress.com
    Loading required package: zoo
    Warning in library(package, lib.loc = lib.loc, character.only = TRUE, logical.return = TRUE, :
     there is no package called ‘zoo’
    Loading required package: ggplot2
    Warning in library(package, lib.loc = lib.loc, character.only = TRUE, logical.return = TRUE, :
     there is no package called ‘ggplot2’
    
    Error: processing vignette 'XLConnect.Rnw' failed with diagnostics:
     chunk 19 (label = AdvancedExampleP4)
    Error in eval(expr, envir, enclos) : could not find function "rollapply"
    Execution halted
Flavor: r-release-osx-x86_64-snowleopard