CRAN Package Check Results for Package XLConnect

Last updated on 2014-07-24 11:53:33.

Flavor Version Tinstall Tcheck Ttotal Status Flags
r-devel-linux-x86_64-debian-clang 0.2-7 4.72 95.95 100.67 NOTE
r-devel-linux-x86_64-debian-gcc 0.2-7 6.62 104.82 111.44 NOTE
r-devel-linux-x86_64-fedora-clang 0.2-7 247.02 NOTE
r-devel-linux-x86_64-fedora-gcc 0.2-7 236.70 NOTE
r-devel-osx-x86_64-clang 0.2-7 176.02 NOTE
r-devel-windows-ix86+x86_64 0.2-7 13.00 152.00 165.00 NOTE
r-patched-linux-x86_64 0.2-7 5.74 98.93 104.67 NOTE
r-patched-solaris-sparc 0.2-7 1154.60 NOTE
r-patched-solaris-x86 0.2-7 254.70 NOTE
r-release-linux-ix86 0.2-7 5.79 112.44 118.23 NOTE
r-release-linux-x86_64 0.2-7 4.77 101.30 106.08 NOTE
r-release-osx-x86_64-mavericks 0.2-7 ERROR
r-release-osx-x86_64-snowleopard 0.2-7 NOTE
r-release-windows-ix86+x86_64 0.2-7 12.00 152.00 164.00 NOTE
r-oldrel-windows-ix86+x86_64 0.2-7 13.00 128.00 141.00 NOTE

Check Details

Version: 0.2-7
Check: installed package size
Result: NOTE
     installed size is 23.3Mb
     sub-directories of 1Mb or more:
     java 20.7Mb
     unitTests 1.0Mb
Flavors: r-devel-linux-x86_64-debian-clang, r-devel-linux-x86_64-debian-gcc, r-devel-linux-x86_64-fedora-clang, r-devel-linux-x86_64-fedora-gcc, r-devel-osx-x86_64-clang, r-devel-windows-ix86+x86_64, r-patched-linux-x86_64, r-patched-solaris-sparc, r-patched-solaris-x86, r-release-linux-ix86, r-release-linux-x86_64, r-release-osx-x86_64-mavericks, r-release-osx-x86_64-snowleopard, r-release-windows-ix86+x86_64, r-oldrel-windows-ix86+x86_64

Version: 0.2-7
Check: package dependencies
Result: NOTE
    Package suggested but not available for checking: ‘forecast’
Flavor: r-release-osx-x86_64-mavericks

Version: 0.2-7
Check: running R code from vignettes
Result: ERROR
    Errors in running code in vignettes:
    when running code in ‘XLConnect.Rnw’
     ...
    
    > predictDays = 20
    
    > currFit = sapply(curr[, -1], function(cur) {
    + as.numeric(forecast(cur, h = predictDays)$mean)
    + })
    
     When sourcing ‘XLConnect.R’:
    Error: could not find function "forecast"
    Execution halted
Flavor: r-release-osx-x86_64-mavericks