CRAN Package Check Results for Package XLConnect

Last updated on 2015-09-02 06:48:22.

Flavor Version Tinstall Tcheck Ttotal Status Flags
r-devel-linux-x86_64-debian-clang 0.2-11 3.16 70.80 73.95 NOTE
r-devel-linux-x86_64-debian-gcc 0.2-11 3.17 72.15 75.32 NOTE
r-devel-linux-x86_64-fedora-clang 0.2-11 210.45 NOTE
r-devel-linux-x86_64-fedora-gcc 0.2-11 203.06 NOTE
r-devel-osx-x86_64-clang 0.2-11 121.52 NOTE
r-devel-windows-ix86+x86_64 0.2-11 21.00 148.00 169.00 NOTE
r-patched-linux-x86_64 0.2-11 3.39 74.65 78.04 NOTE
r-patched-solaris-sparc 0.2-11 873.70 NOTE
r-patched-solaris-x86 0.2-11 203.80 NOTE
r-release-linux-x86_64 0.2-11 3.15 74.49 77.64 NOTE
r-release-osx-x86_64-mavericks 0.2-11 NOTE
r-release-windows-ix86+x86_64 0.2-11 21.00 122.00 143.00 NOTE
r-oldrel-windows-ix86+x86_64 0.2-11 23.00 135.00 158.00 NOTE

Check Details

Version: 0.2-11
Check: installed package size
Result: NOTE
     installed size is 6.5Mb
     sub-directories of 1Mb or more:
     java 4.1Mb
     unitTests 1.0Mb
Flavors: r-devel-linux-x86_64-debian-clang, r-devel-linux-x86_64-debian-gcc, r-devel-linux-x86_64-fedora-clang, r-devel-linux-x86_64-fedora-gcc, r-devel-osx-x86_64-clang, r-devel-windows-ix86+x86_64, r-patched-linux-x86_64, r-patched-solaris-sparc, r-patched-solaris-x86, r-release-linux-x86_64, r-release-osx-x86_64-mavericks, r-release-windows-ix86+x86_64, r-oldrel-windows-ix86+x86_64

Version: 0.2-11
Check: R code for possible problems
Result: NOTE
    print.mirai: no visible global function definition for ‘browseURL’
    Undefined global functions or variables:
     browseURL
    Consider adding
     importFrom("utils", "browseURL")
    to your NAMESPACE.
Flavors: r-devel-linux-x86_64-debian-clang, r-devel-linux-x86_64-debian-gcc, r-devel-linux-x86_64-fedora-clang, r-devel-linux-x86_64-fedora-gcc, r-devel-windows-ix86+x86_64