CRAN Package Check Results for Package XLConnect

Last updated on 2016-06-24 23:47:51.

Flavor Version Tinstall Tcheck Ttotal Status Flags
r-devel-linux-x86_64-debian-gcc 0.2-12 3.38 73.11 76.49 NOTE
r-devel-linux-x86_64-fedora-clang 0.2-12 182.29 NOTE
r-devel-linux-x86_64-fedora-gcc 0.2-12 144.80 NOTE
r-devel-osx-x86_64-clang 0.2-12 146.49 NOTE
r-devel-windows-ix86+x86_64 0.2-11 19.00 129.00 148.00 NOTE
r-patched-linux-x86_64 0.2-11 3.17 69.36 72.53 NOTE
r-patched-solaris-x86 0.2-12 161.80 NOTE
r-release-linux-x86_64 0.2-11 3.43 71.23 74.66 NOTE
r-release-osx-x86_64-mavericks 0.2-11 NOTE
r-release-windows-ix86+x86_64 0.2-11 21.00 158.00 179.00 NOTE
r-oldrel-windows-ix86+x86_64 0.2-11 26.00 146.00 172.00 NOTE

Check Details

Version: 0.2-12
Check: installed package size
Result: NOTE
     installed size is 7.1Mb
     sub-directories of 1Mb or more:
     java 4.6Mb
     unitTests 1.1Mb
Flavors: r-devel-linux-x86_64-debian-gcc, r-devel-linux-x86_64-fedora-clang, r-devel-linux-x86_64-fedora-gcc, r-devel-osx-x86_64-clang, r-patched-solaris-sparc, r-patched-solaris-x86

Version: 0.2-11
Check: installed package size
Result: NOTE
     installed size is 6.4Mb
     sub-directories of 1Mb or more:
     java 4.1Mb
     unitTests 1.0Mb
Flavors: r-devel-windows-ix86+x86_64, r-patched-linux-x86_64, r-release-linux-x86_64, r-release-osx-x86_64-mavericks, r-release-windows-ix86+x86_64, r-oldrel-windows-ix86+x86_64

Version: 0.2-11
Check: R code for possible problems
Result: NOTE
    print.mirai: no visible global function definition for 'browseURL'
    Undefined global functions or variables:
     browseURL
    Consider adding
     importFrom("utils", "browseURL")
    to your NAMESPACE file.
Flavors: r-devel-windows-ix86+x86_64, r-patched-linux-x86_64, r-release-linux-x86_64, r-release-osx-x86_64-mavericks, r-release-windows-ix86+x86_64