CRAN Package Check Results for Package XLConnect

Last updated on 2014-10-26 07:50:16.

Flavor Version Tinstall Tcheck Ttotal Status Flags
r-devel-linux-x86_64-debian-clang 0.2-9 3.93 95.66 99.59 NOTE
r-devel-linux-x86_64-debian-gcc 0.2-9 3.69 92.74 96.43 NOTE
r-devel-linux-x86_64-fedora-clang 0.2-9 230.33 NOTE
r-devel-linux-x86_64-fedora-gcc 0.2-9 222.14 NOTE
r-devel-osx-x86_64-clang 0.2-9 167.88 NOTE
r-devel-windows-ix86+x86_64 0.2-9 11.00 127.00 138.00 NOTE
r-patched-linux-x86_64 0.2-9 4.13 97.92 102.06 NOTE
r-patched-solaris-sparc 0.2-9 1106.90 NOTE
r-patched-solaris-x86 0.2-9 245.50 NOTE
r-release-linux-ix86 0.2-9 4.81 114.00 118.81 NOTE
r-release-linux-x86_64 0.2-9 4.00 101.20 105.20 NOTE
r-release-osx-x86_64-mavericks 0.2-9 NOTE
r-release-osx-x86_64-snowleopard 0.2-9 NOTE
r-release-windows-ix86+x86_64 0.2-9 13.00 139.00 152.00 NOTE
r-oldrel-windows-ix86+x86_64 0.2-9 12.00 134.00 146.00 NOTE

Check Details

Version: 0.2-9
Check: installed package size
Result: NOTE
     installed size is 6.8Mb
     sub-directories of 1Mb or more:
     java 4.3Mb
     unitTests 1.0Mb
Flavors: r-devel-linux-x86_64-debian-clang, r-devel-linux-x86_64-debian-gcc, r-devel-linux-x86_64-fedora-clang, r-devel-linux-x86_64-fedora-gcc, r-devel-osx-x86_64-clang, r-devel-windows-ix86+x86_64, r-patched-linux-x86_64, r-patched-solaris-sparc, r-patched-solaris-x86, r-release-linux-ix86, r-release-linux-x86_64, r-release-osx-x86_64-mavericks, r-release-osx-x86_64-snowleopard, r-release-windows-ix86+x86_64, r-oldrel-windows-ix86+x86_64

Version: 0.2-9
Check: R code for possible problems
Result: NOTE
    checkNoException: no visible global function definition for ‘checkTrue’
    runUnitTests: no visible global function definition for
     ‘defineTestSuite’
    runUnitTests: no visible global function definition for ‘runTestSuite’
    runUnitTests: no visible global function definition for
     ‘printTextProtocol’
    runUnitTests: no visible global function definition for
     ‘printHTMLProtocol’
    runUnitTests: no visible global function definition for ‘getErrors’
Flavors: r-devel-linux-x86_64-debian-clang, r-devel-linux-x86_64-debian-gcc, r-devel-linux-x86_64-fedora-clang, r-devel-linux-x86_64-fedora-gcc, r-devel-osx-x86_64-clang, r-devel-windows-ix86+x86_64, r-patched-linux-x86_64, r-patched-solaris-sparc, r-patched-solaris-x86

Version: 0.2-9
Check: re-building of vignette outputs
Result: NOTE
    Error in re-building vignettes:
     ...
    
    trying URL 'http://www.oanda.com/convert/fxhistory?lang=en&date1=08%2F14%2F13&date=08%2F15%2F14&date_fmt=us&exch=GBP&expr2=CHF&margin_fixed=0&SUBMIT=Get+Table&format=CSV&redirected=1'
    Content type 'text/html' length unknown
    opened URL
    .......... .......... ....
    downloaded 24 Kb
    
    trying URL 'http://www.oanda.com/convert/fxhistory?lang=en&date1=08%2F14%2F13&date=08%2F15%2F14&date_fmt=us&exch=JPY&expr2=CHF&margin_fixed=0&SUBMIT=Get+Table&format=CSV&redirected=1'
    Content type 'text/html' length unknown
    opened URL
    .......... .......... .....
    downloaded 25 Kb
    
    Error in texi2dvi(file = file, pdf = TRUE, clean = clean, quiet = quiet, :
     Running 'texi2dvi' on 'XLConnect.tex' failed.
    LaTeX errors:
    ! LaTeX Error: File `couriers.sty' not found.
    
    Type X to quit or <RETURN> to proceed,
    or enter new name. (Default extension: sty)
    
    gn_test/XLConnect/vignettes/XLConnect.tex:15: ==> Fatal error occurred, no out
    put PDF file produced!
    Calls: buildVignettes -> texi2pdf -> texi2dvi
    Execution halted
Flavor: r-release-osx-x86_64-mavericks