CRAN Package Check Results for Package XLConnect

Last updated on 2015-04-21 11:53:17.

Flavor Version Tinstall Tcheck Ttotal Status Flags
r-devel-linux-x86_64-debian-clang 0.2-11 3.35 76.48 79.83 NOTE
r-devel-linux-x86_64-debian-gcc 0.2-11 3.36 71.79 75.16 NOTE
r-devel-linux-x86_64-fedora-clang 0.2-11 215.94 NOTE
r-devel-linux-x86_64-fedora-gcc 0.2-11 203.58 NOTE
r-devel-osx-x86_64-clang 0.2-11 150.67 NOTE
r-devel-windows-ix86+x86_64 0.2-11 17.00 155.00 172.00 NOTE
r-patched-linux-x86_64 0.2-11 3.20 73.54 76.73 NOTE
r-patched-solaris-sparc 0.2-11 905.50 NOTE
r-patched-solaris-x86 0.2-11 185.00 NOTE
r-release-linux-x86_64 0.2-11 3.16 73.57 76.72 NOTE
r-release-osx-x86_64-mavericks 0.2-11 NOTE
r-release-osx-x86_64-snowleopard 0.2-11 ERROR
r-release-windows-ix86+x86_64 0.2-11 8.00 98.00 106.00 NOTE
r-oldrel-windows-ix86+x86_64 0.2-11 10.00 101.00 111.00 NOTE

Check Details

Version: 0.2-11
Check: installed package size
Result: NOTE
     installed size is 6.5Mb
     sub-directories of 1Mb or more:
     java 4.1Mb
     unitTests 1.0Mb
Flavors: r-devel-linux-x86_64-debian-clang, r-devel-linux-x86_64-debian-gcc, r-devel-linux-x86_64-fedora-clang, r-devel-linux-x86_64-fedora-gcc, r-devel-osx-x86_64-clang, r-devel-windows-ix86+x86_64, r-patched-linux-x86_64, r-patched-solaris-sparc, r-patched-solaris-x86, r-release-linux-x86_64, r-release-osx-x86_64-mavericks, r-release-osx-x86_64-snowleopard, r-release-windows-ix86+x86_64, r-oldrel-windows-ix86+x86_64

Version: 0.2-11
Check: package dependencies
Result: NOTE
    Packages suggested but not available for checking: ‘ggplot2’ ‘zoo’
Flavor: r-release-osx-x86_64-snowleopard

Version: 0.2-11
Check: running R code from vignettes
Result: ERROR
    Errors in running code in vignettes:
    when running code in ‘XLConnect.Rnw’
     ...
    + cellstyle = csDate)
    
    > setColumnWidth(wb, sheet = sheet, column = 1, width = 2800)
    
    > idx = rollapply(curr[, -1], width = 2, FUN = function(x) abs(x[2]/x[1] -
    + 1), by.column = TRUE) > 0.02
    
     When sourcing ‘XLConnect.R’:
    Error: could not find function "rollapply"
    Execution halted
Flavor: r-release-osx-x86_64-snowleopard

Version: 0.2-11
Check: re-building of vignette outputs
Result: NOTE
    Error in re-building vignettes:
     ...
    Loading required package: XLConnect
    Loading required package: XLConnectJars
    XLConnect 0.2-11 by Mirai Solutions GmbH [aut],
     Martin Studer [cre],
     The Apache Software Foundation [ctb, cph] (Apache POI, Apache Commons
     Codec),
     Stephen Colebourne [ctb, cph] (Joda-Time Java library)
    http://www.mirai-solutions.com ,
    http://miraisolutions.wordpress.com
    Loading required package: zoo
    Warning in library(package, lib.loc = lib.loc, character.only = TRUE, logical.return = TRUE, :
     there is no package called ‘zoo’
    Loading required package: ggplot2
    Warning in library(package, lib.loc = lib.loc, character.only = TRUE, logical.return = TRUE, :
     there is no package called ‘ggplot2’
    
    Error: processing vignette 'XLConnect.Rnw' failed with diagnostics:
     chunk 19 (label = AdvancedExampleP4)
    Error in eval(expr, envir, enclos) : could not find function "rollapply"
    Execution halted
Flavor: r-release-osx-x86_64-snowleopard