CRAN Package Check Results for Package XLConnect

Last updated on 2018-04-25 08:51:51 CEST.

Flavor Version Tinstall Tcheck Ttotal Status Flags
r-devel-linux-x86_64-debian-clang 0.2-15 7.06 172.92 179.98 OK
r-devel-linux-x86_64-debian-gcc 0.2-15 6.06 136.41 142.47 OK
r-devel-linux-x86_64-fedora-clang 0.2-15 191.66 NOTE
r-devel-linux-x86_64-fedora-gcc 0.2-15 189.37 NOTE
r-devel-windows-ix86+x86_64 0.2-15 21.00 128.00 149.00 NOTE
r-patched-linux-x86_64 0.2-15 8.04 169.51 177.55 OK
r-patched-solaris-x86 0.2-15 179.80 NOTE
r-release-linux-x86_64 0.2-15 9.79 171.55 181.34 OK
r-release-windows-ix86+x86_64 0.2-15 21.00 128.00 149.00 NOTE
r-release-osx-x86_64 0.2-15 NOTE
r-oldrel-windows-ix86+x86_64 0.2-15 13.00 187.00 200.00 NOTE
r-oldrel-osx-x86_64 0.2-15 NOTE

Check Details

Version: 0.2-15
Check: installed package size
Result: NOTE
     installed size is 12.0Mb
     sub-directories of 1Mb or more:
     java 9.8Mb
Flavors: r-devel-linux-x86_64-fedora-clang, r-devel-linux-x86_64-fedora-gcc, r-devel-windows-ix86+x86_64, r-patched-solaris-x86, r-release-windows-ix86+x86_64, r-release-osx-x86_64, r-oldrel-windows-ix86+x86_64, r-oldrel-osx-x86_64