CRAN Package Check Results for Package XLConnect

Last updated on 2017-01-21 13:49:19.

Flavor Version Tinstall Tcheck Ttotal Status Flags
r-devel-linux-x86_64-debian-clang 0.2-12 3.49 78.83 82.32 OK
r-devel-linux-x86_64-debian-gcc 0.2-12 3.80 79.07 82.87 OK
r-devel-linux-x86_64-fedora-clang 0.2-12 197.60 NOTE --no-stop-on-test-error
r-devel-linux-x86_64-fedora-gcc 0.2-12 197.59 NOTE --no-stop-on-test-error
r-devel-macos-x86_64-clang 0.2-12 159.25 NOTE --no-stop-on-test-error
r-devel-windows-ix86+x86_64 0.2-12 24.00 135.00 159.00 NOTE
r-patched-linux-x86_64 0.2-12 3.38 69.89 73.27 OK
r-patched-solaris-sparc 0.2-12 778.10 NOTE
r-patched-solaris-x86 0.2-12 154.30 NOTE
r-release-linux-x86_64 0.2-12 3.38 72.66 76.03 OK
r-release-osx-x86_64-mavericks 0.2-12 NOTE
r-release-windows-ix86+x86_64 0.2-12 30.00 162.00 192.00 NOTE
r-oldrel-windows-ix86+x86_64 0.2-12 17.00 198.00 215.00 NOTE

Check Details

Version: 0.2-12
Flags: --no-stop-on-test-error
Check: installed package size
Result: NOTE
     installed size is 7.1Mb
     sub-directories of 1Mb or more:
     java 4.6Mb
     unitTests 1.1Mb
Flavors: r-devel-linux-x86_64-fedora-clang, r-devel-linux-x86_64-fedora-gcc, r-devel-macos-x86_64-clang

Version: 0.2-12
Check: installed package size
Result: NOTE
     installed size is 7.1Mb
     sub-directories of 1Mb or more:
     java 4.6Mb
     unitTests 1.1Mb
Flavors: r-devel-windows-ix86+x86_64, r-patched-solaris-sparc, r-patched-solaris-x86, r-release-osx-x86_64-mavericks, r-release-windows-ix86+x86_64, r-oldrel-windows-ix86+x86_64