CRAN Package Check Results for Package XLConnect

Last updated on 2016-07-23 23:48:25.

Flavor Version Tinstall Tcheck Ttotal Status Flags
r-devel-linux-x86_64-debian-clang 0.2-12 3.83 83.02 86.85 NOTE
r-devel-linux-x86_64-debian-gcc 0.2-12 3.52 79.47 82.99 NOTE
r-devel-linux-x86_64-fedora-clang 0.2-12 184.43 NOTE
r-devel-linux-x86_64-fedora-gcc 0.2-12 179.46 NOTE
r-devel-osx-x86_64-clang 0.2-12 149.45 NOTE
r-devel-windows-ix86+x86_64 0.2-12 13.00 124.00 137.00 NOTE
r-patched-linux-x86_64 0.2-12 4.75 77.19 81.94 NOTE
r-patched-solaris-sparc 0.2-12 757.80 NOTE
r-patched-solaris-x86 0.2-12 150.30 NOTE
r-release-linux-x86_64 0.2-12 4.58 84.08 88.66 NOTE
r-release-osx-x86_64-mavericks 0.2-12 NOTE
r-release-windows-ix86+x86_64 0.2-12 12.00 120.00 132.00 NOTE
r-oldrel-windows-ix86+x86_64 0.2-12 21.00 170.00 191.00 NOTE

Check Details

Version: 0.2-12
Check: installed package size
Result: NOTE
     installed size is 7.1Mb
     sub-directories of 1Mb or more:
     java 4.6Mb
     unitTests 1.1Mb
Flavors: r-devel-linux-x86_64-debian-clang, r-devel-linux-x86_64-debian-gcc, r-devel-linux-x86_64-fedora-clang, r-devel-linux-x86_64-fedora-gcc, r-devel-osx-x86_64-clang, r-devel-windows-ix86+x86_64, r-patched-linux-x86_64, r-patched-solaris-sparc, r-patched-solaris-x86, r-release-linux-x86_64, r-release-osx-x86_64-mavericks, r-release-windows-ix86+x86_64, r-oldrel-windows-ix86+x86_64