CRAN Package Check Results for Package XLConnect

Last updated on 2017-03-25 03:48:22.

Flavor Version Tinstall Tcheck Ttotal Status Flags
r-devel-linux-x86_64-debian-clang 0.2-12 3.60 78.98 82.58 OK
r-devel-linux-x86_64-debian-gcc 0.2-12 3.69 77.45 81.14 OK
r-devel-linux-x86_64-fedora-clang 0.2-12 203.31 NOTE --no-stop-on-test-error
r-devel-linux-x86_64-fedora-gcc 0.2-12 203.63 NOTE --no-stop-on-test-error
r-devel-macos-x86_64-clang 0.2-12 154.84 NOTE --no-stop-on-test-error
r-patched-linux-x86_64 0.2-12 3.18 71.61 74.79 OK
r-patched-solaris-sparc 0.2-12 842.30 NOTE
r-patched-solaris-x86 0.2-12 177.40 NOTE
r-release-linux-x86_64 0.2-12 3.43 71.79 75.23 OK
r-release-osx-x86_64-mavericks 0.2-12 NOTE
r-release-windows-ix86+x86_64 0.2-12 21.00 138.00 159.00 NOTE
r-oldrel-windows-ix86+x86_64 0.2-12 16.00 137.00 153.00 NOTE

Check Details

Version: 0.2-12
Flags: --no-stop-on-test-error
Check: installed package size
Result: NOTE
     installed size is 7.1Mb
     sub-directories of 1Mb or more:
     java 4.6Mb
     unitTests 1.1Mb
Flavors: r-devel-linux-x86_64-fedora-clang, r-devel-linux-x86_64-fedora-gcc, r-devel-macos-x86_64-clang

Version: 0.2-12
Check: installed package size
Result: NOTE
     installed size is 7.5Mb
     sub-directories of 1Mb or more:
     java 4.9Mb
Flavors: r-patched-solaris-sparc, r-patched-solaris-x86, r-release-osx-x86_64-mavericks, r-release-windows-ix86+x86_64, r-oldrel-windows-ix86+x86_64