CRAN Package Check Results for Package XLConnect

Last updated on 2014-04-25 05:47:28.

Flavor Version Tinstall Tcheck Ttotal Status Flags
r-devel-linux-x86_64-debian-clang 0.2-7 5.23 103.86 109.08 NOTE
r-devel-linux-x86_64-debian-gcc 0.2-7 4.97 103.06 108.02 NOTE
r-devel-linux-x86_64-fedora-clang 0.2-7 249.56 NOTE
r-devel-linux-x86_64-fedora-gcc 0.2-7 240.55 NOTE
r-devel-osx-x86_64-clang 0.2-7 162.09 NOTE
r-devel-osx-x86_64-gcc 0.2-7 ERROR
r-devel-windows-ix86+x86_64 0.2-7 13.00 146.00 159.00 NOTE
r-patched-linux-x86_64 0.2-7 4.80 93.47 98.27 NOTE
r-patched-solaris-sparc 0.2-7 1154.60 NOTE
r-patched-solaris-x86 0.2-7 251.50 NOTE
r-release-linux-ix86 0.2-7 9.00 148.00 157.00 NOTE
r-release-linux-x86_64 0.2-7 4.98 105.01 109.99 NOTE
r-release-osx-x86_64-mavericks 0.2-7 ERROR
r-release-osx-x86_64-snowleopard 0.2-7 NOTE
r-release-windows-ix86+x86_64 0.2-7 12.00 142.00 154.00 NOTE
r-oldrel-windows-ix86+x86_64 0.2-7 12.00 127.00 139.00 NOTE

Check Details

Version: 0.2-7
Check: installed package size
Result: NOTE
     installed size is 23.3Mb
     sub-directories of 1Mb or more:
     java 20.7Mb
     unitTests 1.0Mb
Flavors: r-devel-linux-x86_64-debian-clang, r-devel-linux-x86_64-debian-gcc, r-devel-linux-x86_64-fedora-clang, r-devel-linux-x86_64-fedora-gcc, r-devel-osx-x86_64-clang, r-devel-osx-x86_64-gcc, r-devel-windows-ix86+x86_64, r-patched-linux-x86_64, r-patched-solaris-sparc, r-patched-solaris-x86, r-release-linux-ix86, r-release-linux-x86_64, r-release-osx-x86_64-mavericks, r-release-osx-x86_64-snowleopard, r-release-windows-ix86+x86_64, r-oldrel-windows-ix86+x86_64

Version: 0.2-7
Check: package dependencies
Result: NOTE
    Packages suggested but not available for checking:
     ‘ggplot2’ ‘forecast’ ‘zoo’ ‘scales’
Flavor: r-devel-osx-x86_64-gcc

Version: 0.2-7
Check: running R code from vignettes
Result: ERROR
    Errors in running code in vignettes:
    when running code in ‘XLConnect.Rnw’
     ...
    
    > predictDays = 20
    
    > currFit = sapply(curr[, -1], function(cur) {
    + as.numeric(forecast(cur, h = predictDays)$mean)
    + })
    
     When sourcing ‘XLConnect.R’:
    Error: could not find function "forecast"
    Execution halted
Flavors: r-devel-osx-x86_64-gcc, r-release-osx-x86_64-mavericks

Version: 0.2-7
Check: package dependencies
Result: NOTE
    Package suggested but not available for checking: ‘forecast’
Flavor: r-release-osx-x86_64-mavericks