CRAN Package Check Results for Package XLConnect

Last updated on 2016-02-11 11:50:30.

Flavor Version Tinstall Tcheck Ttotal Status Flags
r-devel-linux-x86_64-debian-gcc 0.2-11 3.44 65.74 69.19 NOTE
r-devel-linux-x86_64-fedora-clang 0.2-11 175.08 NOTE
r-devel-linux-x86_64-fedora-gcc 0.2-11 173.77 NOTE
r-devel-osx-x86_64-clang 0.2-11 147.47 NOTE
r-devel-windows-ix86+x86_64 0.2-11 21.00 111.00 132.00 NOTE
r-patched-linux-x86_64 0.2-11 3.54 74.47 78.01 NOTE
r-patched-solaris-sparc 0.2-11 843.50 NOTE
r-patched-solaris-x86 0.2-11 173.20 NOTE
r-release-linux-x86_64 0.2-11 3.33 76.54 79.87 NOTE
r-release-osx-x86_64-mavericks 0.2-11 NOTE
r-release-windows-ix86+x86_64 0.2-11 17.00 122.00 139.00 NOTE
r-oldrel-windows-ix86+x86_64 0.2-11 19.00 136.00 155.00 NOTE

Check Details

Version: 0.2-11
Check: installed package size
Result: NOTE
     installed size is 6.5Mb
     sub-directories of 1Mb or more:
     java 4.1Mb
     unitTests 1.0Mb
Flavors: r-devel-linux-x86_64-debian-gcc, r-devel-linux-x86_64-fedora-clang, r-devel-linux-x86_64-fedora-gcc, r-devel-osx-x86_64-clang, r-devel-windows-ix86+x86_64, r-patched-linux-x86_64, r-patched-solaris-sparc, r-patched-solaris-x86, r-release-linux-x86_64, r-release-osx-x86_64-mavericks, r-release-windows-ix86+x86_64, r-oldrel-windows-ix86+x86_64

Version: 0.2-11
Check: R code for possible problems
Result: NOTE
    print.mirai: no visible global function definition for ‘browseURL’
    Undefined global functions or variables:
     browseURL
    Consider adding
     importFrom("utils", "browseURL")
    to your NAMESPACE file.
Flavors: r-devel-linux-x86_64-debian-gcc, r-devel-linux-x86_64-fedora-clang, r-devel-linux-x86_64-fedora-gcc, r-devel-osx-x86_64-clang, r-devel-windows-ix86+x86_64