CRAN Package Check Results for Package XLConnect

Last updated on 2017-02-24 23:53:01.

Flavor Version Tinstall Tcheck Ttotal Status Flags
r-devel-linux-x86_64-debian-clang 0.2-12 3.58 78.10 81.68 OK
r-devel-linux-x86_64-debian-gcc 0.2-12 3.59 79.20 82.79 OK
r-devel-linux-x86_64-fedora-clang 0.2-12 198.55 NOTE --no-stop-on-test-error
r-devel-linux-x86_64-fedora-gcc 0.2-12 196.91 NOTE --no-stop-on-test-error
r-devel-macos-x86_64-clang 0.2-12 159.66 NOTE --no-stop-on-test-error
r-devel-windows-ix86+x86_64 0.2-12 41.00 174.00 215.00 NOTE
r-patched-linux-x86_64 0.2-12 3.28 72.37 75.65 OK
r-patched-solaris-sparc 0.2-12 778.10 NOTE
r-patched-solaris-x86 0.2-12 154.30 NOTE
r-release-linux-x86_64 0.2-12 3.53 72.00 75.53 OK
r-release-osx-x86_64-mavericks 0.2-12 NOTE
r-release-windows-ix86+x86_64 0.2-12 22.00 129.00 151.00 NOTE
r-oldrel-windows-ix86+x86_64 0.2-12 34.00 180.00 214.00 NOTE

Check Details

Version: 0.2-12
Flags: --no-stop-on-test-error
Check: installed package size
Result: NOTE
     installed size is 7.1Mb
     sub-directories of 1Mb or more:
     java 4.6Mb
     unitTests 1.1Mb
Flavors: r-devel-linux-x86_64-fedora-clang, r-devel-linux-x86_64-fedora-gcc, r-devel-macos-x86_64-clang

Version: 0.2-12
Check: installed package size
Result: NOTE
     installed size is 7.1Mb
     sub-directories of 1Mb or more:
     java 4.6Mb
     unitTests 1.1Mb
Flavors: r-devel-windows-ix86+x86_64, r-patched-solaris-sparc, r-patched-solaris-x86, r-release-osx-x86_64-mavericks, r-release-windows-ix86+x86_64, r-oldrel-windows-ix86+x86_64