CRAN Package Check Results for Package XLConnect

Last updated on 2016-12-05 14:47:42.

Flavor Version Tinstall Tcheck Ttotal Status Flags
r-devel-linux-x86_64-debian-clang 0.2-12 3.46 80.42 83.88 OK
r-devel-linux-x86_64-debian-gcc 0.2-12 3.78 79.50 83.27 OK
r-devel-linux-x86_64-fedora-clang 0.2-12 208.94 NOTE --no-stop-on-test-error
r-devel-linux-x86_64-fedora-gcc 0.2-12 203.95 NOTE --no-stop-on-test-error
r-devel-macos-x86_64-clang 0.2-12 154.73 NOTE
r-devel-windows-ix86+x86_64 0.2-12 14.00 130.00 144.00 NOTE
r-patched-linux-x86_64 0.2-12 3.44 70.51 73.95 OK
r-patched-solaris-sparc 0.2-12 757.80 NOTE
r-patched-solaris-x86 0.2-12 153.20 NOTE
r-release-linux-x86_64 0.2-12 3.45 70.86 74.31 OK
r-release-osx-x86_64-mavericks 0.2-12 NOTE
r-release-windows-ix86+x86_64 0.2-12 23.00 133.00 156.00 NOTE
r-oldrel-windows-ix86+x86_64 0.2-12 16.00 179.00 195.00 NOTE

Check Details

Version: 0.2-12
Flags: --no-stop-on-test-error
Check: installed package size
Result: NOTE
     installed size is 7.1Mb
     sub-directories of 1Mb or more:
     java 4.6Mb
     unitTests 1.1Mb
Flavors: r-devel-linux-x86_64-fedora-clang, r-devel-linux-x86_64-fedora-gcc

Version: 0.2-12
Check: installed package size
Result: NOTE
     installed size is 7.1Mb
     sub-directories of 1Mb or more:
     java 4.6Mb
     unitTests 1.1Mb
Flavors: r-devel-macos-x86_64-clang, r-devel-windows-ix86+x86_64, r-patched-solaris-sparc, r-patched-solaris-x86, r-release-osx-x86_64-mavericks, r-release-windows-ix86+x86_64, r-oldrel-windows-ix86+x86_64