CRAN Package Check Results for Package XLConnect

Last updated on 2018-02-19 10:47:37 CET.

Flavor Version Tinstall Tcheck Ttotal Status Flags
r-devel-linux-x86_64-debian-clang 0.2-14 9.07 142.45 151.52 OK
r-devel-linux-x86_64-debian-gcc 0.2-14 6.76 117.07 123.83 OK
r-devel-linux-x86_64-fedora-clang 0.2-14 191.56 NOTE
r-devel-linux-x86_64-fedora-gcc 0.2-14 191.95 NOTE
r-devel-windows-ix86+x86_64 0.2-14 16.00 127.00 143.00 NOTE
r-patched-linux-x86_64 0.2-14 5.30 165.42 170.72 OK
r-patched-solaris-x86 0.2-14 167.60 NOTE
r-release-linux-x86_64 0.2-14 4.84 162.23 167.07 OK
r-release-windows-ix86+x86_64 0.2-14 18.00 136.00 154.00 NOTE
r-release-osx-x86_64 0.2-14 NOTE
r-oldrel-windows-ix86+x86_64 0.2-14 21.00 154.00 175.00 NOTE
r-oldrel-osx-x86_64 0.2-13 NOTE

Check Details

Version: 0.2-14
Check: installed package size
Result: NOTE
     installed size is 12.0Mb
     sub-directories of 1Mb or more:
     java 9.8Mb
Flavors: r-devel-linux-x86_64-fedora-clang, r-devel-linux-x86_64-fedora-gcc, r-devel-windows-ix86+x86_64, r-patched-solaris-x86, r-release-windows-ix86+x86_64, r-release-osx-x86_64, r-oldrel-windows-ix86+x86_64

Version: 0.2-13
Check: installed package size
Result: NOTE
     installed size is 11.6Mb
     sub-directories of 1Mb or more:
     java 9.7Mb
Flavor: r-oldrel-osx-x86_64