CRAN Package Check Results for Package XLConnect

Last updated on 2017-11-24 09:48:30 CET.

Flavor Version Tinstall Tcheck Ttotal Status Flags
r-devel-linux-x86_64-debian-clang 0.2-13 3.51 117.57 121.07 OK
r-devel-linux-x86_64-debian-gcc 0.2-13 4.51 180.53 185.04 OK
r-devel-linux-x86_64-fedora-clang 0.2-13 187.76 NOTE
r-devel-linux-x86_64-fedora-gcc 0.2-13 187.37 NOTE
r-devel-windows-ix86+x86_64 0.2-13 14.00 134.00 148.00 NOTE
r-patched-linux-x86_64 0.2-13 5.60 205.71 211.32 OK
r-patched-solaris-x86 0.2-13 171.10 NOTE
r-release-linux-x86_64 0.2-13 5.00 200.02 205.01 OK
r-release-windows-ix86+x86_64 0.2-13 12.00 130.00 142.00 NOTE
r-release-osx-x86_64 0.2-13 NOTE
r-oldrel-windows-ix86+x86_64 0.2-13 13.00 133.00 146.00 NOTE
r-oldrel-osx-x86_64 0.2-13 NOTE

Check Details

Version: 0.2-13
Check: installed package size
Result: NOTE
     installed size is 11.7Mb
     sub-directories of 1Mb or more:
     java 9.7Mb
Flavors: r-devel-linux-x86_64-fedora-clang, r-devel-linux-x86_64-fedora-gcc, r-devel-windows-ix86+x86_64, r-patched-solaris-x86, r-release-windows-ix86+x86_64, r-release-osx-x86_64, r-oldrel-windows-ix86+x86_64, r-oldrel-osx-x86_64

Version: 0.2-13
Check: re-building of vignette outputs
Result: NOTE
    Error in re-building vignettes:
     ...
    Loading required package: zoo
    
    Attaching package: ‘zoo’
    
    The following objects are masked from ‘package:base’:
    
     as.Date, as.Date.numeric
    
    Loading required package: ggplot2
    Error in texi2dvi(file = file, pdf = TRUE, clean = clean, quiet = quiet, :
     Running 'texi2dvi' on 'XLConnect.tex' failed.
    LaTeX errors:
    ! LaTeX Error: File `couriers.sty' not found.
    
    Type X to quit or <RETURN> to proceed,
    or enter new name. (Default extension: sty)
    
    ! Emergency stop.
    <read *>
    
    l.12 \usepackage
     [colorlinks]{hyperref}^^M
    ! ==> Fatal error occurred, no output PDF file produced!
    Calls: buildVignettes -> texi2pdf -> texi2dvi
    Execution halted
Flavor: r-release-osx-x86_64