CRAN Package Check Results for Package XLConnectJars

Last updated on 2017-08-22 23:47:51.

Flavor Version Tinstall Tcheck Ttotal Status Flags
r-devel-linux-x86_64-debian-clang 0.2-13 2.20 17.75 19.95 OK
r-devel-linux-x86_64-debian-gcc 0.2-13 2.06 17.66 19.72 OK
r-devel-linux-x86_64-fedora-clang 0.2-13 34.84 NOTE
r-devel-linux-x86_64-fedora-gcc 0.2-13 36.62 NOTE
r-devel-windows-ix86+x86_64 0.2-13 7.00 39.00 46.00 NOTE
r-patched-linux-x86_64 0.2-13 2.28 17.81 20.09 OK
r-patched-solaris-x86 0.2-13 50.90 NOTE
r-release-linux-x86_64 0.2-13 2.12 17.61 19.73 OK
r-release-windows-ix86+x86_64 0.2-13 7.00 38.00 45.00 NOTE
r-release-osx-x86_64 0.2-13 NOTE
r-oldrel-windows-ix86+x86_64 0.2-13 9.00 54.00 63.00 NOTE
r-oldrel-osx-x86_64 0.2-13 NOTE

Check Details

Version: 0.2-13
Check: installed package size
Result: NOTE
     installed size is 19.1Mb
     sub-directories of 1Mb or more:
     java 19.0Mb
Flavors: r-devel-linux-x86_64-fedora-clang, r-devel-linux-x86_64-fedora-gcc, r-devel-windows-ix86+x86_64, r-patched-solaris-x86, r-release-windows-ix86+x86_64, r-release-osx-x86_64, r-oldrel-windows-ix86+x86_64, r-oldrel-osx-x86_64