CRAN Package Check Results for Package XLConnectJars

Last updated on 2014-08-30 03:51:18.

Flavor Version Tinstall Tcheck Ttotal Status Flags
r-devel-linux-x86_64-debian-clang 0.2-9 2.54 18.37 20.91 NOTE
r-devel-linux-x86_64-debian-gcc 0.2-9 2.26 17.82 20.08 NOTE
r-devel-linux-x86_64-fedora-clang 0.2-9 43.25 NOTE
r-devel-linux-x86_64-fedora-gcc 0.2-9 39.04 NOTE
r-devel-osx-x86_64-clang 0.2-9 41.62 NOTE
r-devel-windows-ix86+x86_64 0.2-9 7.00 28.00 35.00 NOTE
r-patched-linux-x86_64 0.2-9 2.38 18.78 21.17 NOTE
r-patched-solaris-sparc 0.2-9 239.20 NOTE
r-patched-solaris-x86 0.2-9 61.80 NOTE
r-release-linux-ix86 0.2-9 3.04 25.30 28.34 NOTE
r-release-linux-x86_64 0.2-9 2.39 18.76 21.16 NOTE
r-release-osx-x86_64-mavericks 0.2-9 NOTE
r-release-osx-x86_64-snowleopard 0.2-9 NOTE
r-release-windows-ix86+x86_64 0.2-9 7.00 32.00 39.00 NOTE
r-oldrel-windows-ix86+x86_64 0.2-9 7.00 31.00 38.00 NOTE

Check Details

Version: 0.2-9
Check: installed package size
Result: NOTE
     installed size is 16.9Mb
     sub-directories of 1Mb or more:
     java 16.8Mb
Flavors: r-devel-linux-x86_64-debian-clang, r-devel-linux-x86_64-debian-gcc, r-devel-linux-x86_64-fedora-clang, r-devel-linux-x86_64-fedora-gcc, r-devel-osx-x86_64-clang, r-devel-windows-ix86+x86_64, r-patched-linux-x86_64, r-patched-solaris-sparc, r-patched-solaris-x86, r-release-linux-ix86, r-release-linux-x86_64, r-release-osx-x86_64-mavericks, r-release-osx-x86_64-snowleopard, r-release-windows-ix86+x86_64, r-oldrel-windows-ix86+x86_64