CRAN Package Check Results for Package XLConnectJars

Last updated on 2016-05-26 23:50:11.

Flavor Version Tinstall Tcheck Ttotal Status Flags
r-devel-linux-x86_64-debian-gcc 0.2-9 1.86 14.45 16.31 NOTE
r-devel-linux-x86_64-fedora-clang 0.2-9 30.37 NOTE
r-devel-linux-x86_64-fedora-gcc 0.2-9 26.87 NOTE
r-devel-osx-x86_64-clang 0.2-9 34.69 NOTE
r-devel-windows-ix86+x86_64 0.2-9 5.00 35.00 40.00 NOTE
r-patched-linux-x86_64 0.2-9 1.93 14.67 16.61 NOTE
r-patched-solaris-sparc 0.2-9 183.50 NOTE
r-patched-solaris-x86 0.2-9 40.40 NOTE
r-release-linux-x86_64 0.2-9 1.78 14.41 16.20 NOTE
r-release-osx-x86_64-mavericks 0.2-9 NOTE
r-release-windows-ix86+x86_64 0.2-9 6.00 53.00 59.00 NOTE
r-oldrel-windows-ix86+x86_64 0.2-9 7.00 29.00 36.00 NOTE

Check Details

Version: 0.2-9
Check: installed package size
Result: NOTE
     installed size is 16.9Mb
     sub-directories of 1Mb or more:
     java 16.8Mb
Flavors: r-devel-linux-x86_64-debian-gcc, r-devel-linux-x86_64-fedora-clang, r-devel-linux-x86_64-fedora-gcc, r-devel-osx-x86_64-clang, r-devel-windows-ix86+x86_64, r-patched-linux-x86_64, r-patched-solaris-sparc, r-patched-solaris-x86, r-release-linux-x86_64, r-release-osx-x86_64-mavericks, r-release-windows-ix86+x86_64, r-oldrel-windows-ix86+x86_64

Version: 0.2-9
Check: DESCRIPTION meta-information
Result: NOTE
    Malformed Description field: should contain one or more complete sentences.
Flavors: r-devel-linux-x86_64-debian-gcc, r-devel-linux-x86_64-fedora-clang, r-devel-linux-x86_64-fedora-gcc, r-devel-osx-x86_64-clang, r-devel-windows-ix86+x86_64, r-patched-linux-x86_64, r-patched-solaris-sparc, r-patched-solaris-x86, r-release-linux-x86_64, r-release-osx-x86_64-mavericks, r-release-windows-ix86+x86_64, r-oldrel-windows-ix86+x86_64