CRAN Package Check Results for Package XLConnectJars

Last updated on 2016-10-01 10:47:59.

Flavor Version Tinstall Tcheck Ttotal Status Flags
r-devel-linux-x86_64-debian-clang 0.2-12 2.03 15.83 17.86 NOTE
r-devel-linux-x86_64-debian-gcc 0.2-12 1.88 15.08 16.95 NOTE
r-devel-linux-x86_64-fedora-clang 0.2-12 30.33 NOTE
r-devel-linux-x86_64-fedora-gcc 0.2-12 26.80 NOTE
r-devel-macos-x86_64-clang 0.2-12 25.35 NOTE
r-devel-windows-ix86+x86_64 0.2-12 8.00 51.00 59.00 NOTE
r-patched-linux-x86_64 0.2-12 2.01 15.05 17.06 NOTE
r-patched-solaris-sparc 0.2-12 183.50 NOTE
r-patched-solaris-x86 0.2-12 39.70 NOTE
r-release-linux-x86_64 0.2-12 2.05 15.31 17.37 NOTE
r-release-osx-x86_64-mavericks 0.2-12 NOTE
r-release-windows-ix86+x86_64 0.2-12 6.00 46.00 52.00 NOTE
r-oldrel-windows-ix86+x86_64 0.2-12 8.00 49.00 57.00 NOTE

Check Details

Version: 0.2-12
Check: installed package size
Result: NOTE
     installed size is 17.5Mb
     sub-directories of 1Mb or more:
     java 17.4Mb
Flavors: r-devel-linux-x86_64-debian-clang, r-devel-linux-x86_64-debian-gcc, r-devel-linux-x86_64-fedora-clang, r-devel-linux-x86_64-fedora-gcc, r-devel-macos-x86_64-clang, r-devel-windows-ix86+x86_64, r-patched-linux-x86_64, r-patched-solaris-sparc, r-patched-solaris-x86, r-release-linux-x86_64, r-release-osx-x86_64-mavericks, r-release-windows-ix86+x86_64, r-oldrel-windows-ix86+x86_64