CRAN Package Check Results for Package XLConnectJars

Last updated on 2016-06-28 14:48:45.

Flavor Version Tinstall Tcheck Ttotal Status Flags
r-devel-linux-x86_64-debian-gcc 0.2-12 1.81 14.77 16.58 NOTE
r-devel-linux-x86_64-fedora-clang 0.2-12 29.06 NOTE
r-devel-linux-x86_64-fedora-gcc 0.2-12 27.46 NOTE
r-devel-osx-x86_64-clang 0.2-12 27.32 NOTE
r-devel-windows-ix86+x86_64 0.2-12 7.00 35.00 42.00 NOTE
r-patched-linux-x86_64 0.2-12 1.94 14.65 16.59 NOTE
r-patched-solaris-sparc 0.2-12 183.50 NOTE
r-patched-solaris-x86 0.2-12 40.10 NOTE
r-release-linux-x86_64 0.2-12 2.25 14.61 16.86 NOTE
r-release-osx-x86_64-mavericks 0.2-12 NOTE
r-release-windows-ix86+x86_64 0.2-12 8.00 59.00 67.00 NOTE
r-oldrel-windows-ix86+x86_64 0.2-12 8.00 49.00 57.00 NOTE

Check Details

Version: 0.2-12
Check: installed package size
Result: NOTE
     installed size is 17.5Mb
     sub-directories of 1Mb or more:
     java 17.4Mb
Flavors: r-devel-linux-x86_64-debian-gcc, r-devel-linux-x86_64-fedora-clang, r-devel-linux-x86_64-fedora-gcc, r-devel-osx-x86_64-clang, r-devel-windows-ix86+x86_64, r-patched-linux-x86_64, r-patched-solaris-sparc, r-patched-solaris-x86, r-release-linux-x86_64, r-release-osx-x86_64-mavericks, r-release-windows-ix86+x86_64, r-oldrel-windows-ix86+x86_64