CRAN Package Check Results for Package XLConnectJars

Last updated on 2015-03-01 19:48:22.

Flavor Version Tinstall Tcheck Ttotal Status Flags
r-devel-linux-x86_64-debian-clang 0.2-9 1.98 15.32 17.30 NOTE
r-devel-linux-x86_64-debian-gcc 0.2-9 1.84 16.41 18.25 NOTE
r-devel-linux-x86_64-fedora-clang 0.2-9 34.89 NOTE
r-devel-linux-x86_64-fedora-gcc 0.2-9 30.92 NOTE
r-devel-osx-x86_64-clang 0.2-9 37.65 NOTE
r-devel-windows-ix86+x86_64 0.2-9 7.00 25.00 32.00 NOTE
r-patched-linux-x86_64 0.2-9 2.37 19.09 21.46 NOTE
r-patched-solaris-sparc 0.2-9 278.50 NOTE
r-patched-solaris-x86 0.2-9 66.10 NOTE
r-release-linux-ix86 0.2-9 2.93 25.06 27.99 NOTE
r-release-linux-x86_64 0.2-9 2.41 19.29 21.70 NOTE
r-release-osx-x86_64-mavericks 0.2-9 NOTE
r-release-osx-x86_64-snowleopard 0.2-9 NOTE
r-release-windows-ix86+x86_64 0.2-9 7.00 29.00 36.00 NOTE
r-oldrel-windows-ix86+x86_64 0.2-9 7.00 31.00 38.00 NOTE

Check Details

Version: 0.2-9
Check: installed package size
Result: NOTE
     installed size is 16.9Mb
     sub-directories of 1Mb or more:
     java 16.8Mb
Flavors: r-devel-linux-x86_64-debian-clang, r-devel-linux-x86_64-debian-gcc, r-devel-linux-x86_64-fedora-clang, r-devel-linux-x86_64-fedora-gcc, r-devel-osx-x86_64-clang, r-devel-windows-ix86+x86_64, r-patched-linux-x86_64, r-patched-solaris-sparc, r-patched-solaris-x86, r-release-linux-ix86, r-release-linux-x86_64, r-release-osx-x86_64-mavericks, r-release-osx-x86_64-snowleopard, r-release-windows-ix86+x86_64, r-oldrel-windows-ix86+x86_64

Version: 0.2-9
Check: DESCRIPTION meta-information
Result: NOTE
    Malformed Description field: should contain one or more complete sentences.
Flavors: r-devel-linux-x86_64-debian-clang, r-devel-linux-x86_64-debian-gcc, r-devel-linux-x86_64-fedora-clang, r-devel-linux-x86_64-fedora-gcc, r-devel-osx-x86_64-clang, r-devel-windows-ix86+x86_64