CRAN Package Check Results for Package XLConnectJars

Last updated on 2017-06-23 21:48:38.

Flavor Version Tinstall Tcheck Ttotal Status Flags
r-devel-linux-x86_64-debian-clang 0.2-13 2.30 17.53 19.83 OK
r-devel-linux-x86_64-debian-gcc 0.2-13 2.26 17.43 19.69 OK
r-devel-linux-x86_64-fedora-clang 0.2-13 35.61 NOTE
r-devel-linux-x86_64-fedora-gcc 0.2-13 33.98 NOTE
r-devel-windows-ix86+x86_64 0.2-13 6.00 42.00 48.00 NOTE
r-patched-linux-x86_64 0.2-13 2.07 17.86 19.93 OK
r-patched-solaris-sparc 0.2-13 228.30 NOTE
r-patched-solaris-x86 0.2-13 50.20 NOTE
r-release-linux-x86_64 0.2-13 2.20 17.48 19.68 OK
r-release-windows-ix86+x86_64 0.2-13 9.00 51.00 60.00 NOTE
r-release-osx-x86_64 0.2-13 NOTE
r-oldrel-windows-ix86+x86_64 0.2-13 9.00 54.00 63.00 NOTE
r-oldrel-osx-x86_64 0.2-13 NOTE

Check Details

Version: 0.2-13
Check: installed package size
Result: NOTE
     installed size is 19.1Mb
     sub-directories of 1Mb or more:
     java 19.0Mb
Flavors: r-devel-linux-x86_64-fedora-clang, r-devel-linux-x86_64-fedora-gcc, r-devel-windows-ix86+x86_64, r-patched-solaris-sparc, r-patched-solaris-x86, r-release-windows-ix86+x86_64, r-release-osx-x86_64, r-oldrel-windows-ix86+x86_64, r-oldrel-osx-x86_64