CRAN Package Check Results for Package XLConnectJars

Last updated on 2016-12-05 19:47:22.

Flavor Version Tinstall Tcheck Ttotal Status Flags
r-devel-linux-x86_64-debian-clang 0.2-12 2.13 17.01 19.14 OK
r-devel-linux-x86_64-debian-gcc 0.2-12 2.06 17.08 19.14 OK
r-devel-linux-x86_64-fedora-clang 0.2-12 35.66 NOTE --no-stop-on-test-error
r-devel-linux-x86_64-fedora-gcc 0.2-12 34.50 NOTE --no-stop-on-test-error
r-devel-macos-x86_64-clang 0.2-12 29.97 NOTE
r-devel-windows-ix86+x86_64 0.2-12 11.00 49.00 60.00 NOTE
r-patched-linux-x86_64 0.2-12 1.88 14.80 16.69 OK
r-patched-solaris-sparc 0.2-12 183.50 NOTE
r-patched-solaris-x86 0.2-12 40.20 NOTE
r-release-linux-x86_64 0.2-12 1.87 14.70 16.57 OK
r-release-osx-x86_64-mavericks 0.2-12 NOTE
r-release-windows-ix86+x86_64 0.2-12 6.00 35.00 41.00 NOTE
r-oldrel-windows-ix86+x86_64 0.2-12 6.00 35.00 41.00 NOTE

Check Details

Version: 0.2-12
Flags: --no-stop-on-test-error
Check: installed package size
Result: NOTE
     installed size is 17.5Mb
     sub-directories of 1Mb or more:
     java 17.4Mb
Flavors: r-devel-linux-x86_64-fedora-clang, r-devel-linux-x86_64-fedora-gcc

Version: 0.2-12
Check: installed package size
Result: NOTE
     installed size is 17.5Mb
     sub-directories of 1Mb or more:
     java 17.4Mb
Flavors: r-devel-macos-x86_64-clang, r-devel-windows-ix86+x86_64, r-patched-solaris-sparc, r-patched-solaris-x86, r-release-osx-x86_64-mavericks, r-release-windows-ix86+x86_64, r-oldrel-windows-ix86+x86_64