CRAN Package Check Results for Package XLConnectJars

Last updated on 2014-10-23 10:48:19.

Flavor Version Tinstall Tcheck Ttotal Status Flags
r-devel-linux-x86_64-debian-clang 0.2-9 2.39 18.70 21.09 NOTE
r-devel-linux-x86_64-debian-gcc 0.2-9 2.24 18.20 20.44 NOTE
r-devel-linux-x86_64-fedora-clang 0.2-9 40.91 NOTE
r-devel-linux-x86_64-fedora-gcc 0.2-9 39.06 NOTE
r-devel-osx-x86_64-clang 0.2-9 45.20 NOTE
r-devel-windows-ix86+x86_64 0.2-9 7.00 28.00 35.00 NOTE
r-patched-linux-x86_64 0.2-9 2.40 19.06 21.46 NOTE
r-patched-solaris-sparc 0.2-9 239.20 NOTE
r-patched-solaris-x86 0.2-9 66.10 NOTE
r-release-linux-ix86 0.2-9 3.12 25.12 28.24 NOTE
r-release-linux-x86_64 0.2-9 2.42 18.96 21.38 NOTE
r-release-osx-x86_64-mavericks 0.2-9 NOTE
r-release-osx-x86_64-snowleopard 0.2-9 NOTE
r-release-windows-ix86+x86_64 0.2-9 7.00 32.00 39.00 NOTE
r-oldrel-windows-ix86+x86_64 0.2-9 7.00 31.00 38.00 NOTE

Check Details

Version: 0.2-9
Check: installed package size
Result: NOTE
     installed size is 16.9Mb
     sub-directories of 1Mb or more:
     java 16.8Mb
Flavors: r-devel-linux-x86_64-debian-clang, r-devel-linux-x86_64-debian-gcc, r-devel-linux-x86_64-fedora-clang, r-devel-linux-x86_64-fedora-gcc, r-devel-osx-x86_64-clang, r-devel-windows-ix86+x86_64, r-patched-linux-x86_64, r-patched-solaris-sparc, r-patched-solaris-x86, r-release-linux-ix86, r-release-linux-x86_64, r-release-osx-x86_64-mavericks, r-release-osx-x86_64-snowleopard, r-release-windows-ix86+x86_64, r-oldrel-windows-ix86+x86_64