CRAN Package Check Results for Package XLConnectJars

Last updated on 2018-04-25 08:51:51 CEST.

Flavor Version Tinstall Tcheck Ttotal Status Flags
r-devel-linux-x86_64-debian-clang 0.2-15 2.81 30.39 33.20 OK
r-devel-linux-x86_64-debian-gcc 0.2-15 2.59 24.06 26.65 OK
r-devel-linux-x86_64-fedora-clang 0.2-15 35.67 NOTE
r-devel-linux-x86_64-fedora-gcc 0.2-15 33.02 NOTE
r-devel-windows-ix86+x86_64 0.2-15 8.00 40.00 48.00 NOTE
r-patched-linux-x86_64 0.2-15 2.27 29.77 32.04 OK
r-patched-solaris-x86 0.2-15 57.20 NOTE
r-release-linux-x86_64 0.2-15 2.81 30.25 33.06 OK
r-release-windows-ix86+x86_64 0.2-15 8.00 40.00 48.00 NOTE
r-release-osx-x86_64 0.2-15 NOTE
r-oldrel-windows-ix86+x86_64 0.2-15 8.00 54.00 62.00 NOTE
r-oldrel-osx-x86_64 0.2-15 NOTE

Check Details

Version: 0.2-15
Check: installed package size
Result: NOTE
     installed size is 19.1Mb
     sub-directories of 1Mb or more:
     java 19.0Mb
Flavors: r-devel-linux-x86_64-fedora-clang, r-devel-linux-x86_64-fedora-gcc, r-devel-windows-ix86+x86_64, r-patched-solaris-x86, r-release-windows-ix86+x86_64, r-release-osx-x86_64, r-oldrel-windows-ix86+x86_64, r-oldrel-osx-x86_64