CRAN Package Check Results for Package XLConnectJars

Last updated on 2018-06-24 16:49:14 CEST.

Flavor Version Tinstall Tcheck Ttotal Status Flags
r-devel-linux-x86_64-debian-clang 0.2-15 2.97 35.17 38.14 OK
r-devel-linux-x86_64-debian-gcc 0.2-15 2.39 27.26 29.65 OK
r-devel-linux-x86_64-fedora-clang 0.2-15 40.31 NOTE
r-devel-linux-x86_64-fedora-gcc 0.2-15 38.46 OK
r-devel-windows-ix86+x86_64 0.2-15 9.00 48.00 57.00 NOTE
r-patched-linux-x86_64 0.2-15 2.98 29.86 32.84 OK
r-patched-solaris-x86 0.2-15 52.50 NOTE
r-release-linux-x86_64 0.2-15 2.83 29.91 32.74 OK
r-release-windows-ix86+x86_64 0.2-15 5.00 40.00 45.00 NOTE
r-release-osx-x86_64 0.2-15 NOTE
r-oldrel-windows-ix86+x86_64 0.2-15 8.00 51.00 59.00 NOTE
r-oldrel-osx-x86_64 0.2-15 NOTE

Check Details

Version: 0.2-15
Check: installed package size
Result: NOTE
     installed size is 19.1Mb
     sub-directories of 1Mb or more:
     java 19.0Mb
Flavors: r-devel-linux-x86_64-fedora-clang, r-devel-windows-ix86+x86_64, r-patched-solaris-x86, r-release-windows-ix86+x86_64, r-release-osx-x86_64, r-oldrel-windows-ix86+x86_64, r-oldrel-osx-x86_64