CRAN Package Check Results for Package XLConnectJars

Last updated on 2015-02-01 05:48:10.

Flavor Version Tinstall Tcheck Ttotal Status Flags
r-devel-linux-x86_64-debian-clang 0.2-9 2.01 15.21 17.22 NOTE
r-devel-linux-x86_64-debian-gcc 0.2-9 1.96 14.63 16.59 NOTE
r-devel-linux-x86_64-fedora-clang 0.2-9 41.53 NOTE
r-devel-linux-x86_64-fedora-gcc 0.2-9 32.41 NOTE
r-devel-osx-x86_64-clang 0.2-9 43.51 NOTE
r-devel-windows-ix86+x86_64 0.2-9 7.00 29.00 36.00 NOTE
r-patched-linux-x86_64 0.2-9 2.47 19.64 22.12 NOTE
r-patched-solaris-sparc 0.2-9 278.50 NOTE
r-patched-solaris-x86 0.2-9 64.60 NOTE
r-release-linux-ix86 0.2-9 2.94 25.15 28.09 NOTE
r-release-linux-x86_64 0.2-9 2.42 19.13 21.55 NOTE
r-release-osx-x86_64-mavericks 0.2-9 NOTE
r-release-osx-x86_64-snowleopard 0.2-9 NOTE
r-release-windows-ix86+x86_64 0.2-9 7.00 29.00 36.00 NOTE
r-oldrel-windows-ix86+x86_64 0.2-9 7.00 31.00 38.00 NOTE

Check Details

Version: 0.2-9
Check: installed package size
Result: NOTE
     installed size is 16.9Mb
     sub-directories of 1Mb or more:
     java 16.8Mb
Flavors: r-devel-linux-x86_64-debian-clang, r-devel-linux-x86_64-debian-gcc, r-devel-linux-x86_64-fedora-clang, r-devel-linux-x86_64-fedora-gcc, r-devel-osx-x86_64-clang, r-devel-windows-ix86+x86_64, r-patched-linux-x86_64, r-patched-solaris-sparc, r-patched-solaris-x86, r-release-linux-ix86, r-release-linux-x86_64, r-release-osx-x86_64-mavericks, r-release-osx-x86_64-snowleopard, r-release-windows-ix86+x86_64, r-oldrel-windows-ix86+x86_64