CRAN Package Check Results for Package XLConnectJars

Last updated on 2016-02-09 16:47:18.

Flavor Version Tinstall Tcheck Ttotal Status Flags
r-devel-linux-x86_64-debian-gcc 0.2-9 1.86 13.93 15.79 NOTE
r-devel-linux-x86_64-fedora-clang 0.2-9 29.59 NOTE
r-devel-linux-x86_64-fedora-gcc 0.2-9 27.31 NOTE
r-devel-osx-x86_64-clang 0.2-9 33.90 NOTE
r-devel-windows-ix86+x86_64 0.2-9 7.00 40.00 47.00 NOTE
r-patched-linux-x86_64 0.2-9 2.13 15.06 17.19 NOTE
r-patched-solaris-sparc 0.2-9 205.60 NOTE
r-patched-solaris-x86 0.2-9 44.70 NOTE
r-release-linux-x86_64 0.2-9 1.94 15.21 17.15 NOTE
r-release-osx-x86_64-mavericks 0.2-9 NOTE
r-release-windows-ix86+x86_64 0.2-9 7.00 29.00 36.00 NOTE
r-oldrel-windows-ix86+x86_64 0.2-9 10.00 32.00 42.00 NOTE

Check Details

Version: 0.2-9
Check: installed package size
Result: NOTE
     installed size is 16.9Mb
     sub-directories of 1Mb or more:
     java 16.8Mb
Flavors: r-devel-linux-x86_64-debian-gcc, r-devel-linux-x86_64-fedora-clang, r-devel-linux-x86_64-fedora-gcc, r-devel-osx-x86_64-clang, r-devel-windows-ix86+x86_64, r-patched-linux-x86_64, r-patched-solaris-sparc, r-patched-solaris-x86, r-release-linux-x86_64, r-release-osx-x86_64-mavericks, r-release-windows-ix86+x86_64, r-oldrel-windows-ix86+x86_64

Version: 0.2-9
Check: DESCRIPTION meta-information
Result: NOTE
    Malformed Description field: should contain one or more complete sentences.
Flavors: r-devel-linux-x86_64-debian-gcc, r-devel-linux-x86_64-fedora-clang, r-devel-linux-x86_64-fedora-gcc, r-devel-osx-x86_64-clang, r-devel-windows-ix86+x86_64, r-patched-linux-x86_64, r-patched-solaris-sparc, r-patched-solaris-x86, r-release-linux-x86_64, r-release-osx-x86_64-mavericks, r-release-windows-ix86+x86_64