CRAN Package Check Results for Package XLConnectJars

Last updated on 2018-02-19 21:49:59 CET.

Flavor Version Tinstall Tcheck Ttotal Status Flags
r-devel-linux-x86_64-debian-clang 0.2-14 2.89 24.57 27.46 OK
r-devel-linux-x86_64-debian-gcc 0.2-14 2.31 21.75 24.06 OK
r-devel-linux-x86_64-fedora-clang 0.2-14 34.82 NOTE
r-devel-linux-x86_64-fedora-gcc 0.2-14 33.45 NOTE
r-devel-windows-ix86+x86_64 0.2-14 8.00 53.00 61.00 NOTE
r-patched-linux-x86_64 0.2-14 3.24 28.43 31.67 OK
r-patched-solaris-x86 0.2-14 52.00 NOTE
r-release-linux-x86_64 0.2-14 3.50 28.47 31.97 OK
r-release-windows-ix86+x86_64 0.2-14 9.00 50.00 59.00 NOTE
r-release-osx-x86_64 0.2-14 NOTE
r-oldrel-windows-ix86+x86_64 0.2-14 6.00 38.00 44.00 NOTE
r-oldrel-osx-x86_64 0.2-13 NOTE

Check Details

Version: 0.2-14
Check: installed package size
Result: NOTE
     installed size is 19.1Mb
     sub-directories of 1Mb or more:
     java 19.0Mb
Flavors: r-devel-linux-x86_64-fedora-clang, r-devel-linux-x86_64-fedora-gcc, r-devel-windows-ix86+x86_64, r-patched-solaris-x86, r-release-windows-ix86+x86_64, r-release-osx-x86_64, r-oldrel-windows-ix86+x86_64

Version: 0.2-13
Check: installed package size
Result: NOTE
     installed size is 19.1Mb
     sub-directories of 1Mb or more:
     java 19.0Mb
Flavor: r-oldrel-osx-x86_64