CRAN Package Check Results for Package XLConnectJars

Last updated on 2017-03-24 23:56:18.

Flavor Version Tinstall Tcheck Ttotal Status Flags
r-devel-linux-x86_64-debian-clang 0.2-12 2.24 17.64 19.88 OK
r-devel-linux-x86_64-debian-gcc 0.2-12 2.14 17.30 19.45 OK
r-devel-linux-x86_64-fedora-clang 0.2-12 34.61 NOTE --no-stop-on-test-error
r-devel-linux-x86_64-fedora-gcc 0.2-12 33.56 NOTE --no-stop-on-test-error
r-devel-macos-x86_64-clang 0.2-12 30.08 NOTE --no-stop-on-test-error
r-devel-windows-ix86+x86_64 0.2-12 6.00 40.00 46.00 NOTE
r-patched-linux-x86_64 0.2-12 2.10 14.63 16.73 OK
r-patched-solaris-sparc 0.2-12 222.10 NOTE
r-patched-solaris-x86 0.2-12 50.90 NOTE
r-release-linux-x86_64 0.2-12 1.86 14.59 16.44 OK
r-release-osx-x86_64-mavericks 0.2-12 NOTE
r-release-windows-ix86+x86_64 0.2-12 6.00 35.00 41.00 NOTE
r-oldrel-windows-ix86+x86_64 0.2-12 6.00 35.00 41.00 NOTE

Check Details

Version: 0.2-12
Flags: --no-stop-on-test-error
Check: installed package size
Result: NOTE
     installed size is 17.5Mb
     sub-directories of 1Mb or more:
     java 17.4Mb
Flavors: r-devel-linux-x86_64-fedora-clang, r-devel-linux-x86_64-fedora-gcc, r-devel-macos-x86_64-clang

Version: 0.2-12
Check: installed package size
Result: NOTE
     installed size is 17.5Mb
     sub-directories of 1Mb or more:
     java 17.4Mb
Flavors: r-devel-windows-ix86+x86_64, r-patched-solaris-sparc, r-patched-solaris-x86, r-release-osx-x86_64-mavericks, r-release-windows-ix86+x86_64, r-oldrel-windows-ix86+x86_64