CRAN Package Check Results for Package XLConnectJars

Last updated on 2014-09-18 21:47:00.

Flavor Version Tinstall Tcheck Ttotal Status Flags
r-devel-linux-x86_64-debian-clang 0.2-9 2.34 18.41 20.75 NOTE
r-devel-linux-x86_64-debian-gcc 0.2-9 2.19 18.18 20.37 NOTE
r-devel-linux-x86_64-fedora-clang 0.2-9 40.46 NOTE
r-devel-linux-x86_64-fedora-gcc 0.2-9 44.62 NOTE
r-devel-osx-x86_64-clang 0.2-9 42.63 NOTE
r-devel-windows-ix86+x86_64 0.2-9 7.00 27.00 34.00 NOTE
r-patched-linux-x86_64 0.2-9 2.38 18.95 21.33 NOTE
r-patched-solaris-sparc 0.2-9 239.20 NOTE
r-patched-solaris-x86 0.2-9 60.50 NOTE
r-release-linux-ix86 0.2-9 3.14 25.18 28.32 NOTE
r-release-linux-x86_64 0.2-9 2.38 18.94 21.32 NOTE
r-release-osx-x86_64-mavericks 0.2-9 NOTE
r-release-osx-x86_64-snowleopard 0.2-9 NOTE
r-release-windows-ix86+x86_64 0.2-9 7.00 32.00 39.00 NOTE
r-oldrel-windows-ix86+x86_64 0.2-9 7.00 31.00 38.00 NOTE

Check Details

Version: 0.2-9
Check: installed package size
Result: NOTE
     installed size is 16.9Mb
     sub-directories of 1Mb or more:
     java 16.8Mb
Flavors: r-devel-linux-x86_64-debian-clang, r-devel-linux-x86_64-debian-gcc, r-devel-linux-x86_64-fedora-clang, r-devel-linux-x86_64-fedora-gcc, r-devel-osx-x86_64-clang, r-devel-windows-ix86+x86_64, r-patched-linux-x86_64, r-patched-solaris-sparc, r-patched-solaris-x86, r-release-linux-ix86, r-release-linux-x86_64, r-release-osx-x86_64-mavericks, r-release-osx-x86_64-snowleopard, r-release-windows-ix86+x86_64, r-oldrel-windows-ix86+x86_64