CRAN Package Check Results for Package XLConnectJars

Last updated on 2017-04-30 23:52:02.

Flavor Version Tinstall Tcheck Ttotal Status Flags
r-devel-linux-x86_64-debian-clang 0.2-12 2.05 17.82 19.87 OK
r-devel-linux-x86_64-debian-gcc 0.2-12 2.15 17.47 19.61 OK
r-devel-linux-x86_64-fedora-clang 0.2-12 35.41 NOTE --no-stop-on-test-error
r-devel-linux-x86_64-fedora-gcc 0.2-12 34.07 NOTE --no-stop-on-test-error
r-devel-windows-ix86+x86_64 0.2-12 7.00 52.00 59.00 NOTE
r-patched-linux-x86_64 0.2-12 2.05 17.65 19.71 OK
r-patched-solaris-sparc 0.2-12 222.10 NOTE
r-patched-solaris-x86 0.2-12 50.20 NOTE
r-release-linux-x86_64 0.2-12 2.02 17.75 19.78 OK
r-release-windows-ix86+x86_64 0.2-12 6.00 40.00 46.00 NOTE
r-release-osx-x86_64 0.2-12 NOTE
r-oldrel-windows-ix86+x86_64 0.2-12 6.00 35.00 41.00 NOTE
r-oldrel-osx-x86_64 0.2-12 NOTE

Check Details

Version: 0.2-12
Flags: --no-stop-on-test-error
Check: installed package size
Result: NOTE
     installed size is 17.5Mb
     sub-directories of 1Mb or more:
     java 17.4Mb
Flavors: r-devel-linux-x86_64-fedora-clang, r-devel-linux-x86_64-fedora-gcc

Version: 0.2-12
Check: installed package size
Result: NOTE
     installed size is 17.5Mb
     sub-directories of 1Mb or more:
     java 17.4Mb
Flavors: r-devel-windows-ix86+x86_64, r-patched-solaris-sparc, r-patched-solaris-x86, r-release-windows-ix86+x86_64, r-release-osx-x86_64, r-oldrel-windows-ix86+x86_64, r-oldrel-osx-x86_64