CRAN Package Check Results for Package XLConnectJars

Last updated on 2017-12-11 17:49:25 CET.

Flavor Version Tinstall Tcheck Ttotal Status Flags
r-devel-linux-x86_64-debian-clang 0.2-13 2.99 22.96 25.95 OK
r-devel-linux-x86_64-debian-gcc 0.2-13 1.95 21.46 23.41 OK
r-devel-linux-x86_64-fedora-clang 0.2-13 33.11 NOTE
r-devel-linux-x86_64-fedora-gcc 0.2-13 32.57 NOTE
r-devel-windows-ix86+x86_64 0.2-13 9.00 41.00 50.00 NOTE
r-patched-linux-x86_64 0.2-13 3.06 27.31 30.37 OK
r-patched-solaris-x86 0.2-13 51.40 NOTE
r-release-linux-x86_64 0.2-13 2.81 27.58 30.39 OK
r-release-windows-ix86+x86_64 0.2-13 7.00 51.00 58.00 NOTE
r-release-osx-x86_64 0.2-13 NOTE
r-oldrel-windows-ix86+x86_64 0.2-13 9.00 54.00 63.00 NOTE
r-oldrel-osx-x86_64 0.2-13 NOTE

Check Details

Version: 0.2-13
Check: installed package size
Result: NOTE
     installed size is 19.1Mb
     sub-directories of 1Mb or more:
     java 19.0Mb
Flavors: r-devel-linux-x86_64-fedora-clang, r-devel-linux-x86_64-fedora-gcc, r-devel-windows-ix86+x86_64, r-patched-solaris-x86, r-release-windows-ix86+x86_64, r-release-osx-x86_64, r-oldrel-windows-ix86+x86_64, r-oldrel-osx-x86_64