CRAN Package Check Results for Package XLConnectJars

Last updated on 2015-04-27 17:48:38.

Flavor Version Tinstall Tcheck Ttotal Status Flags
r-devel-linux-x86_64-debian-clang 0.2-9 1.97 15.35 17.32 NOTE
r-devel-linux-x86_64-debian-gcc 0.2-9 2.62 15.94 18.56 NOTE
r-devel-linux-x86_64-fedora-clang 0.2-9 34.41 NOTE
r-devel-linux-x86_64-fedora-gcc 0.2-9 31.76 NOTE
r-devel-osx-x86_64-clang 0.2-9 36.90 NOTE
r-devel-windows-ix86+x86_64 0.2-9 6.00 27.00 33.00 NOTE
r-patched-linux-x86_64 0.2-9 2.05 15.12 17.17 NOTE
r-patched-solaris-sparc 0.2-9 229.50 NOTE
r-patched-solaris-x86 0.2-9 55.00 NOTE
r-release-linux-x86_64 0.2-9 2.65 15.32 17.97 NOTE
r-release-osx-x86_64-mavericks 0.2-9 NOTE
r-release-osx-x86_64-snowleopard 0.2-9 NOTE
r-release-windows-ix86+x86_64 0.2-9 5.00 30.00 35.00 NOTE
r-oldrel-windows-ix86+x86_64 0.2-9 9.00 32.00 41.00 NOTE

Check Details

Version: 0.2-9
Check: installed package size
Result: NOTE
     installed size is 16.9Mb
     sub-directories of 1Mb or more:
     java 16.8Mb
Flavors: r-devel-linux-x86_64-debian-clang, r-devel-linux-x86_64-debian-gcc, r-devel-linux-x86_64-fedora-clang, r-devel-linux-x86_64-fedora-gcc, r-devel-osx-x86_64-clang, r-devel-windows-ix86+x86_64, r-patched-solaris-sparc, r-patched-solaris-x86, r-release-linux-x86_64, r-release-osx-x86_64-mavericks, r-release-osx-x86_64-snowleopard, r-release-windows-ix86+x86_64, r-oldrel-windows-ix86+x86_64

Version: 0.2-9
Check: DESCRIPTION meta-information
Result: NOTE
    Malformed Description field: should contain one or more complete sentences.
Flavors: r-devel-linux-x86_64-debian-clang, r-devel-linux-x86_64-debian-gcc, r-devel-linux-x86_64-fedora-clang, r-devel-linux-x86_64-fedora-gcc, r-devel-osx-x86_64-clang, r-devel-windows-ix86+x86_64, r-patched-solaris-sparc, r-patched-solaris-x86, r-release-linux-x86_64, r-release-osx-x86_64-mavericks, r-release-osx-x86_64-snowleopard, r-release-windows-ix86+x86_64