CRAN Package Check Results for Package XLConnectJars

Last updated on 2015-07-08 05:48:03.

Flavor Version Tinstall Tcheck Ttotal Status Flags
r-devel-linux-x86_64-debian-clang 0.2-9 1.93 16.30 18.24 NOTE
r-devel-linux-x86_64-debian-gcc 0.2-9 1.82 15.63 17.45 NOTE
r-devel-linux-x86_64-fedora-clang 0.2-9 33.06 NOTE
r-devel-linux-x86_64-fedora-gcc 0.2-9 30.25 NOTE
r-devel-osx-x86_64-clang 0.2-9 32.97 NOTE
r-devel-windows-ix86+x86_64 0.2-9 6.00 26.00 32.00 NOTE
r-patched-linux-x86_64 0.2-9 1.86 14.90 16.75 NOTE
r-patched-solaris-sparc 0.2-9 236.90 NOTE
r-patched-solaris-x86 0.2-9 56.90 NOTE
r-release-linux-x86_64 0.2-9 1.86 15.10 16.96 NOTE
r-release-osx-x86_64-mavericks 0.2-9 NOTE
r-release-windows-ix86+x86_64 0.2-9 8.00 25.00 33.00 NOTE
r-oldrel-windows-ix86+x86_64 0.2-9 9.00 32.00 41.00 NOTE

Check Details

Version: 0.2-9
Check: installed package size
Result: NOTE
     installed size is 16.9Mb
     sub-directories of 1Mb or more:
     java 16.8Mb
Flavors: r-devel-linux-x86_64-debian-clang, r-devel-linux-x86_64-debian-gcc, r-devel-linux-x86_64-fedora-clang, r-devel-linux-x86_64-fedora-gcc, r-devel-osx-x86_64-clang, r-devel-windows-ix86+x86_64, r-patched-linux-x86_64, r-patched-solaris-sparc, r-patched-solaris-x86, r-release-linux-x86_64, r-release-osx-x86_64-mavericks, r-release-windows-ix86+x86_64, r-oldrel-windows-ix86+x86_64

Version: 0.2-9
Check: DESCRIPTION meta-information
Result: NOTE
    Malformed Description field: should contain one or more complete sentences.
Flavors: r-devel-linux-x86_64-debian-clang, r-devel-linux-x86_64-debian-gcc, r-devel-linux-x86_64-fedora-clang, r-devel-linux-x86_64-fedora-gcc, r-devel-osx-x86_64-clang, r-devel-windows-ix86+x86_64, r-patched-linux-x86_64, r-patched-solaris-sparc, r-patched-solaris-x86, r-release-linux-x86_64, r-release-osx-x86_64-mavericks, r-release-windows-ix86+x86_64