CRAN Package Check Results for Package XLConnectJars

Last updated on 2015-08-02 11:47:46.

Flavor Version Tinstall Tcheck Ttotal Status Flags
r-devel-linux-x86_64-debian-clang 0.2-9 1.93 15.64 17.58 NOTE
r-devel-linux-x86_64-debian-gcc 0.2-9 1.81 15.02 16.82 NOTE
r-devel-linux-x86_64-fedora-clang 0.2-9 34.19 NOTE
r-devel-linux-x86_64-fedora-gcc 0.2-9 33.29 NOTE
r-devel-osx-x86_64-clang 0.2-9 31.86 NOTE
r-devel-windows-ix86+x86_64 0.2-9 6.00 27.00 33.00 NOTE
r-patched-linux-x86_64 0.2-9 2.07 15.20 17.27 NOTE
r-patched-solaris-sparc 0.2-9 221.20 NOTE
r-patched-solaris-x86 0.2-9 53.80 NOTE
r-release-linux-x86_64 0.2-9 1.94 14.81 16.75 NOTE
r-release-osx-x86_64-mavericks 0.2-9 NOTE
r-release-windows-ix86+x86_64 0.2-9 7.00 26.00 33.00 NOTE
r-oldrel-windows-ix86+x86_64 0.2-9 9.00 33.00 42.00 NOTE

Check Details

Version: 0.2-9
Check: installed package size
Result: NOTE
     installed size is 16.9Mb
     sub-directories of 1Mb or more:
     java 16.8Mb
Flavors: r-devel-linux-x86_64-debian-clang, r-devel-linux-x86_64-debian-gcc, r-devel-linux-x86_64-fedora-clang, r-devel-linux-x86_64-fedora-gcc, r-devel-osx-x86_64-clang, r-devel-windows-ix86+x86_64, r-patched-linux-x86_64, r-patched-solaris-sparc, r-patched-solaris-x86, r-release-linux-x86_64, r-release-osx-x86_64-mavericks, r-release-windows-ix86+x86_64, r-oldrel-windows-ix86+x86_64

Version: 0.2-9
Check: DESCRIPTION meta-information
Result: NOTE
    Malformed Description field: should contain one or more complete sentences.
Flavors: r-devel-linux-x86_64-debian-clang, r-devel-linux-x86_64-debian-gcc, r-devel-linux-x86_64-fedora-clang, r-devel-linux-x86_64-fedora-gcc, r-devel-osx-x86_64-clang, r-devel-windows-ix86+x86_64, r-patched-linux-x86_64, r-patched-solaris-sparc, r-patched-solaris-x86, r-release-linux-x86_64, r-release-osx-x86_64-mavericks, r-release-windows-ix86+x86_64