CRAN Package Check Results for Package XLConnectJars

Last updated on 2017-02-24 11:48:47.

Flavor Version Tinstall Tcheck Ttotal Status Flags
r-devel-linux-x86_64-debian-clang 0.2-12 2.06 18.01 20.07 OK
r-devel-linux-x86_64-debian-gcc 0.2-12 2.13 17.93 20.06 OK
r-devel-linux-x86_64-fedora-clang 0.2-12 34.00 NOTE --no-stop-on-test-error
r-devel-linux-x86_64-fedora-gcc 0.2-12 33.20 NOTE --no-stop-on-test-error
r-devel-macos-x86_64-clang 0.2-12 31.39 NOTE --no-stop-on-test-error
r-devel-windows-ix86+x86_64 0.2-12 7.00 51.00 58.00 NOTE
r-patched-linux-x86_64 0.2-12 1.95 14.86 16.81 OK
r-patched-solaris-sparc 0.2-12 186.40 NOTE
r-patched-solaris-x86 0.2-12 42.20 NOTE
r-release-linux-x86_64 0.2-12 1.84 14.95 16.79 OK
r-release-osx-x86_64-mavericks 0.2-12 NOTE
r-release-windows-ix86+x86_64 0.2-12 6.00 35.00 41.00 NOTE
r-oldrel-windows-ix86+x86_64 0.2-12 6.00 35.00 41.00 NOTE

Check Details

Version: 0.2-12
Flags: --no-stop-on-test-error
Check: installed package size
Result: NOTE
     installed size is 17.5Mb
     sub-directories of 1Mb or more:
     java 17.4Mb
Flavors: r-devel-linux-x86_64-fedora-clang, r-devel-linux-x86_64-fedora-gcc, r-devel-macos-x86_64-clang

Version: 0.2-12
Check: installed package size
Result: NOTE
     installed size is 17.5Mb
     sub-directories of 1Mb or more:
     java 17.4Mb
Flavors: r-devel-windows-ix86+x86_64, r-patched-solaris-sparc, r-patched-solaris-x86, r-release-osx-x86_64-mavericks, r-release-windows-ix86+x86_64, r-oldrel-windows-ix86+x86_64