CRAN Package Check Results for Package XML

Last updated on 2021-08-04 22:55:40 CEST.

Flavor Version Tinstall Tcheck Ttotal Status Flags
r-devel-linux-x86_64-debian-clang 3.99-0.6 26.81 86.25 113.06 OK
r-devel-linux-x86_64-debian-gcc 3.99-0.6 18.15 64.15 82.30 OK
r-devel-linux-x86_64-fedora-clang 3.99-0.6 143.70 OK
r-devel-linux-x86_64-fedora-gcc 3.99-0.6 133.85 OK
r-devel-windows-x86_64 3.99-0.6 33.00 110.00 143.00 NOTE
r-devel-windows-x86_64-gcc10-UCRT 3.99-0.6 OK
r-patched-linux-x86_64 3.99-0.6 26.66 81.72 108.38 OK
r-patched-solaris-x86 3.99-0.6 175.20 OK
r-release-linux-x86_64 3.99-0.6 24.17 82.34 106.51 OK
r-release-macos-arm64 3.99-0.6 NOTE
r-release-macos-x86_64 3.99-0.6 NOTE
r-release-windows-ix86+x86_64 3.99-0.6 47.00 109.00 156.00 NOTE
r-oldrel-macos-x86_64 3.99-0.6 NOTE
r-oldrel-windows-ix86+x86_64 3.99-0.6 52.00 102.00 154.00 NOTE

Check Details

Version: 3.99-0.6
Check: installed package size
Result: NOTE
     installed size is 5.1Mb
     sub-directories of 1Mb or more:
     exampleData 1.4Mb
     libs 2.1Mb
Flavors: r-devel-windows-x86_64, r-release-macos-arm64, r-release-macos-x86_64, r-release-windows-ix86+x86_64, r-oldrel-macos-x86_64, r-oldrel-windows-ix86+x86_64