CRAN Package Check Results for Package XML

Last updated on 2014-04-20 03:47:38.

Flavor Version Tinstall Tcheck Ttotal Status Flags
r-devel-linux-x86_64-debian-clang 3.98-1.1 8.10 59.36 67.46 NOTE
r-devel-linux-x86_64-debian-gcc 3.98-1.1 8.62 59.33 67.95 NOTE
r-devel-linux-x86_64-fedora-clang 3.98-1.1 117.13 NOTE
r-devel-linux-x86_64-fedora-gcc 3.98-1.1 109.19 NOTE
r-devel-macosx-x86_64-clang 3.98-1.1 98.80 NOTE
r-devel-macosx-x86_64-gcc 3.98-1.1 ERROR
r-devel-windows-ix86+x86_64 3.98-1.1 36.00 114.00 150.00 NOTE
r-patched-linux-x86_64 3.98-1.1 8.95 58.62 67.57 NOTE
r-patched-solaris-sparc 3.98-1.1 658.60 NOTE
r-patched-solaris-x86 3.98-1.1 134.00 NOTE
r-release-linux-ix86 NOTE
r-release-linux-x86_64 3.98-1.1 8.37 59.25 67.62 NOTE
r-release-windows-ix86+x86_64 3.98-1.1 63.00 151.00 214.00 NOTE
r-oldrel-windows-ix86+x86_64 3.98-1.1 36.00 119.00 155.00 NOTE

Check Details

Version: 3.98-1.1
Check: installed package size
Result: NOTE
     installed size is 7.4Mb
     sub-directories of 1Mb or more:
     exampleData 1.6Mb
     examples 4.6Mb
Flavors: r-devel-linux-x86_64-debian-clang, r-devel-linux-x86_64-debian-gcc, r-devel-linux-x86_64-fedora-clang, r-devel-linux-x86_64-fedora-gcc, r-devel-macosx-x86_64-clang, r-devel-macosx-x86_64-gcc, r-devel-windows-ix86+x86_64, r-patched-linux-x86_64, r-patched-solaris-sparc, r-patched-solaris-x86, r-release-linux-ix86, r-release-linux-x86_64, r-release-windows-ix86+x86_64, r-oldrel-windows-ix86+x86_64

Version: 3.98-1.1
Check: DESCRIPTION meta-information
Result: NOTE
    Deprecated license: BSD
    Package listed in more than one of Depends, Imports, Suggests, Enhances:
     ‘methods’
    A package should be listed in only one of these fields.
Flavors: r-devel-linux-x86_64-debian-clang, r-devel-linux-x86_64-debian-gcc, r-devel-linux-x86_64-fedora-clang, r-devel-linux-x86_64-fedora-gcc, r-devel-macosx-x86_64-clang, r-devel-macosx-x86_64-gcc, r-patched-linux-x86_64, r-patched-solaris-sparc, r-patched-solaris-x86, r-release-linux-ix86, r-release-linux-x86_64

Version: 3.98-1.1
Check: dependencies in R code
Result: NOTE
    'library' or 'require' call to ‘methods’ which was already attached by Depends.
     Please remove these calls from your code.
    Missing or unexported object: ‘utils::normalizePath’
    There are ::: calls to the package's namespace in its code. A package
     almost never needs to use ::: for its own objects:
     ‘getRCode’ ‘setXMLErrorHandler’
    See the information on DESCRIPTION files in the chapter ‘Creating R
    packages’ of the ‘Writing R Extensions’ manual.
Flavors: r-devel-linux-x86_64-debian-clang, r-devel-linux-x86_64-debian-gcc, r-devel-linux-x86_64-fedora-clang, r-devel-linux-x86_64-fedora-gcc, r-devel-macosx-x86_64-clang, r-devel-macosx-x86_64-gcc, r-devel-windows-ix86+x86_64, r-patched-linux-x86_64, r-patched-solaris-sparc, r-patched-solaris-x86, r-release-linux-ix86, r-release-linux-x86_64, r-release-windows-ix86+x86_64, r-oldrel-windows-ix86+x86_64

Version: 3.98-1.1
Check: R code for possible problems
Result: NOTE
    addParentNode: no visible binding for global variable ‘.this’
    addParentNode: no visible binding for '<<-' assignment to ‘.children’
    addParentNode: no visible binding for global variable ‘.children’
    addParentNode: no visible binding for '<<-' assignment to ‘.parents’
    addParentNode: no visible binding for global variable ‘.parents’
    addParentNode: no visible binding for '<<-' assignment to ‘.nodes’
    addParentNode: no visible binding for global variable ‘.nodes’
    newXMLDoc: no visible binding for global variable ‘doc’
    xmlFlatListTree : f: no visible binding for global variable ‘nodeNames’
    xmlFlatListTree : f: no visible binding for global variable ‘idx’
    xmlFlatListTree : addNode: no visible binding for global variable
     ‘.this’
    xmlFlatListTree : addNode: no visible binding for '<<-' assignment to
     ‘nodeSet’
    xmlFlatListTree : addNode: no visible binding for global variable
     ‘nodeSet’
    xmlFlatListTree : addNode: no visible binding for global variable ‘idx’
    xmlFlatListTree : addNode: no visible binding for '<<-' assignment to
     ‘nodeNames’
    xmlFlatListTree : addNode: no visible binding for global variable
     ‘nodeNames’
    xmlFlatListTree : addNode: no visible binding for '<<-' assignment to
     ‘idx’
    xmlFlatListTree : addNode: no visible binding for '<<-' assignment to
     ‘parentCount’
    xmlFlatListTree : addNode: no visible binding for global variable
     ‘parentCount’
    xmlFlatListTree : addNode: no visible binding for '<<-' assignment to
     ‘.parents’
    xmlFlatListTree : addNode: no visible binding for global variable
     ‘.parents’
    xmlFlatListTree : addNode: no visible binding for '<<-' assignment to
     ‘.children’
    xmlFlatListTree : addNode: no visible binding for global variable
     ‘.children’
    xmlFlatListTree : <anonymous>: no visible binding for global variable
     ‘e’
    xmlFlatListTree : .tidy: no visible binding for '<<-' assignment to
     ‘.nodes’
    xmlFlatTree : f: no visible binding for global variable ‘.nodes’
    xmlFlatTree : addNode: no visible binding for global variable ‘.this’
    xmlFlatTree : addNode: no visible binding for '<<-' assignment to
     ‘.parents’
    xmlFlatTree : addNode: no visible binding for global variable
     ‘.parents’
    xmlFlatTree : addNode: no visible binding for '<<-' assignment to
     ‘.children’
    xmlFlatTree : addNode: no visible binding for global variable
     ‘.children’
    xmlFlatTree : addNode: no visible binding for '<<-' assignment to
     ‘.nodes’
    xmlFlatTree : addNode: no visible binding for global variable ‘.nodes’
    xmlFlatTree : <anonymous>: no visible binding for global variable ‘e’
    xmlHashTree : .tidy: no visible binding for '<<-' assignment to
     ‘.nodes’
Flavors: r-devel-linux-x86_64-debian-clang, r-devel-linux-x86_64-debian-gcc, r-devel-linux-x86_64-fedora-clang, r-devel-linux-x86_64-fedora-gcc, r-devel-macosx-x86_64-clang, r-devel-macosx-x86_64-gcc, r-devel-windows-ix86+x86_64, r-patched-linux-x86_64, r-patched-solaris-sparc, r-patched-solaris-x86, r-release-linux-ix86, r-release-linux-x86_64, r-release-windows-ix86+x86_64, r-oldrel-windows-ix86+x86_64

Version: 3.98-1.1
Check: top-level files
Result: NOTE
    Non-standard files/directories found at top level:
     ‘Bug.R’ ‘Bugs.html’ ‘Check’ ‘CodeDetails’ ‘Copyright’
     ‘DESCRIPTION.in’ ‘Docs’ ‘FAQ.html’ ‘FIXME_NOW’ ‘GNUmakefile’
     ‘GNUmakefile.admin’ ‘Makevars.in’ ‘MemoryBug.R’ ‘NAMESPACE.in’
     ‘NodeFuns’ ‘Notes’ ‘QuestionSolutions’ ‘README.windows’ ‘Rsamples’
     ‘TAGS’ ‘Todo-orig.html’ ‘Todo.xml’ ‘VersionInfo’ ‘a.out.dSYM’
     ‘addFinalizer’ ‘checkLinks’ ‘dotCalls’ ‘expat’ ‘index.html’
     ‘index.html.in’ ‘libxml’ ‘libxml2.9.R’ ‘scrapingData.xml’
     ‘symbols.rds’ ‘testRemoveFinalizers.R’ ‘testRemoveFinalizers.c’
     ‘xpathPointer.xml’
    Copyright information should be in file inst/COPYRIGHTS
Flavors: r-devel-linux-x86_64-fedora-clang, r-devel-linux-x86_64-fedora-gcc

Version: 3.98-1.1
Check: Rd line widths
Result: NOTE
    Rd file 'makeClassTemplate.Rd':
     \examples lines wider than 100 characters:
     "<doc><part><name>ABC</name><type>XYZ</type><cost>3.54</cost><status>available</status></part></doc>"
    
    Rd file 'xmlClone.Rd':
     \examples lines wider than 100 characters:
     xmlParse('<doc><author id="dtl"><firstname>Duncan</firstname><surname>Temple Lang</surname></author></doc>')
    
    Rd file 'xmlToS4.Rd':
     \examples lines wider than 100 characters:
     "<doc><part><name>ABC</name><type>XYZ</type><cost>3.54</cost><status>available</status></part></doc>"
    
    These lines will be truncated in the PDF manual.
Flavors: r-devel-linux-x86_64-fedora-clang, r-devel-linux-x86_64-fedora-gcc

Version: 3.98-1.1
Check: examples
Result: ERROR
    Running examples in ‘XML-Ex.R’ failed
    The error most likely occurred in:
    
    > ### Name: getHTMLLinks
    > ### Title: Get links or names of external files in HTML document
    > ### Aliases: getHTMLLinks getHTMLExternalFiles
    > ### Keywords: IO programming
    >
    > ### ** Examples
    >
    > getHTMLLinks("http://www.omegahat.org")
    Error in UseMethod("xmlNamespaceDefinitions") :
     no applicable method for 'xmlNamespaceDefinitions' applied to an object of class "NULL"
    Calls: getHTMLLinks ... xpathApply.XMLInternalDocument -> getDefaultNamespace -> xmlNamespaceDefinitions
    Execution halted
Flavor: r-devel-macosx-x86_64-gcc

Version: 3.98-1.1
Check: DESCRIPTION meta-information
Result: NOTE
    Package listed in more than one of Depends, Imports, Suggests, Enhances:
     'methods'
    A package should be listed in only one of these fields.
Flavors: r-devel-windows-ix86+x86_64, r-release-windows-ix86+x86_64, r-oldrel-windows-ix86+x86_64