CRAN Package Check Results for Package XML

Last updated on 2014-09-19 20:47:37.

Flavor Version Tinstall Tcheck Ttotal Status Flags
r-devel-linux-x86_64-debian-clang 3.98-1.1 7.84 51.25 59.09 NOTE
r-devel-linux-x86_64-debian-gcc 3.98-1.1 8.17 50.42 58.59 WARN
r-devel-linux-x86_64-fedora-clang 3.98-1.1 102.45 NOTE
r-devel-linux-x86_64-fedora-gcc 3.98-1.1 97.46 WARN
r-devel-osx-x86_64-clang 3.98-1.1 109.55 NOTE
r-devel-windows-ix86+x86_64 3.98-1.1 36.00 98.00 134.00 WARN
r-patched-linux-x86_64 3.98-1.1 8.82 56.92 65.74 WARN
r-patched-solaris-sparc 3.98-1.1 645.70 NOTE
r-patched-solaris-x86 3.98-1.1 133.10 NOTE
r-release-linux-ix86 3.98-1.1 11.64 67.84 79.48 WARN
r-release-linux-x86_64 3.98-1.1 8.82 56.15 64.97 WARN
r-release-osx-x86_64-mavericks 3.98-1.1 NOTE
r-release-windows-ix86+x86_64 3.98-1.1 34.00 149.00 183.00 WARN
r-oldrel-windows-ix86+x86_64 3.98-1.1 57.00 146.00 203.00 NOTE

Check Details

Version: 3.98-1.1
Check: installed package size
Result: NOTE
     installed size is 7.5Mb
     sub-directories of 1Mb or more:
     exampleData 1.6Mb
     examples 4.6Mb
Flavors: r-devel-linux-x86_64-debian-clang, r-devel-linux-x86_64-debian-gcc, r-devel-linux-x86_64-fedora-clang, r-devel-linux-x86_64-fedora-gcc, r-devel-osx-x86_64-clang, r-devel-windows-ix86+x86_64, r-patched-linux-x86_64, r-patched-solaris-sparc, r-patched-solaris-x86, r-release-linux-ix86, r-release-linux-x86_64, r-release-osx-x86_64-mavericks, r-release-windows-ix86+x86_64, r-oldrel-windows-ix86+x86_64

Version: 3.98-1.1
Check: DESCRIPTION meta-information
Result: NOTE
    Deprecated license: BSD
    Package listed in more than one of Depends, Imports, Suggests, Enhances:
     ‘methods’
    A package should be listed in only one of these fields.
Flavors: r-devel-linux-x86_64-debian-clang, r-devel-linux-x86_64-debian-gcc, r-devel-linux-x86_64-fedora-clang, r-devel-linux-x86_64-fedora-gcc, r-devel-osx-x86_64-clang, r-patched-linux-x86_64, r-patched-solaris-sparc, r-patched-solaris-x86, r-release-linux-ix86, r-release-linux-x86_64, r-release-osx-x86_64-mavericks

Version: 3.98-1.1
Check: top-level files
Result: NOTE
    Non-standard files/directories found at top level:
     ‘Bug.R’ ‘Bugs.html’ ‘Check’ ‘CodeDetails’ ‘Copyright’
     ‘DESCRIPTION.in’ ‘Docs’ ‘FAQ.html’ ‘FIXME_NOW’ ‘GNUmakefile’
     ‘GNUmakefile.admin’ ‘Makevars.in’ ‘MemoryBug.R’ ‘NAMESPACE.in’
     ‘NodeFuns’ ‘Notes’ ‘QuestionSolutions’ ‘README.windows’ ‘Rsamples’
     ‘TAGS’ ‘Todo-orig.html’ ‘Todo.xml’ ‘VersionInfo’ ‘a.out.dSYM’
     ‘addFinalizer’ ‘checkLinks’ ‘dotCalls’ ‘expat’ ‘index.html’
     ‘index.html.in’ ‘libxml’ ‘libxml2.9.R’ ‘scrapingData.xml’
     ‘symbols.rds’ ‘testRemoveFinalizers.R’ ‘testRemoveFinalizers.c’
     ‘xpathPointer.xml’
    Copyright information should be in file inst/COPYRIGHTS
Flavors: r-devel-linux-x86_64-debian-clang, r-devel-linux-x86_64-debian-gcc, r-devel-linux-x86_64-fedora-clang, r-devel-linux-x86_64-fedora-gcc, r-patched-linux-x86_64, r-release-linux-x86_64

Version: 3.98-1.1
Check: dependencies in R code
Result: NOTE
    'library' or 'require' call to ‘methods’ which was already attached by Depends.
     Please remove these calls from your code.
    Missing or unexported object: ‘utils::normalizePath’
    There are ::: calls to the package's namespace in its code. A package
     almost never needs to use ::: for its own objects:
     ‘getRCode’ ‘setXMLErrorHandler’
    See the information on DESCRIPTION files in the chapter ‘Creating R
    packages’ of the ‘Writing R Extensions’ manual.
Flavors: r-devel-linux-x86_64-debian-clang, r-devel-linux-x86_64-debian-gcc, r-devel-linux-x86_64-fedora-clang, r-devel-linux-x86_64-fedora-gcc, r-devel-osx-x86_64-clang, r-devel-windows-ix86+x86_64, r-patched-linux-x86_64, r-patched-solaris-sparc, r-patched-solaris-x86, r-release-linux-ix86, r-release-linux-x86_64, r-release-osx-x86_64-mavericks, r-release-windows-ix86+x86_64, r-oldrel-windows-ix86+x86_64

Version: 3.98-1.1
Check: R code for possible problems
Result: NOTE
    addParentNode: no visible binding for global variable ‘.this’
    addParentNode: no visible binding for '<<-' assignment to ‘.children’
    addParentNode: no visible binding for global variable ‘.children’
    addParentNode: no visible binding for '<<-' assignment to ‘.parents’
    addParentNode: no visible binding for global variable ‘.parents’
    addParentNode: no visible binding for '<<-' assignment to ‘.nodes’
    addParentNode: no visible binding for global variable ‘.nodes’
    bitlist: no visible global function definition for ‘bitOr’
    newXMLDoc: no visible binding for global variable ‘doc’
    xmlFlatListTree : f: no visible binding for global variable ‘nodeNames’
    xmlFlatListTree : f: no visible binding for global variable ‘idx’
    xmlFlatListTree : addNode: no visible binding for global variable
     ‘.this’
    xmlFlatListTree : addNode: no visible binding for '<<-' assignment to
     ‘nodeSet’
    xmlFlatListTree : addNode: no visible binding for global variable
     ‘nodeSet’
    xmlFlatListTree : addNode: no visible binding for global variable ‘idx’
    xmlFlatListTree : addNode: no visible binding for '<<-' assignment to
     ‘nodeNames’
    xmlFlatListTree : addNode: no visible binding for global variable
     ‘nodeNames’
    xmlFlatListTree : addNode: no visible binding for '<<-' assignment to
     ‘idx’
    xmlFlatListTree : addNode: no visible binding for '<<-' assignment to
     ‘parentCount’
    xmlFlatListTree : addNode: no visible binding for global variable
     ‘parentCount’
    xmlFlatListTree : addNode: no visible binding for '<<-' assignment to
     ‘.parents’
    xmlFlatListTree : addNode: no visible binding for global variable
     ‘.parents’
    xmlFlatListTree : addNode: no visible binding for '<<-' assignment to
     ‘.children’
    xmlFlatListTree : addNode: no visible binding for global variable
     ‘.children’
    xmlFlatListTree : <anonymous>: no visible binding for global variable
     ‘e’
    xmlFlatListTree : .tidy: no visible binding for '<<-' assignment to
     ‘.nodes’
    xmlFlatTree : f: no visible binding for global variable ‘.nodes’
    xmlFlatTree : addNode: no visible binding for global variable ‘.this’
    xmlFlatTree : addNode: no visible binding for '<<-' assignment to
     ‘.parents’
    xmlFlatTree : addNode: no visible binding for global variable
     ‘.parents’
    xmlFlatTree : addNode: no visible binding for '<<-' assignment to
     ‘.children’
    xmlFlatTree : addNode: no visible binding for global variable
     ‘.children’
    xmlFlatTree : addNode: no visible binding for '<<-' assignment to
     ‘.nodes’
    xmlFlatTree : addNode: no visible binding for global variable ‘.nodes’
    xmlFlatTree : <anonymous>: no visible binding for global variable ‘e’
    xmlHashTree : .tidy: no visible binding for '<<-' assignment to
     ‘.nodes’
Flavors: r-devel-linux-x86_64-debian-clang, r-devel-linux-x86_64-debian-gcc, r-devel-linux-x86_64-fedora-clang, r-devel-linux-x86_64-fedora-gcc, r-devel-osx-x86_64-clang, r-devel-windows-ix86+x86_64

Version: 3.98-1.1
Check: Rd line widths
Result: NOTE
    Rd file 'makeClassTemplate.Rd':
     \examples lines wider than 100 characters:
     "<doc><part><name>ABC</name><type>XYZ</type><cost>3.54</cost><status>available</status></part></doc>"
    
    Rd file 'xmlClone.Rd':
     \examples lines wider than 100 characters:
     xmlParse('<doc><author id="dtl"><firstname>Duncan</firstname><surname>Temple Lang</surname></author></doc>')
    
    Rd file 'xmlToS4.Rd':
     \examples lines wider than 100 characters:
     "<doc><part><name>ABC</name><type>XYZ</type><cost>3.54</cost><status>available</status></part></doc>"
    
    These lines will be truncated in the PDF manual.
Flavors: r-devel-linux-x86_64-debian-clang, r-devel-linux-x86_64-debian-gcc, r-devel-linux-x86_64-fedora-clang, r-devel-linux-x86_64-fedora-gcc, r-patched-linux-x86_64, r-release-linux-x86_64

Version: 3.98-1.1
Check: whether package can be installed
Result: WARN
    Found the following significant warnings:
     DocParse.c:1593:19: warning: operation on ‘*ans’ may be undefined [-Wsequence-point]
     EventParse.c:419:37: warning: cast from pointer to integer of different size [-Wpointer-to-int-cast]
     NodeGC.h:14:151: warning: cast from pointer to integer of different size [-Wpointer-to-int-cast]
     NodeGC.h:15:182: warning: cast from pointer to integer of different size [-Wpointer-to-int-cast]
     NodeGC.c:385:99: warning: cast from pointer to integer of different size [-Wpointer-to-int-cast]
     XMLTree.c:1098:71: warning: cast from pointer to integer of different size [-Wpointer-to-int-cast]
Flavors: r-devel-linux-x86_64-debian-gcc, r-devel-linux-x86_64-fedora-gcc, r-patched-linux-x86_64, r-release-linux-x86_64

Version: 3.98-1.1
Check: whether package can be installed
Result: WARN
    Found the following significant warnings:
     DocParse.c:1593:6: warning: operation on '*ans' may be undefined [-Wsequence-point]
     EventParse.c:419:37: warning: cast from pointer to integer of different size [-Wpointer-to-int-cast]
     NodeGC.c:40:14: warning: cast from pointer to integer of different size [-Wpointer-to-int-cast]
     NodeGC.c:185:16: warning: cast from pointer to integer of different size [-Wpointer-to-int-cast]
     NodeGC.c:213:15: warning: cast from pointer to integer of different size [-Wpointer-to-int-cast]
     NodeGC.c:229:17: warning: cast from pointer to integer of different size [-Wpointer-to-int-cast]
     NodeGC.c:240:17: warning: cast from pointer to integer of different size [-Wpointer-to-int-cast]
     NodeGC.c:249:29: warning: cast from pointer to integer of different size [-Wpointer-to-int-cast]
     NodeGC.c:269:17: warning: cast from pointer to integer of different size [-Wpointer-to-int-cast]
     NodeGC.c:307:19: warning: cast from pointer to integer of different size [-Wpointer-to-int-cast]
     NodeGC.c:385:99: warning: cast from pointer to integer of different size [-Wpointer-to-int-cast]
     XMLTree.c:1098:71: warning: cast from pointer to integer of different size [-Wpointer-to-int-cast]
     XMLTree.c:1099:29: warning: cast from pointer to integer of different size [-Wpointer-to-int-cast]
Flavors: r-devel-windows-ix86+x86_64, r-release-windows-ix86+x86_64

Version: 3.98-1.1
Check: DESCRIPTION meta-information
Result: NOTE
    Package listed in more than one of Depends, Imports, Suggests, Enhances:
     'methods'
    A package should be listed in only one of these fields.
Flavors: r-devel-windows-ix86+x86_64, r-release-windows-ix86+x86_64, r-oldrel-windows-ix86+x86_64

Version: 3.98-1.1
Check: R code for possible problems
Result: NOTE
    addParentNode: no visible binding for global variable ‘.this’
    addParentNode: no visible binding for '<<-' assignment to ‘.children’
    addParentNode: no visible binding for global variable ‘.children’
    addParentNode: no visible binding for '<<-' assignment to ‘.parents’
    addParentNode: no visible binding for global variable ‘.parents’
    addParentNode: no visible binding for '<<-' assignment to ‘.nodes’
    addParentNode: no visible binding for global variable ‘.nodes’
    newXMLDoc: no visible binding for global variable ‘doc’
    xmlFlatListTree : f: no visible binding for global variable ‘nodeNames’
    xmlFlatListTree : f: no visible binding for global variable ‘idx’
    xmlFlatListTree : addNode: no visible binding for global variable
     ‘.this’
    xmlFlatListTree : addNode: no visible binding for '<<-' assignment to
     ‘nodeSet’
    xmlFlatListTree : addNode: no visible binding for global variable
     ‘nodeSet’
    xmlFlatListTree : addNode: no visible binding for global variable ‘idx’
    xmlFlatListTree : addNode: no visible binding for '<<-' assignment to
     ‘nodeNames’
    xmlFlatListTree : addNode: no visible binding for global variable
     ‘nodeNames’
    xmlFlatListTree : addNode: no visible binding for '<<-' assignment to
     ‘idx’
    xmlFlatListTree : addNode: no visible binding for '<<-' assignment to
     ‘parentCount’
    xmlFlatListTree : addNode: no visible binding for global variable
     ‘parentCount’
    xmlFlatListTree : addNode: no visible binding for '<<-' assignment to
     ‘.parents’
    xmlFlatListTree : addNode: no visible binding for global variable
     ‘.parents’
    xmlFlatListTree : addNode: no visible binding for '<<-' assignment to
     ‘.children’
    xmlFlatListTree : addNode: no visible binding for global variable
     ‘.children’
    xmlFlatListTree : <anonymous>: no visible binding for global variable
     ‘e’
    xmlFlatListTree : .tidy: no visible binding for '<<-' assignment to
     ‘.nodes’
    xmlFlatTree : f: no visible binding for global variable ‘.nodes’
    xmlFlatTree : addNode: no visible binding for global variable ‘.this’
    xmlFlatTree : addNode: no visible binding for '<<-' assignment to
     ‘.parents’
    xmlFlatTree : addNode: no visible binding for global variable
     ‘.parents’
    xmlFlatTree : addNode: no visible binding for '<<-' assignment to
     ‘.children’
    xmlFlatTree : addNode: no visible binding for global variable
     ‘.children’
    xmlFlatTree : addNode: no visible binding for '<<-' assignment to
     ‘.nodes’
    xmlFlatTree : addNode: no visible binding for global variable ‘.nodes’
    xmlFlatTree : <anonymous>: no visible binding for global variable ‘e’
    xmlHashTree : .tidy: no visible binding for '<<-' assignment to
     ‘.nodes’
Flavors: r-patched-linux-x86_64, r-patched-solaris-sparc, r-patched-solaris-x86, r-release-linux-ix86, r-release-linux-x86_64, r-release-osx-x86_64-mavericks, r-release-windows-ix86+x86_64, r-oldrel-windows-ix86+x86_64

Version: 3.98-1.1
Check: whether package can be installed
Result: WARN
    Found the following significant warnings:
     DocParse.c:1593:19: warning: operation on ‘*ans’ may be undefined [-Wsequence-point]
     EventParse.c:419:37: warning: cast from pointer to integer of different size [-Wpointer-to-int-cast]
Flavor: r-release-linux-ix86