CRAN Package Check Results for Package XML

Last updated on 2015-04-25 22:47:00.

Flavor Version Tinstall Tcheck Ttotal Status Flags
r-devel-linux-x86_64-debian-clang 3.98-1.1 7.59 51.59 59.18 WARN
r-devel-linux-x86_64-debian-gcc 3.98-1.1 7.61 51.58 59.19 WARN
r-devel-linux-x86_64-fedora-clang 3.98-1.1 97.76 WARN
r-devel-linux-x86_64-fedora-gcc 3.98-1.1 94.41 WARN
r-devel-osx-x86_64-clang 3.98-1.1 100.52 WARN
r-devel-windows-ix86+x86_64 3.98-1.1 39.00 103.00 142.00 WARN
r-patched-linux-x86_64 3.98-1.1 8.45 53.13 61.58 WARN
r-patched-solaris-sparc 3.98-1.1 589.20 WARN
r-patched-solaris-x86 3.98-1.1 114.30 WARN
r-release-linux-x86_64 3.98-1.1 8.04 52.30 60.34 WARN
r-release-osx-x86_64-mavericks 3.98-1.1 WARN
r-release-osx-x86_64-snowleopard 3.98-1.1 ERROR
r-release-windows-ix86+x86_64 3.98-1.1 45.00 100.00 145.00 WARN
r-oldrel-windows-ix86+x86_64 3.98-1.1 43.00 114.00 157.00 WARN

Check Details

Version: 3.98-1.1
Check: whether package can be installed
Result: WARN
    Found the following significant warnings:
     DocParse.c:1593:6: warning: operation on '*ans' may be undefined [-Wsequence-point]
     EventParse.c:419:37: warning: cast from pointer to integer of different size [-Wpointer-to-int-cast]
     NodeGC.c:40:14: warning: cast from pointer to integer of different size [-Wpointer-to-int-cast]
     NodeGC.c:185:16: warning: cast from pointer to integer of different size [-Wpointer-to-int-cast]
     NodeGC.c:213:15: warning: cast from pointer to integer of different size [-Wpointer-to-int-cast]
     NodeGC.c:229:17: warning: cast from pointer to integer of different size [-Wpointer-to-int-cast]
     NodeGC.c:240:17: warning: cast from pointer to integer of different size [-Wpointer-to-int-cast]
     NodeGC.c:249:29: warning: cast from pointer to integer of different size [-Wpointer-to-int-cast]
     NodeGC.c:269:17: warning: cast from pointer to integer of different size [-Wpointer-to-int-cast]
     NodeGC.c:307:19: warning: cast from pointer to integer of different size [-Wpointer-to-int-cast]
     NodeGC.c:385:99: warning: cast from pointer to integer of different size [-Wpointer-to-int-cast]
     XMLTree.c:1098:71: warning: cast from pointer to integer of different size [-Wpointer-to-int-cast]
     XMLTree.c:1099:29: warning: cast from pointer to integer of different size [-Wpointer-to-int-cast]
Flavors: r-devel-windows-ix86+x86_64, r-release-windows-ix86+x86_64, r-oldrel-windows-ix86+x86_64

Version: 3.98-1.1
Check: installed package size
Result: NOTE
     installed size is 10.9Mb
     sub-directories of 1Mb or more:
     exampleData 1.4Mb
     examples 4.5Mb
     libs 4.1Mb
Flavors: r-devel-windows-ix86+x86_64, r-release-windows-ix86+x86_64, r-oldrel-windows-ix86+x86_64

Version: 3.98-1.1
Check: DESCRIPTION meta-information
Result: NOTE
    Malformed Title field: should not end in a period.
    Package listed in more than one of Depends, Imports, Suggests, Enhances:
     'methods'
    A package should be listed in only one of these fields.
Flavors: r-devel-windows-ix86+x86_64, r-release-windows-ix86+x86_64

Version: 3.98-1.1
Check: dependencies in R code
Result: NOTE
    'library' or 'require' call to 'methods' which was already attached by Depends.
     Please remove these calls from your code.
    'library' or 'require' call to 'bitops' in package code.
     Please use :: or requireNamespace() instead.
     See section 'Suggested packages' in the 'Writing R Extensions' manual.
    Missing or unexported object: 'utils::normalizePath'
    There are ::: calls to the package's namespace in its code. A package
     almost never needs to use ::: for its own objects:
     'getRCode' 'setXMLErrorHandler'
Flavors: r-devel-windows-ix86+x86_64, r-release-windows-ix86+x86_64, r-oldrel-windows-ix86+x86_64

Version: 3.98-1.1
Check: R code for possible problems
Result: NOTE
    addParentNode: no visible binding for global variable '.this'
    addParentNode: no visible binding for '<<-' assignment to '.children'
    addParentNode: no visible binding for global variable '.children'
    addParentNode: no visible binding for '<<-' assignment to '.parents'
    addParentNode: no visible binding for global variable '.parents'
    addParentNode: no visible binding for '<<-' assignment to '.nodes'
    addParentNode: no visible binding for global variable '.nodes'
    bitlist: no visible global function definition for 'bitOr'
    newXMLDoc: no visible binding for global variable 'doc'
    xmlFlatListTree : f: no visible binding for global variable 'nodeNames'
    xmlFlatListTree : f: no visible binding for global variable 'idx'
    xmlFlatListTree : addNode: no visible binding for global variable
     '.this'
    xmlFlatListTree : addNode: no visible binding for '<<-' assignment to
     'nodeSet'
    xmlFlatListTree : addNode: no visible binding for global variable
     'nodeSet'
    xmlFlatListTree : addNode: no visible binding for global variable 'idx'
    xmlFlatListTree : addNode: no visible binding for '<<-' assignment to
     'nodeNames'
    xmlFlatListTree : addNode: no visible binding for global variable
     'nodeNames'
    xmlFlatListTree : addNode: no visible binding for '<<-' assignment to
     'idx'
    xmlFlatListTree : addNode: no visible binding for '<<-' assignment to
     'parentCount'
    xmlFlatListTree : addNode: no visible binding for global variable
     'parentCount'
    xmlFlatListTree : addNode: no visible binding for '<<-' assignment to
     '.parents'
    xmlFlatListTree : addNode: no visible binding for global variable
     '.parents'
    xmlFlatListTree : addNode: no visible binding for '<<-' assignment to
     '.children'
    xmlFlatListTree : addNode: no visible binding for global variable
     '.children'
    xmlFlatListTree : <anonymous>: no visible binding for global variable
     'e'
    xmlFlatListTree : .tidy: no visible binding for '<<-' assignment to
     '.nodes'
    xmlFlatTree : f: no visible binding for global variable '.nodes'
    xmlFlatTree : addNode: no visible binding for global variable '.this'
    xmlFlatTree : addNode: no visible binding for '<<-' assignment to
     '.parents'
    xmlFlatTree : addNode: no visible binding for global variable
     '.parents'
    xmlFlatTree : addNode: no visible binding for '<<-' assignment to
     '.children'
    xmlFlatTree : addNode: no visible binding for global variable
     '.children'
    xmlFlatTree : addNode: no visible binding for '<<-' assignment to
     '.nodes'
    xmlFlatTree : addNode: no visible binding for global variable '.nodes'
    xmlFlatTree : <anonymous>: no visible binding for global variable 'e'
    xmlHashTree : .tidy: no visible binding for '<<-' assignment to
     '.nodes'
Flavors: r-devel-windows-ix86+x86_64, r-release-windows-ix86+x86_64, r-oldrel-windows-ix86+x86_64

Version: 3.98-1.1
Check: DESCRIPTION meta-information
Result: NOTE
    Package listed in more than one of Depends, Imports, Suggests, Enhances:
     'methods'
    A package should be listed in only one of these fields.
Flavor: r-oldrel-windows-ix86+x86_64