CRAN Package Check Results for Package XML

Last updated on 2020-11-30 18:17:33 CET.

Flavor Version Tinstall Tcheck Ttotal Status Flags
r-devel-linux-x86_64-debian-clang 3.99-0.5 33.33 82.98 116.31 OK
r-devel-linux-x86_64-debian-gcc 3.99-0.5 23.13 61.87 85.00 OK
r-devel-linux-x86_64-fedora-clang 3.99-0.5 138.37 OK
r-devel-linux-x86_64-fedora-gcc 3.99-0.5 128.26 OK
r-devel-windows-ix86+x86_64 3.99-0.5 52.00 143.00 195.00 NOTE
r-patched-linux-x86_64 3.99-0.5 35.80 78.18 113.98 OK
r-patched-solaris-x86 3.99-0.5 181.90 OK
r-release-linux-x86_64 3.99-0.5 34.85 78.48 113.33 OK
r-release-macos-x86_64 3.99-0.5 NOTE
r-release-windows-ix86+x86_64 3.99-0.5 45.00 137.00 182.00 NOTE
r-oldrel-macos-x86_64 3.99-0.5 ERROR
r-oldrel-windows-ix86+x86_64 3.99-0.3 53.00 113.00 166.00 NOTE

Check Details

Version: 3.99-0.5
Check: installed package size
Result: NOTE
     installed size is 7.1Mb
     sub-directories of 1Mb or more:
     exampleData 1.3Mb
     libs 4.2Mb
Flavors: r-devel-windows-ix86+x86_64, r-release-macos-x86_64, r-release-windows-ix86+x86_64

Version: 3.99-0.5
Check: whether package can be installed
Result: ERROR
    Installation failed.
Flavor: r-oldrel-macos-x86_64

Version: 3.99-0.3
Check: installed package size
Result: NOTE
     installed size is 7.1Mb
     sub-directories of 1Mb or more:
     exampleData 1.3Mb
     libs 4.2Mb
Flavor: r-oldrel-windows-ix86+x86_64