CRAN Package Check Results for Package XML

Last updated on 2015-02-28 02:49:02.

Flavor Version Tinstall Tcheck Ttotal Status Flags
r-devel-linux-x86_64-debian-clang 3.98-1.1 7.73 51.36 59.10 WARN
r-devel-linux-x86_64-debian-gcc 3.98-1.1 7.93 51.33 59.26 WARN
r-devel-linux-x86_64-fedora-clang 3.98-1.1 95.18 WARN
r-devel-linux-x86_64-fedora-gcc 3.98-1.1 50.91 WARN
r-devel-osx-x86_64-clang 3.98-1.1 104.11 WARN
r-devel-windows-ix86+x86_64 3.98-1.1 61.00 104.00 165.00 WARN
r-patched-linux-x86_64 3.98-1.1 8.36 67.46 75.82 WARN
r-patched-solaris-sparc 3.98-1.1 646.80 WARN
r-release-linux-ix86 3.98-1.1 11.47 67.86 79.33 WARN
r-release-linux-x86_64 3.98-1.1 8.23 60.17 68.40 WARN
r-release-osx-x86_64-mavericks 3.98-1.1 WARN
r-release-windows-ix86+x86_64 3.98-1.1 35.00 103.00 138.00 WARN
r-oldrel-windows-ix86+x86_64 3.98-1.1 35.00 118.00 153.00 NOTE

Check Details

Version: 3.98-1.1
Check: whether package can be installed
Result: WARN
    Found the following significant warnings:
     NodeGC.c:178:12: warning: incompatible pointer to integer conversion assigning to 'int' from 'int *'; remove & [-Wint-conversion]
     XMLTree.c:1103:9: warning: incompatible pointer to integer conversion assigning to 'int' from 'int *'; remove & [-Wint-conversion]
Flavors: r-devel-linux-x86_64-debian-clang, r-devel-linux-x86_64-fedora-clang, r-devel-osx-x86_64-clang, r-release-osx-x86_64-mavericks

Version: 3.98-1.1
Check: installed package size
Result: NOTE
     installed size is 7.5Mb
     sub-directories of 1Mb or more:
     exampleData 1.6Mb
     examples 4.6Mb
Flavors: r-devel-linux-x86_64-debian-clang, r-devel-linux-x86_64-debian-gcc, r-devel-linux-x86_64-fedora-clang, r-devel-linux-x86_64-fedora-gcc, r-devel-osx-x86_64-clang, r-devel-windows-ix86+x86_64, r-patched-linux-x86_64, r-patched-solaris-sparc, r-release-linux-ix86, r-release-linux-x86_64, r-release-osx-x86_64-mavericks, r-release-windows-ix86+x86_64, r-oldrel-windows-ix86+x86_64

Version: 3.98-1.1
Check: DESCRIPTION meta-information
Result: NOTE
    Malformed Title field: should not end in a period.
    Deprecated license: BSD
    Package listed in more than one of Depends, Imports, Suggests, Enhances:
     ‘methods’
    A package should be listed in only one of these fields.
Flavors: r-devel-linux-x86_64-debian-clang, r-devel-linux-x86_64-debian-gcc, r-devel-linux-x86_64-fedora-clang, r-devel-linux-x86_64-fedora-gcc, r-devel-osx-x86_64-clang

Version: 3.98-1.1
Check: top-level files
Result: NOTE
    Non-standard files/directories found at top level:
     ‘Bug.R’ ‘Bugs.html’ ‘Check’ ‘CodeDetails’ ‘Copyright’
     ‘DESCRIPTION.in’ ‘Docs’ ‘FAQ.html’ ‘FIXME_NOW’ ‘GNUmakefile’
     ‘GNUmakefile.admin’ ‘Makevars.in’ ‘MemoryBug.R’ ‘NAMESPACE.in’
     ‘NodeFuns’ ‘Notes’ ‘QuestionSolutions’ ‘README.windows’ ‘Rsamples’
     ‘TAGS’ ‘Todo-orig.html’ ‘Todo.xml’ ‘VersionInfo’ ‘a.out.dSYM’
     ‘addFinalizer’ ‘checkLinks’ ‘dotCalls’ ‘expat’ ‘index.html’
     ‘index.html.in’ ‘libxml’ ‘libxml2.9.R’ ‘scrapingData.xml’
     ‘symbols.rds’ ‘testRemoveFinalizers.R’ ‘testRemoveFinalizers.c’
     ‘xpathPointer.xml’
    Copyright information should be in file inst/COPYRIGHTS
Flavors: r-devel-linux-x86_64-debian-clang, r-devel-linux-x86_64-debian-gcc, r-devel-linux-x86_64-fedora-clang, r-devel-linux-x86_64-fedora-gcc, r-patched-linux-x86_64, r-release-linux-ix86, r-release-linux-x86_64

Version: 3.98-1.1
Check: dependencies in R code
Result: NOTE
    'library' or 'require' call to ‘methods’ which was already attached by Depends.
     Please remove these calls from your code.
    'library' or 'require' call to ‘bitops’ in package code.
     Please use :: or requireNamespace() instead.
     See section 'Suggested packages' in the 'Writing R Extensions' manual.
    Missing or unexported object: ‘utils::normalizePath’
    There are ::: calls to the package's namespace in its code. A package
     almost never needs to use ::: for its own objects:
     ‘getRCode’ ‘setXMLErrorHandler’
Flavors: r-devel-linux-x86_64-debian-clang, r-devel-linux-x86_64-debian-gcc, r-devel-linux-x86_64-fedora-clang, r-devel-linux-x86_64-fedora-gcc, r-devel-osx-x86_64-clang, r-devel-windows-ix86+x86_64, r-patched-linux-x86_64, r-patched-solaris-sparc

Version: 3.98-1.1
Check: S3 generic/method consistency
Result: NOTE
    Found the following apparent S3 methods exported but not registered:
     toString.XMLNode
    See section ‘Registering S3 methods’ in the ‘Writing R Extensions’
    manual.
Flavors: r-devel-linux-x86_64-debian-clang, r-devel-linux-x86_64-debian-gcc, r-devel-linux-x86_64-fedora-clang, r-devel-linux-x86_64-fedora-gcc, r-devel-osx-x86_64-clang

Version: 3.98-1.1
Check: R code for possible problems
Result: NOTE
    addParentNode: no visible binding for global variable ‘.this’
    addParentNode: no visible binding for '<<-' assignment to ‘.children’
    addParentNode: no visible binding for global variable ‘.children’
    addParentNode: no visible binding for '<<-' assignment to ‘.parents’
    addParentNode: no visible binding for global variable ‘.parents’
    addParentNode: no visible binding for '<<-' assignment to ‘.nodes’
    addParentNode: no visible binding for global variable ‘.nodes’
    bitlist: no visible global function definition for ‘bitOr’
    newXMLDoc: no visible binding for global variable ‘doc’
    xmlFlatListTree : f: no visible binding for global variable ‘nodeNames’
    xmlFlatListTree : f: no visible binding for global variable ‘idx’
    xmlFlatListTree : addNode: no visible binding for global variable
     ‘.this’
    xmlFlatListTree : addNode: no visible binding for '<<-' assignment to
     ‘nodeSet’
    xmlFlatListTree : addNode: no visible binding for global variable
     ‘nodeSet’
    xmlFlatListTree : addNode: no visible binding for global variable ‘idx’
    xmlFlatListTree : addNode: no visible binding for '<<-' assignment to
     ‘nodeNames’
    xmlFlatListTree : addNode: no visible binding for global variable
     ‘nodeNames’
    xmlFlatListTree : addNode: no visible binding for '<<-' assignment to
     ‘idx’
    xmlFlatListTree : addNode: no visible binding for '<<-' assignment to
     ‘parentCount’
    xmlFlatListTree : addNode: no visible binding for global variable
     ‘parentCount’
    xmlFlatListTree : addNode: no visible binding for '<<-' assignment to
     ‘.parents’
    xmlFlatListTree : addNode: no visible binding for global variable
     ‘.parents’
    xmlFlatListTree : addNode: no visible binding for '<<-' assignment to
     ‘.children’
    xmlFlatListTree : addNode: no visible binding for global variable
     ‘.children’
    xmlFlatListTree : <anonymous>: no visible binding for global variable
     ‘e’
    xmlFlatListTree : .tidy: no visible binding for '<<-' assignment to
     ‘.nodes’
    xmlFlatTree : f: no visible binding for global variable ‘.nodes’
    xmlFlatTree : addNode: no visible binding for global variable ‘.this’
    xmlFlatTree : addNode: no visible binding for '<<-' assignment to
     ‘.parents’
    xmlFlatTree : addNode: no visible binding for global variable
     ‘.parents’
    xmlFlatTree : addNode: no visible binding for '<<-' assignment to
     ‘.children’
    xmlFlatTree : addNode: no visible binding for global variable
     ‘.children’
    xmlFlatTree : addNode: no visible binding for '<<-' assignment to
     ‘.nodes’
    xmlFlatTree : addNode: no visible binding for global variable ‘.nodes’
    xmlFlatTree : <anonymous>: no visible binding for global variable ‘e’
    xmlHashTree : .tidy: no visible binding for '<<-' assignment to
     ‘.nodes’
Flavors: r-devel-linux-x86_64-debian-clang, r-devel-linux-x86_64-debian-gcc, r-devel-linux-x86_64-fedora-clang, r-devel-linux-x86_64-fedora-gcc, r-devel-osx-x86_64-clang, r-devel-windows-ix86+x86_64, r-patched-linux-x86_64, r-patched-solaris-sparc, r-release-linux-ix86, r-release-linux-x86_64, r-release-osx-x86_64-mavericks, r-release-windows-ix86+x86_64

Version: 3.98-1.1
Check: Rd line widths
Result: NOTE
    Rd file 'makeClassTemplate.Rd':
     \examples lines wider than 100 characters:
     "<doc><part><name>ABC</name><type>XYZ</type><cost>3.54</cost><status>available</status></part></doc>"
    
    Rd file 'xmlClone.Rd':
     \examples lines wider than 100 characters:
     xmlParse('<doc><author id="dtl"><firstname>Duncan</firstname><surname>Temple Lang</surname></author></doc>')
    
    Rd file 'xmlToS4.Rd':
     \examples lines wider than 100 characters:
     "<doc><part><name>ABC</name><type>XYZ</type><cost>3.54</cost><status>available</status></part></doc>"
    
    These lines will be truncated in the PDF manual.
Flavors: r-devel-linux-x86_64-debian-clang, r-devel-linux-x86_64-debian-gcc, r-devel-linux-x86_64-fedora-clang, r-devel-linux-x86_64-fedora-gcc, r-patched-linux-x86_64, r-release-linux-ix86, r-release-linux-x86_64

Version: 3.98-1.1
Check: compiled code
Result: NOTE
    File ‘XML/libs/XML.so’:
     Found ‘stderr’, possibly from ‘stderr’ (C)
     Object: ‘DocParse.o’
    
    Compiled code should not call entry points which might terminate R nor
    write to stdout/stderr instead of to the console, nor the system RNG.
    
    See ‘Writing portable packages’ in the ‘Writing R Extensions’ manual.
Flavors: r-devel-linux-x86_64-debian-clang, r-devel-linux-x86_64-debian-gcc, r-patched-linux-x86_64

Version: 3.98-1.1
Check: whether package can be installed
Result: WARN
    Found the following significant warnings:
     DocParse.c:1593:19: warning: operation on ‘*ans’ may be undefined [-Wsequence-point]
     EventParse.c:419:37: warning: cast from pointer to integer of different size [-Wpointer-to-int-cast]
     NodeGC.h:14:151: warning: cast from pointer to integer of different size [-Wpointer-to-int-cast]
     NodeGC.h:15:182: warning: cast from pointer to integer of different size [-Wpointer-to-int-cast]
     NodeGC.c:385:99: warning: cast from pointer to integer of different size [-Wpointer-to-int-cast]
     XMLTree.c:1098:71: warning: cast from pointer to integer of different size [-Wpointer-to-int-cast]
Flavors: r-devel-linux-x86_64-debian-gcc, r-patched-linux-x86_64, r-release-linux-x86_64

Version: 3.98-1.1
Check: whether package can be installed
Result: WARN
    Found the following significant warnings:
     NodeGC.h:15:182: warning: cast from pointer to integer of different size [-Wpointer-to-int-cast]
     XMLTree.c:1098:71: warning: cast from pointer to integer of different size [-Wpointer-to-int-cast]
     NodeGC.h:14:151: warning: cast from pointer to integer of different size [-Wpointer-to-int-cast]
     EventParse.c:419:37: warning: cast from pointer to integer of different size [-Wpointer-to-int-cast]
     NodeGC.c:385:99: warning: cast from pointer to integer of different size [-Wpointer-to-int-cast]
     DocParse.c:1593:19: warning: operation on ‘*ans’ may be undefined [-Wsequence-point]
Flavor: r-devel-linux-x86_64-fedora-gcc

Version: 3.98-1.1
Check: whether package can be installed
Result: WARN
    Found the following significant warnings:
     DocParse.c:1593:6: warning: operation on '*ans' may be undefined [-Wsequence-point]
     EventParse.c:419:37: warning: cast from pointer to integer of different size [-Wpointer-to-int-cast]
     NodeGC.c:40:14: warning: cast from pointer to integer of different size [-Wpointer-to-int-cast]
     NodeGC.c:185:16: warning: cast from pointer to integer of different size [-Wpointer-to-int-cast]
     NodeGC.c:213:15: warning: cast from pointer to integer of different size [-Wpointer-to-int-cast]
     NodeGC.c:229:17: warning: cast from pointer to integer of different size [-Wpointer-to-int-cast]
     NodeGC.c:240:17: warning: cast from pointer to integer of different size [-Wpointer-to-int-cast]
     NodeGC.c:249:29: warning: cast from pointer to integer of different size [-Wpointer-to-int-cast]
     NodeGC.c:269:17: warning: cast from pointer to integer of different size [-Wpointer-to-int-cast]
     NodeGC.c:307:19: warning: cast from pointer to integer of different size [-Wpointer-to-int-cast]
     NodeGC.c:385:99: warning: cast from pointer to integer of different size [-Wpointer-to-int-cast]
     XMLTree.c:1098:71: warning: cast from pointer to integer of different size [-Wpointer-to-int-cast]
     XMLTree.c:1099:29: warning: cast from pointer to integer of different size [-Wpointer-to-int-cast]
Flavors: r-devel-windows-ix86+x86_64, r-release-windows-ix86+x86_64

Version: 3.98-1.1
Check: DESCRIPTION meta-information
Result: NOTE
    Malformed Title field: should not end in a period.
    Package listed in more than one of Depends, Imports, Suggests, Enhances:
     'methods'
    A package should be listed in only one of these fields.
Flavor: r-devel-windows-ix86+x86_64

Version: 3.98-1.1
Check: DESCRIPTION meta-information
Result: NOTE
    Deprecated license: BSD
    Package listed in more than one of Depends, Imports, Suggests, Enhances:
     ‘methods’
    A package should be listed in only one of these fields.
Flavors: r-patched-linux-x86_64, r-patched-solaris-sparc, r-release-linux-ix86, r-release-linux-x86_64, r-release-osx-x86_64-mavericks

Version: 3.98-1.1
Check: whether package can be installed
Result: WARN
    Found the following significant warnings:
     "NodeGC.c", line 178: warning: improper pointer/integer combination: op "="
     "XMLTree.c", line 1103: warning: improper pointer/integer combination: op "="
Flavor: r-patched-solaris-sparc

Version: 3.98-1.1
Check: whether package can be installed
Result: WARN
    Found the following significant warnings:
     DocParse.c:1593:19: warning: operation on ‘*ans’ may be undefined [-Wsequence-point]
     EventParse.c:419:37: warning: cast from pointer to integer of different size [-Wpointer-to-int-cast]
Flavor: r-release-linux-ix86

Version: 3.98-1.1
Check: dependencies in R code
Result: NOTE
    'library' or 'require' call to ‘methods’ which was already attached by Depends.
     Please remove these calls from your code.
    Missing or unexported object: ‘utils::normalizePath’
    There are ::: calls to the package's namespace in its code. A package
     almost never needs to use ::: for its own objects:
     ‘getRCode’ ‘setXMLErrorHandler’
    See the information on DESCRIPTION files in the chapter ‘Creating R
    packages’ of the ‘Writing R Extensions’ manual.
Flavors: r-release-linux-ix86, r-release-linux-x86_64, r-release-osx-x86_64-mavericks, r-release-windows-ix86+x86_64, r-oldrel-windows-ix86+x86_64

Version: 3.98-1.1
Check: compiled code
Result: NOTE
    File ‘XML/libs/XML.so’:
     Found ‘stderr’, possibly from ‘stderr’ (C)
     Object: ‘DocParse.o’
    
    Compiled code should not call entry points which might terminate R nor
    write to stdout/stderr instead of to the console, nor the C RNG.
    
    See ‘Writing portable packages’ in the ‘Writing R Extensions’ manual.
Flavor: r-release-linux-x86_64

Version: 3.98-1.1
Check: DESCRIPTION meta-information
Result: NOTE
    Package listed in more than one of Depends, Imports, Suggests, Enhances:
     'methods'
    A package should be listed in only one of these fields.
Flavors: r-release-windows-ix86+x86_64, r-oldrel-windows-ix86+x86_64

Version: 3.98-1.1
Check: R code for possible problems
Result: NOTE
    addParentNode: no visible binding for global variable '.this'
    addParentNode: no visible binding for '<<-' assignment to '.children'
    addParentNode: no visible binding for global variable '.children'
    addParentNode: no visible binding for '<<-' assignment to '.parents'
    addParentNode: no visible binding for global variable '.parents'
    addParentNode: no visible binding for '<<-' assignment to '.nodes'
    addParentNode: no visible binding for global variable '.nodes'
    newXMLDoc: no visible binding for global variable 'doc'
    xmlFlatListTree : f: no visible binding for global variable 'nodeNames'
    xmlFlatListTree : f: no visible binding for global variable 'idx'
    xmlFlatListTree : addNode: no visible binding for global variable
     '.this'
    xmlFlatListTree : addNode: no visible binding for '<<-' assignment to
     'nodeSet'
    xmlFlatListTree : addNode: no visible binding for global variable
     'nodeSet'
    xmlFlatListTree : addNode: no visible binding for global variable 'idx'
    xmlFlatListTree : addNode: no visible binding for '<<-' assignment to
     'nodeNames'
    xmlFlatListTree : addNode: no visible binding for global variable
     'nodeNames'
    xmlFlatListTree : addNode: no visible binding for '<<-' assignment to
     'idx'
    xmlFlatListTree : addNode: no visible binding for '<<-' assignment to
     'parentCount'
    xmlFlatListTree : addNode: no visible binding for global variable
     'parentCount'
    xmlFlatListTree : addNode: no visible binding for '<<-' assignment to
     '.parents'
    xmlFlatListTree : addNode: no visible binding for global variable
     '.parents'
    xmlFlatListTree : addNode: no visible binding for '<<-' assignment to
     '.children'
    xmlFlatListTree : addNode: no visible binding for global variable
     '.children'
    xmlFlatListTree : <anonymous>: no visible binding for global variable
     'e'
    xmlFlatListTree : .tidy: no visible binding for '<<-' assignment to
     '.nodes'
    xmlFlatTree : f: no visible binding for global variable '.nodes'
    xmlFlatTree : addNode: no visible binding for global variable '.this'
    xmlFlatTree : addNode: no visible binding for '<<-' assignment to
     '.parents'
    xmlFlatTree : addNode: no visible binding for global variable
     '.parents'
    xmlFlatTree : addNode: no visible binding for '<<-' assignment to
     '.children'
    xmlFlatTree : addNode: no visible binding for global variable
     '.children'
    xmlFlatTree : addNode: no visible binding for '<<-' assignment to
     '.nodes'
    xmlFlatTree : addNode: no visible binding for global variable '.nodes'
    xmlFlatTree : <anonymous>: no visible binding for global variable 'e'
    xmlHashTree : .tidy: no visible binding for '<<-' assignment to
     '.nodes'
Flavor: r-oldrel-windows-ix86+x86_64