CRAN Package Check Results for Package XML

Last updated on 2017-06-28 21:50:49.

Flavor Version Tinstall Tcheck Ttotal Status Flags
r-devel-linux-x86_64-debian-clang 3.98-1.9 8.48 49.26 57.74 NOTE
r-devel-linux-x86_64-debian-gcc 3.98-1.9 8.47 44.87 53.34 NOTE
r-devel-linux-x86_64-fedora-clang 3.98-1.9 95.22 NOTE
r-devel-linux-x86_64-fedora-gcc 3.98-1.9 92.23 NOTE
r-devel-windows-ix86+x86_64 3.98-1.9 73.00 141.00 214.00 NOTE
r-patched-linux-x86_64 3.98-1.9 8.27 48.85 57.12 NOTE
r-patched-solaris-sparc 3.98-1.8 564.90 NOTE
r-patched-solaris-x86 3.98-1.9 122.00 NOTE
r-release-linux-x86_64 3.98-1.9 8.27 50.11 58.38 NOTE
r-release-windows-ix86+x86_64 3.98-1.9 40.00 117.00 157.00 NOTE
r-release-osx-x86_64 3.98-1.9 NOTE
r-oldrel-windows-ix86+x86_64 3.98-1.9 70.00 135.00 205.00 NOTE
r-oldrel-osx-x86_64 3.98-1.9 NOTE

Check Details

Version: 3.98-1.9
Check: top-level files
Result: NOTE
    Non-standard files/directories found at top level:
     ‘Bug.R’ ‘Bugs.html’ ‘Check’ ‘CodeDetails’ ‘DESCRIPTION.in’ ‘Docs’
     ‘FAQ.html’ ‘FIXME_NOW’ ‘GNUmakefile’ ‘GNUmakefile.admin’
     ‘Makevars.in’ ‘MemoryBug.R’ ‘NAMESPACE.in’ ‘NodeFuns’ ‘Notes’
     ‘QuestionSolutions’ ‘README.windows’ ‘Rsamples’ ‘TAGS’
     ‘Todo-orig.html’ ‘Todo.xml’ ‘VersionInfo’ ‘addFinalizer’ ‘checkLinks’
     ‘dotCalls’ ‘expat’ ‘index.html’ ‘index.html.in’ ‘libxml’
     ‘libxml2.9.R’ ‘scrapingData.xml’ ‘testRemoveFinalizers.R’
     ‘testRemoveFinalizers.c’ ‘xpathPointer.xml’
Flavors: r-devel-linux-x86_64-debian-clang, r-devel-linux-x86_64-debian-gcc, r-devel-linux-x86_64-fedora-clang, r-devel-linux-x86_64-fedora-gcc, r-patched-linux-x86_64, r-release-linux-x86_64

Version: 3.98-1.9
Check: R code for possible problems
Result: NOTE
    newXMLDoc: no visible binding for global variable ‘doc’
    source: no visible binding for global variable ‘use_file’
    xmlFlatListTree : f: no visible binding for global variable ‘nodeNames’
    xmlFlatListTree : f: no visible binding for global variable ‘idx’
    xmlFlatListTree : addNode: no visible binding for '<<-' assignment to
     ‘nodeSet’
    xmlFlatListTree : addNode: no visible binding for global variable
     ‘nodeSet’
    xmlFlatListTree : addNode: no visible binding for global variable ‘idx’
    xmlFlatListTree : addNode: no visible binding for '<<-' assignment to
     ‘nodeNames’
    xmlFlatListTree : addNode: no visible binding for global variable
     ‘nodeNames’
    xmlFlatListTree : addNode: no visible binding for '<<-' assignment to
     ‘idx’
    xmlFlatListTree : addNode: no visible binding for '<<-' assignment to
     ‘parentCount’
    xmlFlatListTree : addNode: no visible binding for global variable
     ‘parentCount’
    xmlFlatListTree : <anonymous>: no visible binding for global variable
     ‘e’
    xmlFlatTree : <anonymous>: no visible binding for global variable ‘e’
    [[,XMLCodeFile: possible error in updateIds(doc, save = x): unused
     argument (save = x)
    Undefined global functions or variables:
     doc e idx nodeNames nodeSet parentCount use_file
Flavors: r-devel-linux-x86_64-debian-clang, r-devel-linux-x86_64-debian-gcc, r-devel-linux-x86_64-fedora-clang, r-devel-linux-x86_64-fedora-gcc, r-devel-windows-ix86+x86_64, r-patched-linux-x86_64, r-patched-solaris-x86, r-release-linux-x86_64, r-release-windows-ix86+x86_64, r-release-osx-x86_64

Version: 3.98-1.9
Check: Rd line widths
Result: NOTE
    Rd file 'makeClassTemplate.Rd':
     \examples lines wider than 100 characters:
     "<doc><part><name>ABC</name><type>XYZ</type><cost>3.54</cost><status>available</status></part></doc>"
    
    Rd file 'xmlClone.Rd':
     \examples lines wider than 100 characters:
     xmlParse('<doc><author id="dtl"><firstname>Duncan</firstname><surname>Temple Lang</surname></author></doc>')
    
    Rd file 'xmlToS4.Rd':
     \examples lines wider than 100 characters:
     "<doc><part><name>ABC</name><type>XYZ</type><cost>3.54</cost><status>available</status></part></doc>"
    
    These lines will be truncated in the PDF manual.
Flavors: r-devel-linux-x86_64-debian-clang, r-devel-linux-x86_64-debian-gcc, r-devel-linux-x86_64-fedora-clang, r-devel-linux-x86_64-fedora-gcc, r-patched-linux-x86_64, r-release-linux-x86_64

Version: 3.98-1.9
Check: compiled code
Result: NOTE
    File ‘XML/libs/XML.so’:
     Found ‘stderr’, possibly from ‘stderr’ (C)
     Object: ‘DocParse.o’
    
    Compiled code should not call entry points which might terminate R nor
    write to stdout/stderr instead of to the console, nor the system RNG.
    
    See ‘Writing portable packages’ in the ‘Writing R Extensions’ manual.
Flavors: r-devel-linux-x86_64-debian-clang, r-devel-linux-x86_64-debian-gcc, r-patched-linux-x86_64, r-release-linux-x86_64

Version: 3.98-1.9
Check: installed package size
Result: NOTE
     installed size is 7.5Mb
     sub-directories of 1Mb or more:
     exampleData 1.6Mb
     examples 4.6Mb
Flavors: r-devel-linux-x86_64-fedora-clang, r-devel-linux-x86_64-fedora-gcc, r-devel-windows-ix86+x86_64, r-patched-solaris-x86, r-release-windows-ix86+x86_64, r-release-osx-x86_64, r-oldrel-windows-ix86+x86_64, r-oldrel-osx-x86_64

Version: 3.98-1.8
Check: installed package size
Result: NOTE
     installed size is 7.7Mb
     sub-directories of 1Mb or more:
     exampleData 1.5Mb
     examples 4.7Mb
Flavor: r-patched-solaris-sparc

Version: 3.98-1.8
Check: R code for possible problems
Result: NOTE
    newXMLDoc: no visible binding for global variable ‘doc’
    source: no visible binding for global variable ‘use_file’
    xmlFlatListTree : f: no visible binding for global variable ‘nodeNames’
    xmlFlatListTree : f: no visible binding for global variable ‘idx’
    xmlFlatListTree : addNode: no visible binding for '<<-' assignment to
     ‘nodeSet’
    xmlFlatListTree : addNode: no visible binding for global variable
     ‘nodeSet’
    xmlFlatListTree : addNode: no visible binding for global variable ‘idx’
    xmlFlatListTree : addNode: no visible binding for '<<-' assignment to
     ‘nodeNames’
    xmlFlatListTree : addNode: no visible binding for global variable
     ‘nodeNames’
    xmlFlatListTree : addNode: no visible binding for '<<-' assignment to
     ‘idx’
    xmlFlatListTree : addNode: no visible binding for '<<-' assignment to
     ‘parentCount’
    xmlFlatListTree : addNode: no visible binding for global variable
     ‘parentCount’
    xmlFlatListTree : <anonymous>: no visible binding for global variable
     ‘e’
    xmlFlatTree : <anonymous>: no visible binding for global variable ‘e’
    [[,XMLCodeFile: possible error in updateIds(doc, save = x): unused
     argument (save = x)
    Undefined global functions or variables:
     doc e idx nodeNames nodeSet parentCount use_file
Flavor: r-patched-solaris-sparc

Version: 3.98-1.9
Check: R code for possible problems
Result: NOTE
    newXMLDoc: no visible binding for global variable 'doc'
    xmlFlatListTree : f: no visible binding for global variable 'nodeNames'
    xmlFlatListTree : f: no visible binding for global variable 'idx'
    xmlFlatListTree : addNode: no visible binding for '<<-' assignment to
     'nodeSet'
    xmlFlatListTree : addNode: no visible binding for global variable
     'nodeSet'
    xmlFlatListTree : addNode: no visible binding for global variable 'idx'
    xmlFlatListTree : addNode: no visible binding for '<<-' assignment to
     'nodeNames'
    xmlFlatListTree : addNode: no visible binding for global variable
     'nodeNames'
    xmlFlatListTree : addNode: no visible binding for '<<-' assignment to
     'idx'
    xmlFlatListTree : addNode: no visible binding for '<<-' assignment to
     'parentCount'
    xmlFlatListTree : addNode: no visible binding for global variable
     'parentCount'
    xmlFlatListTree : <anonymous>: no visible binding for global variable
     'e'
    xmlFlatTree : <anonymous>: no visible binding for global variable 'e'
    [[,XMLCodeFile: possible error in updateIds(doc, save = x): unused
     argument (save = x)
    Undefined global functions or variables:
     doc e idx nodeNames nodeSet parentCount
Flavors: r-oldrel-windows-ix86+x86_64, r-oldrel-osx-x86_64