CRAN Package Check Results for Package XNomial

Last updated on 2022-08-11 19:50:25 CEST.

Flavor Version Tinstall Tcheck Ttotal Status Flags
r-devel-linux-x86_64-debian-clang 1.0.4 2.75 28.52 31.27 OK
r-devel-linux-x86_64-debian-gcc 1.0.4 2.63 22.21 24.84 OK
r-devel-linux-x86_64-fedora-clang 1.0.4 49.22 NOTE
r-devel-linux-x86_64-fedora-gcc 1.0.4 48.86 NOTE
r-devel-windows-x86_64 1.0.4 11.00 58.00 69.00 OK
r-patched-linux-x86_64 1.0.4 3.08 28.23 31.31 OK
r-release-linux-x86_64 1.0.4 3.03 28.14 31.17 OK
r-release-macos-arm64 1.0.4 20.00 OK
r-release-macos-x86_64 1.0.4 25.00 OK
r-release-windows-x86_64 1.0.4 14.00 56.00 70.00 OK
r-oldrel-macos-arm64 1.0.4 22.00 OK
r-oldrel-macos-x86_64 1.0.4 32.00 OK
r-oldrel-windows-ix86+x86_64 1.0.4 9.00 56.00 65.00 OK

Check Details

Version: 1.0.4
Check: compiled code
Result: NOTE
    File ‘XNomial/libs/XNomial.so’:
     Found no calls to: ‘R_registerRoutines’, ‘R_useDynamicSymbols’
    
    It is good practice to register native routines and to disable symbol
    search.
    
    See ‘Writing portable packages’ in the ‘Writing R Extensions’ manual.
Flavors: r-devel-linux-x86_64-fedora-clang, r-devel-linux-x86_64-fedora-gcc