CRAN Package Check Results for Package XRPython

Last updated on 2018-01-21 12:49:02 CET.

Flavor Version Tinstall Tcheck Ttotal Status Flags
r-devel-linux-x86_64-debian-clang 0.8 2.27 30.75 33.02 OK
r-devel-linux-x86_64-debian-gcc 0.8 2.06 24.39 26.45 OK
r-devel-linux-x86_64-fedora-clang 0.8 39.05 OK
r-devel-linux-x86_64-fedora-gcc 0.8 37.73 OK
r-devel-windows-ix86+x86_64 0.8 5.00 43.00 48.00 OK
r-patched-linux-x86_64 0.8 2.27 30.63 32.90 OK
r-patched-solaris-x86 0.8 60.20 OK
r-release-linux-x86_64 0.8 2.60 30.65 33.25 OK
r-release-windows-ix86+x86_64 0.7 7.00 5.00 12.00 ERROR
r-release-osx-x86_64 0.8 OK
r-oldrel-windows-ix86+x86_64 0.7 5.00 6.00 11.00 ERROR
r-oldrel-osx-x86_64 0.8 OK

Check Details

Version: 0.7
Check: package dependencies
Result: ERROR
    Package required but not available: 'rPython'
    
    See section 'The DESCRIPTION file' in the 'Writing R Extensions'
    manual.
Flavors: r-release-windows-ix86+x86_64, r-oldrel-windows-ix86+x86_64