CRAN Package Check Results for Package XiMpLe

Last updated on 2017-11-24 09:48:30 CET.

Flavor Version Tinstall Tcheck Ttotal Status Flags
r-devel-linux-x86_64-debian-clang 0.10-1 1.02 30.40 31.42 ERROR
r-devel-linux-x86_64-debian-gcc 0.10-1 1.20 52.51 53.71 ERROR
r-devel-linux-x86_64-fedora-clang 0.10-1 35.35 ERROR
r-devel-linux-x86_64-fedora-gcc 0.10-1 34.78 ERROR
r-devel-windows-ix86+x86_64 0.10-1 4.00 54.00 58.00 OK
r-patched-linux-x86_64 0.10-1 1.62 54.22 55.84 OK
r-patched-solaris-x86 0.10-1 52.50 OK
r-release-linux-x86_64 0.10-1 1.56 53.86 55.42 OK
r-release-windows-ix86+x86_64 0.10-1 4.00 57.00 61.00 OK
r-release-osx-x86_64 0.10-1 WARN
r-oldrel-windows-ix86+x86_64 0.10-1 4.00 66.00 70.00 OK
r-oldrel-osx-x86_64 0.10-1 OK

Check Details

Version: 0.10-1
Check: tests
Result: ERROR
     Running ‘testthat.R’ [1s/1s]
    Running the tests in ‘tests/testthat.R’ failed.
    Complete output:
     > # the tests are realized using the "testthat" package
     > # and can be found in ./testthat
     >
     > require(testthat)
     Loading required package: testthat
     > test_check("XiMpLe")
     Loading required package: XiMpLe
     1. Error: change nested text value in XML node (@tests.R#113) ------------------
     invalid subscript type 'list'
     1: `node<-`(`*tmp*`, node = list("rss", "channel", "item", "title"), what = "value",
     cond.value = "Changes in koRpus version 0.04-30", value = "this value was changed!") at testthat/tests.R:113
     2: `node<-`(`*tmp*`, node = list("rss", "channel", "item", "title"), what = "value",
     cond.value = "Changes in koRpus version 0.04-30", value = "this value was changed!")
     3: eval(parse(text = remove.nodes))
     4: eval(parse(text = remove.nodes))
    
     testthat results ================================================================
     OK: 31 SKIPPED: 0 FAILED: 1
     1. Error: change nested text value in XML node (@tests.R#113)
    
     Error: testthat unit tests failed
     Execution halted
Flavor: r-devel-linux-x86_64-debian-clang

Version: 0.10-1
Check: tests
Result: ERROR
     Running ‘testthat.R’ [1s/2s]
    Running the tests in ‘tests/testthat.R’ failed.
    Complete output:
     > # the tests are realized using the "testthat" package
     > # and can be found in ./testthat
     >
     > require(testthat)
     Loading required package: testthat
     > test_check("XiMpLe")
     Loading required package: XiMpLe
     1. Error: change nested text value in XML node (@tests.R#113) ------------------
     invalid subscript type 'list'
     1: `node<-`(`*tmp*`, node = list("rss", "channel", "item", "title"), what = "value",
     cond.value = "Changes in koRpus version 0.04-30", value = "this value was changed!") at testthat/tests.R:113
     2: `node<-`(`*tmp*`, node = list("rss", "channel", "item", "title"), what = "value",
     cond.value = "Changes in koRpus version 0.04-30", value = "this value was changed!")
     3: eval(parse(text = remove.nodes))
     4: eval(parse(text = remove.nodes))
    
     testthat results ================================================================
     OK: 31 SKIPPED: 0 FAILED: 1
     1. Error: change nested text value in XML node (@tests.R#113)
    
     Error: testthat unit tests failed
     Execution halted
Flavor: r-devel-linux-x86_64-debian-gcc

Version: 0.10-1
Check: tests
Result: ERROR
     Running ‘testthat.R’
    Running the tests in ‘tests/testthat.R’ failed.
    Complete output:
     > # the tests are realized using the "testthat" package
     > # and can be found in ./testthat
     >
     > require(testthat)
     Loading required package: testthat
     > test_check("XiMpLe")
     Loading required package: XiMpLe
     1. Error: change nested text value in XML node (@tests.R#113) ------------------
     invalid subscript type 'list'
     1: `node<-`(`*tmp*`, node = list("rss", "channel", "item", "title"), what = "value",
     cond.value = "Changes in koRpus version 0.04-30", value = "this value was changed!") at testthat/tests.R:113
     2: `node<-`(`*tmp*`, node = list("rss", "channel", "item", "title"), what = "value",
     cond.value = "Changes in koRpus version 0.04-30", value = "this value was changed!")
     3: eval(parse(text = remove.nodes))
     4: eval(parse(text = remove.nodes))
    
     testthat results ================================================================
     OK: 31 SKIPPED: 0 FAILED: 1
     1. Error: change nested text value in XML node (@tests.R#113)
    
     Error: testthat unit tests failed
     Execution halted
Flavors: r-devel-linux-x86_64-fedora-clang, r-devel-linux-x86_64-fedora-gcc

Version: 0.10-1
Check: re-building of vignette outputs
Result: WARN
    Error in re-building vignettes:
     ...
    Error in texi2dvi(file = file, pdf = TRUE, clean = clean, quiet = quiet, :
     Running 'texi2dvi' on 'XiMpLe_vignette.tex' failed.
    LaTeX errors:
    ! LaTeX Error: File `utf8x.def' not found.
    
    Type X to quit or <RETURN> to proceed,
    or enter new name. (Default extension: def)
    
    ! Emergency stop.
    <read *>
    
    l.158 \endinput
     ^^M
    ! ==> Fatal error occurred, no output PDF file produced!
    Calls: buildVignettes -> texi2pdf -> texi2dvi
    Execution halted
Flavor: r-release-osx-x86_64