CRAN Package Check Results for Package XiMpLe

Last updated on 2014-04-18 18:47:24.

Flavor Version Tinstall Tcheck Ttotal Status Flags
r-devel-linux-x86_64-debian-clang 0.03-21 0.97 13.82 14.79 NOTE
r-devel-linux-x86_64-debian-gcc NOTE
r-devel-linux-x86_64-fedora-clang 0.03-21 30.55 NOTE
r-devel-linux-x86_64-fedora-gcc 0.03-21 28.59 NOTE
r-devel-macosx-x86_64-clang 0.03-21 31.42 NOTE
r-devel-macosx-x86_64-gcc 0.03-21 NOTE
r-devel-windows-ix86+x86_64 0.03-21 3.00 29.00 32.00 NOTE
r-patched-linux-x86_64 0.03-21 1.03 14.89 15.92 NOTE
r-patched-solaris-sparc 0.03-21 170.90 NOTE
r-patched-solaris-x86 0.03-21 41.70 NOTE
r-release-linux-ix86 0.03-21 3.00 29.00 32.00 NOTE
r-release-linux-x86_64 0.03-21 0.97 14.70 15.67 NOTE
r-release-macosx-x86_64 0.03-21 WARN
r-release-windows-ix86+x86_64 0.03-21 6.00 31.00 37.00 NOTE
r-oldrel-windows-ix86+x86_64 0.03-21 3.00 23.00 26.00 NOTE

Check Details

Version: 0.03-21
Check: package dependencies
Result: NOTE
    Package which this enhances but not available for checking: ‘rkward’
Flavors: r-devel-linux-x86_64-debian-clang, r-devel-linux-x86_64-debian-gcc, r-devel-linux-x86_64-fedora-clang, r-devel-linux-x86_64-fedora-gcc, r-devel-macosx-x86_64-clang, r-devel-macosx-x86_64-gcc, r-devel-windows-ix86+x86_64, r-patched-linux-x86_64, r-patched-solaris-sparc, r-patched-solaris-x86, r-release-linux-ix86, r-release-linux-x86_64, r-release-macosx-x86_64, r-release-windows-ix86+x86_64, r-oldrel-windows-ix86+x86_64

Version: 0.03-21
Check: examples
Result: WARNING
    checking a package with encoding 'UTF-8' in an ASCII locale
    
     OK
Flavor: r-release-macosx-x86_64