CRAN Package Check Results for Package XiMpLe

Last updated on 2017-09-21 18:47:42.

Flavor Version Tinstall Tcheck Ttotal Status Flags
r-devel-linux-x86_64-debian-clang 0.10-1 1.09 20.47 21.56 OK
r-devel-linux-x86_64-debian-gcc 0.10-1 1.07 19.96 21.03 OK
r-devel-linux-x86_64-fedora-clang 0.10-1 38.11 OK
r-devel-linux-x86_64-fedora-gcc 0.10-1 37.02 OK
r-devel-windows-ix86+x86_64 0.10-1 4.00 39.00 43.00 OK
r-patched-linux-x86_64 0.10-1 1.24 20.25 21.48 OK
r-patched-solaris-x86 0.10-1 50.90 OK
r-release-linux-x86_64 0.10-1 1.04 20.34 21.37 OK
r-release-windows-ix86+x86_64 0.10-1 4.00 41.00 45.00 OK
r-release-osx-x86_64 0.10-1 WARN
r-oldrel-windows-ix86+x86_64 0.10-1 4.00 36.00 40.00 OK
r-oldrel-osx-x86_64 0.10-1 OK

Check Details

Version: 0.10-1
Check: re-building of vignette outputs
Result: WARN
    Error in re-building vignettes:
     ...
    Error in texi2dvi(file = file, pdf = TRUE, clean = clean, quiet = quiet, :
     Running 'texi2dvi' on 'XiMpLe_vignette.tex' failed.
    LaTeX errors:
    ! LaTeX Error: File `utf8x.def' not found.
    
    Type X to quit or <RETURN> to proceed,
    or enter new name. (Default extension: def)
    
    ! Emergency stop.
    <read *>
    
    l.158 \endinput
     ^^M
    ! ==> Fatal error occurred, no output PDF file produced!
    Calls: buildVignettes -> texi2pdf -> texi2dvi
    Execution halted
Flavor: r-release-osx-x86_64