CRAN Package Check Results for Package XiMpLe

Last updated on 2015-04-01 02:48:33.

Flavor Version Tinstall Tcheck Ttotal Status Flags
r-devel-linux-x86_64-debian-clang 0.03-21 0.94 13.51 14.45 NOTE
r-devel-linux-x86_64-debian-gcc 0.03-21 0.82 13.18 14.00 NOTE
r-devel-linux-x86_64-fedora-clang 0.03-21 27.91 NOTE
r-devel-linux-x86_64-fedora-gcc 0.03-21 24.88 NOTE
r-devel-osx-x86_64-clang 0.03-21 34.89 NOTE
r-prerel-windows-ix86+x86_64 0.03-21 4.00 23.00 27.00 NOTE
r-prerel-linux-x86_64 0.03-21 0.77 13.14 13.91 NOTE
r-prerel-solaris-sparc 0.03-21 168.30 NOTE
r-prerel-solaris-x86 0.03-21 38.40 NOTE
r-release-linux-x86_64 0.03-21 1.16 14.37 15.53 NOTE
r-release-osx-x86_64-mavericks 0.03-21 NOTE
r-release-osx-x86_64-snowleopard 0.03-21 WARN
r-release-windows-ix86+x86_64 0.03-21 3.00 25.00 28.00 NOTE
r-oldrel-windows-ix86+x86_64 0.03-21 3.00 25.00 28.00 NOTE

Check Details

Version: 0.03-21
Check: package dependencies
Result: NOTE
    Package which this enhances but not available for checking: ‘rkward’
Flavors: r-devel-linux-x86_64-debian-clang, r-devel-linux-x86_64-debian-gcc, r-devel-linux-x86_64-fedora-clang, r-devel-linux-x86_64-fedora-gcc, r-devel-osx-x86_64-clang, r-prerel-windows-ix86+x86_64, r-prerel-linux-x86_64, r-prerel-solaris-sparc, r-prerel-solaris-x86, r-release-linux-x86_64, r-release-osx-x86_64-mavericks, r-release-osx-x86_64-snowleopard, r-release-windows-ix86+x86_64, r-oldrel-windows-ix86+x86_64

Version: 0.03-21
Check: examples
Result: WARN
    checking a package with encoding 'UTF-8' in an ASCII locale
    
     OK
Flavor: r-release-osx-x86_64-snowleopard