CRAN Package Check Results for Package XiMpLe

Last updated on 2017-05-25 17:48:33.

Flavor Version Tinstall Tcheck Ttotal Status Flags
r-devel-linux-x86_64-debian-clang 0.10-1 1.02 20.51 21.52 OK
r-devel-linux-x86_64-debian-gcc 0.10-1 1.10 21.03 22.13 OK
r-devel-linux-x86_64-fedora-clang 0.10-1 37.87 OK --no-stop-on-test-error
r-devel-linux-x86_64-fedora-gcc 0.10-1 35.49 OK --no-stop-on-test-error
r-devel-windows-ix86+x86_64 0.10-1 4.00 40.00 44.00 OK
r-patched-linux-x86_64 0.10-1 1.19 20.25 21.44 OK
r-patched-solaris-sparc 0.10-1 222.10 OK
r-patched-solaris-x86 0.10-1 50.20 OK
r-release-linux-x86_64 0.10-1 1.16 20.92 22.08 OK
r-release-windows-ix86+x86_64 0.10-1 6.00 97.00 103.00 OK
r-release-osx-x86_64 0.10-1 WARN
r-oldrel-windows-ix86+x86_64 0.10-1 5.00 54.00 59.00 OK
r-oldrel-osx-x86_64 0.10-1 OK

Check Details

Version: 0.10-1
Check: re-building of vignette outputs
Result: WARN
    Error in re-building vignettes:
     ...
    Error in texi2dvi(file = file, pdf = TRUE, clean = clean, quiet = quiet, :
     Running 'texi2dvi' on 'XiMpLe_vignette.tex' failed.
    LaTeX errors:
    ! LaTeX Error: File `utf8x.def' not found.
    
    Type X to quit or <RETURN> to proceed,
    or enter new name. (Default extension: def)
    
    ! Emergency stop.
    <read *>
    
    l.158 \endinput
     ^^M
    ! ==> Fatal error occurred, no output PDF file produced!
    Calls: buildVignettes -> texi2pdf -> texi2dvi
    Execution halted
Flavor: r-release-osx-x86_64