CRAN Package Check Results for Package XiMpLe

Last updated on 2014-11-23 11:47:28.

Flavor Version Tinstall Tcheck Ttotal Status Flags
r-devel-linux-x86_64-debian-clang 0.03-21 0.88 14.22 15.10 NOTE
r-devel-linux-x86_64-debian-gcc 0.03-21 0.82 13.67 14.49 NOTE
r-devel-linux-x86_64-fedora-clang 0.03-21 29.59 NOTE
r-devel-linux-x86_64-fedora-gcc 0.03-21 27.65 NOTE
r-devel-osx-x86_64-clang 0.03-21 32.14 NOTE
r-devel-windows-ix86+x86_64 0.03-21 3.00 20.00 23.00 NOTE
r-patched-linux-x86_64 0.03-21 0.96 14.20 15.15 NOTE
r-patched-solaris-sparc 0.03-21 167.80 NOTE
r-patched-solaris-x86 0.03-21 42.10 NOTE
r-release-linux-ix86 0.03-21 1.23 20.08 21.31 NOTE
r-release-linux-x86_64 0.03-21 0.89 14.08 14.97 NOTE
r-release-osx-x86_64-mavericks 0.03-21 NOTE
r-release-osx-x86_64-snowleopard 0.03-21 WARN
r-release-windows-ix86+x86_64 0.03-21 3.00 23.00 26.00 NOTE
r-oldrel-windows-ix86+x86_64 0.03-21 3.00 28.00 31.00 NOTE

Check Details

Version: 0.03-21
Check: package dependencies
Result: NOTE
    Package which this enhances but not available for checking: ‘rkward’
Flavors: r-devel-linux-x86_64-debian-clang, r-devel-linux-x86_64-debian-gcc, r-devel-linux-x86_64-fedora-clang, r-devel-linux-x86_64-fedora-gcc, r-devel-osx-x86_64-clang, r-devel-windows-ix86+x86_64, r-patched-linux-x86_64, r-patched-solaris-sparc, r-patched-solaris-x86, r-release-linux-ix86, r-release-linux-x86_64, r-release-osx-x86_64-mavericks, r-release-osx-x86_64-snowleopard, r-release-windows-ix86+x86_64, r-oldrel-windows-ix86+x86_64

Version: 0.03-21
Check: examples
Result: WARN
    checking a package with encoding 'UTF-8' in an ASCII locale
    
     OK
Flavor: r-release-osx-x86_64-snowleopard