CRAN Package Check Results for Package XiMpLe

Last updated on 2015-08-04 03:48:28.

Flavor Version Tinstall Tcheck Ttotal Status Flags
r-devel-linux-x86_64-debian-clang 0.03-21 0.84 13.44 14.28 NOTE
r-devel-linux-x86_64-debian-gcc 0.03-21 0.76 13.39 14.14 NOTE
r-devel-linux-x86_64-fedora-clang 0.03-21 26.43 NOTE
r-devel-linux-x86_64-fedora-gcc 0.03-21 24.98 NOTE
r-devel-osx-x86_64-clang 0.03-21 28.56 NOTE
r-devel-windows-ix86+x86_64 0.03-21 6.00 23.00 29.00 NOTE
r-patched-linux-x86_64 0.03-21 0.84 13.34 14.18 NOTE
r-patched-solaris-sparc 0.03-21 171.50 NOTE
r-patched-solaris-x86 0.03-21 40.10 NOTE
r-release-linux-x86_64 0.03-21 0.80 13.26 14.06 NOTE
r-release-osx-x86_64-mavericks 0.03-21 NOTE
r-release-windows-ix86+x86_64 0.03-21 5.00 32.00 37.00 NOTE
r-oldrel-windows-ix86+x86_64 0.03-21 4.00 34.00 38.00 NOTE

Check Details

Version: 0.03-21
Check: package dependencies
Result: NOTE
    Package which this enhances but not available for checking: ‘rkward’
Flavors: r-devel-linux-x86_64-debian-clang, r-devel-linux-x86_64-debian-gcc, r-devel-linux-x86_64-fedora-clang, r-devel-linux-x86_64-fedora-gcc, r-devel-osx-x86_64-clang, r-devel-windows-ix86+x86_64, r-patched-linux-x86_64, r-patched-solaris-sparc, r-patched-solaris-x86, r-release-linux-x86_64, r-release-osx-x86_64-mavericks, r-release-windows-ix86+x86_64, r-oldrel-windows-ix86+x86_64