CRAN Package Check Results for Package XiMpLe

Last updated on 2014-10-31 23:47:45.

Flavor Version Tinstall Tcheck Ttotal Status Flags
r-devel-linux-x86_64-debian-clang 0.03-21 0.85 13.91 14.76 NOTE
r-devel-linux-x86_64-debian-gcc 0.03-21 0.86 13.68 14.54 NOTE
r-devel-linux-x86_64-fedora-clang 0.03-21 29.21 NOTE
r-devel-linux-x86_64-fedora-gcc 0.03-21 28.73 NOTE
r-devel-osx-x86_64-clang 0.03-21 31.73 NOTE
r-devel-windows-ix86+x86_64 0.03-21 2.00 21.00 23.00 NOTE
r-patched-linux-x86_64 0.03-21 0.99 13.82 14.81 NOTE
r-patched-solaris-sparc 0.03-21 167.80 NOTE
r-patched-solaris-x86 0.03-21 42.90 NOTE
r-release-linux-ix86 0.03-21 1.31 20.84 22.14 NOTE
r-release-linux-x86_64 0.03-21 0.93 14.16 15.08 NOTE
r-release-osx-x86_64-mavericks 0.03-21 NOTE
r-release-osx-x86_64-snowleopard 0.03-21 WARN
r-release-windows-ix86+x86_64 0.03-21 3.00 23.00 26.00 NOTE
r-oldrel-windows-ix86+x86_64 0.03-21 3.00 24.00 27.00 NOTE

Check Details

Version: 0.03-21
Check: package dependencies
Result: NOTE
    Package which this enhances but not available for checking: ‘rkward’
Flavors: r-devel-linux-x86_64-debian-clang, r-devel-linux-x86_64-debian-gcc, r-devel-linux-x86_64-fedora-clang, r-devel-linux-x86_64-fedora-gcc, r-devel-osx-x86_64-clang, r-devel-windows-ix86+x86_64, r-patched-linux-x86_64, r-patched-solaris-sparc, r-patched-solaris-x86, r-release-linux-ix86, r-release-linux-x86_64, r-release-osx-x86_64-mavericks, r-release-osx-x86_64-snowleopard, r-release-windows-ix86+x86_64, r-oldrel-windows-ix86+x86_64

Version: 0.03-21
Check: examples
Result: WARN
    checking a package with encoding 'UTF-8' in an ASCII locale
    
     OK
Flavor: r-release-osx-x86_64-snowleopard