CRAN Package Check Results for Package XiMpLe

Last updated on 2017-07-25 03:49:55.

Flavor Version Tinstall Tcheck Ttotal Status Flags
r-devel-linux-x86_64-debian-clang 0.10-1 1.05 34.06 35.12 OK
r-devel-linux-x86_64-debian-gcc 0.10-1 1.06 34.17 35.22 OK
r-devel-linux-x86_64-fedora-clang 0.10-1 37.15 OK
r-devel-linux-x86_64-fedora-gcc 0.10-1 36.14 OK
r-devel-windows-ix86+x86_64 0.10-1 8.00 41.00 49.00 OK
r-patched-linux-x86_64 0.10-1 1.01 34.44 35.45 OK
r-patched-solaris-x86 0.10-1 52.60 OK
r-release-linux-x86_64 0.10-1 1.04 34.29 35.33 OK
r-release-windows-ix86+x86_64 0.10-1 4.00 52.00 56.00 OK
r-release-osx-x86_64 0.10-1 WARN
r-oldrel-windows-ix86+x86_64 0.10-1 3.00 39.00 42.00 OK
r-oldrel-osx-x86_64 0.10-1 OK

Check Details

Version: 0.10-1
Check: re-building of vignette outputs
Result: WARN
    Error in re-building vignettes:
     ...
    Error in texi2dvi(file = file, pdf = TRUE, clean = clean, quiet = quiet, :
     Running 'texi2dvi' on 'XiMpLe_vignette.tex' failed.
    LaTeX errors:
    ! LaTeX Error: File `utf8x.def' not found.
    
    Type X to quit or <RETURN> to proceed,
    or enter new name. (Default extension: def)
    
    ! Emergency stop.
    <read *>
    
    l.158 \endinput
     ^^M
    ! ==> Fatal error occurred, no output PDF file produced!
    Calls: buildVignettes -> texi2pdf -> texi2dvi
    Execution halted
Flavor: r-release-osx-x86_64