CRAN Package Check Results for Package XiMpLe

Last updated on 2014-09-20 13:48:23.

Flavor Version Tinstall Tcheck Ttotal Status Flags
r-devel-linux-x86_64-debian-clang 0.03-21 0.86 13.37 14.23 NOTE
r-devel-linux-x86_64-debian-gcc 0.03-21 0.82 13.31 14.12 NOTE
r-devel-linux-x86_64-fedora-clang 0.03-21 29.02 NOTE
r-devel-linux-x86_64-fedora-gcc 0.03-21 27.14 NOTE
r-devel-osx-x86_64-clang 0.03-21 33.36 NOTE
r-devel-windows-ix86+x86_64 0.03-21 3.00 21.00 24.00 NOTE
r-patched-linux-x86_64 0.03-21 0.94 13.96 14.90 NOTE
r-patched-solaris-sparc 0.03-21 167.80 NOTE
r-patched-solaris-x86 0.03-21 42.20 NOTE
r-release-linux-ix86 0.03-21 1.37 21.14 22.52 NOTE
r-release-linux-x86_64 0.03-21 1.11 14.29 15.40 NOTE
r-release-osx-x86_64-mavericks 0.03-21 NOTE
r-release-osx-x86_64-snowleopard 0.03-21 WARN
r-release-windows-ix86+x86_64 0.03-21 4.00 21.00 25.00 NOTE
r-oldrel-windows-ix86+x86_64 0.03-21 3.00 23.00 26.00 NOTE

Check Details

Version: 0.03-21
Check: package dependencies
Result: NOTE
    Package which this enhances but not available for checking: ‘rkward’
Flavors: r-devel-linux-x86_64-debian-clang, r-devel-linux-x86_64-debian-gcc, r-devel-linux-x86_64-fedora-clang, r-devel-linux-x86_64-fedora-gcc, r-devel-osx-x86_64-clang, r-devel-windows-ix86+x86_64, r-patched-linux-x86_64, r-patched-solaris-sparc, r-patched-solaris-x86, r-release-linux-ix86, r-release-linux-x86_64, r-release-osx-x86_64-mavericks, r-release-osx-x86_64-snowleopard, r-release-windows-ix86+x86_64, r-oldrel-windows-ix86+x86_64

Version: 0.03-21
Check: examples
Result: WARN
    checking a package with encoding 'UTF-8' in an ASCII locale
    
     OK
Flavor: r-release-osx-x86_64-snowleopard