CRAN Package Check Results for Package XiMpLe

Last updated on 2015-07-07 06:46:58.

Flavor Version Tinstall Tcheck Ttotal Status Flags
r-devel-linux-x86_64-debian-clang 0.03-21 0.81 13.33 14.14 NOTE
r-devel-linux-x86_64-debian-gcc 0.03-21 0.78 13.08 13.86 NOTE
r-devel-linux-x86_64-fedora-clang 0.03-21 26.79 NOTE
r-devel-linux-x86_64-fedora-gcc 0.03-21 24.86 NOTE
r-devel-osx-x86_64-clang 0.03-21 27.91 NOTE
r-devel-windows-ix86+x86_64 0.03-21 5.00 20.00 25.00 NOTE
r-patched-linux-x86_64 0.03-21 0.78 12.99 13.77 NOTE
r-patched-solaris-sparc 0.03-21 194.80 NOTE
r-patched-solaris-x86 0.03-21 39.30 NOTE
r-release-linux-x86_64 0.03-21 0.96 12.93 13.89 NOTE
r-release-osx-x86_64-mavericks 0.03-21 NOTE
r-release-windows-ix86+x86_64 0.03-21 5.00 24.00 29.00 NOTE
r-oldrel-windows-ix86+x86_64 0.03-21 6.00 25.00 31.00 NOTE

Check Details

Version: 0.03-21
Check: package dependencies
Result: NOTE
    Package which this enhances but not available for checking: ‘rkward’
Flavors: r-devel-linux-x86_64-debian-clang, r-devel-linux-x86_64-debian-gcc, r-devel-linux-x86_64-fedora-clang, r-devel-linux-x86_64-fedora-gcc, r-devel-osx-x86_64-clang, r-devel-windows-ix86+x86_64, r-patched-linux-x86_64, r-patched-solaris-sparc, r-patched-solaris-x86, r-release-linux-x86_64, r-release-osx-x86_64-mavericks, r-release-windows-ix86+x86_64, r-oldrel-windows-ix86+x86_64