CRAN Package Check Results for Package YPmodel

Last updated on 2015-02-27 05:48:20.

Flavor Version Tinstall Tcheck Ttotal Status Flags
r-devel-linux-x86_64-debian-clang 1.1 0.63 17.68 18.31 NOTE
r-devel-linux-x86_64-debian-gcc 1.1 0.62 15.60 16.23 NOTE
r-devel-linux-x86_64-fedora-clang 1.1 32.58 NOTE
r-devel-linux-x86_64-fedora-gcc 1.1 29.86 NOTE
r-devel-osx-x86_64-clang 1.1 34.24 NOTE
r-devel-windows-ix86+x86_64 1.1 3.00 25.00 28.00 OK
r-patched-linux-x86_64 1.1 0.70 17.14 17.84 OK
r-patched-solaris-sparc 1.1 200.10 OK
r-patched-solaris-x86 1.1 42.70 OK
r-release-linux-ix86 1.1 1.01 24.67 25.68 OK
r-release-linux-x86_64 1.1 0.70 16.85 17.54 OK
r-release-osx-x86_64-mavericks 1.1 OK
r-release-osx-x86_64-snowleopard 1.1 OK
r-release-windows-ix86+x86_64 1.1 2.00 24.00 26.00 OK
r-oldrel-windows-ix86+x86_64 1.1 3.00 25.00 28.00 OK

Check Details

Version: 1.1
Check: S3 generic/method consistency
Result: NOTE
    Found the following apparent S3 methods exported but not registered:
     YPmodel.IntervalBands YPmodel.adlgrk YPmodel.default YPmodel.estimate
     YPmodel.inputData YPmodel.lackfittest YPmodel.setParameter
     YPmodel.setRandom plot.YPmodel plot.YPmodel.IntervalBands
     plot.YPmodel.martint plot.YPmodel.survf plot.YPmodel.survivor
     print.YPmodel summary.YPmodel summary.YPmodel.IntervalBands
     summary.YPmodel.adlgrk summary.YPmodel.estimate
     summary.YPmodel.lackfittest summary.YPmodel.overall
    See section ‘Registering S3 methods’ in the ‘Writing R Extensions’
    manual.
Flavors: r-devel-linux-x86_64-debian-clang, r-devel-linux-x86_64-debian-gcc, r-devel-linux-x86_64-fedora-clang, r-devel-linux-x86_64-fedora-gcc, r-devel-osx-x86_64-clang