CRAN Package Check Results for Package YPmodel

Last updated on 2015-05-26 12:47:35.

Flavor Version Tinstall Tcheck Ttotal Status Flags
r-devel-linux-x86_64-debian-clang 1.1 0.72 16.67 17.38 NOTE
r-devel-linux-x86_64-debian-gcc 1.1 0.74 16.14 16.88 NOTE
r-devel-linux-x86_64-fedora-clang 1.1 32.15 NOTE
r-devel-linux-x86_64-fedora-gcc 1.1 30.19 NOTE
r-devel-osx-x86_64-clang 1.1 33.76 NOTE
r-devel-windows-ix86+x86_64 1.1 3.00 23.00 26.00 OK
r-patched-linux-x86_64 1.1 0.79 15.70 16.49 NOTE
r-patched-solaris-sparc 1.1 191.60 NOTE
r-patched-solaris-x86 1.1 39.70 NOTE
r-release-linux-x86_64 1.1 0.69 16.21 16.90 NOTE
r-release-osx-x86_64-mavericks 1.1 OK
r-release-osx-x86_64-snowleopard 1.1 OK
r-release-windows-ix86+x86_64 1.1 2.00 29.00 31.00 OK
r-oldrel-windows-ix86+x86_64 1.1 4.00 26.00 30.00 OK

Check Details

Version: 1.1
Check: S3 generic/method consistency
Result: NOTE
    Found the following apparent S3 methods exported but not registered:
     YPmodel.IntervalBands YPmodel.adlgrk YPmodel.default YPmodel.estimate
     YPmodel.inputData YPmodel.lackfittest YPmodel.setParameter
     YPmodel.setRandom plot.YPmodel plot.YPmodel.IntervalBands
     plot.YPmodel.martint plot.YPmodel.survf plot.YPmodel.survivor
     print.YPmodel summary.YPmodel summary.YPmodel.IntervalBands
     summary.YPmodel.adlgrk summary.YPmodel.estimate
     summary.YPmodel.lackfittest summary.YPmodel.overall
    See section ‘Registering S3 methods’ in the ‘Writing R Extensions’
    manual.
Flavors: r-devel-linux-x86_64-debian-clang, r-devel-linux-x86_64-debian-gcc, r-devel-linux-x86_64-fedora-clang, r-devel-linux-x86_64-fedora-gcc, r-devel-osx-x86_64-clang, r-patched-linux-x86_64, r-patched-solaris-sparc, r-patched-solaris-x86, r-release-linux-x86_64