CRAN Package Check Results for Package YPmodel

Last updated on 2015-06-30 22:47:45.

Flavor Version Tinstall Tcheck Ttotal Status Flags
r-devel-linux-x86_64-debian-clang 1.1 0.61 16.26 16.87 NOTE
r-devel-linux-x86_64-debian-gcc 1.1 0.60 15.38 15.97 NOTE
r-devel-linux-x86_64-fedora-clang 1.1 31.08 NOTE
r-devel-linux-x86_64-fedora-gcc 1.1 28.32 NOTE
r-devel-osx-x86_64-clang 1.1 30.28 NOTE
r-devel-windows-ix86+x86_64 1.1 5.00 22.00 27.00 OK
r-patched-linux-x86_64 1.1 0.63 15.85 16.48 NOTE
r-patched-solaris-sparc 1.1 191.60 NOTE
r-patched-solaris-x86 1.1 39.80 NOTE
r-release-linux-x86_64 1.1 0.63 16.58 17.21 NOTE
r-release-osx-x86_64-mavericks 1.1 OK
r-release-windows-ix86+x86_64 1.1 2.00 29.00 31.00 OK
r-oldrel-windows-ix86+x86_64 1.1 4.00 26.00 30.00 OK

Check Details

Version: 1.1
Check: S3 generic/method consistency
Result: NOTE
    Found the following apparent S3 methods exported but not registered:
     YPmodel.IntervalBands YPmodel.adlgrk YPmodel.default YPmodel.estimate
     YPmodel.inputData YPmodel.lackfittest YPmodel.setParameter
     YPmodel.setRandom plot.YPmodel plot.YPmodel.IntervalBands
     plot.YPmodel.martint plot.YPmodel.survf plot.YPmodel.survivor
     print.YPmodel summary.YPmodel summary.YPmodel.IntervalBands
     summary.YPmodel.adlgrk summary.YPmodel.estimate
     summary.YPmodel.lackfittest summary.YPmodel.overall
    See section ‘Registering S3 methods’ in the ‘Writing R Extensions’
    manual.
Flavors: r-devel-linux-x86_64-debian-clang, r-devel-linux-x86_64-debian-gcc, r-devel-linux-x86_64-fedora-clang, r-devel-linux-x86_64-fedora-gcc, r-devel-osx-x86_64-clang, r-patched-linux-x86_64, r-patched-solaris-sparc, r-patched-solaris-x86, r-release-linux-x86_64

Version: 1.1
Check: R code for possible problems
Result: NOTE
    YPmodel.inputData: no visible global function definition for
     ‘read.table’
    YPmodel.setRandom: no visible global function definition for ‘rnorm’
    YPmodel.setRandom: no visible global function definition for ‘runif’
    fun.adlgrk : erf: no visible global function definition for ‘pnorm’
    fun.adlgrk: no visible global function definition for ‘integrate’
    fun.hazardRationEstimation: no visible global function definition for
     ‘runif’
    fun.hazardRationEstimation: no visible global function definition for
     ‘rnorm’
    plot.YPmodel.IntervalBands: no visible global function definition for
     ‘dev.new’
    plot.YPmodel.IntervalBands: no visible global function definition for
     ‘plot’
    plot.YPmodel.IntervalBands: no visible global function definition for
     ‘lines’
    plot.YPmodel.IntervalBands: no visible global function definition for
     ‘legend’
    plot.YPmodel.IntervalBands: no visible global function definition for
     ‘title’
    plot.YPmodel.martint: no visible global function definition for
     ‘dev.new’
    plot.YPmodel.martint: no visible global function definition for ‘plot’
    plot.YPmodel.martint: no visible global function definition for ‘lines’
    plot.YPmodel.martint: no visible global function definition for ‘title’
    plot.YPmodel.survf: no visible global function definition for ‘dev.new’
    plot.YPmodel.survf: no visible global function definition for ‘plot’
    plot.YPmodel.survf: no visible global function definition for ‘lines’
    plot.YPmodel.survf: no visible global function definition for ‘title’
    plot.YPmodel.survivor: no visible global function definition for ‘plot’
    plot.YPmodel.survivor: no visible global function definition for
     ‘lines’
    plot.YPmodel.survivor: no visible global function definition for
     ‘legend’
    plot.YPmodel.survivor: no visible global function definition for
     ‘title’
    summary.YPmodel.IntervalBands: no visible global function definition
     for ‘printCoefmat’
    summary.YPmodel.estimate: no visible global function definition for
     ‘printCoefmat’
    summary.YPmodel.lackfittest: no visible global function definition for
     ‘printCoefmat’
    summary.YPmodel.overall: no visible global function definition for
     ‘printCoefmat’
Flavors: r-devel-linux-x86_64-debian-clang, r-devel-linux-x86_64-debian-gcc, r-devel-linux-x86_64-fedora-clang, r-devel-linux-x86_64-fedora-gcc