CRAN Package Check Results for Package YPmodel

Last updated on 2015-04-26 23:47:06.

Flavor Version Tinstall Tcheck Ttotal Status Flags
r-devel-linux-x86_64-debian-clang 1.1 0.70 16.10 16.80 NOTE
r-devel-linux-x86_64-debian-gcc 1.1 0.69 16.25 16.94 NOTE
r-devel-linux-x86_64-fedora-clang 1.1 33.12 NOTE
r-devel-linux-x86_64-fedora-gcc 1.1 29.81 NOTE
r-devel-osx-x86_64-clang 1.1 32.82 NOTE
r-devel-windows-ix86+x86_64 1.1 3.00 25.00 28.00 OK
r-patched-linux-x86_64 1.1 0.62 16.42 17.04 NOTE
r-patched-solaris-sparc 1.1 185.80 OK
r-patched-solaris-x86 1.1 39.10 NOTE
r-release-linux-x86_64 1.1 0.63 15.69 16.32 NOTE
r-release-osx-x86_64-mavericks 1.1 OK
r-release-osx-x86_64-snowleopard 1.1 OK
r-release-windows-ix86+x86_64 1.1 2.00 29.00 31.00 OK
r-oldrel-windows-ix86+x86_64 1.1 4.00 26.00 30.00 OK

Check Details

Version: 1.1
Check: S3 generic/method consistency
Result: NOTE
    Found the following apparent S3 methods exported but not registered:
     YPmodel.IntervalBands YPmodel.adlgrk YPmodel.default YPmodel.estimate
     YPmodel.inputData YPmodel.lackfittest YPmodel.setParameter
     YPmodel.setRandom plot.YPmodel plot.YPmodel.IntervalBands
     plot.YPmodel.martint plot.YPmodel.survf plot.YPmodel.survivor
     print.YPmodel summary.YPmodel summary.YPmodel.IntervalBands
     summary.YPmodel.adlgrk summary.YPmodel.estimate
     summary.YPmodel.lackfittest summary.YPmodel.overall
    See section ‘Registering S3 methods’ in the ‘Writing R Extensions’
    manual.
Flavors: r-devel-linux-x86_64-debian-clang, r-devel-linux-x86_64-fedora-clang, r-devel-linux-x86_64-fedora-gcc, r-devel-osx-x86_64-clang, r-patched-solaris-x86