CRAN Package Check Results for Package YPmodel

Last updated on 2015-09-01 19:47:39.

Flavor Version Tinstall Tcheck Ttotal Status Flags
r-devel-linux-x86_64-debian-clang 1.1 0.57 15.16 15.74 NOTE
r-devel-linux-x86_64-debian-gcc 1.1 0.63 15.40 16.04 NOTE
r-devel-linux-x86_64-fedora-clang 1.1 31.17 NOTE
r-devel-linux-x86_64-fedora-gcc 1.1 27.33 NOTE
r-devel-osx-x86_64-clang 1.1 26.68 NOTE
r-devel-windows-ix86+x86_64 1.1 2.00 27.00 29.00 NOTE
r-patched-linux-x86_64 1.1 0.62 15.92 16.54 NOTE
r-patched-solaris-sparc 1.1 185.20 NOTE
r-patched-solaris-x86 1.1 40.50 NOTE
r-release-linux-x86_64 1.1 0.63 15.74 16.37 NOTE
r-release-osx-x86_64-mavericks 1.1 OK
r-release-windows-ix86+x86_64 1.1 3.00 33.00 36.00 OK
r-oldrel-windows-ix86+x86_64 1.1 4.00 26.00 30.00 OK

Check Details

Version: 1.1
Check: S3 generic/method consistency
Result: NOTE
    Found the following apparent S3 methods exported but not registered:
     YPmodel.IntervalBands YPmodel.adlgrk YPmodel.default YPmodel.estimate
     YPmodel.inputData YPmodel.lackfittest YPmodel.setParameter
     YPmodel.setRandom plot.YPmodel plot.YPmodel.IntervalBands
     plot.YPmodel.martint plot.YPmodel.survf plot.YPmodel.survivor
     print.YPmodel summary.YPmodel summary.YPmodel.IntervalBands
     summary.YPmodel.adlgrk summary.YPmodel.estimate
     summary.YPmodel.lackfittest summary.YPmodel.overall
    See section ‘Registering S3 methods’ in the ‘Writing R Extensions’
    manual.
Flavors: r-devel-linux-x86_64-debian-clang, r-devel-linux-x86_64-debian-gcc, r-devel-linux-x86_64-fedora-clang, r-devel-linux-x86_64-fedora-gcc, r-devel-osx-x86_64-clang, r-patched-linux-x86_64, r-patched-solaris-sparc, r-patched-solaris-x86, r-release-linux-x86_64

Version: 1.1
Check: R code for possible problems
Result: NOTE
    YPmodel.inputData: no visible global function definition for
     ‘read.table’
    YPmodel.setRandom: no visible global function definition for ‘rnorm’
    YPmodel.setRandom: no visible global function definition for ‘runif’
    fun.adlgrk : erf: no visible global function definition for ‘pnorm’
    fun.adlgrk: no visible global function definition for ‘integrate’
    fun.hazardRationEstimation: no visible global function definition for
     ‘runif’
    fun.hazardRationEstimation: no visible global function definition for
     ‘rnorm’
    plot.YPmodel.IntervalBands: no visible global function definition for
     ‘dev.new’
    plot.YPmodel.IntervalBands: no visible global function definition for
     ‘plot’
    plot.YPmodel.IntervalBands: no visible global function definition for
     ‘lines’
    plot.YPmodel.IntervalBands: no visible global function definition for
     ‘legend’
    plot.YPmodel.IntervalBands: no visible global function definition for
     ‘title’
    plot.YPmodel.martint: no visible global function definition for
     ‘dev.new’
    plot.YPmodel.martint: no visible global function definition for ‘plot’
    plot.YPmodel.martint: no visible global function definition for ‘lines’
    plot.YPmodel.martint: no visible global function definition for ‘title’
    plot.YPmodel.survf: no visible global function definition for ‘dev.new’
    plot.YPmodel.survf: no visible global function definition for ‘plot’
    plot.YPmodel.survf: no visible global function definition for ‘lines’
    plot.YPmodel.survf: no visible global function definition for ‘title’
    plot.YPmodel.survivor: no visible global function definition for ‘plot’
    plot.YPmodel.survivor: no visible global function definition for
     ‘lines’
    plot.YPmodel.survivor: no visible global function definition for
     ‘legend’
    plot.YPmodel.survivor: no visible global function definition for
     ‘title’
    summary.YPmodel.IntervalBands: no visible global function definition
     for ‘printCoefmat’
    summary.YPmodel.estimate: no visible global function definition for
     ‘printCoefmat’
    summary.YPmodel.lackfittest: no visible global function definition for
     ‘printCoefmat’
    summary.YPmodel.overall: no visible global function definition for
     ‘printCoefmat’
    Undefined global functions or variables:
     dev.new integrate legend lines plot pnorm printCoefmat read.table
     rnorm runif title
    Consider adding
     importFrom("grDevices", "dev.new")
     importFrom("graphics", "legend", "lines", "plot", "title")
     importFrom("stats", "integrate", "pnorm", "printCoefmat", "rnorm",
     "runif")
     importFrom("utils", "read.table")
    to your NAMESPACE.
Flavors: r-devel-linux-x86_64-debian-clang, r-devel-linux-x86_64-debian-gcc, r-devel-linux-x86_64-fedora-clang, r-devel-linux-x86_64-fedora-gcc, r-devel-windows-ix86+x86_64