CRAN Package Check Results for Package YPmodel

Last updated on 2015-01-31 09:57:37.

Flavor Version Tinstall Tcheck Ttotal Status Flags
r-devel-linux-x86_64-debian-clang 1.1 0.70 15.98 16.68 NOTE
r-devel-linux-x86_64-debian-gcc 1.1 0.80 15.53 16.34 NOTE
r-devel-linux-x86_64-fedora-clang 1.1 34.37 NOTE
r-devel-linux-x86_64-fedora-gcc 1.1 32.24 NOTE
r-devel-osx-x86_64-clang 1.1 35.24 NOTE
r-devel-windows-ix86+x86_64 1.1 3.00 25.00 28.00 OK
r-patched-linux-x86_64 1.1 0.73 17.33 18.06 OK
r-patched-solaris-sparc 1.1 200.10 OK
r-patched-solaris-x86 1.1 43.00 OK
r-release-linux-ix86 1.1 1.02 22.13 23.14 OK
r-release-linux-x86_64 1.1 0.76 16.98 17.74 OK
r-release-osx-x86_64-mavericks 1.1 OK
r-release-osx-x86_64-snowleopard 1.1 OK
r-release-windows-ix86+x86_64 1.1 2.00 24.00 26.00 OK
r-oldrel-windows-ix86+x86_64 1.1 3.00 25.00 28.00 OK

Check Details

Version: 1.1
Check: S3 generic/method consistency
Result: NOTE
    Found the following apparent S3 methods exported but not registered:
     YPmodel.IntervalBands YPmodel.adlgrk YPmodel.default YPmodel.estimate
     YPmodel.inputData YPmodel.lackfittest YPmodel.setParameter
     YPmodel.setRandom print.YPmodel summary.YPmodel
     summary.YPmodel.IntervalBands summary.YPmodel.adlgrk
     summary.YPmodel.estimate summary.YPmodel.lackfittest
     summary.YPmodel.overall plot.YPmodel plot.YPmodel.IntervalBands
     plot.YPmodel.martint plot.YPmodel.survf plot.YPmodel.survivor
    See section ‘Registering S3 methods’ in the ‘Writing R Extensions’
    manual.
Flavors: r-devel-linux-x86_64-debian-clang, r-devel-linux-x86_64-debian-gcc, r-devel-linux-x86_64-fedora-clang, r-devel-linux-x86_64-fedora-gcc, r-devel-osx-x86_64-clang