CRAN Package Check Results for Package YPmodel

Last updated on 2015-03-30 17:49:20.

Flavor Version Tinstall Tcheck Ttotal Status Flags
r-devel-linux-x86_64-debian-clang 1.1 0.78 16.10 16.88 NOTE
r-devel-linux-x86_64-debian-gcc 1.1 0.66 16.68 17.34 NOTE
r-devel-linux-x86_64-fedora-clang 1.1 31.89 NOTE
r-devel-linux-x86_64-fedora-gcc 1.1 29.29 NOTE
r-devel-osx-x86_64-clang 1.1 36.00 NOTE
r-prerel-windows-ix86+x86_64 1.1 4.00 22.00 26.00 OK
r-prerel-linux-x86_64 1.1 0.63 15.77 16.40 NOTE
r-prerel-solaris-sparc 1.1 185.80 OK
r-prerel-solaris-x86 1.1 38.20 OK
r-release-linux-x86_64 1.1 0.72 16.98 17.69 OK
r-release-osx-x86_64-mavericks 1.1 OK
r-release-osx-x86_64-snowleopard 1.1 OK
r-release-windows-ix86+x86_64 1.1 4.00 26.00 30.00 OK
r-oldrel-windows-ix86+x86_64 1.1 3.00 25.00 28.00 OK

Check Details

Version: 1.1
Check: S3 generic/method consistency
Result: NOTE
    Found the following apparent S3 methods exported but not registered:
     YPmodel.IntervalBands YPmodel.adlgrk YPmodel.default YPmodel.estimate
     YPmodel.inputData YPmodel.lackfittest YPmodel.setParameter
     YPmodel.setRandom plot.YPmodel plot.YPmodel.IntervalBands
     plot.YPmodel.martint plot.YPmodel.survf plot.YPmodel.survivor
     print.YPmodel summary.YPmodel summary.YPmodel.IntervalBands
     summary.YPmodel.adlgrk summary.YPmodel.estimate
     summary.YPmodel.lackfittest summary.YPmodel.overall
    See section ‘Registering S3 methods’ in the ‘Writing R Extensions’
    manual.
Flavors: r-devel-linux-x86_64-debian-clang, r-devel-linux-x86_64-debian-gcc, r-devel-linux-x86_64-fedora-clang, r-devel-linux-x86_64-fedora-gcc, r-devel-osx-x86_64-clang, r-prerel-linux-x86_64