CRAN Package Check Results for Package YaleToolkit

Last updated on 2017-08-18 23:48:09.

Flavor Version Tinstall Tcheck Ttotal Status Flags
r-devel-linux-x86_64-debian-clang 4.2.2 0.78 15.90 16.67 NOTE
r-devel-linux-x86_64-debian-gcc 4.2.2 0.74 16.00 16.74 NOTE
r-devel-linux-x86_64-fedora-clang 4.2.2 26.10 NOTE
r-devel-linux-x86_64-fedora-gcc 4.2.2 26.54 NOTE
r-devel-windows-ix86+x86_64 4.2.2 5.00 32.00 37.00 NOTE
r-patched-linux-x86_64 4.2.2 0.76 15.80 16.56 NOTE
r-patched-solaris-x86 4.2.2 38.10 NOTE
r-release-linux-x86_64 4.2.2 0.77 15.38 16.15 NOTE
r-release-windows-ix86+x86_64 4.2.2 3.00 46.00 49.00 NOTE
r-release-osx-x86_64 4.2.2 NOTE
r-oldrel-windows-ix86+x86_64 4.2.2 2.00 44.00 46.00 NOTE
r-oldrel-osx-x86_64 4.2.2 NOTE

Check Details

Version: 4.2.2
Check: DESCRIPTION meta-information
Result: NOTE
    Malformed Title field: should not end in a period.
Flavors: r-devel-linux-x86_64-debian-clang, r-devel-linux-x86_64-debian-gcc, r-devel-linux-x86_64-fedora-clang, r-devel-linux-x86_64-fedora-gcc, r-devel-windows-ix86+x86_64, r-patched-linux-x86_64, r-patched-solaris-x86, r-release-linux-x86_64, r-release-windows-ix86+x86_64, r-release-osx-x86_64, r-oldrel-windows-ix86+x86_64, r-oldrel-osx-x86_64

Version: 4.2.2
Check: R code for possible problems
Result: NOTE
    big.read.table: no visible global function definition for ‘read.table’
    big.read.table: no visible global function definition for ‘object.size’
    sparkline: no visible global function definition for ‘is.ts’
    sparkline: no visible global function definition for ‘time’
    sparkline: no visible global function definition for ‘boxplot’
    Undefined global functions or variables:
     boxplot is.ts object.size read.table time
    Consider adding
     importFrom("graphics", "boxplot")
     importFrom("stats", "is.ts", "time")
     importFrom("utils", "object.size", "read.table")
    to your NAMESPACE file.
Flavors: r-devel-linux-x86_64-debian-clang, r-devel-linux-x86_64-debian-gcc, r-devel-linux-x86_64-fedora-clang, r-devel-linux-x86_64-fedora-gcc, r-devel-windows-ix86+x86_64, r-patched-linux-x86_64, r-patched-solaris-x86, r-release-linux-x86_64, r-release-windows-ix86+x86_64, r-release-osx-x86_64, r-oldrel-windows-ix86+x86_64, r-oldrel-osx-x86_64