CRAN Package Check Results for Package YaleToolkit

Last updated on 2016-09-26 17:48:37.

Flavor Version Tinstall Tcheck Ttotal Status Flags
r-devel-linux-x86_64-debian-clang 4.2.2 0.62 12.77 13.39 NOTE
r-devel-linux-x86_64-debian-gcc 4.2.2 0.64 12.71 13.36 NOTE
r-devel-linux-x86_64-fedora-clang 4.2.2 22.18 NOTE
r-devel-linux-x86_64-fedora-gcc 4.2.2 20.83 NOTE
r-devel-macos-x86_64-clang 4.2.2 19.70 NOTE
r-devel-windows-ix86+x86_64 4.2.2 6.00 42.00 48.00 NOTE
r-patched-linux-x86_64 4.2.2 0.70 12.43 13.13 NOTE
r-patched-solaris-sparc 4.2.2 145.00 NOTE
r-patched-solaris-x86 4.2.2 32.40 NOTE
r-release-linux-x86_64 4.2.2 0.70 12.61 13.31 NOTE
r-release-osx-x86_64-mavericks 4.2.2 NOTE
r-release-windows-ix86+x86_64 4.2.2 8.00 38.00 46.00 NOTE
r-oldrel-windows-ix86+x86_64 4.2.2 5.00 34.00 39.00 NOTE

Check Details

Version: 4.2.2
Check: DESCRIPTION meta-information
Result: NOTE
    Malformed Title field: should not end in a period.
Flavors: r-devel-linux-x86_64-debian-clang, r-devel-linux-x86_64-debian-gcc, r-devel-linux-x86_64-fedora-clang, r-devel-linux-x86_64-fedora-gcc, r-devel-macos-x86_64-clang, r-devel-windows-ix86+x86_64, r-patched-linux-x86_64, r-patched-solaris-sparc, r-patched-solaris-x86, r-release-linux-x86_64, r-release-osx-x86_64-mavericks, r-release-windows-ix86+x86_64, r-oldrel-windows-ix86+x86_64

Version: 4.2.2
Check: R code for possible problems
Result: NOTE
    big.read.table: no visible global function definition for ‘read.table’
    big.read.table: no visible global function definition for ‘object.size’
    sparkline: no visible global function definition for ‘is.ts’
    sparkline: no visible global function definition for ‘time’
    sparkline: no visible global function definition for ‘boxplot’
    Undefined global functions or variables:
     boxplot is.ts object.size read.table time
    Consider adding
     importFrom("graphics", "boxplot")
     importFrom("stats", "is.ts", "time")
     importFrom("utils", "object.size", "read.table")
    to your NAMESPACE file.
Flavors: r-devel-linux-x86_64-debian-clang, r-devel-linux-x86_64-debian-gcc, r-devel-linux-x86_64-fedora-clang, r-devel-linux-x86_64-fedora-gcc, r-devel-macos-x86_64-clang, r-devel-windows-ix86+x86_64, r-patched-linux-x86_64, r-patched-solaris-sparc, r-patched-solaris-x86, r-release-linux-x86_64, r-release-osx-x86_64-mavericks, r-release-windows-ix86+x86_64