CRAN Package Check Results for Package YaleToolkit

Last updated on 2014-07-24 22:48:46.

Flavor Version Tinstall Tcheck Ttotal Status Flags
r-devel-linux-x86_64-debian-clang 4.1 1.10 18.78 19.88 NOTE
r-devel-linux-x86_64-debian-gcc 4.1 1.14 18.33 19.47 NOTE
r-devel-linux-x86_64-fedora-clang 4.1 41.70 NOTE
r-devel-linux-x86_64-fedora-gcc 4.1 40.03 NOTE
r-devel-osx-x86_64-clang 4.1 40.44 NOTE
r-devel-windows-ix86+x86_64 4.1 5.00 31.00 36.00 NOTE
r-patched-linux-x86_64 4.1 1.19 18.50 19.69 NOTE
r-patched-solaris-sparc 4.1 230.00 NOTE
r-patched-solaris-x86 4.1 56.50 NOTE
r-release-linux-ix86 4.1 1.66 26.80 28.46 NOTE
r-release-linux-x86_64 4.1 1.18 18.84 20.03 NOTE
r-release-osx-x86_64-mavericks 4.1 NOTE
r-release-osx-x86_64-snowleopard 4.1 NOTE
r-release-windows-ix86+x86_64 4.1 5.00 34.00 39.00 NOTE
r-oldrel-windows-ix86+x86_64 4.1 5.00 34.00 39.00 NOTE

Check Details

Version: 4.1
Check: package dependencies
Result: NOTE
    Depends: includes the non-default packages:
     ‘grid’ ‘lattice’ ‘vcd’ ‘MASS’ ‘colorspace’ ‘barcode’ ‘gpairs’
    Adding so many packages to the search path is excessive and importing
    selectively is preferable.
Flavors: r-devel-linux-x86_64-debian-clang, r-devel-linux-x86_64-debian-gcc, r-devel-linux-x86_64-fedora-clang, r-devel-linux-x86_64-fedora-gcc, r-devel-osx-x86_64-clang, r-devel-windows-ix86+x86_64, r-patched-linux-x86_64, r-patched-solaris-sparc, r-patched-solaris-x86, r-release-linux-ix86, r-release-linux-x86_64, r-release-osx-x86_64-mavericks, r-release-osx-x86_64-snowleopard, r-release-windows-ix86+x86_64

Version: 4.1
Check: dependencies in R code
Result: NOTE
    Packages in Depends field not imported from:
     ‘MASS’ ‘barcode’ ‘colorspace’ ‘gpairs’ ‘lattice’ ‘vcd’
     These packages need to be imported from (in the NAMESPACE file)
     for when this namespace is loaded but not attached.
    See the information on DESCRIPTION files in the chapter ‘Creating R
    packages’ of the ‘Writing R Extensions’ manual.
Flavors: r-devel-linux-x86_64-debian-clang, r-devel-linux-x86_64-debian-gcc, r-devel-linux-x86_64-fedora-clang, r-devel-linux-x86_64-fedora-gcc, r-devel-osx-x86_64-clang, r-devel-windows-ix86+x86_64, r-patched-linux-x86_64, r-patched-solaris-sparc, r-patched-solaris-x86, r-release-linux-ix86, r-release-linux-x86_64, r-release-osx-x86_64-mavericks, r-release-windows-ix86+x86_64, r-oldrel-windows-ix86+x86_64