CRAN Package Check Results for Package YaleToolkit

Last updated on 2017-03-27 03:50:15.

Flavor Version Tinstall Tcheck Ttotal Status Flags
r-devel-linux-x86_64-debian-clang 4.2.2 0.74 15.15 15.89 NOTE
r-devel-linux-x86_64-debian-gcc 4.2.2 0.72 15.51 16.23 NOTE
r-devel-linux-x86_64-fedora-clang 4.2.2 26.15 NOTE --no-stop-on-test-error
r-devel-linux-x86_64-fedora-gcc 4.2.2 25.51 NOTE --no-stop-on-test-error
r-devel-macos-x86_64-clang 4.2.2 22.91 NOTE --no-stop-on-test-error
r-devel-windows-ix86+x86_64 4.2.2 3.00 50.00 53.00 NOTE
r-patched-linux-x86_64 4.2.2 0.76 15.68 16.43 NOTE
r-patched-solaris-sparc 4.2.2 161.90 NOTE
r-patched-solaris-x86 4.2.2 38.50 NOTE
r-release-linux-x86_64 4.2.2 0.66 12.70 13.36 NOTE
r-release-osx-x86_64-mavericks 4.2.2 NOTE
r-release-windows-ix86+x86_64 4.2.2 5.00 31.00 36.00 NOTE
r-oldrel-windows-ix86+x86_64 4.2.2 5.00 30.00 35.00 NOTE

Check Details

Version: 4.2.2
Check: DESCRIPTION meta-information
Result: NOTE
    Malformed Title field: should not end in a period.
Flavors: r-devel-linux-x86_64-debian-clang, r-devel-linux-x86_64-debian-gcc, r-devel-windows-ix86+x86_64, r-patched-linux-x86_64, r-patched-solaris-sparc, r-patched-solaris-x86, r-release-linux-x86_64, r-release-osx-x86_64-mavericks, r-release-windows-ix86+x86_64, r-oldrel-windows-ix86+x86_64

Version: 4.2.2
Check: R code for possible problems
Result: NOTE
    big.read.table: no visible global function definition for ‘read.table’
    big.read.table: no visible global function definition for ‘object.size’
    sparkline: no visible global function definition for ‘is.ts’
    sparkline: no visible global function definition for ‘time’
    sparkline: no visible global function definition for ‘boxplot’
    Undefined global functions or variables:
     boxplot is.ts object.size read.table time
    Consider adding
     importFrom("graphics", "boxplot")
     importFrom("stats", "is.ts", "time")
     importFrom("utils", "object.size", "read.table")
    to your NAMESPACE file.
Flavors: r-devel-linux-x86_64-debian-clang, r-devel-linux-x86_64-debian-gcc, r-devel-windows-ix86+x86_64, r-patched-linux-x86_64, r-patched-solaris-sparc, r-patched-solaris-x86, r-release-linux-x86_64, r-release-osx-x86_64-mavericks, r-release-windows-ix86+x86_64

Version: 4.2.2
Flags: --no-stop-on-test-error
Check: DESCRIPTION meta-information
Result: NOTE
    Malformed Title field: should not end in a period.
Flavors: r-devel-linux-x86_64-fedora-clang, r-devel-linux-x86_64-fedora-gcc, r-devel-macos-x86_64-clang

Version: 4.2.2
Flags: --no-stop-on-test-error
Check: R code for possible problems
Result: NOTE
    big.read.table: no visible global function definition for ‘read.table’
    big.read.table: no visible global function definition for ‘object.size’
    sparkline: no visible global function definition for ‘is.ts’
    sparkline: no visible global function definition for ‘time’
    sparkline: no visible global function definition for ‘boxplot’
    Undefined global functions or variables:
     boxplot is.ts object.size read.table time
    Consider adding
     importFrom("graphics", "boxplot")
     importFrom("stats", "is.ts", "time")
     importFrom("utils", "object.size", "read.table")
    to your NAMESPACE file.
Flavors: r-devel-linux-x86_64-fedora-clang, r-devel-linux-x86_64-fedora-gcc, r-devel-macos-x86_64-clang