CRAN Package Check Results for Package YaleToolkit

Last updated on 2019-04-20 12:51:21 CEST.

Flavor Version Tinstall Tcheck Ttotal Status Flags
r-devel-linux-x86_64-debian-clang 4.2.2 2.49 24.02 26.51 NOTE
r-devel-linux-x86_64-debian-gcc 4.2.2 2.70 23.15 25.85 NOTE
r-devel-linux-x86_64-fedora-clang 4.2.2 31.51 NOTE
r-devel-linux-x86_64-fedora-gcc 4.2.2 29.80 NOTE
r-devel-windows-ix86+x86_64 4.2.2 7.00 35.00 42.00 NOTE
r-patched-linux-x86_64 4.2.2 2.42 23.88 26.30 NOTE
r-patched-solaris-x86 4.2.2 49.80 NOTE
r-release-linux-x86_64 4.2.2 1.45 22.42 23.87 NOTE
r-release-windows-ix86+x86_64 4.2.2 3.00 47.00 50.00 NOTE
r-release-osx-x86_64 4.2.2 NOTE
r-oldrel-windows-ix86+x86_64 4.2.2 3.00 44.00 47.00 NOTE
r-oldrel-osx-x86_64 4.2.2 NOTE

Check Details

Version: 4.2.2
Check: DESCRIPTION meta-information
Result: NOTE
    Malformed Title field: should not end in a period.
Flavors: r-devel-linux-x86_64-debian-clang, r-devel-linux-x86_64-debian-gcc, r-devel-linux-x86_64-fedora-clang, r-devel-linux-x86_64-fedora-gcc, r-devel-windows-ix86+x86_64, r-patched-linux-x86_64, r-patched-solaris-x86, r-release-linux-x86_64, r-release-windows-ix86+x86_64, r-release-osx-x86_64, r-oldrel-windows-ix86+x86_64, r-oldrel-osx-x86_64

Version: 4.2.2
Check: R code for possible problems
Result: NOTE
    big.read.table: no visible global function definition for 'read.table'
    big.read.table: no visible global function definition for 'object.size'
    sparkline: no visible global function definition for 'is.ts'
    sparkline: no visible global function definition for 'time'
    sparkline: no visible global function definition for 'boxplot'
    Undefined global functions or variables:
     boxplot is.ts object.size read.table time
    Consider adding
     importFrom("graphics", "boxplot")
     importFrom("stats", "is.ts", "time")
     importFrom("utils", "object.size", "read.table")
    to your NAMESPACE file.
Flavors: r-devel-linux-x86_64-debian-clang, r-devel-linux-x86_64-debian-gcc, r-devel-linux-x86_64-fedora-clang, r-devel-linux-x86_64-fedora-gcc, r-devel-windows-ix86+x86_64, r-patched-linux-x86_64, r-patched-solaris-x86, r-release-linux-x86_64, r-release-windows-ix86+x86_64, r-release-osx-x86_64, r-oldrel-windows-ix86+x86_64, r-oldrel-osx-x86_64