CRAN Package Check Results for Package YaleToolkit

Last updated on 2014-10-25 19:47:52.

Flavor Version Tinstall Tcheck Ttotal Status Flags
r-devel-linux-x86_64-debian-clang 4.1 1.20 19.08 20.28 NOTE
r-devel-linux-x86_64-debian-gcc 4.1 1.08 19.07 20.15 NOTE
r-devel-linux-x86_64-fedora-clang 4.1 40.53 NOTE
r-devel-linux-x86_64-fedora-gcc 4.1 38.60 NOTE
r-devel-osx-x86_64-clang 4.1 43.11 NOTE
r-devel-windows-ix86+x86_64 4.1 5.00 33.00 38.00 NOTE
r-patched-linux-x86_64 4.1 1.14 18.78 19.92 NOTE
r-patched-solaris-sparc 4.1 242.90 NOTE
r-patched-solaris-x86 4.1 58.90 NOTE
r-release-linux-ix86 4.1 1.68 26.78 28.46 NOTE
r-release-linux-x86_64 4.1 1.18 19.38 20.56 NOTE
r-release-osx-x86_64-mavericks 4.1 NOTE
r-release-osx-x86_64-snowleopard 4.1 NOTE
r-release-windows-ix86+x86_64 4.1 8.00 35.00 43.00 NOTE
r-oldrel-windows-ix86+x86_64 4.1 4.00 33.00 37.00 NOTE

Check Details

Version: 4.1
Check: package dependencies
Result: NOTE
    Depends: includes the non-default packages:
     ‘grid’ ‘lattice’ ‘vcd’ ‘MASS’ ‘colorspace’ ‘barcode’ ‘gpairs’
    Adding so many packages to the search path is excessive and importing
    selectively is preferable.
Flavors: r-devel-linux-x86_64-debian-clang, r-devel-linux-x86_64-debian-gcc, r-devel-linux-x86_64-fedora-clang, r-devel-linux-x86_64-fedora-gcc, r-devel-osx-x86_64-clang, r-devel-windows-ix86+x86_64, r-patched-linux-x86_64, r-patched-solaris-sparc, r-patched-solaris-x86, r-release-linux-ix86, r-release-linux-x86_64, r-release-osx-x86_64-mavericks, r-release-osx-x86_64-snowleopard, r-release-windows-ix86+x86_64

Version: 4.1
Check: dependencies in R code
Result: NOTE
    Packages in Depends field not imported from:
     ‘MASS’ ‘barcode’ ‘colorspace’ ‘gpairs’ ‘grid’ ‘lattice’ ‘vcd’
     These packages need to be imported from (in the NAMESPACE file)
     for when this namespace is loaded but not attached.
    See the information on DESCRIPTION files in the chapter ‘Creating R
    packages’ of the ‘Writing R Extensions’ manual.
Flavors: r-devel-linux-x86_64-debian-clang, r-devel-linux-x86_64-debian-gcc, r-devel-linux-x86_64-fedora-clang, r-devel-linux-x86_64-fedora-gcc, r-devel-osx-x86_64-clang, r-devel-windows-ix86+x86_64, r-patched-linux-x86_64, r-patched-solaris-sparc, r-patched-solaris-x86

Version: 4.1
Check: R code for possible problems
Result: NOTE
    sparkline: no visible global function definition for ‘unit’
    sparkline: no visible global function definition for ‘gpar’
    sparkline: no visible global function definition for ‘grid.newpage’
    sparkline: no visible global function definition for ‘unit.c’
    sparkline: no visible global function definition for ‘grid.rect’
    sparkline: no visible global function definition for ‘viewport’
    sparkline: no visible global function definition for ‘pushViewport’
    sparkline: no visible global function definition for ‘grid.text’
    sparkline: no visible global function definition for ‘grid.xaxis’
    sparkline: no visible global function definition for ‘grid.yaxis’
    sparkline: no visible global function definition for ‘grid.lines’
    sparkline: no visible global function definition for ‘grid.points’
    sparklines: no visible global function definition for ‘unit’
    sparklines: no visible global function definition for ‘gpar’
    sparklines: no visible global function definition for ‘grid.rect’
    sparklines: no visible global function definition for ‘grid.newpage’
    sparklines: no visible global function definition for ‘viewport’
    sparklines: no visible global function definition for ‘pushViewport’
    sparklines: no visible global function definition for ‘grid.text’
    sparklines: no visible global function definition for ‘grid.layout’
    sparklines: no visible global function definition for ‘grid.xaxis’
    sparklines: no visible global function definition for ‘popViewport’
    sparkmat: no visible global function definition for ‘unit’
    sparkmat: no visible global function definition for ‘grid.newpage’
    sparkmat: no visible global function definition for ‘pushViewport’
    sparkmat: no visible global function definition for ‘viewport’
    sparkmat: no visible global function definition for ‘grid.xaxis’
    sparkmat: no visible global function definition for ‘grid.yaxis’
    sparkmat: no visible global function definition for ‘is.unit’
    sparkmat: no visible global function definition for ‘grid.rect’
    sparkmat: no visible global function definition for ‘gpar’
    sparkmat: no visible global function definition for ‘popViewport’
Flavors: r-devel-linux-x86_64-debian-clang, r-devel-linux-x86_64-debian-gcc, r-devel-linux-x86_64-fedora-clang, r-devel-linux-x86_64-fedora-gcc, r-devel-osx-x86_64-clang, r-devel-windows-ix86+x86_64, r-patched-linux-x86_64, r-patched-solaris-sparc, r-patched-solaris-x86

Version: 4.1
Check: dependencies in R code
Result: NOTE
    Packages in Depends field not imported from:
     ‘MASS’ ‘barcode’ ‘colorspace’ ‘gpairs’ ‘lattice’ ‘vcd’
     These packages need to be imported from (in the NAMESPACE file)
     for when this namespace is loaded but not attached.
    See the information on DESCRIPTION files in the chapter ‘Creating R
    packages’ of the ‘Writing R Extensions’ manual.
Flavors: r-release-linux-ix86, r-release-linux-x86_64, r-release-osx-x86_64-mavericks, r-release-windows-ix86+x86_64, r-oldrel-windows-ix86+x86_64