CRAN Package Check Results for Package YaleToolkit

Last updated on 2020-07-05 19:50:16 CEST.

Flavor Version Tinstall Tcheck Ttotal Status Flags
r-devel-linux-x86_64-debian-clang 4.2.2 2.90 25.68 28.58 NOTE
r-devel-linux-x86_64-debian-gcc 4.2.2 2.22 20.13 22.35 NOTE
r-devel-linux-x86_64-fedora-clang 4.2.2 42.23 NOTE
r-devel-linux-x86_64-fedora-gcc 4.2.2 32.93 NOTE
r-devel-windows-ix86+x86_64 4.2.2 7.00 57.00 64.00 NOTE
r-patched-linux-x86_64 4.2.2 2.71 25.50 28.21 NOTE
r-patched-solaris-x86 4.2.2 53.60 NOTE
r-release-linux-x86_64 4.2.2 2.71 25.48 28.19 NOTE
r-release-osx-x86_64 4.2.2 NOTE
r-release-windows-ix86+x86_64 4.2.2 6.00 40.00 46.00 NOTE
r-oldrel-osx-x86_64 4.2.2 NOTE
r-oldrel-windows-ix86+x86_64 4.2.2 5.00 58.00 63.00 NOTE

Check Details

Version: 4.2.2
Check: DESCRIPTION meta-information
Result: NOTE
    Malformed Title field: should not end in a period.
Flavors: r-devel-linux-x86_64-debian-clang, r-devel-linux-x86_64-debian-gcc, r-devel-linux-x86_64-fedora-clang, r-devel-linux-x86_64-fedora-gcc, r-devel-windows-ix86+x86_64, r-patched-linux-x86_64, r-patched-solaris-x86, r-release-linux-x86_64, r-release-osx-x86_64, r-release-windows-ix86+x86_64, r-oldrel-osx-x86_64, r-oldrel-windows-ix86+x86_64

Version: 4.2.2
Check: R code for possible problems
Result: NOTE
    big.read.table: no visible global function definition for 'read.table'
    big.read.table: no visible global function definition for 'object.size'
    sparkline: no visible global function definition for 'is.ts'
    sparkline: no visible global function definition for 'time'
    sparkline: no visible global function definition for 'boxplot'
    Undefined global functions or variables:
     boxplot is.ts object.size read.table time
    Consider adding
     importFrom("graphics", "boxplot")
     importFrom("stats", "is.ts", "time")
     importFrom("utils", "object.size", "read.table")
    to your NAMESPACE file.
Flavors: r-devel-linux-x86_64-debian-clang, r-devel-linux-x86_64-debian-gcc, r-devel-linux-x86_64-fedora-clang, r-devel-linux-x86_64-fedora-gcc, r-devel-windows-ix86+x86_64, r-patched-linux-x86_64, r-patched-solaris-x86, r-release-linux-x86_64, r-release-osx-x86_64, r-release-windows-ix86+x86_64, r-oldrel-osx-x86_64, r-oldrel-windows-ix86+x86_64

Version: 4.2.2
Check: for non-standard things in the check directory
Result: NOTE
    Found the following files/directories:
     'CO2.csv'
Flavors: r-devel-linux-x86_64-debian-clang, r-devel-linux-x86_64-debian-gcc, r-devel-linux-x86_64-fedora-clang, r-devel-linux-x86_64-fedora-gcc, r-patched-linux-x86_64, r-patched-solaris-x86, r-release-linux-x86_64