CRAN Package Check Results for Package YaleToolkit

Last updated on 2015-08-31 23:49:57.

Flavor Version Tinstall Tcheck Ttotal Status Flags
r-devel-linux-x86_64-debian-clang 4.2.2 0.61 11.72 12.33 NOTE
r-devel-linux-x86_64-debian-gcc 4.2.2 0.61 11.52 12.13 NOTE
r-devel-linux-x86_64-fedora-clang 4.2.2 23.28 NOTE
r-devel-linux-x86_64-fedora-gcc 4.2.2 22.15 NOTE
r-devel-osx-x86_64-clang 4.2.2 22.89 NOTE
r-devel-windows-ix86+x86_64 4.2.2 5.00 27.00 32.00 NOTE
r-patched-linux-x86_64 4.2.2 0.69 12.10 12.78 NOTE
r-patched-solaris-sparc 4.2.2 161.50 NOTE
r-patched-solaris-x86 4.2.2 38.80 NOTE
r-release-linux-x86_64 4.2.2 0.72 12.08 12.81 NOTE
r-release-osx-x86_64-mavericks 4.2.2 NOTE
r-release-windows-ix86+x86_64 4.2.2 4.00 37.00 41.00 NOTE
r-oldrel-windows-ix86+x86_64 4.2.2 6.00 27.00 33.00 OK

Check Details

Version: 4.2.2
Check: DESCRIPTION meta-information
Result: NOTE
    Malformed Title field: should not end in a period.
Flavors: r-devel-linux-x86_64-debian-clang, r-devel-linux-x86_64-debian-gcc, r-devel-linux-x86_64-fedora-clang, r-devel-linux-x86_64-fedora-gcc, r-devel-osx-x86_64-clang, r-devel-windows-ix86+x86_64, r-patched-linux-x86_64, r-patched-solaris-sparc, r-patched-solaris-x86, r-release-linux-x86_64, r-release-osx-x86_64-mavericks, r-release-windows-ix86+x86_64

Version: 4.2.2
Check: R code for possible problems
Result: NOTE
    big.read.table: no visible global function definition for ‘read.table’
    big.read.table: no visible global function definition for ‘object.size’
    sparkline: no visible global function definition for ‘is.ts’
    sparkline: no visible global function definition for ‘time’
    sparkline: no visible global function definition for ‘boxplot’
    Undefined global functions or variables:
     boxplot is.ts object.size read.table time
    Consider adding
     importFrom("graphics", "boxplot")
     importFrom("stats", "is.ts", "time")
     importFrom("utils", "object.size", "read.table")
    to your NAMESPACE.
Flavors: r-devel-linux-x86_64-debian-clang, r-devel-linux-x86_64-debian-gcc, r-devel-linux-x86_64-fedora-clang, r-devel-linux-x86_64-fedora-gcc, r-devel-windows-ix86+x86_64