CRAN Package Check Results for Package YaleToolkit

Last updated on 2016-07-02 06:47:40.

Flavor Version Tinstall Tcheck Ttotal Status Flags
r-devel-linux-x86_64-debian-gcc 4.2.2 0.97 13.57 14.53 NOTE
r-devel-linux-x86_64-fedora-clang 4.2.2 22.04 NOTE
r-devel-linux-x86_64-fedora-gcc 4.2.2 20.59 NOTE
r-devel-osx-x86_64-clang 4.2.2 19.86 NOTE
r-devel-windows-ix86+x86_64 4.2.2 4.00 36.00 40.00 NOTE
r-patched-linux-x86_64 4.2.2 0.90 13.86 14.77 NOTE
r-patched-solaris-sparc 4.2.2 145.00 NOTE
r-patched-solaris-x86 4.2.2 33.30 NOTE
r-release-linux-x86_64 4.2.2 0.71 12.23 12.94 NOTE
r-release-osx-x86_64-mavericks 4.2.2 NOTE
r-release-windows-ix86+x86_64 4.2.2 3.00 38.00 41.00 NOTE
r-oldrel-windows-ix86+x86_64 4.2.2 3.00 38.00 41.00 NOTE

Check Details

Version: 4.2.2
Check: DESCRIPTION meta-information
Result: NOTE
    Malformed Title field: should not end in a period.
Flavors: r-devel-linux-x86_64-debian-gcc, r-devel-linux-x86_64-fedora-clang, r-devel-linux-x86_64-fedora-gcc, r-devel-osx-x86_64-clang, r-devel-windows-ix86+x86_64, r-patched-linux-x86_64, r-patched-solaris-sparc, r-patched-solaris-x86, r-release-linux-x86_64, r-release-osx-x86_64-mavericks, r-release-windows-ix86+x86_64, r-oldrel-windows-ix86+x86_64

Version: 4.2.2
Check: R code for possible problems
Result: NOTE
    big.read.table: no visible global function definition for ‘read.table’
    big.read.table: no visible global function definition for ‘object.size’
    sparkline: no visible global function definition for ‘is.ts’
    sparkline: no visible global function definition for ‘time’
    sparkline: no visible global function definition for ‘boxplot’
    Undefined global functions or variables:
     boxplot is.ts object.size read.table time
    Consider adding
     importFrom("graphics", "boxplot")
     importFrom("stats", "is.ts", "time")
     importFrom("utils", "object.size", "read.table")
    to your NAMESPACE file.
Flavors: r-devel-linux-x86_64-debian-gcc, r-devel-linux-x86_64-fedora-clang, r-devel-linux-x86_64-fedora-gcc, r-devel-osx-x86_64-clang, r-devel-windows-ix86+x86_64, r-patched-linux-x86_64, r-patched-solaris-sparc, r-patched-solaris-x86, r-release-linux-x86_64, r-release-osx-x86_64-mavericks, r-release-windows-ix86+x86_64