CRAN Package Check Results for Package YaleToolkit

Last updated on 2015-03-29 17:51:52.

Flavor Version Tinstall Tcheck Ttotal Status Flags
r-devel-linux-x86_64-debian-clang 4.2.2 0.73 12.18 12.91 NOTE
r-devel-linux-x86_64-debian-gcc 4.2.2 0.66 12.30 12.96 NOTE
r-devel-linux-x86_64-fedora-clang 4.2.2 25.14 NOTE
r-devel-linux-x86_64-fedora-gcc 4.2.2 23.12 NOTE
r-devel-osx-x86_64-clang 4.2.2 32.50 NOTE
r-prerel-windows-ix86+x86_64 4.2.2 4.00 20.00 24.00 NOTE
r-prerel-linux-x86_64 4.2.2 0.67 12.28 12.95 NOTE
r-prerel-solaris-sparc 4.2.2 163.50 NOTE
r-prerel-solaris-x86 4.2.2 35.50 NOTE
r-release-linux-x86_64 4.2.2 0.84 14.23 15.06 OK
r-release-osx-x86_64-mavericks 4.2.2 OK
r-release-osx-x86_64-snowleopard 4.2.2 OK
r-release-windows-ix86+x86_64 4.2.2 3.00 26.00 29.00 OK
r-oldrel-windows-ix86+x86_64 4.2.2 3.00 26.00 29.00 OK

Check Details

Version: 4.2.2
Check: DESCRIPTION meta-information
Result: NOTE
    Malformed Title field: should not end in a period.
Flavors: r-devel-linux-x86_64-debian-clang, r-devel-linux-x86_64-debian-gcc, r-devel-linux-x86_64-fedora-clang, r-devel-linux-x86_64-fedora-gcc, r-devel-osx-x86_64-clang, r-prerel-windows-ix86+x86_64, r-prerel-linux-x86_64, r-prerel-solaris-sparc, r-prerel-solaris-x86