CRAN Package Check Results for Package YaleToolkit

Last updated on 2015-05-29 09:47:43.

Flavor Version Tinstall Tcheck Ttotal Status Flags
r-devel-linux-x86_64-debian-clang 4.2.2 0.72 12.92 13.63 NOTE
r-devel-linux-x86_64-debian-gcc 4.2.2 0.68 12.08 12.76 NOTE
r-devel-linux-x86_64-fedora-clang 4.2.2 24.95 NOTE
r-devel-linux-x86_64-fedora-gcc 4.2.2 23.32 NOTE
r-devel-osx-x86_64-clang 4.2.2 27.97 NOTE
r-devel-windows-ix86+x86_64 4.2.2 3.00 23.00 26.00 NOTE
r-patched-linux-x86_64 4.2.2 0.65 12.06 12.71 NOTE
r-patched-solaris-sparc 4.2.2 167.20 NOTE
r-patched-solaris-x86 4.2.2 36.30 NOTE
r-release-linux-x86_64 4.2.2 0.66 12.29 12.94 NOTE
r-release-osx-x86_64-mavericks 4.2.2 NOTE
r-release-osx-x86_64-snowleopard 4.2.2 NOTE
r-release-windows-ix86+x86_64 4.2.2 2.00 23.00 25.00 NOTE
r-oldrel-windows-ix86+x86_64 4.2.2 3.00 41.00 44.00 OK

Check Details

Version: 4.2.2
Check: DESCRIPTION meta-information
Result: NOTE
    Malformed Title field: should not end in a period.
Flavors: r-devel-linux-x86_64-debian-clang, r-devel-linux-x86_64-debian-gcc, r-devel-linux-x86_64-fedora-clang, r-devel-linux-x86_64-fedora-gcc, r-devel-osx-x86_64-clang, r-devel-windows-ix86+x86_64, r-patched-linux-x86_64, r-patched-solaris-sparc, r-patched-solaris-x86, r-release-linux-x86_64, r-release-osx-x86_64-mavericks, r-release-osx-x86_64-snowleopard, r-release-windows-ix86+x86_64