CRAN Package Check Results for Package YaleToolkit

Last updated on 2015-07-08 06:48:21.

Flavor Version Tinstall Tcheck Ttotal Status Flags
r-devel-linux-x86_64-debian-clang 4.2.2 0.71 11.95 12.66 NOTE
r-devel-linux-x86_64-debian-gcc 4.2.2 0.84 12.07 12.91 NOTE
r-devel-linux-x86_64-fedora-clang 4.2.2 22.95 NOTE
r-devel-linux-x86_64-fedora-gcc 4.2.2 21.91 NOTE
r-devel-osx-x86_64-clang 4.2.2 24.65 NOTE
r-devel-windows-ix86+x86_64 4.2.2 3.00 39.00 42.00 NOTE
r-patched-linux-x86_64 4.2.2 0.84 12.49 13.33 NOTE
r-patched-solaris-sparc 4.2.2 167.20 NOTE
r-patched-solaris-x86 4.2.2 36.90 NOTE
r-release-linux-x86_64 4.2.2 0.66 12.16 12.81 NOTE
r-release-osx-x86_64-mavericks 4.2.2 NOTE
r-release-windows-ix86+x86_64 4.2.2 4.00 40.00 44.00 NOTE
r-oldrel-windows-ix86+x86_64 4.2.2 4.00 40.00 44.00 OK

Check Details

Version: 4.2.2
Check: DESCRIPTION meta-information
Result: NOTE
    Malformed Title field: should not end in a period.
Flavors: r-devel-linux-x86_64-debian-clang, r-devel-linux-x86_64-debian-gcc, r-devel-linux-x86_64-fedora-clang, r-devel-linux-x86_64-fedora-gcc, r-devel-osx-x86_64-clang, r-devel-windows-ix86+x86_64, r-patched-linux-x86_64, r-patched-solaris-sparc, r-patched-solaris-x86, r-release-linux-x86_64, r-release-osx-x86_64-mavericks, r-release-windows-ix86+x86_64

Version: 4.2.2
Check: R code for possible problems
Result: NOTE
    big.read.table: no visible global function definition for ‘read.table’
    big.read.table: no visible global function definition for ‘object.size’
    sparkline: no visible global function definition for ‘is.ts’
    sparkline: no visible global function definition for ‘time’
    sparkline: no visible global function definition for ‘boxplot’
    Undefined global functions or variables:
     boxplot is.ts object.size read.table time
Flavors: r-devel-linux-x86_64-debian-clang, r-devel-linux-x86_64-debian-gcc, r-devel-linux-x86_64-fedora-clang, r-devel-linux-x86_64-fedora-gcc, r-devel-windows-ix86+x86_64