CRAN Package Check Results for Package YaleToolkit

Last updated on 2015-04-19 10:52:09.

Flavor Version Tinstall Tcheck Ttotal Status Flags
r-devel-linux-x86_64-debian-clang 4.2.2 0.70 12.66 13.36 NOTE
r-devel-linux-x86_64-debian-gcc 4.2.2 0.66 12.46 13.12 NOTE
r-devel-linux-x86_64-fedora-clang 4.2.2 25.93 NOTE
r-devel-linux-x86_64-fedora-gcc 4.2.2 23.18 NOTE
r-devel-osx-x86_64-clang 4.2.2 31.12 NOTE
r-devel-windows-ix86+x86_64 4.2.2 4.00 22.00 26.00 NOTE
r-patched-linux-x86_64 4.2.2 0.66 12.18 12.84 NOTE
r-patched-solaris-sparc 4.2.2 163.50 NOTE
r-patched-solaris-x86 4.2.2 35.70 NOTE
r-release-linux-x86_64 4.2.2 0.66 12.32 12.98 NOTE
r-release-osx-x86_64-mavericks 4.2.2 NOTE
r-release-osx-x86_64-snowleopard 4.2.2 NOTE
r-release-windows-ix86+x86_64 4.2.2 2.00 21.00 23.00 NOTE
r-oldrel-windows-ix86+x86_64 4.2.2 4.00 24.00 28.00 OK

Check Details

Version: 4.2.2
Check: DESCRIPTION meta-information
Result: NOTE
    Malformed Title field: should not end in a period.
Flavors: r-devel-linux-x86_64-debian-clang, r-devel-linux-x86_64-debian-gcc, r-devel-linux-x86_64-fedora-clang, r-devel-linux-x86_64-fedora-gcc, r-devel-osx-x86_64-clang, r-devel-windows-ix86+x86_64, r-patched-linux-x86_64, r-patched-solaris-sparc, r-patched-solaris-x86, r-release-linux-x86_64, r-release-osx-x86_64-mavericks, r-release-osx-x86_64-snowleopard, r-release-windows-ix86+x86_64