CRAN Package Check Results for Package YieldCurve

Last updated on 2015-04-26 12:46:45.

Flavor Version Tinstall Tcheck Ttotal Status Flags
r-devel-linux-x86_64-debian-clang 4.1 0.72 17.00 17.72 NOTE
r-devel-linux-x86_64-debian-gcc 4.1 0.70 16.06 16.76 NOTE
r-devel-linux-x86_64-fedora-clang 4.1 35.23 NOTE
r-devel-linux-x86_64-fedora-gcc 4.1 35.43 NOTE
r-devel-osx-x86_64-clang 4.1 37.13 OK
r-devel-windows-ix86+x86_64 4.1 4.00 29.00 33.00 OK
r-patched-linux-x86_64 4.1 0.78 15.88 16.66 NOTE
r-patched-solaris-sparc 4.1 201.30 OK
r-patched-solaris-x86 4.1 44.60 OK
r-release-linux-x86_64 4.1 0.70 15.97 16.67 NOTE
r-release-osx-x86_64-mavericks 4.1 OK
r-release-osx-x86_64-snowleopard 4.1 ERROR
r-release-windows-ix86+x86_64 4.1 3.00 27.00 30.00 OK
r-oldrel-windows-ix86+x86_64 4.1 4.00 31.00 35.00 OK

Check Details

Version: 4.1
Check: Rd line widths
Result: NOTE
    Rd file 'ECBYieldCurve.Rd':
     \examples lines wider than 100 characters:
     plot(mat.ECB, ECBYieldCurve[i,], type="o", xlab="Maturities structure in years", ylab="Interest rates values")
    
    Rd file 'FedYieldCurve.Rd':
     \examples lines wider than 100 characters:
     plot(mat, FedYieldCurve[i,], type="o", xlab="Maturities structure in years", ylab="Interest rates values")
    
    These lines will be truncated in the PDF manual.
Flavors: r-devel-linux-x86_64-fedora-clang, r-devel-linux-x86_64-fedora-gcc