CRAN Package Check Results for Package YieldCurve

Last updated on 2014-11-25 01:48:27.

Flavor Version Tinstall Tcheck Ttotal Status Flags
r-devel-linux-x86_64-debian-clang 4.1 0.95 18.24 19.19 NOTE
r-devel-linux-x86_64-debian-gcc 4.1 0.80 18.96 19.76 NOTE
r-devel-linux-x86_64-fedora-clang 4.1 39.87 NOTE
r-devel-linux-x86_64-fedora-gcc 4.1 37.13 NOTE
r-devel-osx-x86_64-clang 4.1 41.02 OK
r-devel-windows-ix86+x86_64 4.1 3.00 29.00 32.00 OK
r-patched-linux-x86_64 4.1 0.85 18.60 19.45 NOTE
r-patched-solaris-sparc 4.1 224.20 OK
r-patched-solaris-x86 4.1 52.00 OK
r-release-linux-ix86 4.1 1.18 25.07 26.24 OK
r-release-linux-x86_64 4.1 0.89 18.56 19.45 NOTE
r-release-osx-x86_64-mavericks 4.1 OK
r-release-osx-x86_64-snowleopard 4.1 OK
r-release-windows-ix86+x86_64 4.1 4.00 32.00 36.00 OK
r-oldrel-windows-ix86+x86_64 4.1 4.00 32.00 36.00 OK

Check Details

Version: 4.1
Check: Rd line widths
Result: NOTE
    Rd file 'ECBYieldCurve.Rd':
     \examples lines wider than 100 characters:
     plot(mat.ECB, ECBYieldCurve[i,], type="o", xlab="Maturities structure in years", ylab="Interest rates values")
    
    Rd file 'FedYieldCurve.Rd':
     \examples lines wider than 100 characters:
     plot(mat, FedYieldCurve[i,], type="o", xlab="Maturities structure in years", ylab="Interest rates values")
    
    These lines will be truncated in the PDF manual.
Flavors: r-devel-linux-x86_64-debian-clang, r-devel-linux-x86_64-debian-gcc, r-devel-linux-x86_64-fedora-clang, r-devel-linux-x86_64-fedora-gcc, r-patched-linux-x86_64, r-release-linux-x86_64