CRAN Package Check Results for Package YieldCurve

Last updated on 2017-04-24 20:47:49.

Flavor Version Tinstall Tcheck Ttotal Status Flags
r-devel-linux-x86_64-debian-clang 4.1 0.94 20.45 21.39 NOTE
r-devel-linux-x86_64-debian-gcc 4.1 0.92 20.33 21.24 NOTE
r-devel-linux-x86_64-fedora-clang 4.1 34.71 NOTE --no-stop-on-test-error
r-devel-linux-x86_64-fedora-gcc 4.1 33.70 NOTE --no-stop-on-test-error
r-devel-windows-ix86+x86_64 4.1 NOTE
r-patched-linux-x86_64 4.1 0.94 20.28 21.21 NOTE
r-patched-solaris-sparc 4.1 210.30 NOTE
r-patched-solaris-x86 4.1 47.00 NOTE
r-release-linux-x86_64 4.1 0.90 20.54 21.44 NOTE
r-release-windows-ix86+x86_64 4.1 3.00 38.00 41.00 NOTE
r-release-osx-x86_64 4.1 NOTE
r-oldrel-windows-ix86+x86_64 4.1 2.00 37.00 39.00 NOTE
r-oldrel-osx-x86_64 4.1 NOTE

Check Details

Version: 4.1
Check: R code for possible problems
Result: NOTE
    .NS.estimator: no visible global function definition for ‘lm’
    .NS.estimator: no visible global function definition for ‘coef’
    .NS.estimator: no visible global function definition for ‘na.omit’
    .NS.estimator: no visible global function definition for ‘resid’
    .NSS.estimator: no visible global function definition for ‘lm’
    .NSS.estimator: no visible global function definition for ‘coef’
    .NSS.estimator: no visible global function definition for ‘na.omit’
    .NSS.estimator: no visible global function definition for ‘resid’
    NSrates: no visible global function definition for ‘time’
    Nelson.Siegel: no visible global function definition for ‘optimize’
    Srates: no visible global function definition for ‘time’
    Svensson: no visible global function definition for ‘median’
    Svensson: no visible global function definition for ‘optimize’
    Undefined global functions or variables:
     coef lm median na.omit optimize resid time
    Consider adding
     importFrom("stats", "coef", "lm", "median", "na.omit", "optimize",
     "resid", "time")
    to your NAMESPACE file.
Flavors: r-devel-linux-x86_64-debian-clang, r-devel-linux-x86_64-debian-gcc, r-devel-windows-ix86+x86_64, r-patched-linux-x86_64, r-patched-solaris-sparc, r-patched-solaris-x86, r-release-linux-x86_64, r-release-windows-ix86+x86_64, r-release-osx-x86_64, r-oldrel-windows-ix86+x86_64, r-oldrel-osx-x86_64

Version: 4.1
Check: Rd line widths
Result: NOTE
    Rd file 'ECBYieldCurve.Rd':
     \examples lines wider than 100 characters:
     plot(mat.ECB, ECBYieldCurve[i,], type="o", xlab="Maturities structure in years", ylab="Interest rates values")
    
    Rd file 'FedYieldCurve.Rd':
     \examples lines wider than 100 characters:
     plot(mat, FedYieldCurve[i,], type="o", xlab="Maturities structure in years", ylab="Interest rates values")
    
    These lines will be truncated in the PDF manual.
Flavors: r-devel-linux-x86_64-debian-clang, r-devel-linux-x86_64-debian-gcc, r-patched-linux-x86_64, r-release-linux-x86_64

Version: 4.1
Flags: --no-stop-on-test-error
Check: R code for possible problems
Result: NOTE
    .NS.estimator: no visible global function definition for ‘lm’
    .NS.estimator: no visible global function definition for ‘coef’
    .NS.estimator: no visible global function definition for ‘na.omit’
    .NS.estimator: no visible global function definition for ‘resid’
    .NSS.estimator: no visible global function definition for ‘lm’
    .NSS.estimator: no visible global function definition for ‘coef’
    .NSS.estimator: no visible global function definition for ‘na.omit’
    .NSS.estimator: no visible global function definition for ‘resid’
    NSrates: no visible global function definition for ‘time’
    Nelson.Siegel: no visible global function definition for ‘optimize’
    Srates: no visible global function definition for ‘time’
    Svensson: no visible global function definition for ‘median’
    Svensson: no visible global function definition for ‘optimize’
    Undefined global functions or variables:
     coef lm median na.omit optimize resid time
    Consider adding
     importFrom("stats", "coef", "lm", "median", "na.omit", "optimize",
     "resid", "time")
    to your NAMESPACE file.
Flavors: r-devel-linux-x86_64-fedora-clang, r-devel-linux-x86_64-fedora-gcc

Version: 4.1
Flags: --no-stop-on-test-error
Check: Rd line widths
Result: NOTE
    Rd file 'ECBYieldCurve.Rd':
     \examples lines wider than 100 characters:
     plot(mat.ECB, ECBYieldCurve[i,], type="o", xlab="Maturities structure in years", ylab="Interest rates values")
    
    Rd file 'FedYieldCurve.Rd':
     \examples lines wider than 100 characters:
     plot(mat, FedYieldCurve[i,], type="o", xlab="Maturities structure in years", ylab="Interest rates values")
    
    These lines will be truncated in the PDF manual.
Flavors: r-devel-linux-x86_64-fedora-clang, r-devel-linux-x86_64-fedora-gcc