CRAN Package Check Results for Package YieldCurve

Last updated on 2014-04-25 05:47:28.

Flavor Version Tinstall Tcheck Ttotal Status Flags
r-devel-linux-x86_64-debian-clang 4.1 0.93 19.51 20.44 OK
r-devel-linux-x86_64-debian-gcc 4.1 0.86 19.93 20.79 OK
r-devel-linux-x86_64-fedora-clang 4.1 39.27 NOTE
r-devel-linux-x86_64-fedora-gcc 4.1 39.03 NOTE
r-devel-osx-x86_64-clang 4.1 37.88 OK
r-devel-osx-x86_64-gcc 4.1 ERROR
r-devel-windows-ix86+x86_64 4.1 3.00 29.00 32.00 OK
r-patched-linux-x86_64 4.1 0.91 19.31 20.22 OK
r-patched-solaris-sparc 4.1 231.20 OK
r-patched-solaris-x86 4.1 51.70 OK
r-release-linux-ix86 4.1 2.00 36.00 38.00 OK
r-release-linux-x86_64 4.1 0.84 19.82 20.66 OK
r-release-osx-x86_64-mavericks 4.1 WARN
r-release-osx-x86_64-snowleopard 4.1 OK
r-release-windows-ix86+x86_64 4.1 4.00 32.00 36.00 OK
r-oldrel-windows-ix86+x86_64 4.1 3.00 32.00 35.00 OK

Check Details

Version: 4.1
Check: Rd line widths
Result: NOTE
    Rd file 'ECBYieldCurve.Rd':
     \examples lines wider than 100 characters:
     plot(mat.ECB, ECBYieldCurve[i,], type="o", xlab="Maturities structure in years", ylab="Interest rates values")
    
    Rd file 'FedYieldCurve.Rd':
     \examples lines wider than 100 characters:
     plot(mat, FedYieldCurve[i,], type="o", xlab="Maturities structure in years", ylab="Interest rates values")
    
    These lines will be truncated in the PDF manual.
Flavors: r-devel-linux-x86_64-fedora-clang, r-devel-linux-x86_64-fedora-gcc

Version: 4.1
Check: package dependencies
Result: ERROR
    Package required but not available: ‘xts’
    
    See the information on DESCRIPTION files in the chapter ‘Creating R
    packages’ of the ‘Writing R Extensions’ manual.
Flavor: r-devel-osx-x86_64-gcc

Version: 4.1
Check: PDF version of manual
Result: WARNING
    LaTeX errors when creating PDF version.
    This typically indicates Rd problems.
    LaTeX errors found:
    ! LaTeX Error: File `upquote.sty' not found.
    
    Type X to quit or <RETURN> to proceed,
    or enter new name. (Default extension: sty)
    
    11d228d3/Rd2.tex:8: ==> Fatal error occurred, no output PDF file produced!
Flavor: r-release-osx-x86_64-mavericks