CRAN Package Check Results for Package YieldCurve

Last updated on 2014-07-28 13:48:41.

Flavor Version Tinstall Tcheck Ttotal Status Flags
r-devel-linux-x86_64-debian-clang 4.1 0.78 18.59 19.37 OK
r-devel-linux-x86_64-debian-gcc 4.1 0.79 17.89 18.68 OK
r-devel-linux-x86_64-fedora-clang 4.1 41.03 NOTE
r-devel-linux-x86_64-fedora-gcc 4.1 39.41 NOTE
r-devel-osx-x86_64-clang 4.1 39.93 OK
r-devel-windows-ix86+x86_64 4.1 4.00 30.00 34.00 OK
r-patched-linux-x86_64 4.1 0.79 18.52 19.32 OK
r-patched-solaris-sparc 4.1 231.20 OK
r-patched-solaris-x86 4.1 49.90 OK
r-release-linux-ix86 4.1 1.17 25.54 26.70 OK
r-release-linux-x86_64 4.1 0.83 19.14 19.98 OK
r-release-osx-x86_64-mavericks 4.1 OK
r-release-osx-x86_64-snowleopard 4.1 OK
r-release-windows-ix86+x86_64 4.1 4.00 30.00 34.00 OK
r-oldrel-windows-ix86+x86_64 4.1 4.00 33.00 37.00 OK

Check Details

Version: 4.1
Check: Rd line widths
Result: NOTE
    Rd file 'ECBYieldCurve.Rd':
     \examples lines wider than 100 characters:
     plot(mat.ECB, ECBYieldCurve[i,], type="o", xlab="Maturities structure in years", ylab="Interest rates values")
    
    Rd file 'FedYieldCurve.Rd':
     \examples lines wider than 100 characters:
     plot(mat, FedYieldCurve[i,], type="o", xlab="Maturities structure in years", ylab="Interest rates values")
    
    These lines will be truncated in the PDF manual.
Flavors: r-devel-linux-x86_64-fedora-clang, r-devel-linux-x86_64-fedora-gcc