CRAN Package Check Results for Package YieldCurve

Last updated on 2014-09-17 08:49:32.

Flavor Version Tinstall Tcheck Ttotal Status Flags
r-devel-linux-x86_64-debian-clang 4.1 0.87 18.41 19.28 NOTE
r-devel-linux-x86_64-debian-gcc 4.1 0.79 17.70 18.49 NOTE
r-devel-linux-x86_64-fedora-clang 4.1 39.14 NOTE
r-devel-linux-x86_64-fedora-gcc 4.1 40.19 NOTE
r-devel-osx-x86_64-clang 4.1 40.35 OK
r-devel-windows-ix86+x86_64 4.1 3.00 31.00 34.00 OK
r-patched-linux-x86_64 4.1 0.81 18.07 18.88 OK
r-patched-solaris-sparc 4.1 224.20 OK
r-patched-solaris-x86 4.1 50.60 OK
r-release-linux-ix86 4.1 1.30 26.04 27.34 OK
r-release-linux-x86_64 4.1 1.00 18.61 19.62 NOTE
r-release-osx-x86_64-mavericks 4.1 OK
r-release-osx-x86_64-snowleopard 4.1 OK
r-release-windows-ix86+x86_64 4.1 4.00 34.00 38.00 OK
r-oldrel-windows-ix86+x86_64 4.1 4.00 30.00 34.00 OK

Check Details

Version: 4.1
Check: Rd line widths
Result: NOTE
    Rd file 'ECBYieldCurve.Rd':
     \examples lines wider than 100 characters:
     plot(mat.ECB, ECBYieldCurve[i,], type="o", xlab="Maturities structure in years", ylab="Interest rates values")
    
    Rd file 'FedYieldCurve.Rd':
     \examples lines wider than 100 characters:
     plot(mat, FedYieldCurve[i,], type="o", xlab="Maturities structure in years", ylab="Interest rates values")
    
    These lines will be truncated in the PDF manual.
Flavors: r-devel-linux-x86_64-debian-clang, r-devel-linux-x86_64-debian-gcc, r-devel-linux-x86_64-fedora-clang, r-devel-linux-x86_64-fedora-gcc, r-release-linux-x86_64