CRAN Package Check Results for Package YieldCurve

Last updated on 2015-03-01 11:47:45.

Flavor Version Tinstall Tcheck Ttotal Status Flags
r-devel-linux-x86_64-debian-clang 4.1 0.74 16.46 17.20 NOTE
r-devel-linux-x86_64-debian-gcc 4.1 0.76 15.96 16.71 NOTE
r-devel-linux-x86_64-fedora-clang 4.1 37.02 NOTE
r-devel-linux-x86_64-fedora-gcc 4.1 33.98 NOTE
r-devel-osx-x86_64-clang 4.1 37.47 OK
r-devel-windows-ix86+x86_64 4.1 5.00 29.00 34.00 OK
r-patched-linux-x86_64 4.1 0.88 19.09 19.97 NOTE
r-patched-solaris-sparc 4.1 246.50 OK
r-patched-solaris-x86 4.1 52.50 OK
r-release-linux-ix86 4.1 1.13 25.91 27.04 NOTE
r-release-linux-x86_64 4.1 1.19 19.05 20.24 NOTE
r-release-osx-x86_64-mavericks 4.1 OK
r-release-osx-x86_64-snowleopard 4.1 OK
r-release-windows-ix86+x86_64 4.1 4.00 34.00 38.00 OK
r-oldrel-windows-ix86+x86_64 4.1 4.00 30.00 34.00 OK

Check Details

Version: 4.1
Check: Rd line widths
Result: NOTE
    Rd file 'ECBYieldCurve.Rd':
     \examples lines wider than 100 characters:
     plot(mat.ECB, ECBYieldCurve[i,], type="o", xlab="Maturities structure in years", ylab="Interest rates values")
    
    Rd file 'FedYieldCurve.Rd':
     \examples lines wider than 100 characters:
     plot(mat, FedYieldCurve[i,], type="o", xlab="Maturities structure in years", ylab="Interest rates values")
    
    These lines will be truncated in the PDF manual.
Flavors: r-devel-linux-x86_64-debian-clang, r-devel-linux-x86_64-debian-gcc, r-devel-linux-x86_64-fedora-clang, r-devel-linux-x86_64-fedora-gcc, r-patched-linux-x86_64, r-release-linux-ix86, r-release-linux-x86_64