CRAN Package Check Results for Package YieldCurve

Last updated on 2015-09-03 23:47:55.

Flavor Version Tinstall Tcheck Ttotal Status Flags
r-devel-linux-x86_64-debian-clang 4.1 0.66 15.66 16.32 NOTE
r-devel-linux-x86_64-debian-gcc 4.1 0.69 15.66 16.35 NOTE
r-devel-linux-x86_64-fedora-clang 4.1 32.22 NOTE
r-devel-linux-x86_64-fedora-gcc 4.1 30.54 NOTE
r-devel-osx-x86_64-clang 4.1 31.13 OK
r-devel-windows-ix86+x86_64 4.1 3.00 28.00 31.00 NOTE
r-patched-linux-x86_64 4.1 0.76 16.86 17.62 NOTE
r-patched-solaris-sparc 4.1 218.10 OK
r-patched-solaris-x86 4.1 44.90 OK
r-release-linux-x86_64 4.1 0.76 16.37 17.13 NOTE
r-release-osx-x86_64-mavericks 4.1 OK
r-release-windows-ix86+x86_64 4.1 4.00 38.00 42.00 OK
r-oldrel-windows-ix86+x86_64 4.1 6.00 35.00 41.00 OK

Check Details

Version: 4.1
Check: R code for possible problems
Result: NOTE
    .NS.estimator: no visible global function definition for ‘lm’
    .NS.estimator: no visible global function definition for ‘coef’
    .NS.estimator: no visible global function definition for ‘na.omit’
    .NS.estimator: no visible global function definition for ‘resid’
    .NSS.estimator: no visible global function definition for ‘lm’
    .NSS.estimator: no visible global function definition for ‘coef’
    .NSS.estimator: no visible global function definition for ‘na.omit’
    .NSS.estimator: no visible global function definition for ‘resid’
    NSrates: no visible global function definition for ‘time’
    Nelson.Siegel: no visible global function definition for ‘optimize’
    Srates: no visible global function definition for ‘time’
    Svensson: no visible global function definition for ‘median’
    Svensson: no visible global function definition for ‘optimize’
    Undefined global functions or variables:
     coef lm median na.omit optimize resid time
    Consider adding
     importFrom("stats", "coef", "lm", "median", "na.omit", "optimize",
     "resid", "time")
    to your NAMESPACE.
Flavors: r-devel-linux-x86_64-debian-clang, r-devel-linux-x86_64-debian-gcc, r-devel-linux-x86_64-fedora-clang, r-devel-linux-x86_64-fedora-gcc, r-devel-windows-ix86+x86_64

Version: 4.1
Check: Rd line widths
Result: NOTE
    Rd file 'ECBYieldCurve.Rd':
     \examples lines wider than 100 characters:
     plot(mat.ECB, ECBYieldCurve[i,], type="o", xlab="Maturities structure in years", ylab="Interest rates values")
    
    Rd file 'FedYieldCurve.Rd':
     \examples lines wider than 100 characters:
     plot(mat, FedYieldCurve[i,], type="o", xlab="Maturities structure in years", ylab="Interest rates values")
    
    These lines will be truncated in the PDF manual.
Flavors: r-devel-linux-x86_64-debian-clang, r-devel-linux-x86_64-debian-gcc, r-devel-linux-x86_64-fedora-clang, r-devel-linux-x86_64-fedora-gcc, r-patched-linux-x86_64, r-release-linux-x86_64