CRAN Package Check Results for Package YieldCurve

Last updated on 2014-08-29 03:47:25.

Flavor Version Tinstall Tcheck Ttotal Status Flags
r-devel-linux-x86_64-debian-clang 4.1 0.77 17.41 18.18 OK
r-devel-linux-x86_64-debian-gcc 4.1 0.74 17.09 17.83 OK
r-devel-linux-x86_64-fedora-clang 4.1 40.35 NOTE
r-devel-linux-x86_64-fedora-gcc 4.1 37.40 NOTE
r-devel-osx-x86_64-clang 4.1 38.90 OK
r-devel-windows-ix86+x86_64 4.1 3.00 28.00 31.00 OK
r-patched-linux-x86_64 4.1 0.83 18.10 18.93 OK
r-patched-solaris-sparc 4.1 224.20 OK
r-patched-solaris-x86 4.1 50.40 OK
r-release-linux-ix86 4.1 1.28 25.87 27.15 OK
r-release-linux-x86_64 4.1 1.13 18.71 19.84 OK
r-release-osx-x86_64-mavericks 4.1 OK
r-release-osx-x86_64-snowleopard 4.1 OK
r-release-windows-ix86+x86_64 4.1 3.00 28.00 31.00 OK
r-oldrel-windows-ix86+x86_64 4.1 3.00 32.00 35.00 OK

Check Details

Version: 4.1
Check: Rd line widths
Result: NOTE
    Rd file 'ECBYieldCurve.Rd':
     \examples lines wider than 100 characters:
     plot(mat.ECB, ECBYieldCurve[i,], type="o", xlab="Maturities structure in years", ylab="Interest rates values")
    
    Rd file 'FedYieldCurve.Rd':
     \examples lines wider than 100 characters:
     plot(mat, FedYieldCurve[i,], type="o", xlab="Maturities structure in years", ylab="Interest rates values")
    
    These lines will be truncated in the PDF manual.
Flavors: r-devel-linux-x86_64-fedora-clang, r-devel-linux-x86_64-fedora-gcc