CRAN Package Check Results for Package YieldCurve

Last updated on 2015-01-29 20:49:10.

Flavor Version Tinstall Tcheck Ttotal Status Flags
r-devel-linux-x86_64-debian-clang 4.1 0.74 16.45 17.18 NOTE
r-devel-linux-x86_64-debian-gcc 4.1 0.74 15.93 16.66 NOTE
r-devel-linux-x86_64-fedora-clang 4.1 37.60 NOTE
r-devel-linux-x86_64-fedora-gcc 4.1 37.19 NOTE
r-devel-osx-x86_64-clang 4.1 41.49 OK
r-devel-windows-ix86+x86_64 4.1 3.00 27.00 30.00 OK
r-patched-linux-x86_64 4.1 0.86 19.19 20.04 NOTE
r-patched-solaris-sparc 4.1 246.50 OK
r-patched-solaris-x86 4.1 52.70 OK
r-release-linux-ix86 4.1 1.15 25.08 26.22 OK
r-release-linux-x86_64 4.1 0.83 18.68 19.52 NOTE
r-release-osx-x86_64-mavericks 4.1 OK
r-release-osx-x86_64-snowleopard 4.1 OK
r-release-windows-ix86+x86_64 4.1 4.00 29.00 33.00 OK
r-oldrel-windows-ix86+x86_64 4.1 4.00 32.00 36.00 OK

Check Details

Version: 4.1
Check: Rd line widths
Result: NOTE
    Rd file 'ECBYieldCurve.Rd':
     \examples lines wider than 100 characters:
     plot(mat.ECB, ECBYieldCurve[i,], type="o", xlab="Maturities structure in years", ylab="Interest rates values")
    
    Rd file 'FedYieldCurve.Rd':
     \examples lines wider than 100 characters:
     plot(mat, FedYieldCurve[i,], type="o", xlab="Maturities structure in years", ylab="Interest rates values")
    
    These lines will be truncated in the PDF manual.
Flavors: r-devel-linux-x86_64-debian-clang, r-devel-linux-x86_64-debian-gcc, r-devel-linux-x86_64-fedora-clang, r-devel-linux-x86_64-fedora-gcc, r-patched-linux-x86_64, r-release-linux-x86_64