CRAN Package Check Results for Package YourCast

Last updated on 2014-11-22 11:49:26.

Flavor Version Tinstall Tcheck Ttotal Status Flags
r-devel-linux-x86_64-debian-clang 1.6.2 2.60 57.29 59.89 OK
r-devel-linux-x86_64-debian-gcc 1.6.2 2.36 55.69 58.05 OK
r-devel-linux-x86_64-fedora-clang 1.6.2 121.47 OK
r-devel-linux-x86_64-fedora-gcc 1.6.2 112.61 OK
r-devel-osx-x86_64-clang 1.6.2 113.13 OK
r-devel-windows-ix86+x86_64 1.6.2 9.00 76.00 85.00 OK
r-patched-linux-x86_64 1.6.2 2.50 58.64 61.14 OK
r-patched-solaris-sparc 1.6.2 629.70 OK
r-patched-solaris-x86 1.6.2 139.90 OK
r-release-linux-ix86 1.6.2 3.34 70.46 73.80 OK
r-release-linux-x86_64 1.6.2 2.53 59.78 62.30 OK
r-release-osx-x86_64-mavericks 1.6.2 NOTE
r-release-osx-x86_64-snowleopard 1.6.2 OK
r-release-windows-ix86+x86_64 1.6.2 12.00 93.00 105.00 OK
r-oldrel-windows-ix86+x86_64 1.6.2 8.00 83.00 91.00 OK

Check Details

Version: 1.6.2
Check: re-building of vignette outputs
Result: NOTE
    Error in re-building vignettes:
     ...
    Error in texi2dvi(file = file, pdf = TRUE, clean = clean, quiet = quiet, :
     Running 'texi2dvi' on 'YourCast.tex' failed.
    LaTeX errors:
    ! LaTeX Error: File `stmaryrd.sty' not found.
    
    Type X to quit or <RETURN> to proceed,
    or enter new name. (Default extension: sty)
    
    n_test/YourCast/vignettes/YourCast.tex:14: ==> Fatal error occurred, no output
     PDF file produced!
    Calls: buildVignettes -> texi2pdf -> texi2dvi
    Execution halted
Flavor: r-release-osx-x86_64-mavericks