CRAN Package Check Results for Package YourCast

Last updated on 2015-04-28 03:47:39.

Flavor Version Tinstall Tcheck Ttotal Status Flags
r-devel-linux-x86_64-debian-clang 1.6.2 3.06 50.60 53.66 NOTE
r-devel-linux-x86_64-debian-gcc 1.6.2 1.89 51.96 53.85 NOTE
r-devel-linux-x86_64-fedora-clang 1.6.2 103.68 NOTE
r-devel-linux-x86_64-fedora-gcc 1.6.2 94.10 NOTE
r-devel-osx-x86_64-clang 1.6.2 97.56 NOTE
r-devel-windows-ix86+x86_64 1.6.2 8.00 71.00 79.00 OK
r-patched-linux-x86_64 1.6.2 2.70 49.71 52.41 NOTE
r-patched-solaris-sparc 1.6.2 658.40 OK
r-patched-solaris-x86 1.6.2 117.50 NOTE
r-release-linux-x86_64 1.6.2 1.90 52.87 54.77 NOTE
r-release-osx-x86_64-mavericks 1.6.2 OK
r-release-osx-x86_64-snowleopard 1.6.2 ERROR
r-release-windows-ix86+x86_64 1.6.2 11.00 92.00 103.00 OK
r-oldrel-windows-ix86+x86_64 1.6.2 8.00 78.00 86.00 OK

Check Details

Version: 1.6.2
Check: S3 generic/method consistency
Result: NOTE
    Found the following apparent S3 methods exported but not registered:
     print.summary.yourcast
    See section ‘Registering S3 methods’ in the ‘Writing R Extensions’
    manual.
Flavors: r-devel-linux-x86_64-debian-clang, r-devel-linux-x86_64-debian-gcc, r-devel-linux-x86_64-fedora-clang, r-devel-linux-x86_64-fedora-gcc, r-devel-osx-x86_64-clang, r-patched-solaris-x86, r-release-linux-x86_64

Version: 1.6.2
Check: package dependencies
Result: ERROR
    Packages required but not available: ‘ggplot2’ ‘gridExtra’
    
    See section ‘The DESCRIPTION file’ in the ‘Writing R Extensions’
    manual.
Flavor: r-release-osx-x86_64-snowleopard