CRAN Package Check Results for Package YourCast

Last updated on 2015-03-03 19:50:45.

Flavor Version Tinstall Tcheck Ttotal Status Flags
r-devel-linux-x86_64-debian-clang 1.6.2 2.06 57.04 59.10 NOTE
r-devel-linux-x86_64-debian-gcc 1.6.2 1.90 50.29 52.19 NOTE
r-devel-linux-x86_64-fedora-clang 1.6.2 102.85 NOTE
r-devel-linux-x86_64-fedora-gcc 1.6.2 94.98 NOTE
r-devel-osx-x86_64-clang 1.6.2 101.68 NOTE
r-devel-windows-ix86+x86_64 1.6.2 12.00 95.00 107.00 OK
r-patched-linux-x86_64 1.6.2 2.90 60.19 63.10 OK
r-patched-solaris-sparc 1.6.2 748.50 OK
r-patched-solaris-x86 1.6.2 142.50 OK
r-release-linux-ix86 1.6.2 3.12 73.96 77.08 OK
r-release-linux-x86_64 1.6.2 2.80 59.51 62.32 OK
r-release-osx-x86_64-mavericks 1.6.2 OK
r-release-osx-x86_64-snowleopard 1.6.2 OK
r-release-windows-ix86+x86_64 1.6.2 18.00 124.00 142.00 OK
r-oldrel-windows-ix86+x86_64 1.6.2 12.00 92.00 104.00 OK

Check Details

Version: 1.6.2
Check: S3 generic/method consistency
Result: NOTE
    Found the following apparent S3 methods exported but not registered:
     print.summary.yourcast
    See section ‘Registering S3 methods’ in the ‘Writing R Extensions’
    manual.
Flavors: r-devel-linux-x86_64-debian-clang, r-devel-linux-x86_64-debian-gcc, r-devel-linux-x86_64-fedora-clang, r-devel-linux-x86_64-fedora-gcc, r-devel-osx-x86_64-clang