CRAN Package Check Results for Package YourCast

Last updated on 2015-05-23 06:47:03.

Flavor Version Tinstall Tcheck Ttotal Status Flags
r-devel-linux-x86_64-debian-clang 1.6.2 1.99 51.64 53.63 NOTE
r-devel-linux-x86_64-debian-gcc 1.6.2 1.91 51.35 53.26 NOTE
r-devel-linux-x86_64-fedora-clang 1.6.2 102.11 NOTE
r-devel-linux-x86_64-fedora-gcc 1.6.2 95.93 NOTE
r-devel-osx-x86_64-clang 1.6.2 100.14 NOTE
r-devel-windows-ix86+x86_64 1.6.2 8.00 66.00 74.00 OK
r-patched-linux-x86_64 1.6.2 1.94 51.55 53.49 NOTE
r-patched-solaris-sparc 1.6.2 613.30 NOTE
r-patched-solaris-x86 1.6.2 122.10 NOTE
r-release-linux-x86_64 1.6.2 1.92 49.92 51.84 NOTE
r-release-osx-x86_64-mavericks 1.6.2 OK
r-release-osx-x86_64-snowleopard 1.6.2 ERROR
r-release-windows-ix86+x86_64 1.6.2 10.00 73.00 83.00 OK
r-oldrel-windows-ix86+x86_64 1.6.2 13.00 95.00 108.00 OK

Check Details

Version: 1.6.2
Check: S3 generic/method consistency
Result: NOTE
    Found the following apparent S3 methods exported but not registered:
     print.summary.yourcast
    See section ‘Registering S3 methods’ in the ‘Writing R Extensions’
    manual.
Flavors: r-devel-linux-x86_64-debian-clang, r-devel-linux-x86_64-debian-gcc, r-devel-linux-x86_64-fedora-clang, r-devel-linux-x86_64-fedora-gcc, r-devel-osx-x86_64-clang, r-patched-linux-x86_64, r-patched-solaris-sparc, r-patched-solaris-x86, r-release-linux-x86_64

Version: 1.6.2
Check: package dependencies
Result: ERROR
    Packages required but not available: ‘ggplot2’ ‘gridExtra’
    
    See section ‘The DESCRIPTION file’ in the ‘Writing R Extensions’
    manual.
Flavor: r-release-osx-x86_64-snowleopard