CRAN Package Check Results for Package YourCast

Last updated on 2015-01-31 13:48:39.

Flavor Version Tinstall Tcheck Ttotal Status Flags
r-devel-linux-x86_64-debian-clang 1.6.2 2.84 50.28 53.13 NOTE
r-devel-linux-x86_64-debian-gcc 1.6.2 1.93 50.80 52.72 NOTE
r-devel-linux-x86_64-fedora-clang 1.6.2 109.89 NOTE
r-devel-linux-x86_64-fedora-gcc 1.6.2 104.88 NOTE
r-devel-osx-x86_64-clang 1.6.2 116.33 NOTE
r-devel-windows-ix86+x86_64 1.6.2 8.00 68.00 76.00 OK
r-patched-linux-x86_64 1.6.2 2.53 63.11 65.64 OK
r-patched-solaris-sparc 1.6.2 700.80 OK
r-patched-solaris-x86 1.6.2 140.40 OK
r-release-linux-ix86 1.6.2 3.28 73.78 77.06 OK
r-release-linux-x86_64 1.6.2 2.67 58.18 60.85 OK
r-release-osx-x86_64-mavericks 1.6.2 OK
r-release-osx-x86_64-snowleopard 1.6.2 OK
r-release-windows-ix86+x86_64 1.6.2 8.00 86.00 94.00 OK
r-oldrel-windows-ix86+x86_64 1.6.2 10.00 89.00 99.00 OK

Check Details

Version: 1.6.2
Check: S3 generic/method consistency
Result: NOTE
    Found the following apparent S3 methods exported but not registered:
     print.summary.yourcast
    See section ‘Registering S3 methods’ in the ‘Writing R Extensions’
    manual.
Flavors: r-devel-linux-x86_64-debian-clang, r-devel-linux-x86_64-debian-gcc, r-devel-linux-x86_64-fedora-clang, r-devel-linux-x86_64-fedora-gcc, r-devel-osx-x86_64-clang