CRAN Package Check Results for Package YourCast

Last updated on 2014-08-23 02:50:10.

Flavor Version Tinstall Tcheck Ttotal Status Flags
r-devel-linux-x86_64-debian-clang 1.6.1 2.54 55.70 58.24 OK
r-devel-linux-x86_64-debian-gcc 1.6.1 2.51 54.69 57.20 OK
r-devel-linux-x86_64-fedora-clang 1.6.1 123.39 OK
r-devel-linux-x86_64-fedora-gcc 1.6.1 114.45 OK
r-devel-osx-x86_64-clang 1.6.1 106.36 OK
r-devel-windows-ix86+x86_64 1.6.1 9.00 82.00 91.00 OK
r-patched-linux-x86_64 1.6.1 3.01 58.27 61.28 OK
r-patched-solaris-sparc 1.6.1 687.90 OK
r-patched-solaris-x86 1.6.1 144.00 OK
r-release-linux-ix86 1.6.1 3.25 73.36 76.60 OK
r-release-linux-x86_64 1.6.1 2.60 58.16 60.76 OK
r-release-osx-x86_64-mavericks 1.6.1 NOTE
r-release-osx-x86_64-snowleopard 1.6.1 OK
r-release-windows-ix86+x86_64 1.6.1 10.00 90.00 100.00 OK
r-oldrel-windows-ix86+x86_64 1.6.1 10.00 81.00 91.00 OK

Check Details

Version: 1.6.1
Check: re-building of vignette outputs
Result: NOTE
    Error in re-building vignettes:
     ...
    Error in texi2dvi(file = file, pdf = TRUE, clean = clean, quiet = quiet, :
     Running 'texi2dvi' on 'YourCast.tex' failed.
    LaTeX errors:
    ! LaTeX Error: File `stmaryrd.sty' not found.
    
    Type X to quit or <RETURN> to proceed,
    or enter new name. (Default extension: sty)
    
    n_test/YourCast/vignettes/YourCast.tex:14: ==> Fatal error occurred, no output
     PDF file produced!
    Calls: buildVignettes -> texi2pdf -> texi2dvi
    Execution halted
Flavor: r-release-osx-x86_64-mavericks