CRAN Package Check Results for Package YourCast

Last updated on 2014-09-22 19:48:42.

Flavor Version Tinstall Tcheck Ttotal Status Flags
r-devel-linux-x86_64-debian-clang 1.6.1 2.44 56.37 58.81 OK
r-devel-linux-x86_64-debian-gcc 1.6.1 2.42 55.30 57.72 OK
r-devel-linux-x86_64-fedora-clang 1.6.1 122.10 OK
r-devel-linux-x86_64-fedora-gcc 1.6.1 112.02 OK
r-devel-osx-x86_64-clang 1.6.1 105.84 OK
r-devel-windows-ix86+x86_64 1.6.1 10.00 75.00 85.00 OK
r-patched-linux-x86_64 1.6.1 2.63 58.24 60.86 OK
r-patched-solaris-sparc 1.6.1 687.90 OK
r-patched-solaris-x86 1.6.1 141.10 OK
r-release-linux-ix86 1.6.1 3.25 73.70 76.95 OK
r-release-linux-x86_64 1.6.1 2.64 59.58 62.21 OK
r-release-osx-x86_64-mavericks 1.6.1 NOTE
r-release-osx-x86_64-snowleopard 1.6.1 OK
r-release-windows-ix86+x86_64 1.6.1 9.00 84.00 93.00 OK
r-oldrel-windows-ix86+x86_64 1.6.1 10.00 83.00 93.00 OK

Check Details

Version: 1.6.1
Check: re-building of vignette outputs
Result: NOTE
    Error in re-building vignettes:
     ...
    Error in texi2dvi(file = file, pdf = TRUE, clean = clean, quiet = quiet, :
     Running 'texi2dvi' on 'YourCast.tex' failed.
    LaTeX errors:
    ! LaTeX Error: File `stmaryrd.sty' not found.
    
    Type X to quit or <RETURN> to proceed,
    or enter new name. (Default extension: sty)
    
    n_test/YourCast/vignettes/YourCast.tex:14: ==> Fatal error occurred, no output
     PDF file produced!
    Calls: buildVignettes -> texi2pdf -> texi2dvi
    Execution halted
Flavor: r-release-osx-x86_64-mavericks