CRAN Package Check Results for Package YourCast

Last updated on 2014-07-30 23:47:28.

Flavor Version Tinstall Tcheck Ttotal Status Flags
r-devel-linux-x86_64-debian-clang 1.6.1 2.65 57.71 60.36 OK
r-devel-linux-x86_64-debian-gcc 1.6.1 2.55 57.87 60.42 OK
r-devel-linux-x86_64-fedora-clang 1.6.1 125.72 OK
r-devel-linux-x86_64-fedora-gcc 1.6.1 120.71 OK
r-devel-osx-x86_64-clang 1.6.1 109.59 OK
r-devel-windows-ix86+x86_64 1.6.1 9.00 85.00 94.00 OK
r-patched-linux-x86_64 1.6.1 2.56 57.77 60.33 OK
r-patched-solaris-sparc 1.6.1 687.90 OK
r-patched-solaris-x86 1.6.1 142.00 OK
r-release-linux-ix86 1.6.1 3.28 73.12 76.40 OK
r-release-linux-x86_64 1.6.1 2.61 57.21 59.82 OK
r-release-osx-x86_64-mavericks 1.6.1 NOTE
r-release-osx-x86_64-snowleopard 1.6.1 OK
r-release-windows-ix86+x86_64 1.6.1 9.00 86.00 95.00 OK
r-oldrel-windows-ix86+x86_64 1.6.1 11.00 126.00 137.00 OK

Check Details

Version: 1.6.1
Check: re-building of vignette outputs
Result: NOTE
    Error in re-building vignettes:
     ...
    Error in texi2dvi(file = file, pdf = TRUE, clean = clean, quiet = quiet, :
     Running 'texi2dvi' on 'YourCast.tex' failed.
    LaTeX errors:
    ! LaTeX Error: File `stmaryrd.sty' not found.
    
    Type X to quit or <RETURN> to proceed,
    or enter new name. (Default extension: sty)
    
    n_test/YourCast/vignettes/YourCast.tex:14: ==> Fatal error occurred, no output
     PDF file produced!
    Calls: buildVignettes -> texi2pdf -> texi2dvi
    Execution halted
Flavor: r-release-osx-x86_64-mavericks