CRAN Package Check Results for Package YourCast

Last updated on 2014-04-16 06:48:05.

Flavor Version Tinstall Tcheck Ttotal Status Flags
r-devel-linux-x86_64-debian-clang 1.6.1 2.74 60.99 63.73 OK
r-devel-linux-x86_64-debian-gcc 1.6.1 2.73 60.90 63.63 OK
r-devel-linux-x86_64-fedora-clang 1.6.1 132.54 OK
r-devel-linux-x86_64-fedora-gcc 1.6.1 123.32 OK
r-devel-macosx-x86_64-clang 1.6.1 117.98 OK
r-devel-macosx-x86_64-gcc 1.6.1 ERROR
r-devel-windows-ix86+x86_64 1.6.1 10.00 75.00 85.00 OK
r-patched-linux-x86_64 1.6.1 2.79 62.94 65.73 OK
r-patched-solaris-sparc 1.6.1 681.40 OK
r-patched-solaris-x86 1.6.1 141.00 OK
r-release-linux-ix86 1.6.1 5.00 99.00 104.00 OK
r-release-linux-x86_64 1.6.1 2.76 62.12 64.88 OK
r-release-macosx-x86_64 1.6.1 OK
r-release-windows-ix86+x86_64 1.6.1 9.00 86.00 95.00 OK
r-oldrel-windows-ix86+x86_64 1.6.1 8.00 83.00 91.00 OK

Check Details

Version: 1.6.1
Check: package dependencies
Result: ERROR
    Packages required but not available: ‘ggplot2’ ‘gridExtra’
    
    See the information on DESCRIPTION files in the chapter ‘Creating R
    packages’ of the ‘Writing R Extensions’ manual.
Flavor: r-devel-macosx-x86_64-gcc