CRAN Package Check Results for Package YourCast

Last updated on 2014-12-22 14:48:56.

Flavor Version Tinstall Tcheck Ttotal Status Flags
r-devel-linux-x86_64-debian-clang 1.6.2 2.49 56.62 59.11 OK
r-devel-linux-x86_64-debian-gcc 1.6.2 2.33 55.33 57.66 OK
r-devel-linux-x86_64-fedora-clang 1.6.2 119.36 OK
r-devel-linux-x86_64-fedora-gcc 1.6.2 111.51 OK
r-devel-osx-x86_64-clang 1.6.2 116.98 OK
r-devel-windows-ix86+x86_64 1.6.2 9.00 79.00 88.00 OK
r-patched-linux-x86_64 1.6.2 2.71 59.34 62.05 OK
r-patched-solaris-sparc 1.6.2 700.30 OK
r-patched-solaris-x86 1.6.2 140.50 OK
r-release-linux-ix86 1.6.2 3.09 70.69 73.78 OK
r-release-linux-x86_64 1.6.2 2.54 59.46 62.01 OK
r-release-osx-x86_64-mavericks 1.6.2 NOTE
r-release-osx-x86_64-snowleopard 1.6.2 OK
r-release-windows-ix86+x86_64 1.6.2 10.00 90.00 100.00 OK
r-oldrel-windows-ix86+x86_64 1.6.2 9.00 92.00 101.00 OK

Check Details

Version: 1.6.2
Check: re-building of vignette outputs
Result: NOTE
    Error in re-building vignettes:
     ...
    Error in texi2dvi(file = file, pdf = TRUE, clean = clean, quiet = quiet, :
     Running 'texi2dvi' on 'YourCast.tex' failed.
    LaTeX errors:
    ! LaTeX Error: File `stmaryrd.sty' not found.
    
    Type X to quit or <RETURN> to proceed,
    or enter new name. (Default extension: sty)
    
    n_test/YourCast/vignettes/YourCast.tex:14: ==> Fatal error occurred, no output
     PDF file produced!
    Calls: buildVignettes -> texi2pdf -> texi2dvi
    Execution halted
Flavor: r-release-osx-x86_64-mavericks