CRAN Package Check Results for Package YplantQMC

Last updated on 2014-10-01 03:48:25.

Flavor Version Tinstall Tcheck Ttotal Status Flags
r-devel-linux-x86_64-debian-clang 0.5 2.58 27.75 30.33 NOTE
r-devel-linux-x86_64-debian-gcc 0.5 2.58 27.08 29.66 NOTE
r-devel-linux-x86_64-fedora-clang 0.5 59.07 NOTE
r-devel-linux-x86_64-fedora-gcc 0.5 57.16 NOTE
r-devel-osx-x86_64-clang 0.5 52.30 NOTE
r-devel-windows-ix86+x86_64 0.5 12.00 48.00 60.00 NOTE
r-patched-linux-x86_64 0.5 2.56 28.42 30.98 NOTE
r-patched-solaris-sparc 0.5 422.40 NOTE
r-patched-solaris-x86 0.5 80.40 NOTE
r-release-linux-ix86 0.5 3.68 37.88 41.56 NOTE
r-release-linux-x86_64 0.5 2.59 28.83 31.42 NOTE
r-release-osx-x86_64-mavericks 0.5 NOTE
r-release-osx-x86_64-snowleopard 0.5 NOTE
r-release-windows-ix86+x86_64 0.5 12.00 59.00 71.00 NOTE
r-oldrel-windows-ix86+x86_64 0.5 13.00 55.00 68.00 NOTE

Check Details

Version: 0.5
Check: package dependencies
Result: NOTE
    Package suggested but not available for checking: ‘ypaddon’
Flavors: r-devel-linux-x86_64-debian-clang, r-devel-linux-x86_64-debian-gcc, r-devel-linux-x86_64-fedora-clang, r-devel-linux-x86_64-fedora-gcc, r-devel-osx-x86_64-clang, r-devel-windows-ix86+x86_64, r-patched-linux-x86_64, r-patched-solaris-sparc, r-patched-solaris-x86, r-release-linux-ix86, r-release-linux-x86_64, r-release-osx-x86_64-mavericks, r-release-osx-x86_64-snowleopard, r-release-windows-ix86+x86_64, r-oldrel-windows-ix86+x86_64

Version: 0.5
Check: dependencies in R code
Result: NOTE
    'library' or 'require' call to ‘geometry’ which was already attached by Depends.
     Please remove these calls from your code.
    Packages in Depends field not imported from:
     ‘LeafAngle’ ‘devtools’ ‘geometry’ ‘rgl’
     These packages need to be imported from (in the NAMESPACE file)
     for when this namespace is loaded but not attached.
    Unexported object imported by a ':::' call: ‘rgl:::GramSchmidt’
     See the note in ?`:::` about the use of this operator.
    There are ::: calls to the package's namespace in its code. A package
     almost never needs to use ::: for its own objects:
     ‘plot3dcylinder’
    See the information on DESCRIPTION files in the chapter ‘Creating R
    packages’ of the ‘Writing R Extensions’ manual.
Flavors: r-devel-linux-x86_64-debian-clang, r-devel-linux-x86_64-debian-gcc, r-devel-linux-x86_64-fedora-clang, r-devel-linux-x86_64-fedora-gcc, r-devel-osx-x86_64-clang, r-devel-windows-ix86+x86_64, r-patched-linux-x86_64, r-patched-solaris-sparc, r-patched-solaris-x86, r-release-linux-ix86, r-release-linux-x86_64, r-release-osx-x86_64-mavericks, r-release-windows-ix86+x86_64, r-oldrel-windows-ix86+x86_64

Version: 0.5
Check: R code for possible problems
Result: NOTE
    Found an obsolete/platform-specific call in the following function:
     ‘plot.yplantsim’
    Found the platform-specific device:
     ‘windows’
    dev.new() is the preferred way to open a new device, in the unlikely
    event one is needed.
    STARbar.plant3d: no visible binding for global variable ‘yplantaltaz’
    STARbar.plant3d: no visible binding for global variable ‘turtle’
    STARbar.plant3d: no visible binding for global variable ‘turtle244’
    checkHemi: no visible binding for global variable ‘turtle482’
    crownhull: no visible global function definition for ‘convhulln’
    crownhull: no visible global function definition for ‘triangles3d’
    makereport: no visible global function definition for ‘textplot’
    makereport: no visible global function definition for ‘fitdistribution’
    pathlen: no visible global function definition for ‘plot3d’
    plot.plant3d: no visible global function definition for ‘open3d’
    plot.plant3d: no visible global function definition for ‘lines3d’
    plot.plant3d: no visible global function definition for ‘segments3d’
    plot.plant3dlist: no visible global function definition for ‘open3d’
    plot.plant3dlist: no visible global function definition for ‘rgl.close’
    plot.plant3dlist: no visible global function definition for ‘title3d’
    plot.plant3dlist: no visible global function definition for
     ‘snapshot3d’
    plot.stand3d: no visible global function definition for ‘open3d’
    plot.stand3d: no visible global function definition for ‘lines3d’
    plot.yplocation: no visible global function definition for ‘map’
    plot3dcylinder: no visible global function definition for ‘cylinder3d’
    plot3dcylinder: no visible global function definition for ‘scale3d’
    plot3dcylinder: no visible global function definition for ‘rotate3d’
    plot3dcylinder: no visible global function definition for ‘translate3d’
    plot3dcylinder: no visible global function definition for ‘shade3d’
    plot3dcylinder: no visible global function definition for ‘addNormals’
    randomplant: no visible global function definition for ‘angledist’
    randomplant: no visible global function definition for ‘drawsample’
    replaceangles: no visible global function definition for ‘drawsample’
    runYplant.plant3d: no visible binding for global variable ‘turtle482’
    setLocation: no visible global function definition for ‘map’
    summary.plant3d: no visible global function definition for
     ‘fitdistribution’
    writerandomdiffuse: no visible global function definition for
     ‘angledist’
    writerandomdiffuse: no visible global function definition for
     ‘drawsample’
    writeturtlediffuse: no visible binding for global variable ‘turtle482’
    writeturtlediffuse: no visible binding for global variable ‘turtle244’
    writeturtlediffuse: no visible binding for global variable ‘turtle’
    xmastime: no visible global function definition for ‘spheres3d’
Flavors: r-devel-linux-x86_64-debian-clang, r-devel-linux-x86_64-debian-gcc, r-devel-linux-x86_64-fedora-clang, r-devel-linux-x86_64-fedora-gcc, r-devel-osx-x86_64-clang

Version: 0.5
Check: R code for possible problems
Result: NOTE
    STARbar.plant3d: no visible binding for global variable 'yplantaltaz'
    STARbar.plant3d: no visible binding for global variable 'turtle'
    STARbar.plant3d: no visible binding for global variable 'turtle244'
    checkHemi: no visible binding for global variable 'turtle482'
    crownhull: no visible global function definition for 'convhulln'
    crownhull: no visible global function definition for 'triangles3d'
    makereport: no visible global function definition for 'textplot'
    makereport: no visible global function definition for 'fitdistribution'
    pathlen: no visible global function definition for 'plot3d'
    plot.plant3d: no visible global function definition for 'open3d'
    plot.plant3d: no visible global function definition for 'lines3d'
    plot.plant3d: no visible global function definition for 'segments3d'
    plot.plant3dlist: no visible global function definition for 'open3d'
    plot.plant3dlist: no visible global function definition for 'rgl.close'
    plot.plant3dlist: no visible global function definition for 'title3d'
    plot.plant3dlist: no visible global function definition for
     'snapshot3d'
    plot.stand3d: no visible global function definition for 'open3d'
    plot.stand3d: no visible global function definition for 'lines3d'
    plot.yplocation: no visible global function definition for 'map'
    plot3dcylinder: no visible global function definition for 'cylinder3d'
    plot3dcylinder: no visible global function definition for 'scale3d'
    plot3dcylinder: no visible global function definition for 'rotate3d'
    plot3dcylinder: no visible global function definition for 'translate3d'
    plot3dcylinder: no visible global function definition for 'shade3d'
    plot3dcylinder: no visible global function definition for 'addNormals'
    randomplant: no visible global function definition for 'angledist'
    randomplant: no visible global function definition for 'drawsample'
    replaceangles: no visible global function definition for 'drawsample'
    runYplant.plant3d: no visible binding for global variable 'turtle482'
    setLocation: no visible global function definition for 'map'
    summary.plant3d: no visible global function definition for
     'fitdistribution'
    writerandomdiffuse: no visible global function definition for
     'angledist'
    writerandomdiffuse: no visible global function definition for
     'drawsample'
    writeturtlediffuse: no visible binding for global variable 'turtle482'
    writeturtlediffuse: no visible binding for global variable 'turtle244'
    writeturtlediffuse: no visible binding for global variable 'turtle'
    xmastime: no visible global function definition for 'spheres3d'
Flavor: r-devel-windows-ix86+x86_64

Version: 0.5
Check: R code for possible problems
Result: NOTE
    Found an obsolete/platform-specific call in the following function:
     ‘plot.yplantsim’
    Found the platform-specific device:
     ‘windows’
    dev.new() is the preferred way to open a new device, in the unlikely
    event one is needed.
Flavors: r-patched-linux-x86_64, r-patched-solaris-sparc, r-patched-solaris-x86, r-release-linux-ix86, r-release-linux-x86_64

Version: 0.5
Check: dependencies in R code
Result: NOTE
    ‘library’ or ‘require’ call to ‘geometry’ which was already attached by Depends.
     Please remove these calls from your code.
    Packages in Depends field not imported from:
     ‘LeafAngle’ ‘devtools’ ‘geometry’ ‘rgl’
     These packages need to be imported from for the case when
     this namespace is loaded but not attached.
    Unexported object imported by a ‘:::’ call: ‘rgl:::GramSchmidt’
     See the note in ?`:::` about the use of this operator.
    There are ::: calls to the package's namespace in its code. A package
     almost never needs to use ::: for its own objects:
     ‘plot3dcylinder’
    See the information on DESCRIPTION files in the chapter ‘Creating R
    packages’ of the ‘Writing R Extensions’ manual.
Flavor: r-release-osx-x86_64-snowleopard