CRAN Package Check Results for Package YplantQMC

Last updated on 2014-12-22 23:49:02.

Flavor Version Tinstall Tcheck Ttotal Status Flags
r-devel-linux-x86_64-debian-clang 0.6-4 2.84 30.42 33.26 OK
r-devel-linux-x86_64-debian-gcc 0.6-4 2.63 28.92 31.55 OK
r-devel-linux-x86_64-fedora-clang 0.6-4 63.02 OK
r-devel-linux-x86_64-fedora-gcc 0.6-4 59.37 OK
r-devel-osx-x86_64-clang 0.6-4 60.70 OK
r-devel-windows-ix86+x86_64 0.6-4 14.00 54.00 68.00 OK
r-patched-linux-x86_64 0.6-4 2.88 30.15 33.03 OK
r-patched-solaris-sparc 0.6-4 374.90 OK
r-patched-solaris-x86 0.6-4 80.00 OK
r-release-linux-ix86 0.6-4 3.69 38.50 42.18 OK
r-release-linux-x86_64 0.6-4 2.63 30.28 32.92 OK
r-release-osx-x86_64-mavericks 0.6-4 OK
r-release-osx-x86_64-snowleopard 0.6-4 ERROR
r-release-windows-ix86+x86_64 0.6-4 15.00 61.00 76.00 OK
r-oldrel-windows-ix86+x86_64 0.6-4 14.00 58.00 72.00 NOTE

Check Details

Version: 0.6-4
Check: examples
Result: ERROR
    Running examples in ‘YplantQMC-Ex.R’ failed
    The error most likely occurred in:
    
    > ### Name: crownhull
    > ### Title: Calculates and plots the convex hull around the plant crown
    > ### Aliases: crownhull
    > ### Keywords: misc
    >
    > ### ** Examples
    >
    > # Toona example (plant included in package).
    > crownhull(toona)
    Mon Dec 22 09:01:45 hagal.research.att.com R[4052] <Error>: unknown error code: invalid pixel format
    Mon Dec 22 09:01:45 hagal.research.att.com R[4052] <Error>: kCGErrorFailure: Set a breakpoint @ CGErrorBreakpoint() to catch errors as they are logged.
    X Error of failed request: GLXBadContext
     Major opcode of failed request: 0 ()
     Serial number of failed request: 27
     Current serial number in output stream: 27
Flavor: r-release-osx-x86_64-snowleopard

Version: 0.6-4
Check: dependencies in R code
Result: NOTE
    Missing or unexported objects:
     'YplantQMC::turtle' 'YplantQMC::turtle244' 'YplantQMC::turtle482'
     'YplantQMC::yplantaltaz'
    See the information on DESCRIPTION files in the chapter 'Creating R
    packages' of the 'Writing R Extensions' manual.
Flavor: r-oldrel-windows-ix86+x86_64