CRAN Package Check Results for Package YplantQMC

Last updated on 2014-07-26 16:48:46.

Flavor Version Tinstall Tcheck Ttotal Status Flags
r-devel-linux-x86_64-debian-clang 0.5 3.00 33.94 36.94 NOTE
r-devel-linux-x86_64-debian-gcc 0.5 3.12 34.47 37.59 NOTE
r-devel-linux-x86_64-fedora-clang 0.5 77.24 NOTE
r-devel-linux-x86_64-fedora-gcc 0.5 71.98 NOTE
r-devel-osx-x86_64-clang 0.5 66.50 NOTE
r-devel-windows-ix86+x86_64 0.5 15.00 62.00 77.00 NOTE
r-patched-linux-x86_64 0.5 3.13 34.82 37.94 NOTE
r-patched-solaris-sparc 0.5 424.10 NOTE
r-patched-solaris-x86 0.5 97.00 NOTE
r-release-linux-ix86 0.5 4.27 45.81 50.08 NOTE
r-release-linux-x86_64 0.5 3.10 34.74 37.83 NOTE
r-release-osx-x86_64-mavericks 0.5 NOTE
r-release-osx-x86_64-snowleopard 0.5 NOTE
r-release-windows-ix86+x86_64 0.5 14.00 67.00 81.00 NOTE
r-oldrel-windows-ix86+x86_64 0.5 16.00 66.00 82.00 NOTE

Check Details

Version: 0.5
Check: package dependencies
Result: NOTE
    Package suggested but not available for checking: ‘ypaddon’
Flavors: r-devel-linux-x86_64-debian-clang, r-devel-linux-x86_64-debian-gcc, r-devel-linux-x86_64-fedora-clang, r-devel-linux-x86_64-fedora-gcc, r-devel-osx-x86_64-clang, r-devel-windows-ix86+x86_64, r-patched-linux-x86_64, r-patched-solaris-sparc, r-patched-solaris-x86, r-release-linux-ix86, r-release-linux-x86_64, r-release-osx-x86_64-mavericks, r-release-osx-x86_64-snowleopard, r-release-windows-ix86+x86_64, r-oldrel-windows-ix86+x86_64

Version: 0.5
Check: dependencies in R code
Result: NOTE
    'library' or 'require' call to ‘geometry’ which was already attached by Depends.
     Please remove these calls from your code.
    Packages in Depends field not imported from:
     ‘LeafAngle’ ‘devtools’ ‘geometry’ ‘rgl’
     These packages need to be imported from (in the NAMESPACE file)
     for when this namespace is loaded but not attached.
    Unexported object imported by a ':::' call: ‘rgl:::GramSchmidt’
     See the note in ?`:::` about the use of this operator.
    There are ::: calls to the package's namespace in its code. A package
     almost never needs to use ::: for its own objects:
     ‘plot3dcylinder’
    See the information on DESCRIPTION files in the chapter ‘Creating R
    packages’ of the ‘Writing R Extensions’ manual.
Flavors: r-devel-linux-x86_64-debian-clang, r-devel-linux-x86_64-debian-gcc, r-devel-linux-x86_64-fedora-clang, r-devel-linux-x86_64-fedora-gcc, r-devel-osx-x86_64-clang, r-devel-windows-ix86+x86_64, r-patched-linux-x86_64, r-patched-solaris-sparc, r-patched-solaris-x86, r-release-linux-ix86, r-release-linux-x86_64, r-release-osx-x86_64-mavericks, r-release-windows-ix86+x86_64, r-oldrel-windows-ix86+x86_64

Version: 0.5
Check: R code for possible problems
Result: NOTE
    Found an obsolete/platform-specific call in the following function:
     ‘plot.yplantsim’
    Found the platform-specific device:
     ‘windows’
    dev.new() is the preferred way to open a new device, in the unlikely
    event one is needed.
Flavors: r-devel-linux-x86_64-debian-clang, r-devel-linux-x86_64-debian-gcc, r-devel-linux-x86_64-fedora-clang, r-devel-linux-x86_64-fedora-gcc, r-devel-osx-x86_64-clang, r-patched-linux-x86_64, r-patched-solaris-sparc, r-patched-solaris-x86, r-release-linux-ix86, r-release-linux-x86_64

Version: 0.5
Check: dependencies in R code
Result: NOTE
    ‘library’ or ‘require’ call to ‘geometry’ which was already attached by Depends.
     Please remove these calls from your code.
    Packages in Depends field not imported from:
     ‘LeafAngle’ ‘devtools’ ‘geometry’ ‘rgl’
     These packages need to be imported from for the case when
     this namespace is loaded but not attached.
    Unexported object imported by a ‘:::’ call: ‘rgl:::GramSchmidt’
     See the note in ?`:::` about the use of this operator.
    There are ::: calls to the package's namespace in its code. A package
     almost never needs to use ::: for its own objects:
     ‘plot3dcylinder’
    See the information on DESCRIPTION files in the chapter ‘Creating R
    packages’ of the ‘Writing R Extensions’ manual.
Flavor: r-release-osx-x86_64-snowleopard