CRAN Package Check Results for Package YplantQMC

Last updated on 2014-04-23 12:48:31.

Flavor Version Tinstall Tcheck Ttotal Status Flags
r-devel-linux-x86_64-debian-clang 0.5 3.20 36.40 39.60 NOTE
r-devel-linux-x86_64-debian-gcc 0.5 3.31 36.58 39.89 NOTE
r-devel-linux-x86_64-fedora-clang 0.5 77.39 NOTE
r-devel-linux-x86_64-fedora-gcc 0.5 74.60 NOTE
r-devel-osx-x86_64-clang 0.5 64.97 NOTE
r-devel-osx-x86_64-gcc 0.5 ERROR
r-devel-windows-ix86+x86_64 0.5 12.00 69.00 81.00 NOTE
r-patched-linux-x86_64 0.5 3.16 37.51 40.67 NOTE
r-patched-solaris-sparc 0.5 424.10 NOTE
r-patched-solaris-x86 0.5 96.10 NOTE
r-release-linux-ix86 0.5 6.00 63.00 69.00 NOTE
r-release-linux-x86_64 0.5 3.24 37.87 41.11 NOTE
r-release-osx-x86_64-mavericks 0.5 WARN
r-release-osx-x86_64-snowleopard 0.5 NOTE
r-release-windows-ix86+x86_64 0.5 14.00 66.00 80.00 NOTE
r-oldrel-windows-ix86+x86_64 0.5 16.00 68.00 84.00 NOTE

Check Details

Version: 0.5
Check: package dependencies
Result: NOTE
    Package suggested but not available for checking: ‘ypaddon’
Flavors: r-devel-linux-x86_64-debian-clang, r-devel-linux-x86_64-debian-gcc, r-devel-linux-x86_64-fedora-clang, r-devel-linux-x86_64-fedora-gcc, r-devel-osx-x86_64-clang, r-devel-windows-ix86+x86_64, r-patched-linux-x86_64, r-patched-solaris-sparc, r-patched-solaris-x86, r-release-linux-ix86, r-release-linux-x86_64, r-release-osx-x86_64-mavericks, r-release-osx-x86_64-snowleopard, r-release-windows-ix86+x86_64, r-oldrel-windows-ix86+x86_64

Version: 0.5
Check: dependencies in R code
Result: NOTE
    'library' or 'require' call to ‘geometry’ which was already attached by Depends.
     Please remove these calls from your code.
    Packages in Depends field not imported from:
     ‘LeafAngle’ ‘devtools’ ‘geometry’ ‘rgl’
     These packages need to be imported from (in the NAMESPACE file)
     for when this namespace is loaded but not attached.
    Unexported object imported by a ':::' call: ‘rgl:::GramSchmidt’
     See the note in ?`:::` about the use of this operator.
    There are ::: calls to the package's namespace in its code. A package
     almost never needs to use ::: for its own objects:
     ‘plot3dcylinder’
    See the information on DESCRIPTION files in the chapter ‘Creating R
    packages’ of the ‘Writing R Extensions’ manual.
Flavors: r-devel-linux-x86_64-debian-clang, r-devel-linux-x86_64-debian-gcc, r-devel-linux-x86_64-fedora-clang, r-devel-linux-x86_64-fedora-gcc, r-devel-osx-x86_64-clang, r-devel-windows-ix86+x86_64, r-patched-linux-x86_64, r-patched-solaris-sparc, r-patched-solaris-x86, r-release-linux-ix86, r-release-linux-x86_64, r-release-osx-x86_64-mavericks, r-release-windows-ix86+x86_64, r-oldrel-windows-ix86+x86_64

Version: 0.5
Check: R code for possible problems
Result: NOTE
    Found an obsolete/platform-specific call in the following function:
     ‘plot.yplantsim’
    Found the platform-specific device:
     ‘windows’
    dev.new() is the preferred way to open a new device, in the unlikely
    event one is needed.
Flavors: r-devel-linux-x86_64-debian-clang, r-devel-linux-x86_64-debian-gcc, r-devel-linux-x86_64-fedora-clang, r-devel-linux-x86_64-fedora-gcc, r-devel-osx-x86_64-clang, r-patched-linux-x86_64, r-patched-solaris-sparc, r-patched-solaris-x86, r-release-linux-ix86, r-release-linux-x86_64

Version: 0.5
Check: package dependencies
Result: ERROR
    Package required but not available: ‘devtools’
    
    Package suggested but not available for checking: ‘ypaddon’
    
    See the information on DESCRIPTION files in the chapter ‘Creating R
    packages’ of the ‘Writing R Extensions’ manual.
Flavor: r-devel-osx-x86_64-gcc

Version: 0.5
Check: PDF version of manual
Result: WARNING
    LaTeX errors when creating PDF version.
    This typically indicates Rd problems.
    LaTeX errors found:
    ! LaTeX Error: File `upquote.sty' not found.
    
    Type X to quit or <RETURN> to proceed,
    or enter new name. (Default extension: sty)
    
    e0dac3f/Rd2.tex:8: ==> Fatal error occurred, no output PDF file produced!
Flavor: r-release-osx-x86_64-mavericks

Version: 0.5
Check: dependencies in R code
Result: NOTE
    ‘library’ or ‘require’ call to ‘geometry’ which was already attached by Depends.
     Please remove these calls from your code.
    Packages in Depends field not imported from:
     ‘LeafAngle’ ‘devtools’ ‘geometry’ ‘rgl’
     These packages need to be imported from for the case when
     this namespace is loaded but not attached.
    Unexported object imported by a ‘:::’ call: ‘rgl:::GramSchmidt’
     See the note in ?`:::` about the use of this operator.
    There are ::: calls to the package's namespace in its code. A package
     almost never needs to use ::: for its own objects:
     ‘plot3dcylinder’
    See the information on DESCRIPTION files in the chapter ‘Creating R
    packages’ of the ‘Writing R Extensions’ manual.
Flavor: r-release-osx-x86_64-snowleopard