CRAN Package Check Results for Package YplantQMC

Last updated on 2015-04-25 03:47:55.

Flavor Version Tinstall Tcheck Ttotal Status Flags
r-devel-linux-x86_64-debian-clang 0.6-4 2.30 24.26 26.56 NOTE
r-devel-linux-x86_64-debian-gcc 0.6-4 2.45 23.61 26.06 NOTE
r-devel-linux-x86_64-fedora-clang 0.6-4 50.65 NOTE
r-devel-linux-x86_64-fedora-gcc 0.6-4 49.40 NOTE
r-devel-osx-x86_64-clang 0.6-4 51.55 NOTE
r-devel-windows-ix86+x86_64 0.6-4 12.00 42.00 54.00 NOTE
r-patched-linux-x86_64 0.6-4 2.45 24.08 26.53 NOTE
r-patched-solaris-sparc 0.6-4 322.20 NOTE
r-patched-solaris-x86 0.6-4 66.90 NOTE
r-release-linux-x86_64 0.6-4 2.31 24.69 27.00 NOTE
r-release-osx-x86_64-mavericks 0.6-4 NOTE
r-release-osx-x86_64-snowleopard 0.6-4 ERROR
r-release-windows-ix86+x86_64 0.6-4 12.00 45.00 57.00 NOTE
r-oldrel-windows-ix86+x86_64 0.6-4 10.00 61.00 71.00 NOTE

Check Details

Version: 0.6-4
Check: dependencies in R code
Result: NOTE
    'library' or 'require' call to 'maps' in package code.
     Please use :: or requireNamespace() instead.
     See section 'Suggested packages' in the 'Writing R Extensions' manual.
Flavors: r-devel-windows-ix86+x86_64, r-patched-linux-x86_64, r-release-windows-ix86+x86_64, r-oldrel-windows-ix86+x86_64