CRAN Package Check Results for Package YplantQMC

Last updated on 2015-05-22 23:48:17.

Flavor Version Tinstall Tcheck Ttotal Status Flags
r-devel-linux-x86_64-debian-clang 0.6-4 2.39 27.10 29.49 NOTE
r-devel-linux-x86_64-debian-gcc 0.6-4 2.30 24.22 26.52 NOTE
r-devel-linux-x86_64-fedora-clang 0.6-4 49.58 NOTE
r-devel-linux-x86_64-fedora-gcc 0.6-4 46.32 NOTE
r-devel-osx-x86_64-clang 0.6-4 50.03 NOTE
r-devel-windows-ix86+x86_64 0.6-4 16.00 46.00 62.00 NOTE
r-patched-linux-x86_64 0.6-4 2.33 24.23 26.56 NOTE
r-patched-solaris-sparc 0.6-4 306.50 NOTE
r-patched-solaris-x86 0.6-4 69.30 NOTE
r-release-linux-x86_64 0.6-4 2.21 24.84 27.06 NOTE
r-release-osx-x86_64-mavericks 0.6-4 NOTE
r-release-osx-x86_64-snowleopard 0.6-4 ERROR
r-release-windows-ix86+x86_64 0.6-4 11.00 44.00 55.00 NOTE
r-oldrel-windows-ix86+x86_64 0.6-4 16.00 61.00 77.00 NOTE

Check Details

Version: 0.6-4
Check: dependencies in R code
Result: NOTE
    'library' or 'require' call to ‘maps’ in package code.
     Please use :: or requireNamespace() instead.
     See section 'Suggested packages' in the 'Writing R Extensions' manual.
Flavors: r-devel-linux-x86_64-debian-clang, r-devel-linux-x86_64-debian-gcc, r-devel-linux-x86_64-fedora-clang, r-devel-linux-x86_64-fedora-gcc, r-devel-osx-x86_64-clang, r-devel-windows-ix86+x86_64, r-patched-linux-x86_64, r-patched-solaris-sparc, r-patched-solaris-x86, r-release-linux-x86_64, r-release-osx-x86_64-mavericks, r-release-osx-x86_64-snowleopard, r-release-windows-ix86+x86_64, r-oldrel-windows-ix86+x86_64

Version: 0.6-4
Check: examples
Result: ERROR
    Running examples in ‘YplantQMC-Ex.R’ failed
    The error most likely occurred in:
    
    > ### Name: crownhull
    > ### Title: Calculates and plots the convex hull around the plant crown
    > ### Aliases: crownhull
    > ### Keywords: misc
    >
    > ### ** Examples
    >
    > # Toona example (plant included in package).
    > crownhull(toona)
    Wed Apr 29 08:59:38 hagal.research.att.com R[28944] <Error>: unknown error code: invalid pixel format
    Wed Apr 29 08:59:38 hagal.research.att.com R[28944] <Error>: kCGErrorFailure: Set a breakpoint @ CGErrorBreakpoint() to catch errors as they are logged.
    X Error of failed request: GLXBadContext
     Major opcode of failed request: 0 ()
     Serial number of failed request: 27
     Current serial number in output stream: 27
Flavor: r-release-osx-x86_64-snowleopard