CRAN Package Check Results for Package YplantQMC

Last updated on 2015-03-29 00:48:33.

Flavor Version Tinstall Tcheck Ttotal Status Flags
r-devel-linux-x86_64-debian-clang 0.6-4 2.32 24.58 26.91 NOTE
r-devel-linux-x86_64-debian-gcc 0.6-4 2.40 24.33 26.74 NOTE
r-devel-linux-x86_64-fedora-clang 0.6-4 48.96 NOTE
r-devel-linux-x86_64-fedora-gcc 0.6-4 46.84 NOTE
r-devel-osx-x86_64-clang 0.6-4 53.42 NOTE
r-prerel-windows-ix86+x86_64 0.6-4 16.00 43.00 59.00 NOTE
r-prerel-linux-x86_64 0.6-4 2.21 23.56 25.77 NOTE
r-prerel-solaris-sparc 0.6-4 322.20 NOTE
r-prerel-solaris-x86 0.6-4 65.60 NOTE
r-release-linux-x86_64 0.6-4 2.92 30.38 33.30 NOTE
r-release-osx-x86_64-mavericks 0.6-4 OK
r-release-osx-x86_64-snowleopard 0.6-4 ERROR
r-release-windows-ix86+x86_64 0.6-4 14.00 61.00 75.00 NOTE
r-oldrel-windows-ix86+x86_64 0.6-4 14.00 100.00 114.00 NOTE

Check Details

Version: 0.6-4
Check: dependencies in R code
Result: NOTE
    'library' or 'require' call to ‘maps’ in package code.
     Please use :: or requireNamespace() instead.
     See section 'Suggested packages' in the 'Writing R Extensions' manual.
Flavors: r-devel-linux-x86_64-debian-clang, r-devel-linux-x86_64-debian-gcc, r-devel-linux-x86_64-fedora-clang, r-devel-linux-x86_64-fedora-gcc, r-devel-osx-x86_64-clang, r-prerel-windows-ix86+x86_64, r-prerel-linux-x86_64, r-prerel-solaris-sparc, r-prerel-solaris-x86, r-release-linux-x86_64, r-release-osx-x86_64-snowleopard, r-release-windows-ix86+x86_64

Version: 0.6-4
Check: examples
Result: ERROR
    Running examples in ‘YplantQMC-Ex.R’ failed
    The error most likely occurred in:
    
    > ### Name: crownhull
    > ### Title: Calculates and plots the convex hull around the plant crown
    > ### Aliases: crownhull
    > ### Keywords: misc
    >
    > ### ** Examples
    >
    > # Toona example (plant included in package).
    > crownhull(toona)
    Sat Mar 28 03:56:57 hagal.research.att.com R[45979] <Error>: unknown error code: invalid pixel format
    Sat Mar 28 03:56:57 hagal.research.att.com R[45979] <Error>: kCGErrorFailure: Set a breakpoint @ CGErrorBreakpoint() to catch errors as they are logged.
    X Error of failed request: GLXBadContext
     Major opcode of failed request: 0 ()
     Serial number of failed request: 27
     Current serial number in output stream: 27
Flavor: r-release-osx-x86_64-snowleopard

Version: 0.6-4
Check: dependencies in R code
Result: NOTE
    Missing or unexported objects:
     'YplantQMC::turtle' 'YplantQMC::turtle244' 'YplantQMC::turtle482'
     'YplantQMC::yplantaltaz'
    See the information on DESCRIPTION files in the chapter 'Creating R
    packages' of the 'Writing R Extensions' manual.
Flavor: r-oldrel-windows-ix86+x86_64