CRAN Package Check Results for Package YplantQMC

Last updated on 2016-08-27 04:51:16.

Flavor Version Tinstall Tcheck Ttotal Status Flags
r-devel-linux-x86_64-debian-clang 0.6-6 2.70 31.57 34.27 OK
r-devel-linux-x86_64-debian-gcc 0.6-6 3.86 39.50 43.36 OK
r-devel-linux-x86_64-fedora-clang 0.6-6 49.56 OK
r-devel-linux-x86_64-fedora-gcc 0.6-6 44.01 OK
r-devel-osx-x86_64-clang 0.6-6 43.14 OK
r-devel-windows-ix86+x86_64 0.6-6 14.00 56.00 70.00 OK
r-patched-linux-x86_64 0.6-6 2.27 26.75 29.02 OK
r-patched-solaris-sparc 0.6-6 320.80 OK
r-patched-solaris-x86 0.6-6 62.20 OK
r-release-linux-x86_64 0.6-6 6.11 31.02 37.13 OK
r-release-osx-x86_64-mavericks 0.6-6 WARN
r-release-windows-ix86+x86_64 0.6-6 17.00 84.00 101.00 OK
r-oldrel-windows-ix86+x86_64 0.6-6 14.00 70.00 84.00 OK

Check Details

Version: 0.6-6
Check: whether package can be installed
Result: WARN
    Found the following significant warnings:
     Warning: 'rgl_init' failed, running with rgl.useNULL = TRUE
Flavor: r-release-osx-x86_64-mavericks

Version: 0.6-6
Check: dependencies in R code
Result: NOTE
    Invalid MIT-MAGIC-COOKIE-1 key
Flavor: r-release-osx-x86_64-mavericks

Version: 0.6-6
Check: S3 generic/method consistency
Result: WARN
    Invalid MIT-MAGIC-COOKIE-1 key
    See section ‘Generic functions and methods’ in the ‘Writing R
    Extensions’ manual.
Flavor: r-release-osx-x86_64-mavericks

Version: 0.6-6
Check: replacement functions
Result: WARN
    Invalid MIT-MAGIC-COOKIE-1 key
    The argument of a replacement function which corresponds to the right
    hand side must be named ‘value’.
Flavor: r-release-osx-x86_64-mavericks

Version: 0.6-6
Check: foreign function calls
Result: NOTE
    Invalid MIT-MAGIC-COOKIE-1 key
    See chapter ‘System and foreign language interfaces’ in the ‘Writing R
    Extensions’ manual.
Flavor: r-release-osx-x86_64-mavericks

Version: 0.6-6
Check: R code for possible problems
Result: NOTE
    Invalid MIT-MAGIC-COOKIE-1 key
Flavor: r-release-osx-x86_64-mavericks

Version: 0.6-6
Check: for missing documentation entries
Result: WARN
    Invalid MIT-MAGIC-COOKIE-1 key
    All user-level objects in a package should have documentation entries.
    See chapter ‘Writing R documentation files’ in the ‘Writing R
    Extensions’ manual.
Flavor: r-release-osx-x86_64-mavericks

Version: 0.6-6
Check: for code/documentation mismatches
Result: WARN
    Invalid MIT-MAGIC-COOKIE-1 key
    Invalid MIT-MAGIC-COOKIE-1 key
    Invalid MIT-MAGIC-COOKIE-1 key
Flavor: r-release-osx-x86_64-mavericks

Version: 0.6-6
Check: Rd \usage sections
Result: NOTE
    Invalid MIT-MAGIC-COOKIE-1 key
    The \usage entries for S3 methods should use the \method markup and not
    their full name.
    See chapter ‘Writing R documentation files’ in the ‘Writing R
    Extensions’ manual.
Flavor: r-release-osx-x86_64-mavericks