CRAN Package Check Results for Package ZIM

Last updated on 2022-01-27 23:56:50 CET.

Flavor Version Tinstall Tcheck Ttotal Status Flags
r-devel-linux-x86_64-debian-clang 1.1.0 3.27 40.51 43.78 OK
r-devel-linux-x86_64-debian-gcc 1.1.0 4.08 31.36 35.44 OK
r-devel-linux-x86_64-fedora-clang 1.1.0 56.01 NOTE
r-devel-linux-x86_64-fedora-gcc 1.1.0 46.85 OK
r-devel-windows-x86_64-new-UL 1.1.0 28.00 56.00 84.00 OK
r-devel-windows-x86_64-new-TK 1.1.0 OK
r-patched-linux-x86_64 1.1.0 3.87 39.49 43.36 OK
r-release-linux-x86_64 1.1.0 4.72 38.71 43.43 OK
r-release-macos-arm64 1.1.0 OK
r-release-macos-x86_64 1.1.0 OK
r-release-windows-ix86+x86_64 1.1.0 10.00 47.00 57.00 OK
r-oldrel-macos-x86_64 1.1.0 NOTE
r-oldrel-windows-ix86+x86_64 1.1.0 9.00 48.00 57.00 OK

Check Details

Version: 1.1.0
Check: Rd cross-references
Result: NOTE
    Undeclared package ‘dplyr’ in Rd xrefs
Flavor: r-devel-linux-x86_64-fedora-clang

Version: 1.1.0
Check: package dependencies
Result: NOTE
    Package suggested but not available for checking: ‘TSA’
Flavor: r-oldrel-macos-x86_64

Version: 1.1.0
Check: Rd cross-references
Result: NOTE
    Unknown package ‘TSA’ in Rd xrefs
Flavor: r-oldrel-macos-x86_64