CRAN Package Check Results for Package ZIM

Last updated on 2015-05-29 13:49:27.

Flavor Version Tinstall Tcheck Ttotal Status Flags
r-devel-linux-x86_64-debian-clang 1.0.2 0.84 15.94 16.78 NOTE
r-devel-linux-x86_64-debian-gcc 1.0.2 0.67 15.99 16.66 NOTE
r-devel-linux-x86_64-fedora-clang 1.0.2 32.09 NOTE
r-devel-linux-x86_64-fedora-gcc 1.0.2 29.05 NOTE
r-devel-osx-x86_64-clang 1.0.2 33.93 NOTE
r-devel-windows-ix86+x86_64 1.0.2 3.00 24.00 27.00 NOTE
r-patched-linux-x86_64 1.0.2 0.72 15.64 16.36 NOTE
r-patched-solaris-sparc 1.0.2 196.20 NOTE
r-patched-solaris-x86 1.0.2 42.70 NOTE
r-release-linux-x86_64 1.0.2 0.69 16.17 16.86 NOTE
r-release-osx-x86_64-mavericks 1.0.2 NOTE
r-release-osx-x86_64-snowleopard 1.0.2 NOTE
r-release-windows-ix86+x86_64 1.0.2 3.00 26.00 29.00 NOTE
r-oldrel-windows-ix86+x86_64 1.0.2 3.00 28.00 31.00 OK

Check Details

Version: 1.0.2
Check: DESCRIPTION meta-information
Result: NOTE
    Malformed Description field: should contain one or more complete sentences.
Flavors: r-devel-linux-x86_64-debian-clang, r-devel-linux-x86_64-debian-gcc, r-devel-linux-x86_64-fedora-clang, r-devel-linux-x86_64-fedora-gcc, r-devel-osx-x86_64-clang, r-devel-windows-ix86+x86_64, r-patched-linux-x86_64, r-patched-solaris-sparc, r-patched-solaris-x86, r-release-linux-x86_64, r-release-osx-x86_64-mavericks, r-release-osx-x86_64-snowleopard, r-release-windows-ix86+x86_64