CRAN Package Check Results for Package ZIM

Last updated on 2015-04-19 19:52:08.

Flavor Version Tinstall Tcheck Ttotal Status Flags
r-devel-linux-x86_64-debian-clang 1.0.2 0.69 16.10 16.79 NOTE
r-devel-linux-x86_64-debian-gcc 1.0.2 0.71 15.88 16.58 NOTE
r-devel-linux-x86_64-fedora-clang 1.0.2 32.22 NOTE
r-devel-linux-x86_64-fedora-gcc 1.0.2 29.42 NOTE
r-devel-osx-x86_64-clang 1.0.2 37.58 NOTE
r-devel-windows-ix86+x86_64 1.0.2 4.00 25.00 29.00 NOTE
r-patched-linux-x86_64 1.0.2 0.78 15.59 16.38 NOTE
r-patched-solaris-sparc 1.0.2 210.30 NOTE
r-patched-solaris-x86 1.0.2 41.30 NOTE
r-release-linux-x86_64 1.0.2 0.69 16.52 17.22 NOTE
r-release-osx-x86_64-mavericks 1.0.2 NOTE
r-release-osx-x86_64-snowleopard 1.0.2 NOTE
r-release-windows-ix86+x86_64 1.0.2 2.00 22.00 24.00 NOTE
r-oldrel-windows-ix86+x86_64 1.0.2 3.00 25.00 28.00 OK

Check Details

Version: 1.0.2
Check: DESCRIPTION meta-information
Result: NOTE
    Malformed Description field: should contain one or more complete sentences.
Flavors: r-devel-linux-x86_64-debian-clang, r-devel-linux-x86_64-debian-gcc, r-devel-linux-x86_64-fedora-clang, r-devel-linux-x86_64-fedora-gcc, r-devel-osx-x86_64-clang, r-devel-windows-ix86+x86_64, r-patched-linux-x86_64, r-patched-solaris-sparc, r-patched-solaris-x86, r-release-linux-x86_64, r-release-osx-x86_64-mavericks, r-release-osx-x86_64-snowleopard, r-release-windows-ix86+x86_64