CRAN Package Check Results for Package ZIM

Last updated on 2014-04-16 15:49:38.

Flavor Version Tinstall Tcheck Ttotal Status Flags
r-devel-linux-x86_64-debian-clang 1.0 0.79 15.34 16.13 NOTE
r-devel-linux-x86_64-debian-gcc 1.0 0.78 15.69 16.47 NOTE
r-devel-linux-x86_64-fedora-clang 1.0 32.05 NOTE
r-devel-linux-x86_64-fedora-gcc 1.0 30.07 NOTE
r-devel-macosx-x86_64-clang 1.0 34.34 NOTE
r-devel-macosx-x86_64-gcc 1.0 NOTE
r-devel-windows-ix86+x86_64 1.0 2.00 24.00 26.00 NOTE
r-patched-linux-x86_64 1.0 0.78 16.14 16.92 NOTE
r-patched-solaris-sparc 1.0 190.60 NOTE
r-patched-solaris-x86 1.0 41.50 NOTE
r-release-linux-ix86 1.0 2.00 31.00 33.00 NOTE
r-release-linux-x86_64 1.0 0.78 15.74 16.52 NOTE
r-release-macosx-x86_64 1.0 NOTE
r-release-windows-ix86+x86_64 1.0 3.00 26.00 29.00 NOTE
r-oldrel-windows-ix86+x86_64 1.0 3.00 22.00 25.00 NOTE

Check Details

Version: 1.0
Check: dependencies in R code
Result: NOTE
    'library' or 'require' call to ‘MASS’ which was already attached by Depends.
     Please remove these calls from your code.
    Package in Depends field not imported from: ‘MASS’
     These packages need to be imported from (in the NAMESPACE file)
     for when this namespace is loaded but not attached.
    See the information on DESCRIPTION files in the chapter ‘Creating R
    packages’ of the ‘Writing R Extensions’ manual.
Flavors: r-devel-linux-x86_64-debian-clang, r-devel-linux-x86_64-debian-gcc, r-devel-linux-x86_64-fedora-clang, r-devel-linux-x86_64-fedora-gcc, r-devel-macosx-x86_64-clang, r-devel-macosx-x86_64-gcc, r-devel-windows-ix86+x86_64, r-patched-linux-x86_64, r-patched-solaris-sparc, r-patched-solaris-x86, r-release-linux-ix86, r-release-linux-x86_64, r-release-windows-ix86+x86_64, r-oldrel-windows-ix86+x86_64

Version: 1.0
Check: Rd cross-references
Result: NOTE
    Package unavailable to check Rd xrefs: ‘TSA’
Flavor: r-devel-macosx-x86_64-gcc

Version: 1.0
Check: dependencies in R code
Result: NOTE
    'library' or 'require' call to 'MASS' which was already attached by Depends.
     Please remove these calls from your code.
    See the information on DESCRIPTION files in the chapter 'Creating R
    packages' of the 'Writing R Extensions' manual.
Flavor: r-release-macosx-x86_64