CRAN Package Check Results for Package ZIM

Last updated on 2015-07-07 15:46:56.

Flavor Version Tinstall Tcheck Ttotal Status Flags
r-devel-linux-x86_64-debian-clang 1.0.2 0.67 14.90 15.56 NOTE
r-devel-linux-x86_64-debian-gcc 1.0.2 0.72 14.63 15.35 NOTE
r-devel-linux-x86_64-fedora-clang 1.0.2 28.21 NOTE
r-devel-linux-x86_64-fedora-gcc 1.0.2 26.89 NOTE
r-devel-osx-x86_64-clang 1.0.2 30.38 NOTE
r-devel-windows-ix86+x86_64 1.0.2 4.00 26.00 30.00 NOTE
r-patched-linux-x86_64 1.0.2 0.68 16.13 16.81 NOTE
r-patched-solaris-sparc 1.0.2 196.20 NOTE
r-patched-solaris-x86 1.0.2 41.70 NOTE
r-release-linux-x86_64 1.0.2 0.68 15.75 16.43 NOTE
r-release-osx-x86_64-mavericks 1.0.2 NOTE
r-release-windows-ix86+x86_64 1.0.2 4.00 29.00 33.00 NOTE
r-oldrel-windows-ix86+x86_64 1.0.2 4.00 30.00 34.00 OK

Check Details

Version: 1.0.2
Check: DESCRIPTION meta-information
Result: NOTE
    Malformed Description field: should contain one or more complete sentences.
Flavors: r-devel-linux-x86_64-debian-clang, r-devel-linux-x86_64-debian-gcc, r-devel-linux-x86_64-fedora-clang, r-devel-linux-x86_64-fedora-gcc, r-devel-osx-x86_64-clang, r-devel-windows-ix86+x86_64, r-patched-linux-x86_64, r-patched-solaris-sparc, r-patched-solaris-x86, r-release-linux-x86_64, r-release-osx-x86_64-mavericks, r-release-windows-ix86+x86_64

Version: 1.0.2
Check: R code for possible problems
Result: NOTE
    bshift: no visible global function definition for ‘window’
    dzim: no visible global function definition for ‘model.response’
    dzim: no visible global function definition for ‘model.matrix’
    dzim: no visible global function definition for ‘terms’
    dzim: no visible global function definition for ‘model.weights’
    dzim: no visible global function definition for ‘model.offset’
    dzim.filter: no visible global function definition for ‘rnorm’
    dzim.filter: no visible global function definition for ‘rbinom’
    dzim.filter: no visible global function definition for ‘rgamma’
    dzim.filter: no visible global function definition for ‘dpois’
    dzim.fit : nb.fit: no visible global function definition for ‘optimize’
    dzim.fit : em: no visible global function definition for ‘glm.fit’
    dzim.fit: Error while checking: invalid ‘envir’ argument
    dzim.plot: no visible binding for global variable ‘sd’
    dzim.plot: no visible global function definition for ‘plot.ts’
    dzim.plot: no visible global function definition for ‘points’
    dzim.sim: no visible global function definition for ‘rnorm’
    dzim.sim: no visible global function definition for ‘rbinom’
    dzim.sim: no visible global function definition for ‘rgamma’
    dzim.sim: no visible global function definition for ‘rpois’
    dzim.smooth: no visible global function definition for ‘dnorm’
    dzim.smooth: no visible global function definition for ‘dbinom’
    dzim.smooth: no visible global function definition for ‘dgamma’
    dzinb: no visible global function definition for ‘dnbinom’
    dzip: no visible global function definition for ‘dpois’
    print.dzim: no visible global function definition for ‘printCoefmat’
    print.zim: no visible global function definition for ‘printCoefmat’
    pvalue: no visible global function definition for ‘pt’
    pzinb: no visible global function definition for ‘pnbinom’
    pzip: no visible global function definition for ‘ppois’
    qzinb: no visible global function definition for ‘qnbinom’
    qzip: no visible global function definition for ‘qpois’
    rzinb: no visible global function definition for ‘rbinom’
    rzinb: no visible global function definition for ‘rnbinom’
    rzip: no visible global function definition for ‘rbinom’
    rzip: no visible global function definition for ‘rpois’
    zim: no visible global function definition for ‘model.response’
    zim: no visible global function definition for ‘model.matrix’
    zim: no visible global function definition for ‘terms’
    zim: no visible global function definition for ‘model.weights’
    zim: no visible global function definition for ‘model.offset’
    zim: no visible global function definition for ‘plogis’
    zim: no visible global function definition for ‘pnorm’
    zim.fit : loglik : zip.loglik: no visible global function definition
     for ‘plogis’
    zim.fit : loglik : zinb.loglik: no visible global function definition
     for ‘plogis’
    zim.fit : em : zip.em: no visible global function definition for
     ‘plogis’
    zim.fit : em : zip.em: no visible global function definition for
     ‘glm.fit’
    zim.fit: Error while checking: invalid ‘envir’ argument
    Undefined global functions or variables:
     dbinom dgamma dnbinom dnorm dpois glm.fit model.matrix model.offset
     model.response model.weights optimize plogis plot.ts pnbinom pnorm
     points ppois printCoefmat pt qnbinom qpois rbinom rgamma rnbinom
     rnorm rpois sd terms window
Flavors: r-devel-linux-x86_64-debian-clang, r-devel-linux-x86_64-debian-gcc, r-devel-linux-x86_64-fedora-clang, r-devel-linux-x86_64-fedora-gcc

Version: 1.0.2
Check: R code for possible problems
Result: NOTE
    bshift: no visible global function definition for 'window'
    dzim: no visible global function definition for 'model.response'
    dzim: no visible global function definition for 'model.matrix'
    dzim: no visible global function definition for 'terms'
    dzim: no visible global function definition for 'model.weights'
    dzim: no visible global function definition for 'model.offset'
    dzim.filter: no visible global function definition for 'rnorm'
    dzim.filter: no visible global function definition for 'rbinom'
    dzim.filter: no visible global function definition for 'rgamma'
    dzim.filter: no visible global function definition for 'dpois'
    dzim.fit : nb.fit: no visible global function definition for 'optimize'
    dzim.fit : em: no visible global function definition for 'glm.fit'
    dzim.fit : em: no visible global function definition for 'poisson'
    dzim.fit: no visible global function definition for 'glm'
    dzim.fit: no visible binding for global variable 'poisson'
    dzim.fit: no visible global function definition for 'plogis'
    dzim.fit: no visible global function definition for 'ts'
    dzim.plot: no visible binding for global variable 'sd'
    dzim.plot: no visible global function definition for 'plot.ts'
    dzim.plot: no visible global function definition for 'points'
    dzim.sim: no visible global function definition for 'rnorm'
    dzim.sim: no visible global function definition for 'rbinom'
    dzim.sim: no visible global function definition for 'rgamma'
    dzim.sim: no visible global function definition for 'rpois'
    dzim.smooth: no visible global function definition for 'dnorm'
    dzim.smooth: no visible global function definition for 'dbinom'
    dzim.smooth: no visible global function definition for 'dgamma'
    dzinb: no visible global function definition for 'dnbinom'
    dzip: no visible global function definition for 'dpois'
    print.dzim: no visible global function definition for 'printCoefmat'
    print.zim: no visible global function definition for 'printCoefmat'
    pvalue: no visible global function definition for 'pt'
    pzinb: no visible global function definition for 'pnbinom'
    pzip: no visible global function definition for 'ppois'
    qzinb: no visible global function definition for 'qnbinom'
    qzip: no visible global function definition for 'qpois'
    rzinb: no visible global function definition for 'rbinom'
    rzinb: no visible global function definition for 'rnbinom'
    rzip: no visible global function definition for 'rbinom'
    rzip: no visible global function definition for 'rpois'
    zim: no visible global function definition for 'model.response'
    zim: no visible global function definition for 'model.matrix'
    zim: no visible global function definition for 'terms'
    zim: no visible global function definition for 'model.weights'
    zim: no visible global function definition for 'model.offset'
    zim: no visible global function definition for 'plogis'
    zim: no visible global function definition for 'pnorm'
    zim.fit : loglik : zip.loglik: no visible global function definition
     for 'plogis'
    zim.fit : loglik : zinb.loglik: no visible global function definition
     for 'plogis'
    zim.fit : em : zip.em: no visible global function definition for
     'plogis'
    zim.fit : em : zip.em: no visible global function definition for
     'glm.fit'
    zim.fit : em : zip.em: no visible global function definition for
     'poisson'
    zim.fit : em : zip.em: no visible global function definition for
     'binomial'
    zim.fit : em : zinb.em: no visible global function definition for
     'plogis'
    zim.fit : em : zinb.em: no visible global function definition for
     'glm.fit'
    zim.fit : em : zinb.em: no visible global function definition for
     'binomial'
    zim.fit : deriv : zip.deriv: no visible global function definition for
     'plogis'
    zim.fit : deriv : zinb.deriv: no visible global function definition for
     'plogis'
    zim.fit: no visible global function definition for 'glm.fit'
    zim.fit: no visible global function definition for 'poisson'
    zim.fit: no visible global function definition for 'binomial'
    Undefined global functions or variables:
     binomial dbinom dgamma dnbinom dnorm dpois glm glm.fit model.matrix
     model.offset model.response model.weights optimize plogis plot.ts
     pnbinom pnorm points poisson ppois printCoefmat pt qnbinom qpois
     rbinom rgamma rnbinom rnorm rpois sd terms ts window
Flavor: r-devel-windows-ix86+x86_64