CRAN Package Check Results for Package ZIM

Last updated on 2015-02-27 22:49:36.

Flavor Version Tinstall Tcheck Ttotal Status Flags
r-devel-linux-x86_64-debian-clang 1.0.2 0.69 15.98 16.67 NOTE
r-devel-linux-x86_64-debian-gcc 1.0.2 0.72 15.71 16.43 NOTE
r-devel-linux-x86_64-fedora-clang 1.0.2 32.01 NOTE
r-devel-linux-x86_64-fedora-gcc 1.0.2 30.79 NOTE
r-devel-osx-x86_64-clang 1.0.2 35.18 NOTE
r-devel-windows-ix86+x86_64 1.0.2 4.00 25.00 29.00 NOTE
r-patched-linux-x86_64 1.0.2 0.81 17.71 18.52 OK
r-patched-solaris-sparc 1.0.2 223.00 OK
r-release-linux-ix86 1.0.2 1.11 32.62 33.73 OK
r-release-linux-x86_64 1.0.2 0.79 17.51 18.30 OK
r-release-osx-x86_64-mavericks 1.0.2 OK
r-release-osx-x86_64-snowleopard 1.0.2 OK
r-release-windows-ix86+x86_64 1.0.2 3.00 27.00 30.00 OK
r-oldrel-windows-ix86+x86_64 1.0.2 3.00 28.00 31.00 OK

Check Details

Version: 1.0.2
Check: DESCRIPTION meta-information
Result: NOTE
    Malformed Description field: should contain one or more complete sentences.
Flavors: r-devel-linux-x86_64-debian-clang, r-devel-linux-x86_64-debian-gcc, r-devel-linux-x86_64-fedora-clang, r-devel-linux-x86_64-fedora-gcc, r-devel-osx-x86_64-clang, r-devel-windows-ix86+x86_64