CRAN Package Check Results for Package ZeBook

Last updated on 2014-07-24 15:52:29.

Flavor Version Tinstall Tcheck Ttotal Status Flags
r-devel-linux-x86_64-debian-clang 0.5 30.34 24.59 54.94 NOTE
r-devel-linux-x86_64-debian-gcc 0.5 29.73 24.10 53.83 NOTE
r-devel-linux-x86_64-fedora-clang 0.5 108.77 NOTE
r-devel-linux-x86_64-fedora-gcc 0.5 103.77 NOTE
r-devel-osx-x86_64-clang 0.5 97.13 NOTE
r-devel-windows-ix86+x86_64 0.5 49.00 38.00 87.00 NOTE
r-patched-linux-x86_64 0.5 29.66 23.63 53.29 NOTE
r-patched-solaris-sparc 0.5 666.00 NOTE
r-patched-solaris-x86 0.5 173.60 NOTE
r-release-linux-ix86 0.5 36.20 33.40 69.60 NOTE
r-release-linux-x86_64 0.5 30.05 23.80 53.85 NOTE
r-release-osx-x86_64-mavericks 0.5 NOTE
r-release-osx-x86_64-snowleopard 0.5 OK
r-release-windows-ix86+x86_64 0.5 61.00 36.00 97.00 NOTE
r-oldrel-windows-ix86+x86_64 0.5 48.00 41.00 89.00 NOTE

Check Details

Version: 0.5
Check: dependencies in R code
Result: NOTE
    Packages in Depends field not imported from:
     ‘deSolve’ ‘triangle’
     These packages need to be imported from (in the NAMESPACE file)
     for when this namespace is loaded but not attached.
    See the information on DESCRIPTION files in the chapter ‘Creating R
    packages’ of the ‘Writing R Extensions’ manual.
Flavors: r-devel-linux-x86_64-debian-clang, r-devel-linux-x86_64-debian-gcc, r-devel-linux-x86_64-fedora-clang, r-devel-linux-x86_64-fedora-gcc, r-devel-osx-x86_64-clang, r-devel-windows-ix86+x86_64, r-patched-linux-x86_64, r-patched-solaris-sparc, r-patched-solaris-x86, r-release-linux-ix86, r-release-linux-x86_64, r-release-osx-x86_64-mavericks, r-release-windows-ix86+x86_64, r-oldrel-windows-ix86+x86_64