CRAN Package Check Results for Package ZeBook

Last updated on 2014-04-18 17:48:13.

Flavor Version Tinstall Tcheck Ttotal Status Flags
r-devel-linux-x86_64-debian-clang 0.5 30.42 24.06 54.48 NOTE
r-devel-linux-x86_64-debian-gcc NOTE
r-devel-linux-x86_64-fedora-clang 0.5 115.70 NOTE
r-devel-linux-x86_64-fedora-gcc 0.5 106.26 NOTE
r-devel-macosx-x86_64-clang 0.5 93.26 NOTE
r-devel-macosx-x86_64-gcc 0.5 NOTE
r-devel-windows-ix86+x86_64 0.5 50.00 49.00 99.00 NOTE
r-patched-linux-x86_64 0.5 29.54 24.99 54.53 NOTE
r-patched-solaris-sparc 0.5 666.00 NOTE
r-patched-solaris-x86 0.5 147.50 NOTE
r-release-linux-ix86 0.5 66.00 46.00 112.00 NOTE
r-release-linux-x86_64 0.5 30.04 25.36 55.41 NOTE
r-release-macosx-x86_64 0.5 OK
r-release-windows-ix86+x86_64 0.5 60.00 53.00 113.00 NOTE
r-oldrel-windows-ix86+x86_64 0.5 48.00 41.00 89.00 NOTE

Check Details

Version: 0.5
Check: dependencies in R code
Result: NOTE
    Packages in Depends field not imported from:
     ‘deSolve’ ‘triangle’
     These packages need to be imported from (in the NAMESPACE file)
     for when this namespace is loaded but not attached.
    See the information on DESCRIPTION files in the chapter ‘Creating R
    packages’ of the ‘Writing R Extensions’ manual.
Flavors: r-devel-linux-x86_64-debian-clang, r-devel-linux-x86_64-debian-gcc, r-devel-linux-x86_64-fedora-clang, r-devel-linux-x86_64-fedora-gcc, r-devel-macosx-x86_64-clang, r-devel-macosx-x86_64-gcc, r-devel-windows-ix86+x86_64, r-patched-linux-x86_64, r-patched-solaris-sparc, r-patched-solaris-x86, r-release-linux-ix86, r-release-linux-x86_64, r-release-windows-ix86+x86_64, r-oldrel-windows-ix86+x86_64