CRAN Package Check Results for Package ZeBook

Last updated on 2015-07-31 10:47:51.

Flavor Version Tinstall Tcheck Ttotal Status Flags
r-devel-linux-x86_64-debian-clang 0.5 29.14 24.61 53.74 NOTE
r-devel-linux-x86_64-debian-gcc 0.5 41.83 24.04 65.87 NOTE
r-devel-linux-x86_64-fedora-clang 0.5 107.90 NOTE
r-devel-linux-x86_64-fedora-gcc 0.5 104.74 NOTE
r-devel-osx-x86_64-clang 0.5 87.86 NOTE
r-devel-windows-ix86+x86_64 0.5 47.00 36.00 83.00 NOTE
r-patched-linux-x86_64 0.5 29.93 24.80 54.72 NOTE
r-patched-solaris-sparc 0.5 667.40 NOTE
r-patched-solaris-x86 0.5 175.10 NOTE
r-release-linux-x86_64 0.5 30.74 23.95 54.70 NOTE
r-release-osx-x86_64-mavericks 0.5 NOTE
r-release-windows-ix86+x86_64 0.5 60.00 38.00 98.00 NOTE
r-oldrel-windows-ix86+x86_64 0.5 50.00 54.00 104.00 NOTE

Check Details

Version: 0.5
Check: dependencies in R code
Result: NOTE
    Packages in Depends field not imported from:
     ‘deSolve’ ‘triangle’
     These packages need to be imported from (in the NAMESPACE file)
     for when this namespace is loaded but not attached.
Flavors: r-devel-linux-x86_64-debian-clang, r-devel-linux-x86_64-debian-gcc, r-devel-linux-x86_64-fedora-clang, r-devel-linux-x86_64-fedora-gcc, r-devel-osx-x86_64-clang, r-devel-windows-ix86+x86_64, r-patched-linux-x86_64, r-patched-solaris-sparc, r-patched-solaris-x86, r-release-linux-x86_64, r-release-osx-x86_64-mavericks, r-release-windows-ix86+x86_64, r-oldrel-windows-ix86+x86_64

Version: 0.5
Check: R code for possible problems
Result: NOTE
    AICf: no visible global function definition for ‘na.omit’
    carcass.EMI.multi: no visible global function definition for ‘approx’
    epirice.model : fRcA: no visible global function definition for
     ‘approx’
    epirice.model : fRcT: no visible global function definition for
     ‘approx’
    epirice.weather: no visible binding for global variable
     ‘weather_SouthAsia’
    evaluation.criteria: no visible global function definition for ‘var’
    evaluation.criteria: no visible global function definition for ‘cov’
    evaluation.criteria: no visible global function definition for ‘par’
    evaluation.criteria: no visible global function definition for ‘plot’
    evaluation.criteria: no visible global function definition for ‘abline’
    evaluation.criteria: no visible global function definition for
     ‘barplot’
    goodness.of.fit: no visible global function definition for ‘sd’
    goodness.of.fit: no visible global function definition for ‘cor’
    goodness.of.fit: no visible global function definition for ‘cov’
    goodness.of.fit: no visible global function definition for ‘var’
    goodness.of.fit: no visible global function definition for ‘par’
    goodness.of.fit: no visible global function definition for ‘plot’
    goodness.of.fit: no visible global function definition for ‘abline’
    goodness.of.fit: no visible global function definition for ‘barplot’
    maize.multisy: no visible binding for global variable
     ‘weather_EuropeEU’
    maize.multisy240 : <anonymous>: no visible binding for global variable
     ‘weather_EuropeEU’
    maize.weather: no visible binding for global variable
     ‘weather_FranceWest’
    param.rtriangle: no visible global function definition for ‘rtriangle’
    param.runif: no visible global function definition for ‘runif’
    population.age.model.ode: no visible global function definition for
     ‘ode’
    population.age.model.ode: no visible global function definition for
     ‘rkMethod’
    predator.prey.model: no visible global function definition for ‘ode’
    predator.prey.model: no visible global function definition for
     ‘rkMethod’
    watbal.weather: no visible binding for global variable
     ‘weather_FranceWest’
    Undefined global functions or variables:
     abline approx barplot cor cov na.omit ode par plot rkMethod rtriangle
     runif sd var weather_EuropeEU weather_FranceWest weather_SouthAsia
    Consider adding
     importFrom("graphics", "abline", "barplot", "par", "plot")
     importFrom("stats", "approx", "cor", "cov", "na.omit", "runif", "sd",
     "var")
    to your NAMESPACE.
Flavors: r-devel-linux-x86_64-debian-clang, r-devel-linux-x86_64-debian-gcc, r-devel-linux-x86_64-fedora-clang, r-devel-linux-x86_64-fedora-gcc, r-devel-windows-ix86+x86_64

Version: 0.5
Check: R code for possible problems
Result: NOTE
    epirice.weather: no visible binding for global variable
     ‘weather_SouthAsia’
    maize.multisy: no visible binding for global variable
     ‘weather_EuropeEU’
    maize.multisy240 : <anonymous>: no visible binding for global variable
     ‘weather_EuropeEU’
    maize.weather: no visible binding for global variable
     ‘weather_FranceWest’
    param.rtriangle: no visible global function definition for ‘rtriangle’
    population.age.model.ode: no visible global function definition for
     ‘ode’
    population.age.model.ode: no visible global function definition for
     ‘rkMethod’
    predator.prey.model: no visible global function definition for ‘ode’
    predator.prey.model: no visible global function definition for
     ‘rkMethod’
    watbal.weather: no visible binding for global variable
     ‘weather_FranceWest’
    Undefined global functions or variables:
     ode rkMethod rtriangle weather_EuropeEU weather_FranceWest
     weather_SouthAsia
Flavor: r-devel-osx-x86_64-clang

Version: 0.5
Check: R code for possible problems
Result: NOTE
    epirice.weather: no visible binding for global variable
     ‘weather_SouthAsia’
    maize.multisy: no visible binding for global variable
     ‘weather_EuropeEU’
    maize.multisy240 : <anonymous>: no visible binding for global variable
     ‘weather_EuropeEU’
    maize.weather: no visible binding for global variable
     ‘weather_FranceWest’
    param.rtriangle: no visible global function definition for ‘rtriangle’
    population.age.model.ode: no visible global function definition for
     ‘ode’
    population.age.model.ode: no visible global function definition for
     ‘rkMethod’
    predator.prey.model: no visible global function definition for ‘ode’
    predator.prey.model: no visible global function definition for
     ‘rkMethod’
    watbal.weather: no visible binding for global variable
     ‘weather_FranceWest’
Flavors: r-patched-linux-x86_64, r-patched-solaris-sparc, r-patched-solaris-x86, r-release-linux-x86_64, r-release-osx-x86_64-mavericks, r-release-windows-ix86+x86_64, r-oldrel-windows-ix86+x86_64