CRAN Package Check Results for Package ZeBook

Last updated on 2014-11-23 11:47:29.

Flavor Version Tinstall Tcheck Ttotal Status Flags
r-devel-linux-x86_64-debian-clang 0.5 29.90 24.25 54.16 NOTE
r-devel-linux-x86_64-debian-gcc 0.5 29.24 24.13 53.37 NOTE
r-devel-linux-x86_64-fedora-clang 0.5 108.83 NOTE
r-devel-linux-x86_64-fedora-gcc 0.5 104.47 NOTE
r-devel-osx-x86_64-clang 0.5 101.15 NOTE
r-devel-windows-ix86+x86_64 0.5 46.00 38.00 84.00 NOTE
r-patched-linux-x86_64 0.5 29.84 24.58 54.43 NOTE
r-patched-solaris-sparc 0.5 636.50 NOTE
r-patched-solaris-x86 0.5 170.60 NOTE
r-release-linux-ix86 0.5 34.25 32.76 67.00 NOTE
r-release-linux-x86_64 0.5 29.58 24.73 54.31 NOTE
r-release-osx-x86_64-mavericks 0.5 NOTE
r-release-osx-x86_64-snowleopard 0.5 OK
r-release-windows-ix86+x86_64 0.5 50.00 39.00 89.00 NOTE
r-oldrel-windows-ix86+x86_64 0.5 54.00 42.00 96.00 NOTE

Check Details

Version: 0.5
Check: dependencies in R code
Result: NOTE
    Packages in Depends field not imported from:
     ‘deSolve’ ‘triangle’
     These packages need to be imported from (in the NAMESPACE file)
     for when this namespace is loaded but not attached.
    See the information on DESCRIPTION files in the chapter ‘Creating R
    packages’ of the ‘Writing R Extensions’ manual.
Flavors: r-devel-linux-x86_64-debian-clang, r-devel-linux-x86_64-debian-gcc, r-devel-linux-x86_64-fedora-clang, r-devel-linux-x86_64-fedora-gcc, r-devel-osx-x86_64-clang, r-devel-windows-ix86+x86_64, r-patched-linux-x86_64, r-patched-solaris-sparc, r-patched-solaris-x86, r-release-linux-ix86, r-release-linux-x86_64, r-release-osx-x86_64-mavericks, r-release-windows-ix86+x86_64, r-oldrel-windows-ix86+x86_64

Version: 0.5
Check: R code for possible problems
Result: NOTE
    epirice.weather: no visible binding for global variable
     ‘weather_SouthAsia’
    maize.multisy: no visible binding for global variable
     ‘weather_EuropeEU’
    maize.multisy240 : <anonymous>: no visible binding for global variable
     ‘weather_EuropeEU’
    maize.weather: no visible binding for global variable
     ‘weather_FranceWest’
    param.rtriangle: no visible global function definition for ‘rtriangle’
    population.age.model.ode: no visible global function definition for
     ‘ode’
    population.age.model.ode: no visible global function definition for
     ‘rkMethod’
    predator.prey.model: no visible global function definition for ‘ode’
    predator.prey.model: no visible global function definition for
     ‘rkMethod’
    watbal.weather: no visible binding for global variable
     ‘weather_FranceWest’
Flavors: r-devel-linux-x86_64-debian-clang, r-devel-linux-x86_64-debian-gcc, r-devel-linux-x86_64-fedora-clang, r-devel-linux-x86_64-fedora-gcc, r-devel-osx-x86_64-clang, r-devel-windows-ix86+x86_64, r-patched-linux-x86_64, r-patched-solaris-sparc, r-patched-solaris-x86, r-release-linux-ix86, r-release-linux-x86_64, r-release-windows-ix86+x86_64