CRAN Package Check Results for Package ZeBook

Last updated on 2015-04-26 12:46:45.

Flavor Version Tinstall Tcheck Ttotal Status Flags
r-devel-linux-x86_64-debian-clang 0.5 29.52 22.34 51.86 NOTE
r-devel-linux-x86_64-debian-gcc 0.5 30.44 22.89 53.32 NOTE
r-devel-linux-x86_64-fedora-clang 0.5 107.00 NOTE
r-devel-linux-x86_64-fedora-gcc 0.5 106.92 NOTE
r-devel-osx-x86_64-clang 0.5 86.60 NOTE
r-devel-windows-ix86+x86_64 0.5 42.00 36.00 78.00 NOTE
r-patched-linux-x86_64 0.5 28.67 22.02 50.69 NOTE
r-patched-solaris-sparc 0.5 637.70 NOTE
r-patched-solaris-x86 0.5 167.60 NOTE
r-release-linux-x86_64 0.5 29.81 22.36 52.16 NOTE
r-release-osx-x86_64-mavericks 0.5 NOTE
r-release-osx-x86_64-snowleopard 0.5 NOTE
r-release-windows-ix86+x86_64 0.5 49.00 47.00 96.00 NOTE
r-oldrel-windows-ix86+x86_64 0.5 64.00 41.00 105.00 NOTE

Check Details

Version: 0.5
Check: dependencies in R code
Result: NOTE
    Packages in Depends field not imported from:
     ‘deSolve’ ‘triangle’
     These packages need to be imported from (in the NAMESPACE file)
     for when this namespace is loaded but not attached.
Flavors: r-devel-linux-x86_64-fedora-clang, r-devel-linux-x86_64-fedora-gcc, r-devel-osx-x86_64-clang, r-devel-windows-ix86+x86_64, r-patched-solaris-sparc, r-patched-solaris-x86, r-release-osx-x86_64-mavericks, r-release-windows-ix86+x86_64, r-oldrel-windows-ix86+x86_64

Version: 0.5
Check: R code for possible problems
Result: NOTE
    epirice.weather: no visible binding for global variable
     ‘weather_SouthAsia’
    maize.multisy: no visible binding for global variable
     ‘weather_EuropeEU’
    maize.multisy240 : <anonymous>: no visible binding for global variable
     ‘weather_EuropeEU’
    maize.weather: no visible binding for global variable
     ‘weather_FranceWest’
    param.rtriangle: no visible global function definition for ‘rtriangle’
    population.age.model.ode: no visible global function definition for
     ‘ode’
    population.age.model.ode: no visible global function definition for
     ‘rkMethod’
    predator.prey.model: no visible global function definition for ‘ode’
    predator.prey.model: no visible global function definition for
     ‘rkMethod’
    watbal.weather: no visible binding for global variable
     ‘weather_FranceWest’
Flavors: r-devel-linux-x86_64-fedora-clang, r-devel-linux-x86_64-fedora-gcc, r-devel-osx-x86_64-clang, r-devel-windows-ix86+x86_64, r-patched-solaris-sparc, r-patched-solaris-x86, r-release-osx-x86_64-mavericks, r-release-windows-ix86+x86_64, r-oldrel-windows-ix86+x86_64