CRAN Package Check Results for Package ZeBook

Last updated on 2015-03-27 12:48:49.

Flavor Version Tinstall Tcheck Ttotal Status Flags
r-devel-linux-x86_64-debian-clang 0.5 29.82 22.47 52.29 NOTE
r-devel-linux-x86_64-debian-gcc 0.5 31.84 23.26 55.10 NOTE
r-devel-linux-x86_64-fedora-clang 0.5 102.95 NOTE
r-devel-linux-x86_64-fedora-gcc 0.5 99.32 NOTE
r-devel-osx-x86_64-clang 0.5 91.01 NOTE
r-prerel-windows-ix86+x86_64 0.5 49.00 35.00 84.00 NOTE
r-prerel-linux-x86_64 0.5 29.18 22.86 52.04 NOTE
r-prerel-solaris-sparc 0.5 637.70 NOTE
r-prerel-solaris-x86 0.5 170.50 NOTE
r-release-linux-x86_64 0.5 28.88 25.04 53.92 NOTE
r-release-osx-x86_64-mavericks 0.5 NOTE
r-release-osx-x86_64-snowleopard 0.5 OK
r-release-windows-ix86+x86_64 0.5 64.00 41.00 105.00 NOTE
r-oldrel-windows-ix86+x86_64 0.5 54.00 42.00 96.00 NOTE

Check Details

Version: 0.5
Check: dependencies in R code
Result: NOTE
    Packages in Depends field not imported from:
     ‘deSolve’ ‘triangle’
     These packages need to be imported from (in the NAMESPACE file)
     for when this namespace is loaded but not attached.
Flavors: r-devel-linux-x86_64-debian-clang, r-devel-linux-x86_64-debian-gcc, r-devel-linux-x86_64-fedora-clang, r-devel-linux-x86_64-fedora-gcc, r-devel-osx-x86_64-clang, r-prerel-windows-ix86+x86_64, r-prerel-linux-x86_64, r-prerel-solaris-sparc, r-prerel-solaris-x86, r-release-linux-x86_64, r-release-windows-ix86+x86_64

Version: 0.5
Check: R code for possible problems
Result: NOTE
    epirice.weather: no visible binding for global variable
     ‘weather_SouthAsia’
    maize.multisy: no visible binding for global variable
     ‘weather_EuropeEU’
    maize.multisy240 : <anonymous>: no visible binding for global variable
     ‘weather_EuropeEU’
    maize.weather: no visible binding for global variable
     ‘weather_FranceWest’
    param.rtriangle: no visible global function definition for ‘rtriangle’
    population.age.model.ode: no visible global function definition for
     ‘ode’
    population.age.model.ode: no visible global function definition for
     ‘rkMethod’
    predator.prey.model: no visible global function definition for ‘ode’
    predator.prey.model: no visible global function definition for
     ‘rkMethod’
    watbal.weather: no visible binding for global variable
     ‘weather_FranceWest’
Flavors: r-devel-linux-x86_64-debian-clang, r-devel-linux-x86_64-debian-gcc, r-devel-linux-x86_64-fedora-clang, r-devel-linux-x86_64-fedora-gcc, r-devel-osx-x86_64-clang, r-prerel-windows-ix86+x86_64, r-prerel-linux-x86_64, r-prerel-solaris-sparc, r-prerel-solaris-x86, r-release-linux-x86_64, r-release-osx-x86_64-mavericks, r-release-windows-ix86+x86_64

Version: 0.5
Check: dependencies in R code
Result: NOTE
    Packages in Depends field not imported from:
     ‘deSolve’ ‘triangle’
     These packages need to be imported from (in the NAMESPACE file)
     for when this namespace is loaded but not attached.
    See the information on DESCRIPTION files in the chapter ‘Creating R
    packages’ of the ‘Writing R Extensions’ manual.
Flavors: r-release-osx-x86_64-mavericks, r-oldrel-windows-ix86+x86_64