CRAN Package Check Results for Package Zelig

Last updated on 2022-01-27 00:50:41 CET.

Flavor Version Tinstall Tcheck Ttotal Status Flags
r-devel-linux-x86_64-debian-clang 5.1.7 55.37 498.49 553.86 OK
r-devel-linux-x86_64-debian-gcc 5.1.7 45.75 368.51 414.26 OK
r-devel-linux-x86_64-fedora-clang 5.1.7 641.00 OK
r-devel-linux-x86_64-fedora-gcc 5.1.7 846.87 OK
r-devel-windows-x86_64-new-UL 5.1.7 196.00 522.00 718.00 OK
r-devel-windows-x86_64-new-TK 5.1.7 ERROR
r-patched-linux-x86_64 5.1.7 60.74 426.23 486.97 OK
r-release-linux-x86_64 5.1.7 46.39 419.06 465.45 OK
r-release-macos-arm64 5.1.7 OK
r-release-macos-x86_64 5.1.7 OK
r-release-windows-ix86+x86_64 5.1.7 99.00 487.00 586.00 OK
r-oldrel-macos-x86_64 5.1.7 OK
r-oldrel-windows-ix86+x86_64 5.1.7 104.00 494.00 598.00 OK

Check Details

Version: 5.1.7
Check: package dependencies
Result: ERROR
    Package required but not available: 'AER'
    
    See section 'The DESCRIPTION file' in the 'Writing R Extensions'
    manual.
Flavor: r-devel-windows-x86_64-new-TK