CRAN Package Check Results for Package Zelig

Last updated on 2014-09-22 21:47:20.

Flavor Version Tinstall Tcheck Ttotal Status Flags
r-devel-linux-x86_64-debian-clang 4.2-1 3.84 74.03 77.87 NOTE
r-devel-linux-x86_64-debian-gcc 4.2-1 3.35 74.12 77.47 NOTE
r-devel-linux-x86_64-fedora-clang 4.2-1 176.96 NOTE
r-devel-linux-x86_64-fedora-gcc 4.2-1 167.32 NOTE
r-devel-osx-x86_64-clang 4.2-1 118.43 NOTE
r-devel-windows-ix86+x86_64 4.2-1 11.00 96.00 107.00 NOTE
r-patched-linux-x86_64 4.2-1 3.43 79.05 82.48 NOTE
r-patched-solaris-sparc 4.2-1 913.70 NOTE
r-patched-solaris-x86 4.2-1 187.00 NOTE
r-release-linux-ix86 4.2-1 5.01 100.14 105.15 NOTE
r-release-linux-x86_64 4.2-1 3.75 79.73 83.48 NOTE
r-release-osx-x86_64-mavericks 4.2-1 NOTE
r-release-osx-x86_64-snowleopard 4.2-1 OK
r-release-windows-ix86+x86_64 4.2-1 10.00 107.00 117.00 NOTE
r-oldrel-windows-ix86+x86_64 4.2-1 10.00 114.00 124.00 NOTE

Check Details

Version: 4.2-1
Check: dependencies in R code
Result: NOTE
    Packages in Depends field not imported from:
     ‘MASS’ ‘boot’ ‘methods’ ‘sandwich’
     These packages need to be imported from (in the NAMESPACE file)
     for when this namespace is loaded but not attached.
    See the information on DESCRIPTION files in the chapter ‘Creating R
    packages’ of the ‘Writing R Extensions’ manual.
Flavors: r-devel-linux-x86_64-debian-clang, r-devel-linux-x86_64-debian-gcc, r-devel-linux-x86_64-fedora-clang, r-devel-linux-x86_64-fedora-gcc, r-devel-osx-x86_64-clang, r-devel-windows-ix86+x86_64, r-patched-linux-x86_64, r-patched-solaris-sparc, r-patched-solaris-x86, r-release-linux-ix86, r-release-linux-x86_64, r-release-osx-x86_64-mavericks, r-release-windows-ix86+x86_64, r-oldrel-windows-ix86+x86_64

Version: 4.2-1
Check: R code for possible problems
Result: NOTE
    bootstrap.gamma: no visible global function definition for
     ‘gamma.shape’
    callsystemfit: no visible global function definition for ‘systemfit’
    clean.up.gamma.gee: no visible global function definition for ‘mvrnorm’
    param.exp: no visible global function definition for ‘mvrnorm’
    param.exp: no visible binding for global variable
     ‘survreg.distributions’
    param.gamma: no visible global function definition for ‘gamma.shape’
    param.gamma: no visible global function definition for ‘mvrnorm’
    param.gamma.gee: no visible global function definition for ‘mvrnorm’
    param.gamma.survey: no visible global function definition for
     ‘gamma.shape’
    param.gamma.survey: no visible global function definition for ‘mvrnorm’
    param.logit: no visible global function definition for ‘mvrnorm’
    param.logit.gee: no visible global function definition for ‘mvrnorm’
    param.logit.survey: no visible global function definition for ‘mvrnorm’
    param.lognorm: no visible global function definition for ‘mvrnorm’
    param.lognorm: no visible binding for global variable
     ‘survreg.distributions’
    param.ls: no visible global function definition for ‘mvrnorm’
    param.negbinom: no visible global function definition for ‘mvrnorm’
    param.normal: no visible global function definition for ‘mvrnorm’
    param.normal.gee: no visible global function definition for ‘mvrnorm’
    param.normal.survey: no visible global function definition for
     ‘mvrnorm’
    param.poisson: no visible global function definition for ‘mvrnorm’
    param.poisson.gee: no visible global function definition for ‘mvrnorm’
    param.poisson.survey: no visible global function definition for
     ‘mvrnorm’
    param.probit: no visible global function definition for ‘mvrnorm’
    param.probit.gee: no visible global function definition for ‘mvrnorm’
    param.probit.survey: no visible global function definition for
     ‘mvrnorm’
    param.relogit: no visible global function definition for ‘mvrnorm’
    param.tobit: no visible global function definition for ‘mvrnorm’
    param.twosls: no visible global function definition for ‘mvrnorm’
    qi.gamma: no visible global function definition for ‘gamma.shape’
    qi.negbinom: no visible global function definition for ‘rnegbin’
    sim.default: no visible global function definition for ‘boot’
    summary.glm.robust: no visible global function definition for ‘vcovHAC’
    zelig2gamma.gee: no visible binding for global variable ‘gee’
    zelig2gamma.survey: no visible global function definition for
     ‘svydesign’
    zelig2gamma.survey: no visible global function definition for
     ‘svrepdesign’
    zelig2gamma.survey: no visible binding for global variable ‘svyglm’
    zelig2logit.gee: no visible binding for global variable ‘gee’
    zelig2logit.survey: no visible global function definition for
     ‘svydesign’
    zelig2logit.survey: no visible global function definition for
     ‘svrepdesign’
    zelig2logit.survey: no visible binding for global variable ‘svyglm’
    zelig2normal.gee: no visible binding for global variable ‘gee’
    zelig2normal.survey: no visible global function definition for
     ‘svydesign’
    zelig2normal.survey: no visible global function definition for
     ‘svrepdesign’
    zelig2normal.survey: no visible binding for global variable ‘svyglm’
    zelig2poisson.gee: no visible binding for global variable ‘gee’
    zelig2poisson.survey: no visible global function definition for
     ‘svydesign’
    zelig2poisson.survey: no visible global function definition for
     ‘svrepdesign’
    zelig2poisson.survey: no visible binding for global variable ‘svyglm’
    zelig2probit.gee: no visible binding for global variable ‘gee’
    zelig2probit.survey: no visible global function definition for
     ‘svydesign’
    zelig2probit.survey: no visible global function definition for
     ‘svrepdesign’
    zelig2probit.survey: no visible binding for global variable ‘svyglm’
Flavors: r-devel-linux-x86_64-debian-clang, r-devel-linux-x86_64-debian-gcc, r-devel-linux-x86_64-fedora-clang, r-devel-linux-x86_64-fedora-gcc, r-devel-osx-x86_64-clang, r-devel-windows-ix86+x86_64