CRAN Package Check Results for Package Zelig

Last updated on 2014-04-20 17:47:07.

Flavor Version Tinstall Tcheck Ttotal Status Flags
r-devel-linux-x86_64-debian-clang 4.2-1 3.49 74.45 77.94 NOTE
r-devel-linux-x86_64-debian-gcc 4.2-1 3.60 73.90 77.50 NOTE
r-devel-linux-x86_64-fedora-clang 4.2-1 191.13 NOTE
r-devel-linux-x86_64-fedora-gcc 4.2-1 186.00 NOTE
r-devel-macosx-x86_64-clang 4.2-1 118.26 NOTE
r-devel-macosx-x86_64-gcc 4.2-1 ERROR
r-devel-windows-ix86+x86_64 4.2-1 11.00 102.00 113.00 NOTE
r-patched-linux-x86_64 4.2-1 3.51 73.51 77.02 NOTE
r-patched-solaris-sparc 4.2-1 934.90 NOTE
r-patched-solaris-x86 4.2-1 199.50 NOTE
r-release-linux-ix86 NOTE
r-release-linux-x86_64 4.2-1 3.45 74.07 77.52 NOTE
r-release-macosx-x86_64 4.2-1 OK
r-release-windows-ix86+x86_64 4.2-1 13.00 118.00 131.00 NOTE
r-oldrel-windows-ix86+x86_64 4.2-1 12.00 114.00 126.00 NOTE

Check Details

Version: 4.2-1
Check: dependencies in R code
Result: NOTE
    Packages in Depends field not imported from:
     ‘MASS’ ‘boot’ ‘methods’ ‘sandwich’
     These packages need to be imported from (in the NAMESPACE file)
     for when this namespace is loaded but not attached.
    See the information on DESCRIPTION files in the chapter ‘Creating R
    packages’ of the ‘Writing R Extensions’ manual.
Flavors: r-devel-linux-x86_64-debian-clang, r-devel-linux-x86_64-debian-gcc, r-devel-linux-x86_64-fedora-clang, r-devel-linux-x86_64-fedora-gcc, r-devel-macosx-x86_64-clang, r-devel-windows-ix86+x86_64, r-patched-linux-x86_64, r-patched-solaris-sparc, r-patched-solaris-x86, r-release-linux-ix86, r-release-linux-x86_64, r-release-windows-ix86+x86_64, r-oldrel-windows-ix86+x86_64

Version: 4.2-1
Check: package dependencies
Result: ERROR
    Package required but not available: ‘sandwich’
    
    Packages suggested but not available for checking: ‘survey’ ‘systemfit’
    
    See the information on DESCRIPTION files in the chapter ‘Creating R
    packages’ of the ‘Writing R Extensions’ manual.
Flavor: r-devel-macosx-x86_64-gcc