CRAN Package Check Results for Package Zelig

Last updated on 2014-07-24 15:52:29.

Flavor Version Tinstall Tcheck Ttotal Status Flags
r-devel-linux-x86_64-debian-clang 4.2-1 3.83 70.85 74.68 NOTE
r-devel-linux-x86_64-debian-gcc 4.2-1 3.64 69.23 72.87 NOTE
r-devel-linux-x86_64-fedora-clang 4.2-1 191.34 NOTE
r-devel-linux-x86_64-fedora-gcc 4.2-1 184.72 NOTE
r-devel-osx-x86_64-clang 4.2-1 126.50 NOTE
r-devel-windows-ix86+x86_64 4.2-1 11.00 106.00 117.00 NOTE
r-patched-linux-x86_64 4.2-1 3.20 69.76 72.96 NOTE
r-patched-solaris-sparc 4.2-1 934.90 NOTE
r-patched-solaris-x86 4.2-1 231.20 NOTE
r-release-linux-ix86 4.2-1 4.66 98.59 103.24 NOTE
r-release-linux-x86_64 4.2-1 3.32 71.18 74.49 NOTE
r-release-osx-x86_64-mavericks 4.2-1 NOTE
r-release-osx-x86_64-snowleopard 4.2-1 OK
r-release-windows-ix86+x86_64 4.2-1 10.00 103.00 113.00 NOTE
r-oldrel-windows-ix86+x86_64 4.2-1 12.00 108.00 120.00 NOTE

Check Details

Version: 4.2-1
Check: dependencies in R code
Result: NOTE
    Packages in Depends field not imported from:
     ‘MASS’ ‘boot’ ‘methods’ ‘sandwich’
     These packages need to be imported from (in the NAMESPACE file)
     for when this namespace is loaded but not attached.
    See the information on DESCRIPTION files in the chapter ‘Creating R
    packages’ of the ‘Writing R Extensions’ manual.
Flavors: r-devel-linux-x86_64-debian-clang, r-devel-linux-x86_64-debian-gcc, r-devel-linux-x86_64-fedora-clang, r-devel-linux-x86_64-fedora-gcc, r-devel-osx-x86_64-clang, r-devel-windows-ix86+x86_64, r-patched-linux-x86_64, r-patched-solaris-sparc, r-patched-solaris-x86, r-release-linux-ix86, r-release-linux-x86_64, r-release-osx-x86_64-mavericks, r-release-windows-ix86+x86_64, r-oldrel-windows-ix86+x86_64