CRAN Package Check Results for Package Zelig

Last updated on 2015-03-02 12:48:31.

Flavor Version Tinstall Tcheck Ttotal Status Flags
r-devel-linux-x86_64-debian-clang 4.2-1 3.53 70.70 74.23 NOTE
r-devel-linux-x86_64-debian-gcc 4.2-1 5.26 69.61 74.87 NOTE
r-devel-linux-x86_64-fedora-clang 4.2-1 146.11 NOTE
r-devel-linux-x86_64-fedora-gcc 4.2-1 131.64 NOTE
r-devel-osx-x86_64-clang 4.2-1 112.37 NOTE
r-devel-windows-ix86+x86_64 4.2-1 26.00 128.00 154.00 NOTE
r-patched-linux-x86_64 4.2-1 3.58 76.15 79.73 NOTE
r-patched-solaris-sparc 4.2-1 911.00 NOTE
r-patched-solaris-x86 4.2-1 180.40 NOTE
r-release-linux-ix86 4.2-1 4.75 135.83 140.58 NOTE
r-release-linux-x86_64 4.2-1 3.55 77.36 80.90 NOTE
r-release-osx-x86_64-mavericks 4.2-1 NOTE
r-release-osx-x86_64-snowleopard 4.2-1 OK
r-release-windows-ix86+x86_64 4.2-1 25.00 148.00 173.00 NOTE
r-oldrel-windows-ix86+x86_64 4.2-1 12.00 118.00 130.00 NOTE

Check Details

Version: 4.2-1
Check: dependencies in R code
Result: NOTE
    Packages in Depends field not imported from:
     ‘MASS’ ‘boot’ ‘methods’ ‘sandwich’
     These packages need to be imported from (in the NAMESPACE file)
     for when this namespace is loaded but not attached.
Flavors: r-devel-linux-x86_64-debian-clang, r-devel-linux-x86_64-debian-gcc, r-devel-linux-x86_64-fedora-clang, r-devel-linux-x86_64-fedora-gcc, r-devel-osx-x86_64-clang, r-devel-windows-ix86+x86_64, r-patched-linux-x86_64, r-patched-solaris-x86

Version: 4.2-1
Check: S3 generic/method consistency
Result: NOTE
    Found the following apparent S3 methods exported but not registered:
     GetSlot.zelig as.summarized.list as.summarized.summarized.qi
     describe.gamma describe.probit plot.ci
    See section ‘Registering S3 methods’ in the ‘Writing R Extensions’
    manual.
Flavors: r-devel-linux-x86_64-debian-clang, r-devel-linux-x86_64-debian-gcc, r-devel-linux-x86_64-fedora-clang, r-devel-linux-x86_64-fedora-gcc, r-devel-osx-x86_64-clang

Version: 4.2-1
Check: R code for possible problems
Result: NOTE
    bootstrap.gamma: no visible global function definition for
     ‘gamma.shape’
    callsystemfit: no visible global function definition for ‘systemfit’
    clean.up.gamma.gee: no visible global function definition for ‘mvrnorm’
    param.exp: no visible global function definition for ‘mvrnorm’
    param.exp: no visible binding for global variable
     ‘survreg.distributions’
    param.gamma: no visible global function definition for ‘gamma.shape’
    param.gamma: no visible global function definition for ‘mvrnorm’
    param.gamma.gee: no visible global function definition for ‘mvrnorm’
    param.gamma.survey: no visible global function definition for
     ‘gamma.shape’
    param.gamma.survey: no visible global function definition for ‘mvrnorm’
    param.logit: no visible global function definition for ‘mvrnorm’
    param.logit.gee: no visible global function definition for ‘mvrnorm’
    param.logit.survey: no visible global function definition for ‘mvrnorm’
    param.lognorm: no visible global function definition for ‘mvrnorm’
    param.lognorm: no visible binding for global variable
     ‘survreg.distributions’
    param.ls: no visible global function definition for ‘mvrnorm’
    param.negbinom: no visible global function definition for ‘mvrnorm’
    param.normal: no visible global function definition for ‘mvrnorm’
    param.normal.gee: no visible global function definition for ‘mvrnorm’
    param.normal.survey: no visible global function definition for
     ‘mvrnorm’
    param.poisson: no visible global function definition for ‘mvrnorm’
    param.poisson.gee: no visible global function definition for ‘mvrnorm’
    param.poisson.survey: no visible global function definition for
     ‘mvrnorm’
    param.probit: no visible global function definition for ‘mvrnorm’
    param.probit.gee: no visible global function definition for ‘mvrnorm’
    param.probit.survey: no visible global function definition for
     ‘mvrnorm’
    param.relogit: no visible global function definition for ‘mvrnorm’
    param.tobit: no visible global function definition for ‘mvrnorm’
    param.twosls: no visible global function definition for ‘mvrnorm’
    qi.gamma: no visible global function definition for ‘gamma.shape’
    qi.negbinom: no visible global function definition for ‘rnegbin’
    sim.default: no visible global function definition for ‘boot’
    summary.glm.robust: no visible global function definition for ‘vcovHAC’
    zelig2gamma.gee: no visible binding for global variable ‘gee’
    zelig2gamma.survey: no visible global function definition for
     ‘svydesign’
    zelig2gamma.survey: no visible global function definition for
     ‘svrepdesign’
    zelig2gamma.survey: no visible binding for global variable ‘svyglm’
    zelig2logit.gee: no visible binding for global variable ‘gee’
    zelig2logit.survey: no visible global function definition for
     ‘svydesign’
    zelig2logit.survey: no visible global function definition for
     ‘svrepdesign’
    zelig2logit.survey: no visible binding for global variable ‘svyglm’
    zelig2normal.gee: no visible binding for global variable ‘gee’
    zelig2normal.survey: no visible global function definition for
     ‘svydesign’
    zelig2normal.survey: no visible global function definition for
     ‘svrepdesign’
    zelig2normal.survey: no visible binding for global variable ‘svyglm’
    zelig2poisson.gee: no visible binding for global variable ‘gee’
    zelig2poisson.survey: no visible global function definition for
     ‘svydesign’
    zelig2poisson.survey: no visible global function definition for
     ‘svrepdesign’
    zelig2poisson.survey: no visible binding for global variable ‘svyglm’
    zelig2probit.gee: no visible binding for global variable ‘gee’
    zelig2probit.survey: no visible global function definition for
     ‘svydesign’
    zelig2probit.survey: no visible global function definition for
     ‘svrepdesign’
    zelig2probit.survey: no visible binding for global variable ‘svyglm’
Flavors: r-devel-linux-x86_64-debian-clang, r-devel-linux-x86_64-debian-gcc, r-devel-linux-x86_64-fedora-clang, r-devel-linux-x86_64-fedora-gcc, r-devel-osx-x86_64-clang, r-devel-windows-ix86+x86_64, r-patched-linux-x86_64, r-patched-solaris-sparc, r-patched-solaris-x86, r-release-linux-ix86, r-release-linux-x86_64, r-release-osx-x86_64-mavericks, r-release-windows-ix86+x86_64

Version: 4.2-1
Check: dependencies in R code
Result: NOTE
    Packages in Depends field not imported from:
     ‘MASS’ ‘boot’ ‘methods’ ‘sandwich’
     These packages need to be imported from (in the NAMESPACE file)
     for when this namespace is loaded but not attached.
    See the information on DESCRIPTION files in the chapter ‘Creating R
    packages’ of the ‘Writing R Extensions’ manual.
Flavors: r-patched-solaris-sparc, r-release-linux-ix86, r-release-linux-x86_64, r-release-osx-x86_64-mavericks, r-release-windows-ix86+x86_64, r-oldrel-windows-ix86+x86_64