CRAN Package Check Results for Package Zelig

Last updated on 2015-07-31 08:50:23.

Flavor Version Tinstall Tcheck Ttotal Status Flags
r-devel-linux-x86_64-debian-clang 4.2-1 3.39 70.11 73.50 NOTE
r-devel-linux-x86_64-debian-gcc 4.2-1 4.80 68.00 72.80 NOTE
r-devel-linux-x86_64-fedora-clang 4.2-1 143.23 NOTE
r-devel-linux-x86_64-fedora-gcc 4.2-1 136.20 NOTE
r-devel-osx-x86_64-clang 4.2-1 105.77 NOTE
r-devel-windows-ix86+x86_64 4.2-1 23.00 110.00 133.00 NOTE
r-patched-linux-x86_64 4.2-1 3.10 69.74 72.84 NOTE
r-patched-solaris-sparc 4.2-1 837.60 NOTE
r-patched-solaris-x86 4.2-1 161.80 NOTE
r-release-linux-x86_64 4.2-1 3.42 76.03 79.45 NOTE
r-release-osx-x86_64-mavericks 4.2-1 NOTE
r-release-windows-ix86+x86_64 4.2-1 18.00 98.00 116.00 NOTE
r-oldrel-windows-ix86+x86_64 4.2-1 14.00 136.00 150.00 NOTE

Check Details

Version: 4.2-1
Check: dependencies in R code
Result: NOTE
    Packages in Depends field not imported from:
     ‘MASS’ ‘boot’ ‘methods’ ‘sandwich’
     These packages need to be imported from (in the NAMESPACE file)
     for when this namespace is loaded but not attached.
Flavors: r-devel-linux-x86_64-debian-clang, r-devel-linux-x86_64-debian-gcc, r-devel-linux-x86_64-fedora-clang, r-devel-linux-x86_64-fedora-gcc, r-devel-osx-x86_64-clang, r-devel-windows-ix86+x86_64, r-patched-linux-x86_64, r-patched-solaris-sparc, r-patched-solaris-x86, r-release-linux-x86_64, r-release-osx-x86_64-mavericks, r-release-windows-ix86+x86_64, r-oldrel-windows-ix86+x86_64

Version: 4.2-1
Check: S3 generic/method consistency
Result: NOTE
    Found the following apparent S3 methods exported but not registered:
     GetSlot.zelig as.summarized.list as.summarized.summarized.qi
     describe.gamma describe.probit plot.ci
    See section ‘Registering S3 methods’ in the ‘Writing R Extensions’
    manual.
Flavors: r-devel-linux-x86_64-debian-clang, r-devel-linux-x86_64-debian-gcc, r-devel-linux-x86_64-fedora-clang, r-devel-linux-x86_64-fedora-gcc, r-devel-osx-x86_64-clang, r-patched-linux-x86_64, r-patched-solaris-sparc, r-patched-solaris-x86, r-release-linux-x86_64

Version: 4.2-1
Check: R code for possible problems
Result: NOTE
    .GetGenericsS3: no visible binding for global variable ‘methods’
    .GetGenericsS3: no visible global function definition for ‘methods’
    .ListS4Generics: no visible global function definition for
     ‘getGenerics’
    .ListS4Generics: no visible global function definition for ‘getGeneric’
    .get.list.as.text: no visible global function definition for ‘head’
    .get.list.as.text: no visible global function definition for ‘tail’
    .getRandAndFixedTerms : f: no visible global function definition for
     ‘as.formula’
    .getRandAndFixedTerms: no visible global function definition for
     ‘terms’
    .getRandAndFixedTerms: no visible global function definition for
     ‘as.formula’
    .nr: no visible global function definition for ‘runif’
    .onAttach: no visible global function definition for
     ‘packageDescription’
    .plot.density: no visible global function definition for ‘plot’
    .reduceFurther: no visible global function definition for ‘terms’
    .reduceFurther: no visible global function definition for ‘as.formula’
    MCMChook: no visible global function definition for ‘model.frame’
    McmcHookFactor: no visible global function definition for ‘model.frame’
    Median: no visible global function definition for ‘median’
    Mode: no visible global function definition for ‘as’
    ZeligListModels: no visible global function definition for ‘apropos’
    as.parameters.default: no visible global function definition for ‘tail’
    as.parameters.default: no visible global function definition for ‘head’
    as.parameters.list: no visible global function definition for ‘tail’
    bootfn.default: no visible global function definition for ‘getS3method’
    bootfn.default : localbootstrap.default: no visible global function
     definition for ‘coef’
    bootstrap.default: no visible global function definition for ‘coef’
    bootstrap.gamma: no visible global function definition for
     ‘gamma.shape’
    bootstrap.gamma: no visible global function definition for ‘coef’
    bootstrap.negbinom: no visible global function definition for ‘coef’
    bootstrap.normal: no visible global function definition for ‘rchisq’
    bootstrap.normal: no visible global function definition for ‘coef’
    callsystemfit: no visible global function definition for ‘systemfit’
    callsystemfit: no visible global function definition for ‘terms’
    clean.up.gamma.gee: no visible global function definition for ‘mvrnorm’
    clean.up.gamma.gee: no visible global function definition for ‘vcov’
    clean.up.gamma.gee: no visible global function definition for ‘Gamma’
    cluster.formula: no visible global function definition for ‘update’
    cmvglm: no visible global function definition for ‘terms’
    cmvglm: no visible global function definition for ‘na.omit’
    cmvglm: no visible global function definition for ‘as.formula’
    coef.zelig: no visible global function definition for ‘coef’
    compute.mlogit.bayes: no visible global function definition for
     ‘model.response’
    compute.mlogit.bayes: no visible global function definition for
     ‘model.frame’
    compute.mlogit.bayes: no visible global function definition for
     ‘model.matrix’
    compute.mlogit.bayes: no visible binding for global variable
     ‘rmultinom’
    compute.oprobit.bayes: no visible global function definition for ‘coef’
    compute.oprobit.bayes: no visible global function definition for
     ‘pnorm’
    constructDesignMatrix: no visible global function definition for
     ‘model.matrix’
    depends.on.zelig: no visible global function definition for
     ‘packageDescription’
    description: no visible global function definition for ‘head’
    description: no visible global function definition for ‘tail’
    getPredictorTerms : extractFromFormula: no visible global function
     definition for ‘terms’
    getResponseTerms.Formula: no visible global function definition for
     ‘as.formula’
    is.zelig.compliant: no visible global function definition for
     ‘packageDescription’
    logLik.zelig: no visible global function definition for ‘logLik’
    logit.ev: no visible global function definition for ‘coef’
    logit.ev: no visible global function definition for ‘rbinom’
    make.parameters: no visible global function definition for ‘na.omit’
    makeModelMatrix: no visible global function definition for
     ‘model.matrix’
    makeZeligObject: no visible global function definition for ‘formula’
    model.frame.multiple: no visible global function definition for
     ‘as.formula’
    model.frame.multiple: no visible global function definition for
     ‘model.matrix.default’
    model.frame.multiple: no visible global function definition for
     ‘model.frame.default’
    model.matrix.multiple: no visible binding for global variable ‘formula’
    model.matrix.multiple: no visible global function definition for
     ‘model.frame’
    model.matrix.multiple: no visible global function definition for
     ‘as.formula’
    model.matrix.multiple: no visible global function definition for
     ‘model.matrix.default’
    model.matrix.multiple: no visible global function definition for
     ‘na.omit’
    model.matrix.parseFormula: no visible global function definition for
     ‘formula’
    multilevel: no visible global function definition for ‘as.formula’
    multilevel: no visible global function definition for
     ‘model.matrix.default’
    multilevel: no visible global function definition for
     ‘model.frame.default’
    param.exp: no visible global function definition for ‘vcov’
    param.exp: no visible global function definition for ‘coef’
    param.exp: no visible global function definition for ‘mvrnorm’
    param.exp: no visible binding for global variable
     ‘survreg.distributions’
    param.gamma: no visible global function definition for ‘gamma.shape’
    param.gamma: no visible global function definition for ‘rnorm’
    param.gamma: no visible global function definition for ‘mvrnorm’
    param.gamma: no visible global function definition for ‘coef’
    param.gamma: no visible global function definition for ‘vcov’
    param.gamma: no visible global function definition for ‘Gamma’
    param.gamma.gee: no visible global function definition for ‘coef’
    param.gamma.gee: no visible global function definition for ‘mvrnorm’
    param.gamma.gee: no visible global function definition for ‘Gamma’
    param.gamma.survey: no visible global function definition for
     ‘gamma.shape’
    param.gamma.survey: no visible global function definition for ‘mvrnorm’
    param.gamma.survey: no visible global function definition for ‘coef’
    param.gamma.survey: no visible global function definition for ‘vcov’
    param.gamma.survey: no visible global function definition for ‘rnorm’
    param.gamma.survey: no visible global function definition for ‘Gamma’
    param.logit: no visible global function definition for ‘mvrnorm’
    param.logit: no visible global function definition for ‘coef’
    param.logit: no visible global function definition for ‘vcov’
    param.logit: no visible global function definition for ‘binomial’
    param.logit.bayes: no visible global function definition for ‘coef’
    param.logit.bayes: no visible global function definition for ‘binomial’
    param.logit.gee: no visible global function definition for ‘coef’
    param.logit.gee: no visible global function definition for ‘vcov’
    param.logit.gee: no visible global function definition for ‘mvrnorm’
    param.logit.gee: no visible global function definition for ‘binomial’
    param.logit.survey: no visible global function definition for ‘mvrnorm’
    param.logit.survey: no visible global function definition for ‘coef’
    param.logit.survey: no visible global function definition for ‘vcov’
    param.logit.survey: no visible global function definition for
     ‘binomial’
    param.lognorm: no visible global function definition for ‘vcov’
    param.lognorm: no visible global function definition for ‘mvrnorm’
    param.lognorm: no visible binding for global variable
     ‘survreg.distributions’
    param.ls: no visible global function definition for ‘mvrnorm’
    param.ls: no visible global function definition for ‘coef’
    param.ls: no visible global function definition for ‘vcov’
    param.mlogit.bayes: no visible global function definition for ‘coef’
    param.negbinom: no visible global function definition for ‘mvrnorm’
    param.negbinom: no visible global function definition for ‘coef’
    param.negbinom: no visible global function definition for ‘vcov’
    param.normal: no visible global function definition for ‘mvrnorm’
    param.normal: no visible global function definition for ‘coef’
    param.normal: no visible global function definition for ‘vcov’
    param.normal: no visible global function definition for ‘rchisq’
    param.normal.bayes: no visible global function definition for ‘coef’
    param.normal.bayes: no visible global function definition for
     ‘gaussian’
    param.normal.gee: no visible global function definition for ‘coef’
    param.normal.gee: no visible global function definition for ‘vcov’
    param.normal.gee: no visible global function definition for ‘mvrnorm’
    param.normal.survey: no visible global function definition for
     ‘mvrnorm’
    param.normal.survey: no visible global function definition for ‘coef’
    param.normal.survey: no visible global function definition for ‘vcov’
    param.normal.survey: no visible global function definition for ‘rchisq’
    param.normal.survey: no visible global function definition for
     ‘gaussian’
    param.oprobit.bayes: no visible global function definition for
     ‘model.matrix’
    param.oprobit.bayes: no visible global function definition for ‘coef’
    param.poisson: no visible global function definition for ‘mvrnorm’
    param.poisson: no visible global function definition for ‘coef’
    param.poisson: no visible global function definition for ‘vcov’
    param.poisson: no visible global function definition for ‘poisson’
    param.poisson.bayes: no visible global function definition for ‘coef’
    param.poisson.bayes: no visible global function definition for
     ‘poisson’
    param.poisson.gee: no visible global function definition for ‘coef’
    param.poisson.gee: no visible global function definition for ‘vcov’
    param.poisson.gee: no visible global function definition for ‘mvrnorm’
    param.poisson.gee: no visible global function definition for ‘Gamma’
    param.poisson.survey: no visible global function definition for
     ‘mvrnorm’
    param.poisson.survey: no visible global function definition for ‘coef’
    param.poisson.survey: no visible global function definition for ‘vcov’
    param.poisson.survey: no visible global function definition for
     ‘poisson’
    param.probit: no visible global function definition for ‘mvrnorm’
    param.probit: no visible global function definition for ‘coef’
    param.probit: no visible global function definition for ‘vcov’
    param.probit: no visible global function definition for ‘binomial’
    param.probit.bayes: no visible global function definition for ‘coef’
    param.probit.bayes: no visible global function definition for
     ‘binomial’
    param.probit.gee: no visible global function definition for ‘coef’
    param.probit.gee: no visible global function definition for ‘vcov’
    param.probit.gee: no visible global function definition for ‘mvrnorm’
    param.probit.gee: no visible global function definition for ‘binomial’
    param.probit.survey: no visible global function definition for
     ‘mvrnorm’
    param.probit.survey: no visible global function definition for ‘coef’
    param.probit.survey: no visible global function definition for ‘vcov’
    param.probit.survey: no visible global function definition for
     ‘binomial’
    param.relogit: no visible global function definition for ‘mvrnorm’
    param.relogit: no visible global function definition for ‘coef’
    param.relogit: no visible global function definition for ‘vcov’
    param.relogit: no visible global function definition for ‘binomial’
    param.tobit: no visible global function definition for ‘vcov’
    param.tobit: no visible global function definition for ‘coef’
    param.tobit: no visible global function definition for ‘mvrnorm’
    param.twosls: no visible global function definition for ‘coef’
    param.twosls: no visible global function definition for ‘vcov’
    param.twosls: no visible global function definition for ‘terms’
    param.twosls: no visible global function definition for ‘mvrnorm’
    parse.formula : checkNrOpt: no visible global function definition for
     ‘as.formula’
    parse.formula: no visible global function definition for ‘as.formula’
    parseFormula.Formula: no visible global function definition for ‘terms’
    parseFormula.formula: no visible global function definition for ‘terms’
    parseFormula.formula: no visible global function definition for
     ‘model.matrix’
    parseFormula.list: no visible binding for global variable ‘terms’
    plot.MI.sim: no visible global function definition for ‘plot’
    plot.ci: no visible binding for global variable ‘sd’
    plot.ci: no visible global function definition for ‘rgb’
    plot.ci : form.history: no visible global function definition for
     ‘median’
    plot.ci: no visible global function definition for ‘par’
    plot.ci: no visible global function definition for ‘plot’
    plot.ci: no visible global function definition for ‘polygon’
    plot.ci: no visible global function definition for ‘lines’
    plot.ci: no visible global function definition for ‘text’
    plot.pooled.sim: no visible binding for global variable ‘sd’
    plot.pooled.sim: no visible global function definition for ‘rgb’
    plot.pooled.sim : form.history: no visible global function definition
     for ‘median’
    plot.pooled.sim: no visible global function definition for ‘par’
    plot.pooled.sim: no visible global function definition for ‘plot’
    plot.pooled.sim: no visible global function definition for ‘polygon’
    plot.pooled.sim: no visible global function definition for ‘lines’
    plot.pooled.sim: no visible global function definition for ‘text’
    plot.sim: no visible global function definition for ‘par’
    plot.sim: no visible global function definition for ‘rainbow’
    plot.sim: no visible global function definition for ‘rgb’
    plot.sim: no visible global function definition for ‘layout’
    plot.sim.cloglog.net: no visible global function definition for ‘par’
    plot.sim.cloglog.net: no visible global function definition for
     ‘rainbow’
    plot.sim.cloglog.net: no visible global function definition for ‘rgb’
    plot.sim.cloglog.net: no visible global function definition for
     ‘layout’
    plot.sim.gamma.gee: no visible global function definition for ‘par’
    plot.sim.gamma.gee: no visible global function definition for ‘layout’
    plot.sim.logit.gee: no visible global function definition for ‘par’
    plot.sim.logit.gee: no visible global function definition for ‘layout’
    plot.sim.normal.gee: no visible global function definition for ‘par’
    plot.sim.normal.gee: no visible global function definition for ‘layout’
    plot.sim.poisson.gee: no visible global function definition for ‘par’
    plot.sim.poisson.gee: no visible global function definition for
     ‘layout’
    plot.sim.probit.gee: no visible global function definition for ‘par’
    plot.sim.probit.gee: no visible global function definition for ‘layout’
    plot.sim.twosls : plotSet: no visible global function definition for
     ‘plot’
    plot.sim.twosls : plotSet: no visible global function definition for
     ‘density’
    plot.sim.twosls: no visible global function definition for ‘layout’
    plot.simulations: no visible global function definition for ‘par’
    plot.simulations: no visible global function definition for ‘rgb’
    plot.simulations: no visible global function definition for ‘col2rgb’
    plot.simulations: no visible global function definition for ‘layout’
    plot.zelig: no visible global function definition for ‘plot’
    plot.zelig.relogit: no visible global function definition for ‘par’
    plot.zelig.relogit: no visible global function definition for ‘barplot’
    plot.zelig.relogit: no visible global function definition for ‘plot’
    plot.zelig.relogit: no visible global function definition for ‘density’
    plot.zelig.relogit: no visible global function definition for ‘lines’
    plot.zelig.relogit: no visible global function definition for ‘abline’
    poisson.ev: no visible global function definition for ‘coef’
    poisson.ev: no visible global function definition for ‘rpois’
    print.summary.relogit : print.relogitglm: no visible global function
     definition for ‘coef’
    print.summary.relogit : print.relogitglm: no visible global function
     definition for ‘naprint’
    qi.exp : compute.pv: no visible global function definition for ‘rexp’
    qi.exp: no visible global function definition for ‘coef’
    qi.gamma: no visible global function definition for ‘gamma.shape’
    qi.gamma: no visible global function definition for ‘rnorm’
    qi.gamma: no visible global function definition for ‘rgamma’
    qi.gamma.survey: no visible global function definition for ‘rgamma’
    qi.logit: no visible global function definition for ‘rbinom’
    qi.logit.survey: no visible global function definition for ‘rbinom’
    qi.lognorm: no visible global function definition for ‘coef’
    qi.ls: no visible global function definition for ‘coef’
    qi.negbinom: no visible global function definition for ‘rnegbin’
    qi.normal: no visible global function definition for ‘rnorm’
    qi.normal.bayes : normal.ev: no visible global function definition for
     ‘rnorm’
    qi.normal.survey: no visible global function definition for ‘rnorm’
    qi.oprobit.bayes: no visible global function definition for
     ‘model.response’
    qi.oprobit.bayes: no visible global function definition for
     ‘model.frame’
    qi.poisson: no visible global function definition for ‘rpois’
    qi.poisson.survey: no visible global function definition for ‘rpois’
    qi.probit: no visible global function definition for ‘rbinom’
    qi.probit.survey: no visible global function definition for ‘rbinom’
    qi.relogit: no visible global function definition for ‘rbinom’
    qi.relogit2: no visible global function definition for ‘coef’
    relogit: no visible binding for global variable ‘glm’
    relogit: no visible global function definition for ‘binomial’
    relogit: no visible global function definition for ‘model.response’
    relogit: no visible global function definition for ‘model.frame’
    relogit: no visible global function definition for ‘model.matrix’
    relogit: no visible global function definition for ‘fitted’
    relogit: no visible global function definition for ‘lm.influence’
    relogit: no visible global function definition for ‘lm’
    rocplot: no visible global function definition for ‘par’
    rocplot: no visible global function definition for ‘lines’
    rocplot: no visible global function definition for ‘abline’
    rocplot: no visible global function definition for ‘na.omit’
    setx.default: no visible global function definition for ‘formula’
    sim.default: no visible global function definition for ‘getS3method’
    sim.default: no visible global function definition for ‘complete.cases’
    sim.default : localbootstrap.default: no visible global function
     definition for ‘coef’
    sim.default: no visible global function definition for ‘boot’
    simulations.plot: no visible global function definition for ‘rgb’
    simulations.plot: no visible global function definition for ‘barplot’
    simulations.plot: no visible global function definition for ‘density’
    simulations.plot: no visible global function definition for ‘plot’
    simulations.plot: no visible global function definition for ‘polygon’
    simulations.plot: no visible global function definition for
     ‘heat.colors’
    simulations.plot: no visible global function definition for ‘par’
    simulations.plot: no visible global function definition for ‘image’
    simulations.plot: no visible global function definition for ‘text’
    simulations.plot: no visible global function definition for ‘axis’
    simulations.plot: no visible global function definition for ‘box’
    structuralToReduced: no visible global function definition for ‘terms’
    structuralToReduced: no visible global function definition for
     ‘as.formula’
    summarize.default: no visible global function definition for ‘sd’
    summarize.default: no visible global function definition for ‘quantile’
    summary.MCMCZelig: no visible global function definition for ‘coef’
    summary.MI : getcoef: no visible global function definition for ‘coef’
    summary.MI : getcoef: no visible global function definition for
     ‘slotNames’
    summary.MI: no visible global function definition for ‘pt’
    summary.Relogit: no visible global function definition for
     ‘model.matrix’
    summary.Relogit: no visible global function definition for ‘terms’
    summary.Relogit: no visible global function definition for
     ‘model.frame’
    summary.Relogit: no visible global function definition for ‘pt’
    summary.glm.robust: no visible global function definition for
     ‘summary.glm’
    summary.glm.robust: no visible global function definition for ‘vcovHAC’
    summary.glm.robust: no visible global function definition for
     ‘coefficients’
    summary.glm.robust: no visible global function definition for ‘pnorm’
    summary.glm.robust: no visible global function definition for ‘pt’
    summary.zelig: no visible global function definition for
     ‘findMethodSignatures’
    summary.zelig: no visible global function definition for ‘na.omit’
    summary.zelig: no visible global function definition for ‘getMethod’
    terms.multiple: no visible global function definition for
     ‘terms.formula’
    terms.zelig: no visible global function definition for ‘terms’
    termsFromFormula: no visible global function definition for ‘terms’
    tolmerFormat: no visible global function definition for ‘terms’
    tolmerFormat: no visible global function definition for ‘as.formula’
    vcov.zelig: no visible global function definition for ‘vcov’
    zelig: no visible global function definition for ‘getPackageName’
    zelig.skeleton: no visible global function definition for
     ‘package.skeleton’
    zelig2factor.bayes: no visible global function definition for
     ‘model.response’
    zelig2factor.bayes: no visible global function definition for
     ‘model.frame’
    zelig2gamma: no visible binding for global variable ‘glm’
    zelig2gamma: no visible global function definition for ‘Gamma’
    zelig2gamma.gee: no visible binding for global variable ‘gee’
    zelig2gamma.gee: no visible binding for global variable ‘Gamma’
    zelig2gamma.survey: no visible global function definition for
     ‘svydesign’
    zelig2gamma.survey: no visible global function definition for
     ‘svrepdesign’
    zelig2gamma.survey: no visible binding for global variable ‘svyglm’
    zelig2gamma.survey: no visible global function definition for ‘Gamma’
    zelig2logit: no visible binding for global variable ‘glm’
    zelig2logit: no visible global function definition for ‘binomial’
    zelig2logit.gee: no visible binding for global variable ‘gee’
    zelig2logit.gee: no visible global function definition for ‘binomial’
    zelig2logit.survey: no visible global function definition for
     ‘svydesign’
    zelig2logit.survey: no visible global function definition for
     ‘svrepdesign’
    zelig2logit.survey: no visible binding for global variable ‘svyglm’
    zelig2logit.survey: no visible global function definition for
     ‘quasibinomial’
    zelig2ls: no visible binding for global variable ‘lm’
    zelig2normal: no visible binding for global variable ‘glm’
    zelig2normal: no visible binding for global variable ‘gaussian’
    zelig2normal.gee: no visible binding for global variable ‘gee’
    zelig2normal.gee: no visible global function definition for ‘gaussian’
    zelig2normal.survey: no visible global function definition for
     ‘svydesign’
    zelig2normal.survey: no visible global function definition for
     ‘svrepdesign’
    zelig2normal.survey: no visible binding for global variable ‘svyglm’
    zelig2poisson: no visible binding for global variable ‘glm’
    zelig2poisson: no visible global function definition for ‘poisson’
    zelig2poisson.gee: no visible binding for global variable ‘gee’
    zelig2poisson.gee: no visible global function definition for ‘poisson’
    zelig2poisson.survey: no visible global function definition for
     ‘svydesign’
    zelig2poisson.survey: no visible global function definition for
     ‘svrepdesign’
    zelig2poisson.survey: no visible binding for global variable ‘svyglm’
    zelig2poisson.survey: no visible global function definition for
     ‘poisson’
    zelig2probit: no visible binding for global variable ‘glm’
    zelig2probit: no visible global function definition for ‘binomial’
    zelig2probit.gee: no visible binding for global variable ‘gee’
    zelig2probit.gee: no visible global function definition for ‘binomial’
    zelig2probit.survey: no visible global function definition for
     ‘svydesign’
    zelig2probit.survey: no visible global function definition for
     ‘svrepdesign’
    zelig2probit.survey: no visible binding for global variable ‘svyglm’
    zelig2probit.survey: no visible global function definition for
     ‘quasibinomial’
    zelig2relogit: no visible global function definition for ‘update’
    zelig2twosls: no visible global function definition for ‘terms’
    Undefined global functions or variables:
     Gamma abline apropos as as.formula axis barplot binomial boot box
     coef coefficients col2rgb complete.cases density findMethodSignatures
     fitted formula gamma.shape gaussian gee getGeneric getGenerics
     getMethod getPackageName getS3method glm head heat.colors image
     layout lines lm lm.influence logLik median methods model.frame
     model.frame.default model.matrix model.matrix.default model.response
     mvrnorm na.omit naprint package.skeleton packageDescription par plot
     pnorm poisson polygon pt quantile quasibinomial rainbow rbinom rchisq
     rexp rgamma rgb rmultinom rnegbin rnorm rpois runif sd slotNames
     summary.glm survreg.distributions svrepdesign svydesign svyglm
     systemfit tail terms terms.formula text update vcov vcovHAC
    Consider adding
     importFrom("grDevices", "col2rgb", "heat.colors", "rainbow", "rgb")
     importFrom("graphics", "abline", "axis", "barplot", "box", "image",
     "layout", "lines", "par", "plot", "polygon", "text")
     importFrom("methods", "as", "findMethodSignatures", "getGeneric",
     "getGenerics", "getMethod", "getPackageName", "slotNames")
     importFrom("stats", "Gamma", "as.formula", "binomial", "coef",
     "coefficients", "complete.cases", "density", "fitted",
     "formula", "gaussian", "glm", "lm", "lm.influence",
     "logLik", "median", "model.frame", "model.frame.default",
     "model.matrix", "model.matrix.default", "model.response",
     "na.omit", "naprint", "pnorm", "poisson", "pt", "quantile",
     "quasibinomial", "rbinom", "rchisq", "rexp", "rgamma",
     "rmultinom", "rnorm", "rpois", "runif", "sd", "summary.glm",
     "terms", "terms.formula", "update", "vcov")
     importFrom("utils", "apropos", "getS3method", "head", "methods",
     "package.skeleton", "packageDescription", "tail")
    to your NAMESPACE.
Flavors: r-devel-linux-x86_64-debian-clang, r-devel-linux-x86_64-debian-gcc, r-devel-linux-x86_64-fedora-clang, r-devel-linux-x86_64-fedora-gcc, r-devel-windows-ix86+x86_64

Version: 4.2-1
Check: R code for possible problems
Result: NOTE
    bootstrap.gamma: no visible global function definition for
     ‘gamma.shape’
    callsystemfit: no visible global function definition for ‘systemfit’
    clean.up.gamma.gee: no visible global function definition for ‘mvrnorm’
    param.exp: no visible global function definition for ‘mvrnorm’
    param.exp: no visible binding for global variable
     ‘survreg.distributions’
    param.gamma: no visible global function definition for ‘gamma.shape’
    param.gamma: no visible global function definition for ‘mvrnorm’
    param.gamma.gee: no visible global function definition for ‘mvrnorm’
    param.gamma.survey: no visible global function definition for
     ‘gamma.shape’
    param.gamma.survey: no visible global function definition for ‘mvrnorm’
    param.logit: no visible global function definition for ‘mvrnorm’
    param.logit.gee: no visible global function definition for ‘mvrnorm’
    param.logit.survey: no visible global function definition for ‘mvrnorm’
    param.lognorm: no visible global function definition for ‘mvrnorm’
    param.lognorm: no visible binding for global variable
     ‘survreg.distributions’
    param.ls: no visible global function definition for ‘mvrnorm’
    param.negbinom: no visible global function definition for ‘mvrnorm’
    param.normal: no visible global function definition for ‘mvrnorm’
    param.normal.gee: no visible global function definition for ‘mvrnorm’
    param.normal.survey: no visible global function definition for
     ‘mvrnorm’
    param.poisson: no visible global function definition for ‘mvrnorm’
    param.poisson.gee: no visible global function definition for ‘mvrnorm’
    param.poisson.survey: no visible global function definition for
     ‘mvrnorm’
    param.probit: no visible global function definition for ‘mvrnorm’
    param.probit.gee: no visible global function definition for ‘mvrnorm’
    param.probit.survey: no visible global function definition for
     ‘mvrnorm’
    param.relogit: no visible global function definition for ‘mvrnorm’
    param.tobit: no visible global function definition for ‘mvrnorm’
    param.twosls: no visible global function definition for ‘mvrnorm’
    qi.gamma: no visible global function definition for ‘gamma.shape’
    qi.negbinom: no visible global function definition for ‘rnegbin’
    sim.default: no visible global function definition for ‘boot’
    summary.glm.robust: no visible global function definition for ‘vcovHAC’
    zelig2gamma.gee: no visible binding for global variable ‘gee’
    zelig2gamma.survey: no visible global function definition for
     ‘svydesign’
    zelig2gamma.survey: no visible global function definition for
     ‘svrepdesign’
    zelig2gamma.survey: no visible binding for global variable ‘svyglm’
    zelig2logit.gee: no visible binding for global variable ‘gee’
    zelig2logit.survey: no visible global function definition for
     ‘svydesign’
    zelig2logit.survey: no visible global function definition for
     ‘svrepdesign’
    zelig2logit.survey: no visible binding for global variable ‘svyglm’
    zelig2normal.gee: no visible binding for global variable ‘gee’
    zelig2normal.survey: no visible global function definition for
     ‘svydesign’
    zelig2normal.survey: no visible global function definition for
     ‘svrepdesign’
    zelig2normal.survey: no visible binding for global variable ‘svyglm’
    zelig2poisson.gee: no visible binding for global variable ‘gee’
    zelig2poisson.survey: no visible global function definition for
     ‘svydesign’
    zelig2poisson.survey: no visible global function definition for
     ‘svrepdesign’
    zelig2poisson.survey: no visible binding for global variable ‘svyglm’
    zelig2probit.gee: no visible binding for global variable ‘gee’
    zelig2probit.survey: no visible global function definition for
     ‘svydesign’
    zelig2probit.survey: no visible global function definition for
     ‘svrepdesign’
    zelig2probit.survey: no visible binding for global variable ‘svyglm’
    Undefined global functions or variables:
     boot gamma.shape gee mvrnorm rnegbin survreg.distributions
     svrepdesign svydesign svyglm systemfit vcovHAC
Flavor: r-devel-osx-x86_64-clang

Version: 4.2-1
Check: R code for possible problems
Result: NOTE
    bootstrap.gamma: no visible global function definition for
     ‘gamma.shape’
    callsystemfit: no visible global function definition for ‘systemfit’
    clean.up.gamma.gee: no visible global function definition for ‘mvrnorm’
    param.exp: no visible global function definition for ‘mvrnorm’
    param.exp: no visible binding for global variable
     ‘survreg.distributions’
    param.gamma: no visible global function definition for ‘gamma.shape’
    param.gamma: no visible global function definition for ‘mvrnorm’
    param.gamma.gee: no visible global function definition for ‘mvrnorm’
    param.gamma.survey: no visible global function definition for
     ‘gamma.shape’
    param.gamma.survey: no visible global function definition for ‘mvrnorm’
    param.logit: no visible global function definition for ‘mvrnorm’
    param.logit.gee: no visible global function definition for ‘mvrnorm’
    param.logit.survey: no visible global function definition for ‘mvrnorm’
    param.lognorm: no visible global function definition for ‘mvrnorm’
    param.lognorm: no visible binding for global variable
     ‘survreg.distributions’
    param.ls: no visible global function definition for ‘mvrnorm’
    param.negbinom: no visible global function definition for ‘mvrnorm’
    param.normal: no visible global function definition for ‘mvrnorm’
    param.normal.gee: no visible global function definition for ‘mvrnorm’
    param.normal.survey: no visible global function definition for
     ‘mvrnorm’
    param.poisson: no visible global function definition for ‘mvrnorm’
    param.poisson.gee: no visible global function definition for ‘mvrnorm’
    param.poisson.survey: no visible global function definition for
     ‘mvrnorm’
    param.probit: no visible global function definition for ‘mvrnorm’
    param.probit.gee: no visible global function definition for ‘mvrnorm’
    param.probit.survey: no visible global function definition for
     ‘mvrnorm’
    param.relogit: no visible global function definition for ‘mvrnorm’
    param.tobit: no visible global function definition for ‘mvrnorm’
    param.twosls: no visible global function definition for ‘mvrnorm’
    qi.gamma: no visible global function definition for ‘gamma.shape’
    qi.negbinom: no visible global function definition for ‘rnegbin’
    sim.default: no visible global function definition for ‘boot’
    summary.glm.robust: no visible global function definition for ‘vcovHAC’
    zelig2gamma.gee: no visible binding for global variable ‘gee’
    zelig2gamma.survey: no visible global function definition for
     ‘svydesign’
    zelig2gamma.survey: no visible global function definition for
     ‘svrepdesign’
    zelig2gamma.survey: no visible binding for global variable ‘svyglm’
    zelig2logit.gee: no visible binding for global variable ‘gee’
    zelig2logit.survey: no visible global function definition for
     ‘svydesign’
    zelig2logit.survey: no visible global function definition for
     ‘svrepdesign’
    zelig2logit.survey: no visible binding for global variable ‘svyglm’
    zelig2normal.gee: no visible binding for global variable ‘gee’
    zelig2normal.survey: no visible global function definition for
     ‘svydesign’
    zelig2normal.survey: no visible global function definition for
     ‘svrepdesign’
    zelig2normal.survey: no visible binding for global variable ‘svyglm’
    zelig2poisson.gee: no visible binding for global variable ‘gee’
    zelig2poisson.survey: no visible global function definition for
     ‘svydesign’
    zelig2poisson.survey: no visible global function definition for
     ‘svrepdesign’
    zelig2poisson.survey: no visible binding for global variable ‘svyglm’
    zelig2probit.gee: no visible binding for global variable ‘gee’
    zelig2probit.survey: no visible global function definition for
     ‘svydesign’
    zelig2probit.survey: no visible global function definition for
     ‘svrepdesign’
    zelig2probit.survey: no visible binding for global variable ‘svyglm’
Flavors: r-patched-linux-x86_64, r-patched-solaris-sparc, r-patched-solaris-x86, r-release-linux-x86_64, r-release-osx-x86_64-mavericks, r-release-windows-ix86+x86_64, r-oldrel-windows-ix86+x86_64