CRAN Package Check Results for Package Zelig

Last updated on 2015-05-30 13:47:40.

Flavor Version Tinstall Tcheck Ttotal Status Flags
r-devel-linux-x86_64-debian-clang 4.2-1 3.16 70.35 73.51 NOTE
r-devel-linux-x86_64-debian-gcc 4.2-1 3.02 68.21 71.23 NOTE
r-devel-linux-x86_64-fedora-clang 4.2-1 145.88 NOTE
r-devel-linux-x86_64-fedora-gcc 4.2-1 137.39 NOTE
r-devel-osx-x86_64-clang 4.2-1 108.63 NOTE
r-devel-windows-ix86+x86_64 4.2-1 13.00 109.00 122.00 NOTE
r-patched-linux-x86_64 4.2-1 3.06 68.73 71.79 NOTE
r-patched-solaris-sparc 4.2-1 833.30 NOTE
r-patched-solaris-x86 4.2-1 162.10 NOTE
r-release-linux-x86_64 4.2-1 3.10 69.88 72.98 NOTE
r-release-osx-x86_64-mavericks 4.2-1 NOTE
r-release-osx-x86_64-snowleopard 4.2-1 ERROR
r-release-windows-ix86+x86_64 4.2-1 13.00 104.00 117.00 NOTE
r-oldrel-windows-ix86+x86_64 4.2-1 12.00 106.00 118.00 NOTE

Check Details

Version: 4.2-1
Check: dependencies in R code
Result: NOTE
    Packages in Depends field not imported from:
     ‘MASS’ ‘boot’ ‘methods’ ‘sandwich’
     These packages need to be imported from (in the NAMESPACE file)
     for when this namespace is loaded but not attached.
Flavors: r-devel-linux-x86_64-debian-clang, r-devel-linux-x86_64-debian-gcc, r-devel-linux-x86_64-fedora-clang, r-devel-linux-x86_64-fedora-gcc, r-devel-osx-x86_64-clang, r-devel-windows-ix86+x86_64, r-patched-linux-x86_64, r-patched-solaris-sparc, r-patched-solaris-x86, r-release-linux-x86_64, r-release-osx-x86_64-mavericks, r-release-windows-ix86+x86_64, r-oldrel-windows-ix86+x86_64

Version: 4.2-1
Check: S3 generic/method consistency
Result: NOTE
    Found the following apparent S3 methods exported but not registered:
     GetSlot.zelig as.summarized.list as.summarized.summarized.qi
     describe.gamma describe.probit plot.ci
    See section ‘Registering S3 methods’ in the ‘Writing R Extensions’
    manual.
Flavors: r-devel-linux-x86_64-debian-clang, r-devel-linux-x86_64-debian-gcc, r-devel-linux-x86_64-fedora-clang, r-devel-linux-x86_64-fedora-gcc, r-devel-osx-x86_64-clang, r-patched-linux-x86_64, r-patched-solaris-sparc, r-patched-solaris-x86, r-release-linux-x86_64

Version: 4.2-1
Check: R code for possible problems
Result: NOTE
    bootstrap.gamma: no visible global function definition for
     ‘gamma.shape’
    callsystemfit: no visible global function definition for ‘systemfit’
    clean.up.gamma.gee: no visible global function definition for ‘mvrnorm’
    param.exp: no visible global function definition for ‘mvrnorm’
    param.exp: no visible binding for global variable
     ‘survreg.distributions’
    param.gamma: no visible global function definition for ‘gamma.shape’
    param.gamma: no visible global function definition for ‘mvrnorm’
    param.gamma.gee: no visible global function definition for ‘mvrnorm’
    param.gamma.survey: no visible global function definition for
     ‘gamma.shape’
    param.gamma.survey: no visible global function definition for ‘mvrnorm’
    param.logit: no visible global function definition for ‘mvrnorm’
    param.logit.gee: no visible global function definition for ‘mvrnorm’
    param.logit.survey: no visible global function definition for ‘mvrnorm’
    param.lognorm: no visible global function definition for ‘mvrnorm’
    param.lognorm: no visible binding for global variable
     ‘survreg.distributions’
    param.ls: no visible global function definition for ‘mvrnorm’
    param.negbinom: no visible global function definition for ‘mvrnorm’
    param.normal: no visible global function definition for ‘mvrnorm’
    param.normal.gee: no visible global function definition for ‘mvrnorm’
    param.normal.survey: no visible global function definition for
     ‘mvrnorm’
    param.poisson: no visible global function definition for ‘mvrnorm’
    param.poisson.gee: no visible global function definition for ‘mvrnorm’
    param.poisson.survey: no visible global function definition for
     ‘mvrnorm’
    param.probit: no visible global function definition for ‘mvrnorm’
    param.probit.gee: no visible global function definition for ‘mvrnorm’
    param.probit.survey: no visible global function definition for
     ‘mvrnorm’
    param.relogit: no visible global function definition for ‘mvrnorm’
    param.tobit: no visible global function definition for ‘mvrnorm’
    param.twosls: no visible global function definition for ‘mvrnorm’
    qi.gamma: no visible global function definition for ‘gamma.shape’
    qi.negbinom: no visible global function definition for ‘rnegbin’
    sim.default: no visible global function definition for ‘boot’
    summary.glm.robust: no visible global function definition for ‘vcovHAC’
    zelig2gamma.gee: no visible binding for global variable ‘gee’
    zelig2gamma.survey: no visible global function definition for
     ‘svydesign’
    zelig2gamma.survey: no visible global function definition for
     ‘svrepdesign’
    zelig2gamma.survey: no visible binding for global variable ‘svyglm’
    zelig2logit.gee: no visible binding for global variable ‘gee’
    zelig2logit.survey: no visible global function definition for
     ‘svydesign’
    zelig2logit.survey: no visible global function definition for
     ‘svrepdesign’
    zelig2logit.survey: no visible binding for global variable ‘svyglm’
    zelig2normal.gee: no visible binding for global variable ‘gee’
    zelig2normal.survey: no visible global function definition for
     ‘svydesign’
    zelig2normal.survey: no visible global function definition for
     ‘svrepdesign’
    zelig2normal.survey: no visible binding for global variable ‘svyglm’
    zelig2poisson.gee: no visible binding for global variable ‘gee’
    zelig2poisson.survey: no visible global function definition for
     ‘svydesign’
    zelig2poisson.survey: no visible global function definition for
     ‘svrepdesign’
    zelig2poisson.survey: no visible binding for global variable ‘svyglm’
    zelig2probit.gee: no visible binding for global variable ‘gee’
    zelig2probit.survey: no visible global function definition for
     ‘svydesign’
    zelig2probit.survey: no visible global function definition for
     ‘svrepdesign’
    zelig2probit.survey: no visible binding for global variable ‘svyglm’
Flavors: r-devel-linux-x86_64-debian-clang, r-devel-linux-x86_64-debian-gcc, r-devel-linux-x86_64-fedora-clang, r-devel-linux-x86_64-fedora-gcc, r-devel-osx-x86_64-clang, r-devel-windows-ix86+x86_64, r-patched-linux-x86_64, r-patched-solaris-sparc, r-patched-solaris-x86, r-release-linux-x86_64, r-release-osx-x86_64-mavericks, r-release-windows-ix86+x86_64, r-oldrel-windows-ix86+x86_64

Version: 4.2-1
Check: package dependencies
Result: ERROR
    Package required but not available: ‘sandwich’
    
    Packages suggested but not available for checking: ‘survey’ ‘systemfit’
    
    See section ‘The DESCRIPTION file’ in the ‘Writing R Extensions’
    manual.
Flavor: r-release-osx-x86_64-snowleopard