CRAN Package Check Results for Package ZeligChoice

Last updated on 2015-07-01 06:49:04.

Flavor Version Tinstall Tcheck Ttotal Status Flags
r-devel-linux-x86_64-debian-clang 0.8-1 1.46 30.02 31.49 NOTE
r-devel-linux-x86_64-debian-gcc 0.8-1 1.44 30.04 31.48 NOTE
r-devel-linux-x86_64-fedora-clang 0.8-1 59.96 NOTE
r-devel-linux-x86_64-fedora-gcc 0.8-1 57.81 NOTE
r-devel-osx-x86_64-clang 0.8-1 57.36 NOTE
r-devel-windows-ix86+x86_64 0.8-1 5.00 47.00 52.00 NOTE
r-patched-linux-x86_64 0.8-1 1.43 29.90 31.32 NOTE
r-patched-solaris-sparc 0.8-1 354.60 NOTE
r-patched-solaris-x86 0.8-1 81.60 NOTE
r-release-linux-x86_64 0.8-1 1.44 30.92 32.36 NOTE
r-release-osx-x86_64-mavericks 0.8-1 NOTE
r-release-windows-ix86+x86_64 0.8-1 5.00 46.00 51.00 NOTE
r-oldrel-windows-ix86+x86_64 0.8-1 6.00 63.00 69.00 NOTE

Check Details

Version: 0.8-1
Check: R code for possible problems
Result: NOTE
    .compute.pr: no visible global function definition for ‘runif’
    .plot.ev: no visible binding for global variable ‘density’
    .plot.ev: no visible binding for global variable ‘lines’
    .plot.ev: no visible global function definition for ‘legend’
    .plot.pv: no visible global function definition for ‘barplot’
    .pr: no visible global function definition for ‘rbinom’
    .summarize.ev: no visible global function definition for ‘sd’
    .summarize.ev: no visible global function definition for ‘quantile’
    oprobit.linkinverse: no visible global function definition for ‘pnorm’
    param.blogit: no visible global function definition for ‘mvrnorm’
    param.bprobit: no visible global function definition for ‘mvrnorm’
    param.mlogit: no visible global function definition for ‘mvrnorm’
    param.ologit: no visible global function definition for ‘mvrnorm’
    param.oprobit: no visible global function definition for ‘mvrnorm’
    plot.sim.blogit: no visible global function definition for ‘par’
    plot.sim.blogit: no visible global function definition for ‘barplot’
    plot.sim.blogit: no visible global function definition for ‘contour’
    plot.sim.blogit: no visible global function definition for ‘kde2d’
    plot.sim.bprobit: no visible global function definition for ‘par’
    plot.sim.bprobit: no visible global function definition for ‘barplot’
    plot.sim.bprobit: no visible global function definition for ‘contour’
    plot.sim.bprobit: no visible global function definition for ‘kde2d’
    plot.sim.mlogit: no visible global function definition for ‘par’
    plot.sim.mlogit: no visible global function definition for ‘rainbow’
    plot.sim.mlogit: no visible global function definition for ‘rgb’
    plot.sim.mlogit: no visible global function definition for ‘layout’
    plot.sim.ologit: no visible global function definition for ‘par’
    plot.sim.ologit: no visible global function definition for ‘rainbow’
    plot.sim.ologit: no visible global function definition for ‘rgb’
    plot.sim.ologit: no visible global function definition for ‘layout’
    plot.sim.oprobit: no visible global function definition for ‘par’
    plot.sim.oprobit: no visible global function definition for ‘rainbow’
    plot.sim.oprobit: no visible global function definition for ‘rgb’
    plot.sim.oprobit: no visible global function definition for ‘layout’
    pv.mlogit: no visible global function definition for ‘runif’
    qi.blogit: no visible global function definition for ‘GetObject’
    qi.bprobit: no visible global function definition for ‘GetObject’
    qi.mlogit: no visible global function definition for ‘GetObject’
    summarize.ologit: no visible global function definition for ‘sd’
    summarize.ologit: no visible global function definition for ‘quantile’
    summarize.oprobit: no visible global function definition for ‘sd’
    summarize.oprobit: no visible global function definition for ‘quantile’
    zelig2blogit: no visible global function definition for ‘parse.formula’
    zelig2blogit: no visible global function definition for ‘cmvglm’
    zelig2blogit: no visible global function definition for
     ‘zeligBuildWeights’
    zelig2bprobit: no visible global function definition for
     ‘parse.formula’
    zelig2bprobit: no visible global function definition for ‘cmvglm’
    zelig2bprobit: no visible global function definition for
     ‘zeligBuildWeights’
    zelig2mlogit: no visible global function definition for ‘parse.formula’
    zelig2mlogit: no visible global function definition for ‘cmvglm’
    zelig2mlogit: no visible global function definition for
     ‘zeligBuildWeights’
    zelig2ologit: no visible global function definition for
     ‘zeligBuildWeights’
    zelig2ologit: no visible global function definition for ‘update’
    zelig2oprobit: no visible global function definition for
     ‘zeligBuildWeights’
    zelig2oprobit: no visible global function definition for ‘update’
Flavors: r-devel-linux-x86_64-debian-clang, r-devel-linux-x86_64-debian-gcc, r-devel-linux-x86_64-fedora-clang, r-devel-linux-x86_64-fedora-gcc, r-devel-windows-ix86+x86_64

Version: 0.8-1
Check: R code for possible problems
Result: NOTE
    param.blogit: no visible global function definition for ‘mvrnorm’
    param.bprobit: no visible global function definition for ‘mvrnorm’
    param.mlogit: no visible global function definition for ‘mvrnorm’
    param.ologit: no visible global function definition for ‘mvrnorm’
    param.oprobit: no visible global function definition for ‘mvrnorm’
    plot.sim.blogit: no visible global function definition for ‘kde2d’
    plot.sim.bprobit: no visible global function definition for ‘kde2d’
    qi.blogit: no visible global function definition for ‘GetObject’
    qi.bprobit: no visible global function definition for ‘GetObject’
    qi.mlogit: no visible global function definition for ‘GetObject’
    zelig2blogit: no visible global function definition for ‘parse.formula’
    zelig2blogit: no visible global function definition for ‘cmvglm’
    zelig2blogit: no visible global function definition for
     ‘zeligBuildWeights’
    zelig2bprobit: no visible global function definition for
     ‘parse.formula’
    zelig2bprobit: no visible global function definition for ‘cmvglm’
    zelig2bprobit: no visible global function definition for
     ‘zeligBuildWeights’
    zelig2mlogit: no visible global function definition for ‘parse.formula’
    zelig2mlogit: no visible global function definition for ‘cmvglm’
    zelig2mlogit: no visible global function definition for
     ‘zeligBuildWeights’
    zelig2ologit: no visible global function definition for
     ‘zeligBuildWeights’
    zelig2oprobit: no visible global function definition for
     ‘zeligBuildWeights’
Flavors: r-devel-osx-x86_64-clang, r-patched-linux-x86_64, r-patched-solaris-sparc, r-patched-solaris-x86, r-release-linux-x86_64, r-release-osx-x86_64-mavericks, r-release-windows-ix86+x86_64, r-oldrel-windows-ix86+x86_64