CRAN Package Check Results for Package ZeligChoice

Last updated on 2015-04-27 06:46:56.

Flavor Version Tinstall Tcheck Ttotal Status Flags
r-devel-linux-x86_64-debian-clang 0.8-1 1.45 29.98 31.43 NOTE
r-devel-linux-x86_64-debian-gcc 0.8-1 1.44 29.19 30.63 NOTE
r-devel-linux-x86_64-fedora-clang 0.8-1 64.83 NOTE
r-devel-linux-x86_64-fedora-gcc 0.8-1 58.07 NOTE
r-devel-osx-x86_64-clang 0.8-1 59.99 NOTE
r-devel-windows-ix86+x86_64 0.8-1 6.00 87.00 93.00 NOTE
r-patched-linux-x86_64 0.8-1 1.56 29.34 30.90 NOTE
r-patched-solaris-sparc 0.8-1 387.80 NOTE
r-patched-solaris-x86 0.8-1 80.40 NOTE
r-release-linux-x86_64 0.8-1 1.45 29.04 30.49 NOTE
r-release-osx-x86_64-mavericks 0.8-1 NOTE
r-release-osx-x86_64-snowleopard 0.8-1 ERROR
r-release-windows-ix86+x86_64 0.8-1 5.00 48.00 53.00 NOTE
r-oldrel-windows-ix86+x86_64 0.8-1 5.00 54.00 59.00 NOTE

Check Details

Version: 0.8-1
Check: R code for possible problems
Result: NOTE
    param.blogit: no visible global function definition for ‘mvrnorm’
    param.bprobit: no visible global function definition for ‘mvrnorm’
    param.mlogit: no visible global function definition for ‘mvrnorm’
    param.ologit: no visible global function definition for ‘mvrnorm’
    param.oprobit: no visible global function definition for ‘mvrnorm’
    plot.sim.blogit: no visible global function definition for ‘kde2d’
    plot.sim.bprobit: no visible global function definition for ‘kde2d’
    qi.blogit: no visible global function definition for ‘GetObject’
    qi.bprobit: no visible global function definition for ‘GetObject’
    qi.mlogit: no visible global function definition for ‘GetObject’
    zelig2blogit: no visible global function definition for ‘parse.formula’
    zelig2blogit: no visible global function definition for ‘cmvglm’
    zelig2blogit: no visible global function definition for
     ‘zeligBuildWeights’
    zelig2bprobit: no visible global function definition for
     ‘parse.formula’
    zelig2bprobit: no visible global function definition for ‘cmvglm’
    zelig2bprobit: no visible global function definition for
     ‘zeligBuildWeights’
    zelig2mlogit: no visible global function definition for ‘parse.formula’
    zelig2mlogit: no visible global function definition for ‘cmvglm’
    zelig2mlogit: no visible global function definition for
     ‘zeligBuildWeights’
    zelig2ologit: no visible global function definition for
     ‘zeligBuildWeights’
    zelig2oprobit: no visible global function definition for
     ‘zeligBuildWeights’
Flavors: r-devel-linux-x86_64-debian-clang, r-devel-linux-x86_64-debian-gcc, r-devel-linux-x86_64-fedora-clang, r-devel-linux-x86_64-fedora-gcc, r-devel-osx-x86_64-clang, r-devel-windows-ix86+x86_64, r-patched-solaris-sparc, r-patched-solaris-x86, r-release-osx-x86_64-mavericks, r-release-windows-ix86+x86_64, r-oldrel-windows-ix86+x86_64

Version: 0.8-1
Check: package dependencies
Result: ERROR
    Package required but not available: ‘Zelig’
    
    See section ‘The DESCRIPTION file’ in the ‘Writing R Extensions’
    manual.
Flavor: r-release-osx-x86_64-snowleopard