CRAN Package Check Results for Package ZeligChoice

Last updated on 2014-04-18 11:47:28.

Flavor Version Tinstall Tcheck Ttotal Status Flags
r-devel-linux-x86_64-debian-clang 0.8-1 1.96 33.40 35.36 OK
r-devel-linux-x86_64-debian-gcc OK
r-devel-linux-x86_64-fedora-clang 0.8-1 80.30 OK
r-devel-linux-x86_64-fedora-gcc 0.8-1 75.09 OK
r-devel-macosx-x86_64-clang 0.8-1 71.55 OK
r-devel-macosx-x86_64-gcc 0.8-1 ERROR
r-devel-windows-ix86+x86_64 0.8-1 6.00 57.00 63.00 OK
r-patched-linux-x86_64 0.8-1 1.93 34.00 35.92 OK
r-patched-solaris-sparc 0.8-1 439.50 OK
r-patched-solaris-x86 0.8-1 99.60 OK
r-release-linux-ix86 0.8-1 5.00 61.00 66.00 OK
r-release-linux-x86_64 0.8-1 1.80 34.52 36.32 OK
r-release-macosx-x86_64 0.8-1 NOTE
r-release-windows-ix86+x86_64 0.8-1 7.00 53.00 60.00 OK
r-oldrel-windows-ix86+x86_64 0.8-1 7.00 56.00 63.00 OK

Check Details

Version: 0.8-1
Check: package dependencies
Result: ERROR
    Package required but not available: ‘Zelig’
    
    See the information on DESCRIPTION files in the chapter ‘Creating R
    packages’ of the ‘Writing R Extensions’ manual.
Flavor: r-devel-macosx-x86_64-gcc

Version: 0.8-1
Check: re-building of vignette outputs
Result: NOTE
    Error in re-building vignettes:
     ...
     Max
    
    The following objects are masked from 'package:boot':
    
     logit, simplex
    
    The following objects are masked from 'package:stats':
    
     case.names, coef, coefficients, df.residual, dfbeta, fitted,
     fitted.values, formula, hatvalues, poly, residuals, variable.names,
     weights
    
    The following objects are masked from 'package:base':
    
     identity, scale.default
    
    Error in texi2dvi(file = file, pdf = TRUE, clean = clean, quiet = quiet, :
     Running 'texi2dvi' on 'ZeligChoice-manual.tex' failed.
    LaTeX errors:
    ! LaTeX Error: File `xy.sty' not found.
    
    Type X to quit or <RETURN> to proceed,
    or enter new name. (Default extension: sty)
    Calls: buildVignettes -> texi2pdf -> texi2dvi
    Execution halted
Flavor: r-release-macosx-x86_64