CRAN Package Check Results for Package ZeligChoice

Last updated on 2015-03-27 21:48:06.

Flavor Version Tinstall Tcheck Ttotal Status Flags
r-devel-linux-x86_64-debian-clang 0.8-1 1.49 29.81 31.30 NOTE
r-devel-linux-x86_64-debian-gcc 0.8-1 1.44 28.37 29.81 NOTE
r-devel-linux-x86_64-fedora-clang 0.8-1 63.39 NOTE
r-devel-linux-x86_64-fedora-gcc 0.8-1 58.12 NOTE
r-devel-osx-x86_64-clang 0.8-1 65.22 NOTE
r-prerel-windows-ix86+x86_64 0.8-1 5.00 48.00 53.00 NOTE
r-prerel-linux-x86_64 0.8-1 1.48 29.97 31.45 NOTE
r-prerel-solaris-sparc 0.8-1 387.80 NOTE
r-prerel-solaris-x86 0.8-1 78.60 NOTE
r-release-linux-x86_64 0.8-1 2.64 34.48 37.12 NOTE
r-release-osx-x86_64-mavericks 0.8-1 NOTE
r-release-osx-x86_64-snowleopard 0.8-1 NOTE
r-release-windows-ix86+x86_64 0.8-1 7.00 60.00 67.00 NOTE
r-oldrel-windows-ix86+x86_64 0.8-1 8.00 60.00 68.00 OK

Check Details

Version: 0.8-1
Check: R code for possible problems
Result: NOTE
    param.blogit: no visible global function definition for ‘mvrnorm’
    param.bprobit: no visible global function definition for ‘mvrnorm’
    param.mlogit: no visible global function definition for ‘mvrnorm’
    param.ologit: no visible global function definition for ‘mvrnorm’
    param.oprobit: no visible global function definition for ‘mvrnorm’
    plot.sim.blogit: no visible global function definition for ‘kde2d’
    plot.sim.bprobit: no visible global function definition for ‘kde2d’
    qi.blogit: no visible global function definition for ‘GetObject’
    qi.bprobit: no visible global function definition for ‘GetObject’
    qi.mlogit: no visible global function definition for ‘GetObject’
    zelig2blogit: no visible global function definition for ‘parse.formula’
    zelig2blogit: no visible global function definition for ‘cmvglm’
    zelig2blogit: no visible global function definition for
     ‘zeligBuildWeights’
    zelig2bprobit: no visible global function definition for
     ‘parse.formula’
    zelig2bprobit: no visible global function definition for ‘cmvglm’
    zelig2bprobit: no visible global function definition for
     ‘zeligBuildWeights’
    zelig2mlogit: no visible global function definition for ‘parse.formula’
    zelig2mlogit: no visible global function definition for ‘cmvglm’
    zelig2mlogit: no visible global function definition for
     ‘zeligBuildWeights’
    zelig2ologit: no visible global function definition for
     ‘zeligBuildWeights’
    zelig2oprobit: no visible global function definition for
     ‘zeligBuildWeights’
Flavors: r-devel-linux-x86_64-debian-clang, r-devel-linux-x86_64-debian-gcc, r-devel-linux-x86_64-fedora-clang, r-devel-linux-x86_64-fedora-gcc, r-devel-osx-x86_64-clang, r-prerel-windows-ix86+x86_64, r-prerel-linux-x86_64, r-prerel-solaris-sparc, r-prerel-solaris-x86, r-release-linux-x86_64, r-release-osx-x86_64-mavericks, r-release-windows-ix86+x86_64

Version: 0.8-1
Check: re-building of vignette outputs
Result: NOTE
    Error in re-building vignettes:
     ...
     Max
    
    The following objects are masked from 'package:boot':
    
     logit, simplex
    
    The following objects are masked from 'package:stats':
    
     case.names, coef, coefficients, df.residual, dfbeta, fitted,
     fitted.values, formula, hatvalues, poly, residuals, variable.names,
     weights
    
    The following objects are masked from 'package:base':
    
     identity, scale.default
    
    Error in texi2dvi(file = file, pdf = TRUE, clean = clean, quiet = quiet, :
     Running 'texi2dvi' on 'ZeligChoice-manual.tex' failed.
    LaTeX errors:
    ! LaTeX Error: File `xy.sty' not found.
    
    Type X to quit or <RETURN> to proceed,
    or enter new name. (Default extension: sty)
    Calls: buildVignettes -> texi2pdf -> texi2dvi
    Execution halted
Flavor: r-release-osx-x86_64-snowleopard