CRAN Package Check Results for Package ZeligChoice

Last updated on 2014-07-26 11:52:30.

Flavor Version Tinstall Tcheck Ttotal Status Flags
r-devel-linux-x86_64-debian-clang 0.8-1 1.81 32.71 34.52 OK
r-devel-linux-x86_64-debian-gcc 0.8-1 1.72 32.36 34.08 OK
r-devel-linux-x86_64-fedora-clang 0.8-1 77.18 OK
r-devel-linux-x86_64-fedora-gcc 0.8-1 74.77 OK
r-devel-osx-x86_64-clang 0.8-1 67.48 OK
r-devel-windows-ix86+x86_64 0.8-1 6.00 54.00 60.00 OK
r-patched-linux-x86_64 0.8-1 1.71 32.26 33.96 OK
r-patched-solaris-sparc 0.8-1 439.50 OK
r-patched-solaris-x86 0.8-1 100.60 OK
r-release-linux-ix86 0.8-1 2.66 44.06 46.71 OK
r-release-linux-x86_64 0.8-1 1.84 33.43 35.27 OK
r-release-osx-x86_64-mavericks 0.8-1 NOTE
r-release-osx-x86_64-snowleopard 0.8-1 NOTE
r-release-windows-ix86+x86_64 0.8-1 5.00 56.00 61.00 OK
r-oldrel-windows-ix86+x86_64 0.8-1 7.00 52.00 59.00 OK

Check Details

Version: 0.8-1
Check: re-building of vignette outputs
Result: NOTE
    Error in re-building vignettes:
     ...
    
     logit, simplex
    
    The following objects are masked from ‘package:stats’:
    
     case.names, coef, coefficients, df.residual, dfbeta, fitted,
     fitted.values, formula, hatvalues, poly, residuals, variable.names,
     weights
    
    The following objects are masked from ‘package:base’:
    
     identity, scale.default
    
    Error in texi2dvi(file = file, pdf = TRUE, clean = clean, quiet = quiet, :
     Running 'texi2dvi' on 'ZeligChoice-manual.tex' failed.
    LaTeX errors:
    ! LaTeX Error: File `xy.sty' not found.
    
    Type X to quit or <RETURN> to proceed,
    or enter new name. (Default extension: sty)
    
    vign_test/ZeligChoice/vignettes/ZeligChoice-manual.tex:14: ==> Fatal error occ
    urred, no output PDF file produced!
    Calls: buildVignettes -> texi2pdf -> texi2dvi
    Execution halted
Flavor: r-release-osx-x86_64-mavericks

Version: 0.8-1
Check: re-building of vignette outputs
Result: NOTE
    Error in re-building vignettes:
     ...
     Max
    
    The following objects are masked from 'package:boot':
    
     logit, simplex
    
    The following objects are masked from 'package:stats':
    
     case.names, coef, coefficients, df.residual, dfbeta, fitted,
     fitted.values, formula, hatvalues, poly, residuals, variable.names,
     weights
    
    The following objects are masked from 'package:base':
    
     identity, scale.default
    
    Error in texi2dvi(file = file, pdf = TRUE, clean = clean, quiet = quiet, :
     Running 'texi2dvi' on 'ZeligChoice-manual.tex' failed.
    LaTeX errors:
    ! LaTeX Error: File `xy.sty' not found.
    
    Type X to quit or <RETURN> to proceed,
    or enter new name. (Default extension: sty)
    Calls: buildVignettes -> texi2pdf -> texi2dvi
    Execution halted
Flavor: r-release-osx-x86_64-snowleopard