CRAN Package Check Results for Package ZeligMultilevel

Last updated on 2015-08-05 11:48:23.

Flavor Version Tinstall Tcheck Ttotal Status Flags
r-devel-linux-x86_64-debian-clang 0.7-1 3.58 44.52 48.10 ERROR
r-devel-linux-x86_64-debian-gcc 0.7-1 3.47 42.96 46.43 ERROR
r-devel-linux-x86_64-fedora-clang 0.7-1 97.38 ERROR
r-devel-linux-x86_64-fedora-gcc 0.7-1 89.82 ERROR
r-devel-osx-x86_64-clang 0.7-1 79.25 ERROR
r-devel-windows-ix86+x86_64 0.7-1 16.00 72.00 88.00 ERROR
r-patched-linux-x86_64 0.7-1 3.62 45.74 49.36 NOTE
r-patched-solaris-sparc 0.7-1 599.80 NOTE
r-patched-solaris-x86 0.7-1 134.60 NOTE
r-release-linux-x86_64 0.7-1 3.52 44.83 48.35 NOTE
r-release-osx-x86_64-mavericks 0.7-1 NOTE
r-release-windows-ix86+x86_64 0.7-1 14.00 77.00 91.00 NOTE
r-oldrel-windows-ix86+x86_64 0.7-1 22.00 90.00 112.00 NOTE

Check Details

Version: 0.7-1
Check: dependencies in R code
Result: NOTE
    Missing or unexported object: ‘lme4::sigma’
Flavors: r-devel-linux-x86_64-debian-clang, r-devel-linux-x86_64-debian-gcc, r-devel-linux-x86_64-fedora-clang, r-devel-linux-x86_64-fedora-gcc, r-devel-osx-x86_64-clang, r-devel-windows-ix86+x86_64

Version: 0.7-1
Check: R code for possible problems
Result: NOTE
    .compute.gamma.ev.and.pv: no visible global function definition for
     ‘coef’
    .compute.gamma.ev.and.pv: no visible global function definition for
     ‘linkinv’
    .compute.gamma.ev.and.pv: no visible global function definition for
     ‘rgamma’
    .compute.logit.ev.and.pv: no visible global function definition for
     ‘coef’
    .compute.logit.ev.and.pv: no visible global function definition for
     ‘alpha’
    .compute.logit.ev.and.pv: no visible global function definition for
     ‘linkinv’
    .compute.logit.ev.and.pv: no visible global function definition for
     ‘rbinom’
    .compute.ls.ev.and.pv: no visible global function definition for ‘coef’
    .compute.ls.ev.and.pv: no visible global function definition for
     ‘rnorm’
    .compute.poisson.ev.and.pv: no visible global function definition for
     ‘linkinv’
    .compute.poisson.ev.and.pv: no visible global function definition for
     ‘rpois’
    coef.zelig: no visible global function definition for ‘coef’
    compute.mixed.terms: no visible global function definition for
     ‘.getRandAndFixedTerms’
    compute.mixed.terms: no visible global function definition for
     ‘model.matrix’
    compute.mixed.terms: no visible global function definition for ‘terms’
    param.gamma.mixed: no visible global function definition for
     ‘GetObject’
    param.gamma.mixed: no visible global function definition for ‘mvrnorm’
    param.gamma.mixed: no visible global function definition for ‘vcov’
    param.logit.mixed: no visible global function definition for
     ‘GetObject’
    param.logit.mixed: no visible global function definition for ‘mvrnorm’
    param.logit.mixed: no visible global function definition for ‘vcov’
    param.ls.mixed: no visible global function definition for ‘GetObject’
    param.ls.mixed: no visible global function definition for ‘mvrnorm’
    param.ls.mixed: no visible global function definition for ‘vcov’
    param.poisson.mixed: no visible global function definition for
     ‘GetObject’
    param.poisson.mixed: no visible global function definition for
     ‘mvrnorm’
    param.poisson.mixed: no visible global function definition for ‘vcov’
    param.probit.mixed: no visible global function definition for
     ‘GetObject’
    param.probit.mixed: no visible global function definition for ‘mvrnorm’
    param.probit.mixed: no visible global function definition for ‘vcov’
    plot.zelig: no visible global function definition for ‘plot’
    qi.gamma.mixed: no visible global function definition for ‘coef’
    qi.logit.mixed: no visible global function definition for ‘coef’
    qi.logit.mixed: no visible global function definition for ‘alpha’
    qi.ls.mixed: no visible global function definition for ‘coef’
    qi.ls.mixed: no visible global function definition for ‘alpha’
    qi.poisson.mixed: no visible global function definition for ‘coef’
    qi.probit.mixed: no visible global function definition for ‘coef’
    qi.probit.mixed: no visible global function definition for ‘alpha’
    setup.x.matrix: no visible global function definition for
     ‘.getRandAndFixedTerms’
    setup.x.matrix: no visible global function definition for
     ‘model.matrix’
    vcov.zelig: no visible global function definition for ‘vcov’
    zelig2gamma.mixed: no visible global function definition for ‘Gamma’
    zelig2gamma.mixed: no visible global function definition for
     ‘tolmerFormat’
    zelig2gamma.mixed: no visible global function definition for ‘reduceMI’
    zelig2logit.mixed: no visible global function definition for ‘binomial’
    zelig2logit.mixed: no visible global function definition for
     ‘tolmerFormat’
    zelig2logit.mixed: no visible global function definition for ‘reduceMI’
    zelig2ls.mixed: no visible global function definition for
     ‘tolmerFormat’
    zelig2ls.mixed: no visible global function definition for ‘reduceMI’
    zelig2poisson.mixed: no visible binding for global variable ‘poisson’
    zelig2poisson.mixed: no visible global function definition for
     ‘tolmerFormat’
    zelig2poisson.mixed: no visible global function definition for
     ‘reduceMI’
    zelig2probit.mixed: no visible global function definition for
     ‘tolmerFormat’
    zelig2probit.mixed: no visible global function definition for
     ‘reduceMI’
    zelig2probit.mixed: no visible global function definition for
     ‘binomial’
    Undefined global functions or variables:
     .getRandAndFixedTerms Gamma GetObject alpha binomial coef linkinv
     model.matrix mvrnorm plot poisson rbinom reduceMI rgamma rnorm rpois
     terms tolmerFormat vcov
    Consider adding
     importFrom("graphics", "plot")
     importFrom("stats", "Gamma", "binomial", "coef", "model.matrix",
     "poisson", "rbinom", "rgamma", "rnorm", "rpois", "terms",
     "vcov")
    to your NAMESPACE.
Flavors: r-devel-linux-x86_64-debian-clang, r-devel-linux-x86_64-debian-gcc, r-devel-linux-x86_64-fedora-clang, r-devel-linux-x86_64-fedora-gcc, r-devel-windows-ix86+x86_64

Version: 0.7-1
Check: tests
Result: ERROR
    Running the tests in ‘tests/tests.R’ failed.
    Last 13 lines of output:
     - Rescale variables?
     >
     >
     > x.high <- setx(z.out, numst2 = 1)
     Warning message:
     In Ops.factor(1, country) : '|' not meaningful for factors
     > x.low <- setx(z.out, numst2 = 0)
     Warning message:
     In Ops.factor(1, country) : '|' not meaningful for factors
     >
     > s.out <- sim(z.out, x = x.low, x1=x.high, num = 10)
     Error: 'sigma' is not an exported object from 'namespace:lme4'
     Execution halted
Flavors: r-devel-linux-x86_64-debian-clang, r-devel-linux-x86_64-debian-gcc, r-devel-linux-x86_64-fedora-clang, r-devel-linux-x86_64-fedora-gcc, r-devel-osx-x86_64-clang, r-devel-windows-ix86+x86_64

Version: 0.7-1
Check: R code for possible problems
Result: NOTE
    .compute.gamma.ev.and.pv: no visible global function definition for
     ‘linkinv’
    .compute.logit.ev.and.pv: no visible global function definition for
     ‘alpha’
    .compute.logit.ev.and.pv: no visible global function definition for
     ‘linkinv’
    .compute.poisson.ev.and.pv: no visible global function definition for
     ‘linkinv’
    compute.mixed.terms: no visible global function definition for
     ‘.getRandAndFixedTerms’
    param.gamma.mixed: no visible global function definition for
     ‘GetObject’
    param.gamma.mixed: no visible global function definition for ‘mvrnorm’
    param.logit.mixed: no visible global function definition for
     ‘GetObject’
    param.logit.mixed: no visible global function definition for ‘mvrnorm’
    param.ls.mixed: no visible global function definition for ‘GetObject’
    param.ls.mixed: no visible global function definition for ‘mvrnorm’
    param.poisson.mixed: no visible global function definition for
     ‘GetObject’
    param.poisson.mixed: no visible global function definition for
     ‘mvrnorm’
    param.probit.mixed: no visible global function definition for
     ‘GetObject’
    param.probit.mixed: no visible global function definition for ‘mvrnorm’
    qi.logit.mixed: no visible global function definition for ‘alpha’
    qi.ls.mixed: no visible global function definition for ‘alpha’
    qi.probit.mixed: no visible global function definition for ‘alpha’
    setup.x.matrix: no visible global function definition for
     ‘.getRandAndFixedTerms’
    zelig2gamma.mixed: no visible global function definition for
     ‘tolmerFormat’
    zelig2gamma.mixed: no visible global function definition for ‘reduceMI’
    zelig2logit.mixed: no visible global function definition for
     ‘tolmerFormat’
    zelig2logit.mixed: no visible global function definition for ‘reduceMI’
    zelig2ls.mixed: no visible global function definition for
     ‘tolmerFormat’
    zelig2ls.mixed: no visible global function definition for ‘reduceMI’
    zelig2poisson.mixed: no visible global function definition for
     ‘tolmerFormat’
    zelig2poisson.mixed: no visible global function definition for
     ‘reduceMI’
    zelig2probit.mixed: no visible global function definition for
     ‘tolmerFormat’
    zelig2probit.mixed: no visible global function definition for
     ‘reduceMI’
    Undefined global functions or variables:
     .getRandAndFixedTerms GetObject alpha linkinv mvrnorm reduceMI
     tolmerFormat
Flavor: r-devel-osx-x86_64-clang

Version: 0.7-1
Check: R code for possible problems
Result: NOTE
    .compute.gamma.ev.and.pv: no visible global function definition for
     ‘linkinv’
    .compute.logit.ev.and.pv: no visible global function definition for
     ‘alpha’
    .compute.logit.ev.and.pv: no visible global function definition for
     ‘linkinv’
    .compute.poisson.ev.and.pv: no visible global function definition for
     ‘linkinv’
    compute.mixed.terms: no visible global function definition for
     ‘.getRandAndFixedTerms’
    param.gamma.mixed: no visible global function definition for
     ‘GetObject’
    param.gamma.mixed: no visible global function definition for ‘mvrnorm’
    param.logit.mixed: no visible global function definition for
     ‘GetObject’
    param.logit.mixed: no visible global function definition for ‘mvrnorm’
    param.ls.mixed: no visible global function definition for ‘GetObject’
    param.ls.mixed: no visible global function definition for ‘mvrnorm’
    param.poisson.mixed: no visible global function definition for
     ‘GetObject’
    param.poisson.mixed: no visible global function definition for
     ‘mvrnorm’
    param.probit.mixed: no visible global function definition for
     ‘GetObject’
    param.probit.mixed: no visible global function definition for ‘mvrnorm’
    qi.logit.mixed: no visible global function definition for ‘alpha’
    qi.ls.mixed: no visible global function definition for ‘alpha’
    qi.probit.mixed: no visible global function definition for ‘alpha’
    setup.x.matrix: no visible global function definition for
     ‘.getRandAndFixedTerms’
    zelig2gamma.mixed: no visible global function definition for
     ‘tolmerFormat’
    zelig2gamma.mixed: no visible global function definition for ‘reduceMI’
    zelig2logit.mixed: no visible global function definition for
     ‘tolmerFormat’
    zelig2logit.mixed: no visible global function definition for ‘reduceMI’
    zelig2ls.mixed: no visible global function definition for
     ‘tolmerFormat’
    zelig2ls.mixed: no visible global function definition for ‘reduceMI’
    zelig2poisson.mixed: no visible global function definition for
     ‘tolmerFormat’
    zelig2poisson.mixed: no visible global function definition for
     ‘reduceMI’
    zelig2probit.mixed: no visible global function definition for
     ‘tolmerFormat’
    zelig2probit.mixed: no visible global function definition for
     ‘reduceMI’
Flavors: r-patched-linux-x86_64, r-patched-solaris-sparc, r-patched-solaris-x86, r-release-linux-x86_64, r-release-osx-x86_64-mavericks, r-release-windows-ix86+x86_64, r-oldrel-windows-ix86+x86_64