CRAN Package Check Results for Package ZeligMultilevel

Last updated on 2015-01-31 04:48:10.

Flavor Version Tinstall Tcheck Ttotal Status Flags
r-devel-linux-x86_64-debian-clang 0.7-1 3.48 43.50 46.98 NOTE
r-devel-linux-x86_64-debian-gcc 0.7-1 3.37 43.16 46.53 NOTE
r-devel-linux-x86_64-fedora-clang 0.7-1 137.70 NOTE
r-devel-linux-x86_64-fedora-gcc 0.7-1 130.05 NOTE
r-devel-osx-x86_64-clang 0.7-1 119.20 NOTE
r-devel-windows-ix86+x86_64 0.7-1 11.00 64.00 75.00 NOTE
r-patched-linux-x86_64 0.7-1 5.20 60.52 65.72 NOTE
r-patched-solaris-sparc 0.7-1 831.00 NOTE
r-patched-solaris-x86 0.7-1 188.70 NOTE
r-release-linux-ix86 0.7-1 5.68 69.36 75.04 NOTE
r-release-linux-x86_64 0.7-1 4.91 58.22 63.13 NOTE
r-release-osx-x86_64-mavericks 0.7-1 NOTE
r-release-osx-x86_64-snowleopard 0.7-1 OK
r-release-windows-ix86+x86_64 0.7-1 13.00 94.00 107.00 NOTE
r-oldrel-windows-ix86+x86_64 0.7-1 14.00 89.00 103.00 OK

Check Details

Version: 0.7-1
Check: R code for possible problems
Result: NOTE
    .compute.gamma.ev.and.pv: no visible global function definition for
     ‘linkinv’
    .compute.logit.ev.and.pv: no visible global function definition for
     ‘alpha’
    .compute.logit.ev.and.pv: no visible global function definition for
     ‘linkinv’
    .compute.poisson.ev.and.pv: no visible global function definition for
     ‘linkinv’
    compute.mixed.terms: no visible global function definition for
     ‘.getRandAndFixedTerms’
    param.gamma.mixed: no visible global function definition for
     ‘GetObject’
    param.gamma.mixed: no visible global function definition for ‘mvrnorm’
    param.logit.mixed: no visible global function definition for
     ‘GetObject’
    param.logit.mixed: no visible global function definition for ‘mvrnorm’
    param.ls.mixed: no visible global function definition for ‘GetObject’
    param.ls.mixed: no visible global function definition for ‘mvrnorm’
    param.poisson.mixed: no visible global function definition for
     ‘GetObject’
    param.poisson.mixed: no visible global function definition for
     ‘mvrnorm’
    param.probit.mixed: no visible global function definition for
     ‘GetObject’
    param.probit.mixed: no visible global function definition for ‘mvrnorm’
    qi.logit.mixed: no visible global function definition for ‘alpha’
    qi.ls.mixed: no visible global function definition for ‘alpha’
    qi.probit.mixed: no visible global function definition for ‘alpha’
    setup.x.matrix: no visible global function definition for
     ‘.getRandAndFixedTerms’
    zelig2gamma.mixed: no visible global function definition for
     ‘tolmerFormat’
    zelig2gamma.mixed: no visible global function definition for ‘reduceMI’
    zelig2logit.mixed: no visible global function definition for
     ‘tolmerFormat’
    zelig2logit.mixed: no visible global function definition for ‘reduceMI’
    zelig2ls.mixed: no visible global function definition for
     ‘tolmerFormat’
    zelig2ls.mixed: no visible global function definition for ‘reduceMI’
    zelig2poisson.mixed: no visible global function definition for
     ‘tolmerFormat’
    zelig2poisson.mixed: no visible global function definition for
     ‘reduceMI’
    zelig2probit.mixed: no visible global function definition for
     ‘tolmerFormat’
    zelig2probit.mixed: no visible global function definition for
     ‘reduceMI’
Flavors: r-devel-linux-x86_64-debian-clang, r-devel-linux-x86_64-debian-gcc, r-devel-linux-x86_64-fedora-clang, r-devel-linux-x86_64-fedora-gcc, r-devel-osx-x86_64-clang, r-devel-windows-ix86+x86_64, r-patched-linux-x86_64, r-patched-solaris-sparc, r-patched-solaris-x86, r-release-linux-ix86, r-release-linux-x86_64, r-release-osx-x86_64-mavericks, r-release-windows-ix86+x86_64