CRAN Package Check Results for Package ZeligMultilevel

Last updated on 2014-04-17 10:47:59.

Flavor Version Tinstall Tcheck Ttotal Status Flags
r-devel-linux-x86_64-debian-clang 0.7-1 5.17 60.21 65.38 OK
r-devel-linux-x86_64-debian-gcc 0.7-1 5.20 60.97 66.18 OK
r-devel-linux-x86_64-fedora-clang 0.7-1 155.85 OK
r-devel-linux-x86_64-fedora-gcc 0.7-1 148.85 OK
r-devel-macosx-x86_64-clang 0.7-1 124.83 OK
r-devel-macosx-x86_64-gcc 0.7-1 ERROR
r-devel-windows-ix86+x86_64 0.7-1 13.00 87.00 100.00 OK
r-patched-linux-x86_64 0.7-1 5.36 61.85 67.21 OK
r-patched-solaris-sparc 0.7-1 804.60 OK
r-patched-solaris-x86 0.7-1 187.10 OK
r-release-linux-ix86 0.7-1 10.00 98.00 108.00 OK
r-release-linux-x86_64 0.7-1 5.18 60.86 66.04 OK
r-release-macosx-x86_64 0.7-1 OK
r-release-windows-ix86+x86_64 0.7-1 13.00 87.00 100.00 OK
r-oldrel-windows-ix86+x86_64 0.7-1 14.00 89.00 103.00 OK

Check Details

Version: 0.7-1
Check: package dependencies
Result: ERROR
    Package required but not available: ‘Zelig’
    
    See the information on DESCRIPTION files in the chapter ‘Creating R
    packages’ of the ‘Writing R Extensions’ manual.
Flavor: r-devel-macosx-x86_64-gcc