CRAN Package Check Results for Package ZeligMultilevel

Last updated on 2014-08-22 03:48:12.

Flavor Version Tinstall Tcheck Ttotal Status Flags
r-devel-linux-x86_64-debian-clang 0.7-1 4.96 57.52 62.48 OK
r-devel-linux-x86_64-debian-gcc 0.7-1 4.80 56.21 61.01 OK
r-devel-linux-x86_64-fedora-clang 0.7-1 152.65 NOTE
r-devel-linux-x86_64-fedora-gcc 0.7-1 140.44 NOTE
r-devel-osx-x86_64-clang 0.7-1 118.94 NOTE
r-devel-windows-ix86+x86_64 0.7-1 14.00 88.00 102.00 OK
r-patched-linux-x86_64 0.7-1 5.07 58.48 63.56 OK
r-patched-solaris-sparc 0.7-1 802.50 OK
r-patched-solaris-x86 0.7-1 187.50 OK
r-release-linux-ix86 0.7-1 5.96 73.36 79.32 OK
r-release-linux-x86_64 0.7-1 5.08 58.46 63.54 OK
r-release-osx-x86_64-mavericks 0.7-1 NOTE
r-release-osx-x86_64-snowleopard 0.7-1 OK
r-release-windows-ix86+x86_64 0.7-1 12.00 87.00 99.00 OK
r-oldrel-windows-ix86+x86_64 0.7-1 13.00 80.00 93.00 OK

Check Details

Version: 0.7-1
Check: R code for possible problems
Result: NOTE
    .compute.gamma.ev.and.pv: no visible global function definition for
     ‘linkinv’
    .compute.logit.ev.and.pv: no visible global function definition for
     ‘alpha’
    .compute.logit.ev.and.pv: no visible global function definition for
     ‘linkinv’
    .compute.poisson.ev.and.pv: no visible global function definition for
     ‘linkinv’
    compute.mixed.terms: no visible global function definition for
     ‘.getRandAndFixedTerms’
    param.gamma.mixed: no visible global function definition for
     ‘GetObject’
    param.gamma.mixed: no visible global function definition for ‘mvrnorm’
    param.logit.mixed: no visible global function definition for
     ‘GetObject’
    param.logit.mixed: no visible global function definition for ‘mvrnorm’
    param.ls.mixed: no visible global function definition for ‘GetObject’
    param.ls.mixed: no visible global function definition for ‘mvrnorm’
    param.poisson.mixed: no visible global function definition for
     ‘GetObject’
    param.poisson.mixed: no visible global function definition for
     ‘mvrnorm’
    param.probit.mixed: no visible global function definition for
     ‘GetObject’
    param.probit.mixed: no visible global function definition for ‘mvrnorm’
    qi.logit.mixed: no visible global function definition for ‘alpha’
    qi.ls.mixed: no visible global function definition for ‘alpha’
    qi.probit.mixed: no visible global function definition for ‘alpha’
    setup.x.matrix: no visible global function definition for
     ‘.getRandAndFixedTerms’
    zelig2gamma.mixed: no visible global function definition for
     ‘tolmerFormat’
    zelig2gamma.mixed: no visible global function definition for ‘reduceMI’
    zelig2logit.mixed: no visible global function definition for
     ‘tolmerFormat’
    zelig2logit.mixed: no visible global function definition for ‘reduceMI’
    zelig2ls.mixed: no visible global function definition for
     ‘tolmerFormat’
    zelig2ls.mixed: no visible global function definition for ‘reduceMI’
    zelig2poisson.mixed: no visible global function definition for
     ‘tolmerFormat’
    zelig2poisson.mixed: no visible global function definition for
     ‘reduceMI’
    zelig2probit.mixed: no visible global function definition for
     ‘tolmerFormat’
    zelig2probit.mixed: no visible global function definition for
     ‘reduceMI’
Flavors: r-devel-linux-x86_64-fedora-clang, r-devel-linux-x86_64-fedora-gcc, r-devel-osx-x86_64-clang

Version: 0.7-1
Check: re-building of vignette outputs
Result: NOTE
    Error in re-building vignettes:
     ...
    Error in texi2dvi(file = file, pdf = TRUE, clean = clean, quiet = quiet, :
     Running 'texi2dvi' on 'manual.tex' failed.
    LaTeX errors:
    ! LaTeX Error: File `xy.sty' not found.
    
    Type X to quit or <RETURN> to proceed,
    or enter new name. (Default extension: sty)
    
    eck/vign_test/ZeligMultilevel/vignettes/manual.tex:15: ==> Fatal error occurre
    d, no output PDF file produced!
    Calls: buildVignettes -> texi2pdf -> texi2dvi
    Execution halted
Flavor: r-release-osx-x86_64-mavericks