CRAN Package Check Results for Package ZeligMultilevel

Last updated on 2014-12-22 17:51:39.

Flavor Version Tinstall Tcheck Ttotal Status Flags
r-devel-linux-x86_64-debian-clang 0.7-1 4.96 57.01 61.98 NOTE
r-devel-linux-x86_64-debian-gcc 0.7-1 4.53 55.23 59.76 NOTE
r-devel-linux-x86_64-fedora-clang 0.7-1 150.20 NOTE
r-devel-linux-x86_64-fedora-gcc 0.7-1 141.91 NOTE
r-devel-osx-x86_64-clang 0.7-1 122.96 NOTE
r-devel-windows-ix86+x86_64 0.7-1 17.00 87.00 104.00 NOTE
r-patched-linux-x86_64 0.7-1 5.16 59.88 65.05 NOTE
r-patched-solaris-sparc 0.7-1 831.30 NOTE
r-patched-solaris-x86 0.7-1 186.80 NOTE
r-release-linux-ix86 0.7-1 5.68 69.50 75.18 NOTE
r-release-linux-x86_64 0.7-1 4.93 58.56 63.48 NOTE
r-release-osx-x86_64-mavericks 0.7-1 NOTE
r-release-osx-x86_64-snowleopard 0.7-1 OK
r-release-windows-ix86+x86_64 0.7-1 15.00 91.00 106.00 NOTE
r-oldrel-windows-ix86+x86_64 0.7-1 14.00 88.00 102.00 OK

Check Details

Version: 0.7-1
Check: R code for possible problems
Result: NOTE
    .compute.gamma.ev.and.pv: no visible global function definition for
     ‘linkinv’
    .compute.logit.ev.and.pv: no visible global function definition for
     ‘alpha’
    .compute.logit.ev.and.pv: no visible global function definition for
     ‘linkinv’
    .compute.poisson.ev.and.pv: no visible global function definition for
     ‘linkinv’
    compute.mixed.terms: no visible global function definition for
     ‘.getRandAndFixedTerms’
    param.gamma.mixed: no visible global function definition for
     ‘GetObject’
    param.gamma.mixed: no visible global function definition for ‘mvrnorm’
    param.logit.mixed: no visible global function definition for
     ‘GetObject’
    param.logit.mixed: no visible global function definition for ‘mvrnorm’
    param.ls.mixed: no visible global function definition for ‘GetObject’
    param.ls.mixed: no visible global function definition for ‘mvrnorm’
    param.poisson.mixed: no visible global function definition for
     ‘GetObject’
    param.poisson.mixed: no visible global function definition for
     ‘mvrnorm’
    param.probit.mixed: no visible global function definition for
     ‘GetObject’
    param.probit.mixed: no visible global function definition for ‘mvrnorm’
    qi.logit.mixed: no visible global function definition for ‘alpha’
    qi.ls.mixed: no visible global function definition for ‘alpha’
    qi.probit.mixed: no visible global function definition for ‘alpha’
    setup.x.matrix: no visible global function definition for
     ‘.getRandAndFixedTerms’
    zelig2gamma.mixed: no visible global function definition for
     ‘tolmerFormat’
    zelig2gamma.mixed: no visible global function definition for ‘reduceMI’
    zelig2logit.mixed: no visible global function definition for
     ‘tolmerFormat’
    zelig2logit.mixed: no visible global function definition for ‘reduceMI’
    zelig2ls.mixed: no visible global function definition for
     ‘tolmerFormat’
    zelig2ls.mixed: no visible global function definition for ‘reduceMI’
    zelig2poisson.mixed: no visible global function definition for
     ‘tolmerFormat’
    zelig2poisson.mixed: no visible global function definition for
     ‘reduceMI’
    zelig2probit.mixed: no visible global function definition for
     ‘tolmerFormat’
    zelig2probit.mixed: no visible global function definition for
     ‘reduceMI’
Flavors: r-devel-linux-x86_64-debian-clang, r-devel-linux-x86_64-debian-gcc, r-devel-linux-x86_64-fedora-clang, r-devel-linux-x86_64-fedora-gcc, r-devel-osx-x86_64-clang, r-devel-windows-ix86+x86_64, r-patched-linux-x86_64, r-patched-solaris-sparc, r-patched-solaris-x86, r-release-linux-ix86, r-release-linux-x86_64, r-release-windows-ix86+x86_64

Version: 0.7-1
Check: re-building of vignette outputs
Result: NOTE
    Error in re-building vignettes:
     ...
    Error in texi2dvi(file = file, pdf = TRUE, clean = clean, quiet = quiet, :
     Running 'texi2dvi' on 'manual.tex' failed.
    LaTeX errors:
    ! LaTeX Error: File `xy.sty' not found.
    
    Type X to quit or <RETURN> to proceed,
    or enter new name. (Default extension: sty)
    
    eck/vign_test/ZeligMultilevel/vignettes/manual.tex:15: ==> Fatal error occurre
    d, no output PDF file produced!
    Calls: buildVignettes -> texi2pdf -> texi2dvi
    Execution halted
Flavor: r-release-osx-x86_64-mavericks