CRAN Package Check Results for Package ZeligMultilevel

Last updated on 2014-07-22 11:51:27.

Flavor Version Tinstall Tcheck Ttotal Status Flags
r-devel-linux-x86_64-debian-clang 0.7-1 5.05 61.11 66.16 OK
r-devel-linux-x86_64-debian-gcc 0.7-1 4.83 57.00 61.83 OK
r-devel-linux-x86_64-fedora-clang 0.7-1 156.95 OK
r-devel-linux-x86_64-fedora-gcc 0.7-1 149.98 OK
r-devel-osx-x86_64-clang 0.7-1 119.26 OK
r-devel-windows-ix86+x86_64 0.7-1 14.00 86.00 100.00 OK
r-patched-linux-x86_64 0.7-1 4.96 58.34 63.29 OK
r-patched-solaris-sparc 0.7-1 804.60 OK
r-patched-solaris-x86 0.7-1 189.50 OK
r-release-linux-ix86 0.7-1 5.91 72.92 78.82 OK
r-release-linux-x86_64 0.7-1 5.12 61.35 66.47 OK
r-release-osx-x86_64-mavericks 0.7-1 NOTE
r-release-osx-x86_64-snowleopard 0.7-1 OK
r-release-windows-ix86+x86_64 0.7-1 14.00 86.00 100.00 OK
r-oldrel-windows-ix86+x86_64 0.7-1 15.00 83.00 98.00 OK

Check Details

Version: 0.7-1
Check: re-building of vignette outputs
Result: NOTE
    Error in re-building vignettes:
     ...
    Error in texi2dvi(file = file, pdf = TRUE, clean = clean, quiet = quiet, :
     Running 'texi2dvi' on 'manual.tex' failed.
    LaTeX errors:
    ! LaTeX Error: File `xy.sty' not found.
    
    Type X to quit or <RETURN> to proceed,
    or enter new name. (Default extension: sty)
    
    eck/vign_test/ZeligMultilevel/vignettes/manual.tex:15: ==> Fatal error occurre
    d, no output PDF file produced!
    Calls: buildVignettes -> texi2pdf -> texi2dvi
    Execution halted
Flavor: r-release-osx-x86_64-mavericks