CRAN Package Check Results for Package ZeligMultilevel

Last updated on 2015-03-30 10:54:38.

Flavor Version Tinstall Tcheck Ttotal Status Flags
r-devel-linux-x86_64-debian-clang 0.7-1 3.42 45.39 48.80 NOTE
r-devel-linux-x86_64-debian-gcc 0.7-1 3.54 45.88 49.42 NOTE
r-devel-linux-x86_64-fedora-clang 0.7-1 102.65 NOTE
r-devel-linux-x86_64-fedora-gcc 0.7-1 95.98 NOTE
r-devel-osx-x86_64-clang 0.7-1 93.64 NOTE
r-prerel-windows-ix86+x86_64 0.7-1 11.00 62.00 73.00 NOTE
r-prerel-linux-x86_64 0.7-1 3.42 45.39 48.80 NOTE
r-prerel-solaris-sparc 0.7-1 614.10 NOTE
r-prerel-solaris-x86 0.7-1 128.10 NOTE
r-release-linux-x86_64 0.7-1 5.30 59.74 65.04 NOTE
r-release-osx-x86_64-mavericks 0.7-1 NOTE
r-release-osx-x86_64-snowleopard 0.7-1 OK
r-release-windows-ix86+x86_64 0.7-1 13.00 91.00 104.00 NOTE
r-oldrel-windows-ix86+x86_64 0.7-1 15.00 86.00 101.00 OK

Check Details

Version: 0.7-1
Check: R code for possible problems
Result: NOTE
    .compute.gamma.ev.and.pv: no visible global function definition for
     ‘linkinv’
    .compute.logit.ev.and.pv: no visible global function definition for
     ‘alpha’
    .compute.logit.ev.and.pv: no visible global function definition for
     ‘linkinv’
    .compute.poisson.ev.and.pv: no visible global function definition for
     ‘linkinv’
    compute.mixed.terms: no visible global function definition for
     ‘.getRandAndFixedTerms’
    param.gamma.mixed: no visible global function definition for
     ‘GetObject’
    param.gamma.mixed: no visible global function definition for ‘mvrnorm’
    param.logit.mixed: no visible global function definition for
     ‘GetObject’
    param.logit.mixed: no visible global function definition for ‘mvrnorm’
    param.ls.mixed: no visible global function definition for ‘GetObject’
    param.ls.mixed: no visible global function definition for ‘mvrnorm’
    param.poisson.mixed: no visible global function definition for
     ‘GetObject’
    param.poisson.mixed: no visible global function definition for
     ‘mvrnorm’
    param.probit.mixed: no visible global function definition for
     ‘GetObject’
    param.probit.mixed: no visible global function definition for ‘mvrnorm’
    qi.logit.mixed: no visible global function definition for ‘alpha’
    qi.ls.mixed: no visible global function definition for ‘alpha’
    qi.probit.mixed: no visible global function definition for ‘alpha’
    setup.x.matrix: no visible global function definition for
     ‘.getRandAndFixedTerms’
    zelig2gamma.mixed: no visible global function definition for
     ‘tolmerFormat’
    zelig2gamma.mixed: no visible global function definition for ‘reduceMI’
    zelig2logit.mixed: no visible global function definition for
     ‘tolmerFormat’
    zelig2logit.mixed: no visible global function definition for ‘reduceMI’
    zelig2ls.mixed: no visible global function definition for
     ‘tolmerFormat’
    zelig2ls.mixed: no visible global function definition for ‘reduceMI’
    zelig2poisson.mixed: no visible global function definition for
     ‘tolmerFormat’
    zelig2poisson.mixed: no visible global function definition for
     ‘reduceMI’
    zelig2probit.mixed: no visible global function definition for
     ‘tolmerFormat’
    zelig2probit.mixed: no visible global function definition for
     ‘reduceMI’
Flavors: r-devel-linux-x86_64-debian-clang, r-devel-linux-x86_64-debian-gcc, r-devel-linux-x86_64-fedora-clang, r-devel-linux-x86_64-fedora-gcc, r-devel-osx-x86_64-clang, r-prerel-windows-ix86+x86_64, r-prerel-linux-x86_64, r-prerel-solaris-sparc, r-prerel-solaris-x86, r-release-linux-x86_64, r-release-osx-x86_64-mavericks, r-release-windows-ix86+x86_64