CRAN Package Check Results for Package aGE

Last updated on 2020-02-25 11:49:50 CET.

Flavor Version Tinstall Tcheck Ttotal Status Flags
r-devel-linux-x86_64-debian-clang 0.0.9 2.82 30.27 33.09 NOTE
r-devel-linux-x86_64-debian-gcc 0.0.9 2.35 23.81 26.16 NOTE
r-devel-linux-x86_64-fedora-clang 0.0.9 40.29 OK
r-devel-linux-x86_64-fedora-gcc 0.0.9 41.26 OK
r-devel-windows-ix86+x86_64 0.0.9 5.00 42.00 47.00 NOTE
r-devel-windows-ix86+x86_64-gcc8 0.0.9 7.00 42.00 49.00 NOTE
r-patched-linux-x86_64 0.0.9 2.35 27.26 29.61 OK
r-patched-solaris-x86 0.0.9 54.60 OK
r-release-linux-x86_64 0.0.9 2.19 27.51 29.70 OK
r-release-windows-ix86+x86_64 0.0.9 4.00 42.00 46.00 OK
r-release-osx-x86_64 0.0.9 OK
r-oldrel-windows-ix86+x86_64 0.0.9 4.00 39.00 43.00 OK
r-oldrel-osx-x86_64 0.0.9 OK

Check Details

Version: 0.0.9
Check: package vignettes
Result: NOTE
    Package vignette with placeholder title 'Vignette Title':
     'About.Rmd'
Flavors: r-devel-linux-x86_64-debian-clang, r-devel-linux-x86_64-debian-gcc, r-devel-windows-ix86+x86_64, r-devel-windows-ix86+x86_64-gcc8