CRAN Package Check Results for Package aGE

Last updated on 2019-06-25 09:50:34 CEST.

Flavor Version Tinstall Tcheck Ttotal Status Flags
r-devel-linux-x86_64-debian-clang 0.0.9 2.57 27.76 30.33 NOTE
r-devel-linux-x86_64-debian-gcc 0.0.9 1.91 22.37 24.28 NOTE
r-devel-linux-x86_64-fedora-clang 0.0.9 36.46 OK
r-devel-linux-x86_64-fedora-gcc 0.0.9 35.42 OK
r-devel-windows-ix86+x86_64 0.0.9 7.00 63.00 70.00 OK
r-patched-linux-x86_64 0.0.9 2.08 28.08 30.16 OK
r-patched-solaris-x86 0.0.9 55.90 OK
r-release-linux-x86_64 0.0.9 2.24 28.00 30.24 OK
r-release-windows-ix86+x86_64 0.0.9 4.00 65.00 69.00 OK
r-release-osx-x86_64 0.0.9 OK
r-oldrel-windows-ix86+x86_64 0.0.9 3.00 39.00 42.00 OK
r-oldrel-osx-x86_64 0.0.9 OK

Check Details

Version: 0.0.9
Check: package vignettes
Result: NOTE
    Package vignette with placeholder title 'Vignette Title':
     'About.Rmd'
Flavors: r-devel-linux-x86_64-debian-clang, r-devel-linux-x86_64-debian-gcc