Last updated on 2022-08-10 18:52:24 CEST.
Flavor | Version | Tinstall | Tcheck | Ttotal | Status | Flags |
---|---|---|---|---|---|---|
r-devel-linux-x86_64-debian-clang | 1.3.6 | 18.80 | 167.84 | 186.64 | NOTE | |
r-devel-linux-x86_64-debian-gcc | 1.3.6 | 12.54 | 121.90 | 134.44 | NOTE | |
r-devel-linux-x86_64-fedora-clang | 1.3.6 | 231.79 | NOTE | |||
r-devel-linux-x86_64-fedora-gcc | 1.3.6 | 233.09 | NOTE | |||
r-devel-windows-x86_64 | 1.3.6 | 26.00 | 172.00 | 198.00 | NOTE | |
r-patched-linux-x86_64 | 1.3.6 | 12.79 | 152.64 | 165.43 | OK | |
r-release-linux-x86_64 | 1.3.6 | OK | ||||
r-release-macos-arm64 | 1.3.6 | 54.00 | OK | |||
r-release-macos-x86_64 | 1.3.6 | 96.00 | OK | |||
r-release-windows-x86_64 | 1.3.6 | 30.00 | 171.00 | 201.00 | OK | |
r-oldrel-macos-arm64 | 1.3.6 | 56.00 | OK | |||
r-oldrel-macos-x86_64 | 1.3.6 | 111.00 | OK | |||
r-oldrel-windows-ix86+x86_64 | 1.3.6 | 38.00 | 172.00 | 210.00 | OK |
Version: 1.3.6
Check: Rd files
Result: NOTE
checkRd: (-1) ALF.Rd:47: Escaped LaTeX specials: \&
Flavors: r-devel-linux-x86_64-debian-clang, r-devel-linux-x86_64-debian-gcc, r-devel-linux-x86_64-fedora-clang, r-devel-linux-x86_64-fedora-gcc, r-devel-windows-x86_64