CRAN Package Check Results for Package aLFQ

Last updated on 2014-08-21 19:48:40.

Flavor Version Tinstall Tcheck Ttotal Status Flags
r-devel-linux-x86_64-debian-clang 1.3.1 6.26 79.76 86.02 OK
r-devel-linux-x86_64-debian-gcc 1.3.1 6.14 77.08 83.21 OK
r-devel-linux-x86_64-fedora-clang 1.3.1 203.49 NOTE
r-devel-linux-x86_64-fedora-gcc 1.3.1 178.63 NOTE
r-devel-osx-x86_64-clang 1.3.1 149.81 NOTE
r-devel-windows-ix86+x86_64 1.3.1 18.00 118.00 136.00 OK
r-patched-linux-x86_64 1.3.1 6.31 80.53 86.84 OK
r-patched-solaris-sparc 1.3.1 1080.60 OK
r-patched-solaris-x86 1.3.1 246.50 OK
r-release-linux-ix86 1.3.1 7.38 97.58 104.96 OK
r-release-linux-x86_64 1.3.1 6.60 81.56 88.16 OK
r-release-osx-x86_64-mavericks 1.3.1 NOTE
r-release-osx-x86_64-snowleopard 1.3.1 NOTE
r-release-windows-ix86+x86_64 1.3.1 20.00 130.00 150.00 OK
r-oldrel-windows-ix86+x86_64 1.3.1 19.00 128.00 147.00 OK

Check Details

Version: 1.3.1
Check: R code for possible problems
Result: NOTE
    APEX.default: no visible global function definition for ‘randomForest’
    cval.APEX: no visible global function definition for ‘randomForest’
    cval.APEX: no visible global function definition for ‘prediction’
    cval.APEX: no visible global function definition for ‘performance’
    performanceplot.ALF: no visible global function definition for
     ‘levelplot’
    pivot.AbsoluteQuantification: no visible global function definition for
     ‘acast’
    pivot.default: no visible global function definition for ‘acast’
    scampi.ProteinInference: no visible global function definition for
     ‘iterateScampi’
    scampi.ProteinInference: no visible global function definition for
     ‘runScampi’
Flavors: r-devel-linux-x86_64-fedora-clang, r-devel-linux-x86_64-fedora-gcc, r-devel-osx-x86_64-clang

Version: 1.3.1
Check: package dependencies
Result: NOTE
    Package suggested but not available for checking: ‘protiq’
Flavors: r-release-osx-x86_64-mavericks, r-release-osx-x86_64-snowleopard

Version: 1.3.1
Check: R code for possible problems
Result: NOTE
    scampi.ProteinInference: no visible global function definition for
     ‘iterateScampi’
    scampi.ProteinInference: no visible global function definition for
     ‘runScampi’
Flavors: r-release-osx-x86_64-mavericks, r-release-osx-x86_64-snowleopard

Version: 1.3.1
Check: Rd cross-references
Result: NOTE
    Package unavailable to check Rd xrefs: ‘protiq’
Flavors: r-release-osx-x86_64-mavericks, r-release-osx-x86_64-snowleopard