CRAN Package Check Results for Package aLFQ

Last updated on 2017-08-22 02:47:26.

Flavor Version Tinstall Tcheck Ttotal Status Flags
r-devel-linux-x86_64-debian-clang 1.3.4 4.74 70.16 74.90 OK
r-devel-linux-x86_64-debian-gcc 1.3.4 4.90 67.32 72.21 OK
r-devel-linux-x86_64-fedora-clang 1.3.4 160.13 OK
r-devel-linux-x86_64-fedora-gcc 1.3.4 160.48 OK
r-devel-windows-ix86+x86_64 1.3.4 22.00 157.00 179.00 OK
r-patched-linux-x86_64 1.3.4 5.22 69.79 75.01 OK
r-patched-solaris-x86 1.3.4 214.80 OK
r-release-linux-x86_64 1.3.4 5.18 69.63 74.81 OK
r-release-windows-ix86+x86_64 1.3.4 15.00 109.00 124.00 OK
r-release-osx-x86_64 1.3.4 ERROR
r-oldrel-windows-ix86+x86_64 1.3.4 13.00 112.00 125.00 OK
r-oldrel-osx-x86_64 1.3.4 OK

Check Details

Version: 1.3.4
Check: package dependencies
Result: ERROR
    Package required but not available: ‘protiq’
    
    See section ‘The DESCRIPTION file’ in the ‘Writing R Extensions’
    manual.
Flavor: r-release-osx-x86_64