CRAN Package Check Results for Package aLFQ

Last updated on 2017-12-17 23:52:53 CET.

Flavor Version Tinstall Tcheck Ttotal Status Flags
r-devel-linux-x86_64-debian-clang 1.3.4 7.89 114.90 122.79 OK
r-devel-linux-x86_64-debian-gcc OK
r-devel-linux-x86_64-fedora-clang 1.3.4 180.01 OK
r-devel-linux-x86_64-fedora-gcc 1.3.4 177.66 OK
r-devel-windows-ix86+x86_64 1.3.4 20.00 140.00 160.00 OK
r-patched-linux-x86_64 1.3.4 9.10 142.50 151.60 OK
r-patched-solaris-x86 1.3.4 262.20 OK
r-release-linux-x86_64 1.3.4 8.68 141.59 150.27 OK
r-release-windows-ix86+x86_64 1.3.4 19.00 147.00 166.00 OK
r-release-osx-x86_64 1.3.4 OK
r-oldrel-windows-ix86+x86_64 1.3.4 18.00 129.00 147.00 ERROR
r-oldrel-osx-x86_64 1.3.4 OK

Check Details

Version: 1.3.4
Check: whether package can be installed
Result: ERROR
    Installation failed.
Flavor: r-oldrel-windows-ix86+x86_64