CRAN Package Check Results for Package aLFQ

Last updated on 2015-01-27 21:47:49.

Flavor Version Tinstall Tcheck Ttotal Status Flags
r-devel-linux-x86_64-debian-clang 1.3.2 6.47 71.99 78.46 OK
r-devel-linux-x86_64-debian-gcc 1.3.2 5.92 68.20 74.13 OK
r-devel-linux-x86_64-fedora-clang 1.3.2 226.86 OK
r-devel-linux-x86_64-fedora-gcc 1.3.2 228.46 OK
r-devel-osx-x86_64-clang 1.3.2 182.07 OK
r-devel-windows-ix86+x86_64 1.3.2 16.00 101.00 117.00 OK
r-patched-linux-x86_64 1.3.2 8.42 95.65 104.06 OK
r-patched-solaris-sparc 1.3.2 1318.20 ERROR
r-patched-solaris-x86 1.3.2 299.20 OK
r-release-linux-ix86 1.3.2 8.72 109.03 117.74 OK
r-release-linux-x86_64 1.3.2 8.57 96.19 104.76 OK
r-release-osx-x86_64-mavericks 1.3.2 OK
r-release-osx-x86_64-snowleopard 1.3.2 OK
r-release-windows-ix86+x86_64 1.3.2 24.00 164.00 188.00 OK
r-oldrel-windows-ix86+x86_64 1.3.2 24.00 159.00 183.00 OK

Check Details

Version: 1.3.2
Check: tests
Result: ERROR
    Running the tests in ‘tests/units.R’ failed.
    Last 13 lines of output:
     Mean relative difference: 0.5925926
    
     I. Failure(@test_ProteinInference.R#152): PeptideInference: topx selection criterion
     PeptideInference(transition_data, transition_topx = 1, transition_strictness = "loose", transition_summary = "sum", consensus_proteins = TRUE, consensus_transitions = FALSE)$peptide_intensity not equal to c(60, 100, 95, 55, 95, 55)
     Mean relative difference: 0.516129
    
     J. Failure(@test_ProteinInference.R#156): PeptideInference: loose / strict selection criterion
     PeptideInference(transition_data, transition_topx = 3, transition_strictness = "loose", transition_summary = "sum", consensus_proteins = TRUE, consensus_transitions = FALSE)$peptide_intensity not equal to c(100, 180, 170, 90, 170, 90)
     Mean relative difference: 0.5925926
    
     Error: Test failures
     In addition: There were 31 warnings (use warnings() to see them)
     Execution halted
Flavor: r-patched-solaris-sparc