CRAN Package Check Results for Package aLFQ

Last updated on 2014-09-01 11:48:49.

Flavor Version Tinstall Tcheck Ttotal Status Flags
r-devel-linux-x86_64-debian-clang 1.3.1 6.21 77.38 83.60 NOTE
r-devel-linux-x86_64-debian-gcc 1.3.1 5.92 76.18 82.10 NOTE
r-devel-linux-x86_64-fedora-clang 1.3.1 177.66 NOTE
r-devel-linux-x86_64-fedora-gcc 1.3.1 176.59 NOTE
r-devel-osx-x86_64-clang 1.3.1 146.24 NOTE
r-devel-windows-ix86+x86_64 1.3.1 17.00 112.00 129.00 NOTE
r-patched-linux-x86_64 1.3.1 6.30 80.13 86.44 OK
r-patched-solaris-sparc 1.3.1 1080.60 OK
r-patched-solaris-x86 1.3.1 249.80 OK
r-release-linux-ix86 1.3.1 7.42 96.58 104.00 OK
r-release-linux-x86_64 1.3.1 6.43 82.61 89.04 OK
r-release-osx-x86_64-mavericks 1.3.1 NOTE
r-release-osx-x86_64-snowleopard 1.3.1 NOTE
r-release-windows-ix86+x86_64 1.3.1 15.00 124.00 139.00 OK
r-oldrel-windows-ix86+x86_64 1.3.1 18.00 126.00 144.00 OK

Check Details

Version: 1.3.1
Check: R code for possible problems
Result: NOTE
    APEX.default: no visible global function definition for ‘randomForest’
    cval.APEX: no visible global function definition for ‘randomForest’
    cval.APEX: no visible global function definition for ‘prediction’
    cval.APEX: no visible global function definition for ‘performance’
    performanceplot.ALF: no visible global function definition for
     ‘levelplot’
    pivot.AbsoluteQuantification: no visible global function definition for
     ‘acast’
    pivot.default: no visible global function definition for ‘acast’
    scampi.ProteinInference: no visible global function definition for
     ‘iterateScampi’
    scampi.ProteinInference: no visible global function definition for
     ‘runScampi’
Flavors: r-devel-linux-x86_64-debian-clang, r-devel-linux-x86_64-debian-gcc, r-devel-linux-x86_64-fedora-clang, r-devel-linux-x86_64-fedora-gcc, r-devel-osx-x86_64-clang, r-devel-windows-ix86+x86_64

Version: 1.3.1
Check: package dependencies
Result: NOTE
    Package suggested but not available for checking: ‘protiq’
Flavors: r-release-osx-x86_64-mavericks, r-release-osx-x86_64-snowleopard

Version: 1.3.1
Check: R code for possible problems
Result: NOTE
    scampi.ProteinInference: no visible global function definition for
     ‘iterateScampi’
    scampi.ProteinInference: no visible global function definition for
     ‘runScampi’
Flavors: r-release-osx-x86_64-mavericks, r-release-osx-x86_64-snowleopard

Version: 1.3.1
Check: Rd cross-references
Result: NOTE
    Package unavailable to check Rd xrefs: ‘protiq’
Flavors: r-release-osx-x86_64-mavericks, r-release-osx-x86_64-snowleopard