CRAN Package Check Results for Package aLFQ

Last updated on 2014-07-25 14:47:32.

Flavor Version Tinstall Tcheck Ttotal Status Flags
r-devel-linux-x86_64-debian-clang 1.3.1 6.30 82.69 88.99 OK
r-devel-linux-x86_64-debian-gcc 1.3.1 6.33 80.37 86.70 OK
r-devel-linux-x86_64-fedora-clang 1.3.1 195.77 OK
r-devel-linux-x86_64-fedora-gcc 1.3.1 95.33 OK
r-devel-osx-x86_64-clang 1.3.1 151.87 OK
r-devel-windows-ix86+x86_64 1.3.1 21.00 117.00 138.00 OK
r-patched-linux-x86_64 1.3.1 6.30 80.28 86.58 OK
r-patched-solaris-sparc 1.3.1 965.20 OK
r-patched-solaris-x86 1.3.1 243.50 OK
r-release-linux-ix86 1.3.1 7.32 102.52 109.83 OK
r-release-linux-x86_64 1.3.1 6.36 82.37 88.74 OK
r-release-osx-x86_64-mavericks 1.3.1 NOTE
r-release-osx-x86_64-snowleopard 1.3.1 NOTE
r-release-windows-ix86+x86_64 1.3.1 18.00 130.00 148.00 OK
r-oldrel-windows-ix86+x86_64 1.3.1 21.00 123.00 144.00 OK

Check Details

Version: 1.3.1
Check: package dependencies
Result: NOTE
    Package suggested but not available for checking: ‘protiq’
Flavors: r-release-osx-x86_64-mavericks, r-release-osx-x86_64-snowleopard

Version: 1.3.1
Check: R code for possible problems
Result: NOTE
    scampi.ProteinInference: no visible global function definition for
     ‘iterateScampi’
    scampi.ProteinInference: no visible global function definition for
     ‘runScampi’
Flavors: r-release-osx-x86_64-mavericks, r-release-osx-x86_64-snowleopard

Version: 1.3.1
Check: Rd cross-references
Result: NOTE
    Package unavailable to check Rd xrefs: ‘protiq’
Flavors: r-release-osx-x86_64-mavericks, r-release-osx-x86_64-snowleopard