CRAN Package Check Results for Package aLFQ

Last updated on 2015-02-28 17:48:29.

Flavor Version Tinstall Tcheck Ttotal Status Flags
r-devel-linux-x86_64-debian-clang 1.3.2 5.09 67.47 72.56 OK
r-devel-linux-x86_64-debian-gcc 1.3.2 4.82 64.07 68.89 OK
r-devel-linux-x86_64-fedora-clang 1.3.2 159.82 OK
r-devel-linux-x86_64-fedora-gcc 1.3.2 138.64 OK
r-devel-osx-x86_64-clang 1.3.2 128.64 OK
r-devel-windows-ix86+x86_64 1.3.2 25.00 107.00 132.00 OK
r-patched-linux-x86_64 1.3.2 10.38 107.70 118.09 OK
r-patched-solaris-sparc 1.3.2 1318.20 ERROR
r-patched-solaris-x86 1.3.2 318.50 OK
r-release-linux-ix86 1.3.2 9.14 127.26 136.39 OK
r-release-linux-x86_64 1.3.2 10.65 108.06 118.71 OK
r-release-osx-x86_64-mavericks 1.3.2 OK
r-release-osx-x86_64-snowleopard 1.3.2 OK
r-release-windows-ix86+x86_64 1.3.2 31.00 171.00 202.00 OK
r-oldrel-windows-ix86+x86_64 1.3.2 30.00 165.00 195.00 OK

Check Details

Version: 1.3.2
Check: tests
Result: ERROR
    Running the tests in ‘tests/units.R’ failed.
    Last 13 lines of output:
     Mean relative difference: 0.5925926
    
     I. Failure(@test_ProteinInference.R#152): PeptideInference: topx selection criterion
     PeptideInference(transition_data, transition_topx = 1, transition_strictness = "loose", transition_summary = "sum", consensus_proteins = TRUE, consensus_transitions = FALSE)$peptide_intensity not equal to c(60, 100, 95, 55, 95, 55)
     Mean relative difference: 0.516129
    
     J. Failure(@test_ProteinInference.R#156): PeptideInference: loose / strict selection criterion
     PeptideInference(transition_data, transition_topx = 3, transition_strictness = "loose", transition_summary = "sum", consensus_proteins = TRUE, consensus_transitions = FALSE)$peptide_intensity not equal to c(100, 180, 170, 90, 170, 90)
     Mean relative difference: 0.5925926
    
     Error: Test failures
     In addition: There were 31 warnings (use warnings() to see them)
     Execution halted
Flavor: r-patched-solaris-sparc