CRAN Package Check Results for Package aLFQ

Last updated on 2016-09-29 04:47:08.

Flavor Version Tinstall Tcheck Ttotal Status Flags
r-devel-linux-x86_64-debian-clang 1.3.3 2.30 1.85 4.15 ERROR
r-devel-linux-x86_64-debian-gcc 1.3.3 4.62 62.43 67.05 OK
r-devel-linux-x86_64-fedora-clang 1.3.3 137.46 OK
r-devel-linux-x86_64-fedora-gcc 1.3.3 132.45 OK
r-devel-macos-x86_64-clang 1.3.3 103.54 OK
r-devel-windows-ix86+x86_64 1.3.3 25.00 137.00 162.00 OK
r-patched-linux-x86_64 1.3.3 4.97 61.51 66.48 OK
r-patched-solaris-sparc 1.3.3 824.90 OK
r-patched-solaris-x86 1.3.3 180.00 OK
r-release-linux-x86_64 1.3.3 5.06 63.36 68.42 OK
r-release-osx-x86_64-mavericks 1.3.3 OK
r-release-windows-ix86+x86_64 1.3.3 21.00 147.00 168.00 OK
r-oldrel-windows-ix86+x86_64 1.3.3 22.00 164.00 186.00 OK

Check Details

Version: 1.3.3
Check: package dependencies
Result: ERROR
    Package required but not available: ‘protiq’
    
    See section ‘The DESCRIPTION file’ in the ‘Writing R Extensions’
    manual.
Flavor: r-devel-linux-x86_64-debian-clang