CRAN Package Check Results for Package aLFQ

Last updated on 2016-07-29 08:48:00.

Flavor Version Tinstall Tcheck Ttotal Status Flags
r-devel-linux-x86_64-debian-clang 1.3.3 0.64 1.51 2.15 ERROR
r-devel-linux-x86_64-debian-gcc 1.3.3 6.83 75.02 81.85 OK
r-devel-linux-x86_64-fedora-clang 1.3.3 147.07 OK
r-devel-linux-x86_64-fedora-gcc 1.3.3 140.15 OK
r-devel-osx-x86_64-clang 1.3.3 113.21 OK
r-devel-windows-ix86+x86_64 1.3.3 24.00 116.00 140.00 OK
r-patched-linux-x86_64 1.3.3 5.48 71.53 77.01 OK
r-patched-solaris-sparc 1.3.3 824.90 OK
r-patched-solaris-x86 1.3.3 178.10 OK
r-release-linux-x86_64 1.3.3 5.63 71.92 77.54 OK
r-release-osx-x86_64-mavericks 1.3.3 OK
r-release-windows-ix86+x86_64 1.3.3 22.00 155.00 177.00 OK
r-oldrel-windows-ix86+x86_64 1.3.3 26.00 157.00 183.00 OK

Check Details

Version: 1.3.3
Check: package dependencies
Result: ERROR
    Package required but not available: ‘protiq’
    
    See section ‘The DESCRIPTION file’ in the ‘Writing R Extensions’
    manual.
Flavor: r-devel-linux-x86_64-debian-clang