CRAN Package Check Results for Package aLFQ

Last updated on 2017-06-24 10:48:17.

Flavor Version Tinstall Tcheck Ttotal Status Flags
r-devel-linux-x86_64-debian-clang 1.3.4 4.80 69.77 74.57 OK
r-devel-linux-x86_64-debian-gcc 1.3.4 4.91 69.71 74.62 OK
r-devel-linux-x86_64-fedora-clang 1.3.4 165.89 OK
r-devel-linux-x86_64-fedora-gcc 1.3.4 156.84 OK
r-devel-windows-ix86+x86_64 1.3.4 22.00 155.00 177.00 OK
r-patched-linux-x86_64 1.3.4 4.94 69.82 74.76 OK
r-patched-solaris-sparc 1.3.4 878.10 OK
r-patched-solaris-x86 1.3.4 210.50 OK
r-release-linux-x86_64 1.3.4 6.47 70.78 77.25 OK
r-release-windows-ix86+x86_64 1.3.4 22.00 176.00 198.00 OK
r-release-osx-x86_64 1.3.4 ERROR
r-oldrel-windows-ix86+x86_64 1.3.4 22.00 155.00 177.00 OK
r-oldrel-osx-x86_64 1.3.4 OK

Check Details

Version: 1.3.4
Check: package dependencies
Result: ERROR
    Package required but not available: ‘protiq’
    
    See section ‘The DESCRIPTION file’ in the ‘Writing R Extensions’
    manual.
Flavor: r-release-osx-x86_64