CRAN Package Check Results for Package aLFQ

Last updated on 2017-10-17 18:46:18.

Flavor Version Tinstall Tcheck Ttotal Status Flags
r-devel-linux-x86_64-debian-clang 1.3.4 7.08 85.18 92.26 OK
r-devel-linux-x86_64-debian-gcc 1.3.4 6.71 84.45 91.16 OK
r-devel-linux-x86_64-fedora-clang 1.3.4 200.39 OK
r-devel-linux-x86_64-fedora-gcc 1.3.4 194.42 OK
r-devel-windows-ix86+x86_64 1.3.4 15.00 133.00 148.00 OK
r-patched-linux-x86_64 1.3.4 7.07 84.28 91.36 OK
r-patched-solaris-x86 1.3.4 261.60 OK
r-release-linux-x86_64 1.3.4 6.37 84.42 90.79 OK
r-release-windows-ix86+x86_64 1.3.4 31.00 189.00 220.00 OK
r-release-osx-x86_64 1.3.4 ERROR
r-oldrel-windows-ix86+x86_64 1.3.4 33.00 202.00 235.00 OK
r-oldrel-osx-x86_64 1.3.4 OK

Check Details

Version: 1.3.4
Check: package dependencies
Result: ERROR
    Package required but not available: ‘protiq’
    
    See section ‘The DESCRIPTION file’ in the ‘Writing R Extensions’
    manual.
Flavor: r-release-osx-x86_64