CRAN Package Check Results for Package aLFQ

Last updated on 2014-12-28 01:47:01.

Flavor Version Tinstall Tcheck Ttotal Status Flags
r-devel-linux-x86_64-debian-clang 1.3.2 7.76 92.46 100.22 OK
r-devel-linux-x86_64-debian-gcc 1.3.2 7.61 85.59 93.20 OK
r-devel-linux-x86_64-fedora-clang 1.3.2 228.60 OK
r-devel-linux-x86_64-fedora-gcc 1.3.2 216.75 OK
r-devel-osx-x86_64-clang 1.3.2 182.32 OK
r-devel-windows-ix86+x86_64 1.3.2 25.00 142.00 167.00 OK
r-patched-linux-x86_64 1.3.2 8.06 95.88 103.95 OK
r-patched-solaris-sparc 1.3.2 1317.60 ERROR
r-patched-solaris-x86 1.3.2 296.90 OK
r-release-linux-ix86 1.3.2 8.74 107.86 116.61 OK
r-release-linux-x86_64 1.3.2 7.88 96.84 104.72 OK
r-release-osx-x86_64-mavericks 1.3.2 OK
r-release-osx-x86_64-snowleopard 1.3.2 OK
r-release-windows-ix86+x86_64 1.3.2 26.00 149.00 175.00 OK
r-oldrel-windows-ix86+x86_64 1.3.2 26.00 159.00 185.00 OK

Check Details

Version: 1.3.2
Check: tests
Result: ERROR
    Running the tests in ‘tests/units.R’ failed.
    Last 13 lines of output:
     Mean relative difference: 0.5925926
    
     I. Failure(@test_ProteinInference.R#152): PeptideInference: topx selection criterion
     PeptideInference(transition_data, transition_topx = 1, transition_strictness = "loose", transition_summary = "sum", consensus_proteins = TRUE, consensus_transitions = FALSE)$peptide_intensity not equal to c(60, 100, 95, 55, 95, 55)
     Mean relative difference: 0.516129
    
     J. Failure(@test_ProteinInference.R#156): PeptideInference: loose / strict selection criterion
     PeptideInference(transition_data, transition_topx = 3, transition_strictness = "loose", transition_summary = "sum", consensus_proteins = TRUE, consensus_transitions = FALSE)$peptide_intensity not equal to c(100, 180, 170, 90, 170, 90)
     Mean relative difference: 0.5925926
    
     Error: Test failures
     In addition: There were 31 warnings (use warnings() to see them)
     Execution halted
Flavor: r-patched-solaris-sparc