CRAN Package Check Results for Package aLFQ

Last updated on 2017-05-24 09:47:43.

Flavor Version Tinstall Tcheck Ttotal Status Flags
r-devel-linux-x86_64-debian-clang 1.3.4 5.33 69.73 75.06 OK
r-devel-linux-x86_64-debian-gcc 1.3.4 5.03 68.84 73.87 OK
r-devel-linux-x86_64-fedora-clang 1.3.4 168.69 OK --no-stop-on-test-error
r-devel-linux-x86_64-fedora-gcc 1.3.4 157.15 OK --no-stop-on-test-error
r-devel-windows-ix86+x86_64 1.3.4 15.00 123.00 138.00 OK
r-patched-linux-x86_64 1.3.4 5.24 69.42 74.66 OK
r-patched-solaris-sparc 1.3.4 878.10 OK
r-patched-solaris-x86 1.3.4 211.90 OK
r-release-linux-x86_64 1.3.4 5.30 70.43 75.73 OK
r-release-windows-ix86+x86_64 1.3.4 15.00 121.00 136.00 OK
r-release-osx-x86_64 1.3.4 ERROR
r-oldrel-windows-ix86+x86_64 1.3.4 21.00 149.00 170.00 OK
r-oldrel-osx-x86_64 1.3.4 OK

Check Details

Version: 1.3.4
Check: package dependencies
Result: ERROR
    Package required but not available: ‘protiq’
    
    See section ‘The DESCRIPTION file’ in the ‘Writing R Extensions’
    manual.
Flavor: r-release-osx-x86_64