CRAN Package Check Results for Package aLFQ

Last updated on 2015-03-29 19:48:34.

Flavor Version Tinstall Tcheck Ttotal Status Flags
r-devel-linux-x86_64-debian-clang 1.3.2 4.94 68.82 73.76 OK
r-devel-linux-x86_64-debian-gcc 1.3.2 4.98 66.08 71.07 OK
r-devel-linux-x86_64-fedora-clang 1.3.2 157.69 OK
r-devel-linux-x86_64-fedora-gcc 1.3.2 144.56 OK
r-devel-osx-x86_64-clang 1.3.2 133.91 OK
r-prerel-windows-ix86+x86_64 1.3.2 21.00 106.00 127.00 OK
r-prerel-linux-x86_64 1.3.2 4.82 65.18 70.00 OK
r-prerel-solaris-sparc 1.3.2 1058.80 ERROR
r-prerel-solaris-x86 1.3.2 195.60 OK
r-release-linux-x86_64 1.3.2 9.77 104.00 113.77 OK
r-release-osx-x86_64-mavericks 1.3.2 OK
r-release-osx-x86_64-snowleopard 1.3.2 OK
r-release-windows-ix86+x86_64 1.3.2 30.00 170.00 200.00 OK
r-oldrel-windows-ix86+x86_64 1.3.2 29.00 176.00 205.00 OK

Check Details

Version: 1.3.2
Check: tests
Result: ERROR
    Running the tests in ‘tests/units.R’ failed.
    Last 13 lines of output:
     Mean relative difference: 0.5925926
    
     I. Failure(@test_ProteinInference.R#152): PeptideInference: topx selection criterion
     PeptideInference(transition_data, transition_topx = 1, transition_strictness = "loose", transition_summary = "sum", consensus_proteins = TRUE, consensus_transitions = FALSE)$peptide_intensity not equal to c(60, 100, 95, 55, 95, 55)
     Mean relative difference: 0.516129
    
     J. Failure(@test_ProteinInference.R#156): PeptideInference: loose / strict selection criterion
     PeptideInference(transition_data, transition_topx = 3, transition_strictness = "loose", transition_summary = "sum", consensus_proteins = TRUE, consensus_transitions = FALSE)$peptide_intensity not equal to c(100, 180, 170, 90, 170, 90)
     Mean relative difference: 0.5925926
    
     Error: Test failures
     In addition: There were 31 warnings (use warnings() to see them)
     Execution halted
Flavor: r-prerel-solaris-sparc