CRAN Package Check Results for Package aLFQ

Last updated on 2017-04-25 23:49:35.

Flavor Version Tinstall Tcheck Ttotal Status Flags
r-devel-linux-x86_64-debian-clang 1.3.4 5.14 70.62 75.76 OK
r-devel-linux-x86_64-debian-gcc 1.3.4 5.96 69.46 75.41 OK
r-devel-linux-x86_64-fedora-clang 1.3.4 167.71 OK --no-stop-on-test-error
r-devel-linux-x86_64-fedora-gcc 1.3.4 160.49 OK --no-stop-on-test-error
r-devel-windows-ix86+x86_64 1.3.4 24.00 118.00 142.00 OK
r-patched-linux-x86_64 1.3.4 5.29 70.75 76.04 OK
r-patched-solaris-sparc 1.3.4 878.10 OK
r-patched-solaris-x86 1.3.4 212.80 OK
r-release-linux-x86_64 1.3.4 5.60 69.19 74.79 OK
r-release-windows-ix86+x86_64 1.3.4 16.00 128.00 144.00 OK
r-release-osx-x86_64 1.3.4 ERROR
r-oldrel-windows-ix86+x86_64 1.3.4 15.00 141.00 156.00 OK
r-oldrel-osx-x86_64 1.3.4 OK

Check Details

Version: 1.3.4
Check: package dependencies
Result: ERROR
    Package required but not available: ‘protiq’
    
    See section ‘The DESCRIPTION file’ in the ‘Writing R Extensions’
    manual.
Flavor: r-release-osx-x86_64