CRAN Package Check Results for Package aLFQ

Last updated on 2017-03-24 04:47:13.

Flavor Version Tinstall Tcheck Ttotal Status Flags
r-devel-linux-x86_64-debian-clang 1.3.3 4.92 70.30 75.22 OK
r-devel-linux-x86_64-debian-gcc 1.3.3 5.04 69.09 74.13 ERROR
r-devel-linux-x86_64-fedora-clang 1.3.4 116.15 OK --no-stop-on-test-error
r-devel-linux-x86_64-fedora-gcc 1.3.4 90.02 OK --no-stop-on-test-error
r-devel-macos-x86_64-clang 1.3.3 99.04 OK --no-stop-on-test-error
r-devel-windows-ix86+x86_64 1.3.3 16.00 120.00 136.00 OK
r-patched-linux-x86_64 1.3.3 5.26 63.67 68.94 OK
r-patched-solaris-sparc 1.3.4 878.10 OK
r-patched-solaris-x86 1.3.4 195.20 OK
r-release-linux-x86_64 1.3.3 5.11 62.72 67.82 OK
r-release-osx-x86_64-mavericks 1.3.3 OK
r-release-windows-ix86+x86_64 1.3.3 20.00 108.00 128.00 OK
r-oldrel-windows-ix86+x86_64 1.3.4 9.00 2.00 11.00 ERROR

Check Details

Version: 1.3.3
Check: tests
Result: ERROR
     Running ‘units.R’ [8s/7s]
    Running the tests in ‘tests/units.R’ failed.
    Last 13 lines of output:
     2: condition(object)
     3: expect_equal(x, expected, ..., expected.label = label)
     4: compare(object, expected, ...)
     5: protein_inference.ProteinInference(peptide_data, peptide_method = "all", peptide_summary = "median",
     fasta = NA, apex_model = NA, combine_precursors = FALSE, consensus_peptides = FALSE)
     6: data.dt[, list(response = median(peptide_intensity)), by = key(data.dt)]
     7: `[.data.table`(data.dt, , list(response = median(peptide_intensity)), by = key(data.dt))
     8: gforce(thisEnv, jsub, o__, f__, len__, irows)
     9: gmedian(peptide_intensity)
    
     DONE ===========================================================================
     Error: Test failures
     In addition: Warning message:
     Placing tests in `inst/tests/` is deprecated. Please use `tests/testthat/` instead
     Execution halted
Flavor: r-devel-linux-x86_64-debian-gcc

Version: 1.3.4
Check: whether package can be installed
Result: ERROR
    Installation failed.
Flavor: r-oldrel-windows-ix86+x86_64