CRAN Package Check Results for Package aLFQ

Last updated on 2016-08-27 12:47:19.

Flavor Version Tinstall Tcheck Ttotal Status Flags
r-devel-linux-x86_64-debian-clang 1.3.3 0.33 1.52 1.85 ERROR
r-devel-linux-x86_64-debian-gcc 1.3.3 7.29 86.67 93.96 OK
r-devel-linux-x86_64-fedora-clang 1.3.3 147.48 OK
r-devel-linux-x86_64-fedora-gcc 1.3.3 141.14 OK
r-devel-osx-x86_64-clang 1.3.3 113.28 OK
r-devel-windows-ix86+x86_64 1.3.3 22.00 152.00 174.00 OK
r-patched-linux-x86_64 1.3.3 5.06 63.37 68.43 OK
r-patched-solaris-sparc 1.3.3 824.90 OK
r-patched-solaris-x86 1.3.3 177.70 OK
r-release-linux-x86_64 1.3.3 5.95 65.35 71.30 OK
r-release-osx-x86_64-mavericks 1.3.3 OK
r-release-windows-ix86+x86_64 1.3.3 22.00 113.00 135.00 OK
r-oldrel-windows-ix86+x86_64 1.3.3 17.00 134.00 151.00 OK

Check Details

Version: 1.3.3
Check: package dependencies
Result: ERROR
    Package required but not available: ‘protiq’
    
    See section ‘The DESCRIPTION file’ in the ‘Writing R Extensions’
    manual.
Flavor: r-devel-linux-x86_64-debian-clang