CRAN Package Check Results for Package aLFQ

Last updated on 2014-04-21 12:43:12.

Flavor Version Tinstall Tcheck Ttotal Status Flags
r-devel-linux-x86_64-debian-clang 1.3.1 2.92 50.32 53.24 OK
r-devel-linux-x86_64-debian-gcc 1.3.1 3.03 50.71 53.74 OK
r-devel-linux-x86_64-fedora-clang 1.3.1 103.66 OK
r-devel-linux-x86_64-fedora-gcc 1.3.1 101.66 OK
r-devel-osx-x86_64-clang 1.3.1 94.32 OK
r-devel-osx-x86_64-gcc 1.3.1 ERROR
r-devel-windows-ix86+x86_64 1.3.1 10.00 78.00 88.00 OK
r-patched-linux-x86_64 1.3.1 2.98 50.47 53.46 OK
r-patched-solaris-sparc 1.3.1 604.40 OK
r-patched-solaris-x86 1.3.1 125.10 OK
r-release-linux-x86_64 1.3.1 3.06 50.18 53.23 OK
r-release-osx-x86_64-mavericks 1.3.1 NOTE
r-release-osx-x86_64-snowleopard 1.3.1 NOTE
r-release-windows-ix86+x86_64 1.3.1 15.00 77.00 92.00 OK
r-oldrel-windows-ix86+x86_64 1.3.1 13.00 84.00 97.00 OK

Check Details

Version: 1.3.1
Check: package dependencies
Result: ERROR
    Package required but not available: ‘caret’
    
    Package suggested but not available for checking: ‘protiq’
    
    See the information on DESCRIPTION files in the chapter ‘Creating R
    packages’ of the ‘Writing R Extensions’ manual.
Flavor: r-devel-osx-x86_64-gcc

Version: 1.3.1
Check: package dependencies
Result: NOTE
    Package suggested but not available for checking: ‘protiq’
Flavors: r-release-osx-x86_64-mavericks, r-release-osx-x86_64-snowleopard

Version: 1.3.1
Check: R code for possible problems
Result: NOTE
    scampi.ProteinInference: no visible global function definition for
     ‘iterateScampi’
    scampi.ProteinInference: no visible global function definition for
     ‘runScampi’
Flavors: r-release-osx-x86_64-mavericks, r-release-osx-x86_64-snowleopard

Version: 1.3.1
Check: Rd cross-references
Result: NOTE
    Package unavailable to check Rd xrefs: ‘protiq’
Flavors: r-release-osx-x86_64-mavericks, r-release-osx-x86_64-snowleopard