Last updated on 2022-08-18 03:58:13 CEST.
Flavor | Version | Tinstall | Tcheck | Ttotal | Status | Flags |
---|---|---|---|---|---|---|
r-devel-linux-x86_64-debian-clang | 1.1.2 | 4.78 | 39.31 | 44.09 | OK | |
r-devel-linux-x86_64-debian-gcc | 1.1.2 | OK | ||||
r-devel-linux-x86_64-fedora-clang | 1.1.2 | 67.49 | NOTE | |||
r-devel-linux-x86_64-fedora-gcc | 1.1.2 | 61.70 | NOTE | |||
r-devel-windows-x86_64 | 1.1.2 | 19.00 | 64.00 | 83.00 | OK | |
r-patched-linux-x86_64 | 1.1.2 | 4.01 | 37.29 | 41.30 | OK | |
r-release-linux-x86_64 | 1.1.2 | 3.69 | 37.34 | 41.03 | OK | |
r-release-macos-arm64 | 1.1.2 | 17.00 | NOTE | |||
r-release-macos-x86_64 | 1.1.2 | 36.00 | NOTE | |||
r-release-windows-x86_64 | 1.1.2 | 32.00 | 62.00 | 94.00 | OK | |
r-oldrel-macos-arm64 | 1.1.2 | 19.00 | NOTE | |||
r-oldrel-macos-x86_64 | 1.1.2 | 27.00 | NOTE | |||
r-oldrel-windows-ix86+x86_64 | 1.1.2 | 14.00 | 63.00 | 77.00 | OK |
Version: 1.1.2
Check: dependencies in R code
Result: NOTE
Namespaces in Imports field not imported from:
‘devtools’ ‘dplyr’ ‘gridExtra’
All declared Imports should be used.
Flavors: r-devel-linux-x86_64-fedora-clang, r-devel-linux-x86_64-fedora-gcc, r-release-macos-arm64, r-release-macos-x86_64, r-oldrel-macos-arm64, r-oldrel-macos-x86_64