Last updated on 2022-07-02 17:51:52 CEST.
Flavor | Version | Tinstall | Tcheck | Ttotal | Status | Flags |
---|---|---|---|---|---|---|
r-devel-linux-x86_64-debian-clang | 0.1.8 | 224.49 | 153.85 | 378.34 | OK | |
r-devel-linux-x86_64-debian-gcc | 0.1.8 | 182.42 | 110.04 | 292.46 | OK | |
r-devel-linux-x86_64-fedora-clang | 0.1.8 | 559.19 | OK | |||
r-devel-linux-x86_64-fedora-gcc | 0.1.8 | 501.24 | OK | |||
r-devel-windows-x86_64 | 0.1.8 | 185.00 | 214.00 | 399.00 | OK | |
r-patched-linux-x86_64 | 0.1.8 | 200.89 | 140.48 | 341.37 | OK | |
r-release-linux-x86_64 | 0.1.8 | 195.86 | 143.66 | 339.52 | OK | |
r-release-macos-arm64 | 0.1.8 | 127.00 | NOTE | |||
r-release-macos-x86_64 | 0.1.8 | 175.00 | OK | |||
r-release-windows-x86_64 | 0.1.8 | 182.00 | 214.00 | 396.00 | OK | |
r-oldrel-macos-arm64 | 0.1.8 | 142.00 | NOTE | |||
r-oldrel-macos-x86_64 | 0.1.8 | 168.00 | OK | |||
r-oldrel-windows-ix86+x86_64 | 0.1.8 | 588.00 | 364.00 | 952.00 | OK |
Version: 0.1.8
Check: installed package size
Result: NOTE
installed size is 5.0Mb
sub-directories of 1Mb or more:
libs 4.6Mb
Flavors: r-release-macos-arm64, r-oldrel-macos-arm64