CRAN Package Check Results for Package aTSA

Last updated on 2022-01-19 23:48:52 CET.

Flavor Version Tinstall Tcheck Ttotal Status Flags
r-devel-linux-x86_64-debian-clang 3.1.2 OK
r-devel-linux-x86_64-debian-gcc 3.1.2 3.28 31.81 35.09 OK
r-devel-linux-x86_64-fedora-clang 3.1.2 55.24 NOTE
r-devel-linux-x86_64-fedora-gcc 3.1.2 44.62 OK
r-devel-windows-x86_64-new-UL 3.1.2 28.00 52.00 80.00 OK
r-devel-windows-x86_64-new-TK 3.1.2 OK
r-patched-linux-x86_64 3.1.2 4.56 38.27 42.83 OK
r-release-linux-x86_64 3.1.2 OK
r-release-macos-arm64 3.1.2 OK
r-release-macos-x86_64 3.1.2 OK
r-release-windows-ix86+x86_64 3.1.2 8.00 42.00 50.00 OK
r-oldrel-macos-x86_64 3.1.2 OK
r-oldrel-windows-ix86+x86_64 3.1.2 6.00 42.00 48.00 OK

Check Details

Version: 3.1.2
Check: Rd cross-references
Result: NOTE
    Undeclared package ‘snpar’ in Rd xrefs
Flavor: r-devel-linux-x86_64-fedora-clang