CRAN Package Check Results for Package abc

Last updated on 2014-08-01 08:49:39.

Flavor Version Tinstall Tcheck Ttotal Status Flags
r-devel-linux-x86_64-debian-clang 2.0 1.87 251.81 253.68 NOTE
r-devel-linux-x86_64-debian-gcc 2.0 1.65 261.21 262.86 NOTE
r-devel-linux-x86_64-fedora-clang 2.0 305.45 NOTE --no-build-vignettes
r-devel-linux-x86_64-fedora-gcc 2.0 309.56 NOTE --no-build-vignettes
r-devel-osx-x86_64-clang 2.0 261.60 NOTE --no-build-vignettes
r-devel-windows-ix86+x86_64 2.0 6.00 65.00 71.00 NOTE --no-vignettes
r-patched-linux-x86_64 2.0 1.82 267.72 269.54 NOTE
r-patched-solaris-sparc 2.0 596.90 NOTE --no-vignettes
r-patched-solaris-x86 2.0 762.80 NOTE
r-release-linux-ix86 2.0 2.91 420.84 423.75 NOTE
r-release-linux-x86_64 2.0 1.99 260.97 262.96 NOTE
r-release-osx-x86_64-mavericks 2.0 NOTE
r-release-osx-x86_64-snowleopard 2.0 NOTE
r-release-windows-ix86+x86_64 2.0 7.00 68.00 75.00 NOTE --no-vignettes
r-oldrel-windows-ix86+x86_64 2.0 11.00 72.00 83.00 NOTE --no-vignettes

Check Details

Version: 2.0
Check: installed package size
Result: NOTE
     installed size is 5.2Mb
     sub-directories of 1Mb or more:
     data 4.7Mb
Flavors: r-devel-linux-x86_64-debian-clang, r-devel-linux-x86_64-debian-gcc, r-patched-linux-x86_64, r-patched-solaris-x86, r-release-linux-ix86, r-release-linux-x86_64, r-release-osx-x86_64-mavericks, r-release-osx-x86_64-snowleopard

Version: 2.0
Flags: --no-build-vignettes
Check: installed package size
Result: NOTE
     installed size is 5.2Mb
     sub-directories of 1Mb or more:
     data 4.7Mb
Flavors: r-devel-linux-x86_64-fedora-clang, r-devel-linux-x86_64-fedora-gcc, r-devel-osx-x86_64-clang

Version: 2.0
Flags: --no-vignettes
Check: installed package size
Result: NOTE
     installed size is 5.2Mb
     sub-directories of 1Mb or more:
     data 4.7Mb
Flavors: r-devel-windows-ix86+x86_64, r-patched-solaris-sparc, r-release-windows-ix86+x86_64, r-oldrel-windows-ix86+x86_64