CRAN Package Check Results for Package abc

Last updated on 2014-10-26 07:49:54.

Flavor Version Tinstall Tcheck Ttotal Status Flags
r-devel-linux-x86_64-debian-clang 2.0 1.68 248.65 250.33 NOTE
r-devel-linux-x86_64-debian-gcc 2.0 1.61 260.66 262.27 NOTE
r-devel-linux-x86_64-fedora-clang 2.0 303.34 NOTE --no-build-vignettes
r-devel-linux-x86_64-fedora-gcc 2.0 301.58 NOTE --no-build-vignettes
r-devel-osx-x86_64-clang 2.0 248.03 NOTE --no-build-vignettes
r-devel-windows-ix86+x86_64 2.0 6.00 64.00 70.00 NOTE --no-vignettes
r-patched-linux-x86_64 2.0 3.62 266.78 270.40 NOTE
r-patched-solaris-sparc 2.0 596.90 NOTE --no-vignettes
r-patched-solaris-x86 2.0 772.00 NOTE
r-release-linux-ix86 2.0 3.32 417.26 420.59 NOTE
r-release-linux-x86_64 2.0 1.66 274.95 276.62 NOTE
r-release-osx-x86_64-mavericks 2.0 NOTE
r-release-osx-x86_64-snowleopard 2.0 NOTE
r-release-windows-ix86+x86_64 2.0 6.00 69.00 75.00 NOTE --no-vignettes
r-oldrel-windows-ix86+x86_64 2.0 7.00 66.00 73.00 NOTE --no-vignettes

Check Details

Version: 2.0
Check: installed package size
Result: NOTE
     installed size is 5.2Mb
     sub-directories of 1Mb or more:
     data 4.7Mb
Flavors: r-devel-linux-x86_64-debian-clang, r-devel-linux-x86_64-debian-gcc, r-patched-linux-x86_64, r-patched-solaris-x86, r-release-linux-ix86, r-release-linux-x86_64, r-release-osx-x86_64-mavericks, r-release-osx-x86_64-snowleopard

Version: 2.0
Flags: --no-build-vignettes
Check: installed package size
Result: NOTE
     installed size is 5.2Mb
     sub-directories of 1Mb or more:
     data 4.7Mb
Flavors: r-devel-linux-x86_64-fedora-clang, r-devel-linux-x86_64-fedora-gcc, r-devel-osx-x86_64-clang

Version: 2.0
Flags: --no-vignettes
Check: installed package size
Result: NOTE
     installed size is 5.2Mb
     sub-directories of 1Mb or more:
     data 4.7Mb
Flavors: r-devel-windows-ix86+x86_64, r-patched-solaris-sparc, r-release-windows-ix86+x86_64, r-oldrel-windows-ix86+x86_64