CRAN Package Check Results for Package abc

Last updated on 2015-02-01 11:47:05.

Flavor Version Tinstall Tcheck Ttotal Status Flags
r-devel-linux-x86_64-debian-clang 2.0 1.46 219.42 220.87 NOTE
r-devel-linux-x86_64-debian-gcc 2.0 1.62 241.13 242.75 NOTE
r-devel-linux-x86_64-fedora-clang 2.0 270.31 NOTE --no-build-vignettes
r-devel-linux-x86_64-fedora-gcc 2.0 241.43 NOTE --no-build-vignettes
r-devel-osx-x86_64-clang 2.0 237.72 NOTE --no-build-vignettes
r-devel-windows-ix86+x86_64 2.0 9.00 336.00 345.00 NOTE
r-patched-linux-x86_64 2.0 1.74 268.08 269.82 NOTE
r-patched-solaris-sparc 2.0 615.20 NOTE --no-vignettes
r-patched-solaris-x86 2.0 798.40 NOTE
r-release-linux-ix86 2.0 2.12 420.51 422.64 NOTE
r-release-linux-x86_64 2.0 1.80 265.74 267.54 NOTE
r-release-osx-x86_64-mavericks 2.0 NOTE
r-release-osx-x86_64-snowleopard 2.0 NOTE
r-release-windows-ix86+x86_64 2.0 7.00 362.00 369.00 NOTE
r-oldrel-windows-ix86+x86_64 2.0 6.00 318.00 324.00 NOTE

Check Details

Version: 2.0
Check: installed package size
Result: NOTE
     installed size is 5.2Mb
     sub-directories of 1Mb or more:
     data 4.7Mb
Flavors: r-devel-linux-x86_64-debian-clang, r-devel-linux-x86_64-debian-gcc, r-devel-windows-ix86+x86_64, r-patched-linux-x86_64, r-patched-solaris-x86, r-release-linux-ix86, r-release-linux-x86_64, r-release-osx-x86_64-mavericks, r-release-osx-x86_64-snowleopard, r-release-windows-ix86+x86_64, r-oldrel-windows-ix86+x86_64

Version: 2.0
Flags: --no-build-vignettes
Check: installed package size
Result: NOTE
     installed size is 5.2Mb
     sub-directories of 1Mb or more:
     data 4.7Mb
Flavors: r-devel-linux-x86_64-fedora-clang, r-devel-linux-x86_64-fedora-gcc, r-devel-osx-x86_64-clang

Version: 2.0
Flags: --no-vignettes
Check: installed package size
Result: NOTE
     installed size is 5.4Mb
     sub-directories of 1Mb or more:
     data 4.8Mb
Flavor: r-patched-solaris-sparc