CRAN Package Check Results for Package abc

Last updated on 2015-06-29 23:46:41.

Flavor Version Tinstall Tcheck Ttotal Status Flags
r-devel-linux-x86_64-debian-clang 2.1 1.18 228.48 229.66 NOTE
r-devel-linux-x86_64-debian-gcc 2.1 1.16 243.54 244.70 NOTE
r-devel-linux-x86_64-fedora-clang 2.1 227.80 OK --no-build-vignettes
r-devel-linux-x86_64-fedora-gcc 2.1 261.27 OK --no-build-vignettes
r-devel-osx-x86_64-clang 2.1 243.70 OK --no-build-vignettes
r-devel-windows-ix86+x86_64 2.1 8.00 324.00 332.00 NOTE
r-patched-linux-x86_64 2.1 1.17 242.04 243.21 OK
r-patched-solaris-sparc 2.1 545.20 OK --no-vignettes
r-patched-solaris-x86 2.1 723.60 OK
r-release-linux-x86_64 2.1 1.18 236.38 237.56 OK
r-release-osx-x86_64-mavericks 2.1 OK
r-release-windows-ix86+x86_64 2.1 8.00 315.00 323.00 OK
r-oldrel-windows-ix86+x86_64 2.1 11.00 356.00 367.00 OK

Check Details

Version: 2.1
Check: R code for possible problems
Result: NOTE
    abc: no visible global function definition for ‘na.omit’
    abc: no visible global function definition for ‘lsfit’
    abc: no visible global function definition for ‘mad’
    abc: no visible global function definition for ‘predict’
    abc: no visible binding for global variable ‘median’
    abc: no visible global function definition for ‘coef’
    cv4abc: no visible global function definition for ‘runif’
    cv4abc: no visible global function definition for ‘na.omit’
    cv4postpr: no visible global function definition for ‘na.omit’
    cv4postpr: no visible global function definition for ‘runif’
    expected.deviance: no visible global function definition for ‘na.omit’
    getmode: no visible global function definition for ‘density’
    gfitpca : loc2plot: no visible global function definition for ‘fitted’
    gfitpca: no visible global function definition for ‘prcomp’
    gfitpca: no visible global function definition for ‘predict’
    gfitpca: no visible global function definition for ‘legend’
    hist.abc: no visible global function definition for
     ‘deviceIsInteractive’
    hist.abc: no visible global function definition for ‘as.graphicsAnnot’
    hist.abc: no visible global function definition for ‘devAskNewPage’
    hist.abc: no visible global function definition for ‘pdf’
    hist.abc: no visible global function definition for ‘par’
    hist.abc: no visible global function definition for ‘hist’
    hist.abc: no visible global function definition for ‘abline’
    hist.abc: no visible global function definition for ‘dev.off’
    normalise: no visible global function definition for ‘mad’
    plot.abc: no visible global function definition for
     ‘deviceIsInteractive’
    plot.abc: no visible global function definition for ‘devAskNewPage’
    plot.abc: no visible global function definition for ‘pdf’
    plot.abc: no visible global function definition for ‘par’
    plot.abc: no visible global function definition for ‘density’
    plot.abc: no visible global function definition for ‘title’
    plot.abc: no visible global function definition for ‘lines’
    plot.abc: no visible global function definition for ‘segments’
    plot.abc: no visible global function definition for ‘mtext’
    plot.abc: no visible global function definition for ‘qqnorm’
    plot.abc: no visible global function definition for ‘qqline’
    plot.abc: no visible global function definition for ‘dev.off’
    plot.cv4abc: no visible global function definition for
     ‘deviceIsInteractive’
    plot.cv4abc: no visible global function definition for
     ‘as.graphicsAnnot’
    plot.cv4abc: no visible global function definition for ‘heat.colors’
    plot.cv4abc: no visible global function definition for ‘devAskNewPage’
    plot.cv4abc: no visible global function definition for ‘pdf’
    plot.cv4abc: no visible global function definition for ‘abline’
    plot.cv4abc: no visible global function definition for ‘dev.off’
    plot.cv4postpr: no visible global function definition for
     ‘deviceIsInteractive’
    plot.cv4postpr: no visible global function definition for
     ‘devAskNewPage’
    plot.cv4postpr: no visible global function definition for ‘pdf’
    plot.cv4postpr: no visible global function definition for ‘par’
    plot.cv4postpr: no visible global function definition for ‘barplot’
    plot.cv4postpr: no visible global function definition for ‘title’
    plot.cv4postpr: no visible global function definition for ‘dev.off’
    plot.gfit: no visible global function definition for ‘hist’
    plot.gfit: no visible global function definition for ‘abline’
    plot.gfit: no visible global function definition for ‘legend’
    postpr: no visible global function definition for ‘na.omit’
    postpr: no visible global function definition for ‘quantile’
    postpr: no visible global function definition for ‘as.formula’
    postpr: no visible global function definition for ‘predict’
    summary.abc: no visible binding for global variable ‘quantile’
    summary.abc: no visible binding for global variable ‘weighted.mean’
    summary.cv4abc: no visible binding for global variable ‘var’
Flavors: r-devel-linux-x86_64-debian-clang, r-devel-linux-x86_64-debian-gcc, r-devel-windows-ix86+x86_64