CRAN Package Check Results for Package abc

Last updated on 2015-04-27 23:47:17.

Flavor Version Tinstall Tcheck Ttotal Status Flags
r-devel-linux-x86_64-debian-clang 2.0 1.44 224.81 226.24 NOTE
r-devel-linux-x86_64-debian-gcc 2.0 1.39 244.25 245.64 NOTE
r-devel-linux-x86_64-fedora-clang 2.0 252.97 NOTE --no-build-vignettes
r-devel-linux-x86_64-fedora-gcc 2.0 254.05 NOTE --no-build-vignettes
r-devel-osx-x86_64-clang 2.0 227.22 NOTE --no-build-vignettes
r-devel-windows-ix86+x86_64 2.0 6.00 418.00 424.00 NOTE
r-patched-linux-x86_64 2.0 1.38 242.08 243.45 NOTE
r-patched-solaris-sparc 2.0 578.20 NOTE --no-vignettes
r-patched-solaris-x86 2.0 729.70 NOTE
r-release-linux-x86_64 2.0 1.38 233.67 235.05 NOTE
r-release-osx-x86_64-mavericks 2.0 NOTE
r-release-osx-x86_64-snowleopard 2.0 ERROR
r-release-windows-ix86+x86_64 2.0 10.00 398.00 408.00 NOTE
r-oldrel-windows-ix86+x86_64 2.0 6.00 321.00 327.00 NOTE

Check Details

Version: 2.0
Check: installed package size
Result: NOTE
     installed size is 5.2Mb
     sub-directories of 1Mb or more:
     data 4.7Mb
Flavors: r-devel-linux-x86_64-debian-clang, r-devel-linux-x86_64-debian-gcc, r-devel-windows-ix86+x86_64, r-patched-solaris-x86, r-release-linux-x86_64, r-release-osx-x86_64-mavericks, r-release-windows-ix86+x86_64, r-oldrel-windows-ix86+x86_64

Version: 2.0
Flags: --no-build-vignettes
Check: installed package size
Result: NOTE
     installed size is 5.2Mb
     sub-directories of 1Mb or more:
     data 4.7Mb
Flavors: r-devel-linux-x86_64-fedora-clang, r-devel-linux-x86_64-fedora-gcc, r-devel-osx-x86_64-clang

Version: 2.0
Flags: --no-vignettes
Check: installed package size
Result: NOTE
     installed size is 5.4Mb
     sub-directories of 1Mb or more:
     data 4.8Mb
Flavor: r-patched-solaris-sparc

Version: 2.0
Check: package dependencies
Result: ERROR
    Package required but not available: ‘quantreg’
    
    See section ‘The DESCRIPTION file’ in the ‘Writing R Extensions’
    manual.
Flavor: r-release-osx-x86_64-snowleopard