CRAN Package Check Results for Package abc

Last updated on 2014-07-25 12:47:28.

Flavor Version Tinstall Tcheck Ttotal Status Flags
r-devel-linux-x86_64-debian-clang 2.0 1.81 242.86 244.67 NOTE
r-devel-linux-x86_64-debian-gcc 2.0 1.84 265.54 267.38 NOTE
r-devel-linux-x86_64-fedora-clang 2.0 305.45 NOTE --no-build-vignettes
r-devel-linux-x86_64-fedora-gcc 2.0 322.02 NOTE --no-build-vignettes
r-devel-osx-x86_64-clang 2.0 257.17 NOTE --no-build-vignettes
r-devel-windows-ix86+x86_64 2.0 6.00 67.00 73.00 NOTE --no-vignettes
r-patched-linux-x86_64 2.0 1.67 263.73 265.40 NOTE
r-patched-solaris-sparc 2.0 562.30 NOTE --no-vignettes
r-patched-solaris-x86 2.0 782.10 NOTE
r-release-linux-ix86 2.0 2.68 425.70 428.38 NOTE
r-release-linux-x86_64 2.0 1.70 264.60 266.30 NOTE
r-release-osx-x86_64-mavericks 2.0 NOTE
r-release-osx-x86_64-snowleopard 2.0 NOTE
r-release-windows-ix86+x86_64 2.0 5.00 67.00 72.00 NOTE --no-vignettes
r-oldrel-windows-ix86+x86_64 2.0 5.00 68.00 73.00 NOTE --no-vignettes

Check Details

Version: 2.0
Check: installed package size
Result: NOTE
     installed size is 5.2Mb
     sub-directories of 1Mb or more:
     data 4.7Mb
Flavors: r-devel-linux-x86_64-debian-clang, r-devel-linux-x86_64-debian-gcc, r-patched-linux-x86_64, r-patched-solaris-x86, r-release-linux-ix86, r-release-linux-x86_64, r-release-osx-x86_64-mavericks, r-release-osx-x86_64-snowleopard

Version: 2.0
Flags: --no-build-vignettes
Check: installed package size
Result: NOTE
     installed size is 5.2Mb
     sub-directories of 1Mb or more:
     data 4.7Mb
Flavors: r-devel-linux-x86_64-fedora-clang, r-devel-linux-x86_64-fedora-gcc, r-devel-osx-x86_64-clang

Version: 2.0
Flags: --no-vignettes
Check: installed package size
Result: NOTE
     installed size is 5.2Mb
     sub-directories of 1Mb or more:
     data 4.7Mb
Flavors: r-devel-windows-ix86+x86_64, r-patched-solaris-sparc, r-release-windows-ix86+x86_64, r-oldrel-windows-ix86+x86_64