CRAN Package Check Results for Package abc

Last updated on 2014-04-17 10:47:44.

Flavor Version Tinstall Tcheck Ttotal Status Flags
r-devel-linux-x86_64-debian-clang 1.8 1.66 115.34 117.00 NOTE
r-devel-linux-x86_64-debian-gcc 1.8 1.56 127.33 128.89 NOTE
r-devel-linux-x86_64-fedora-clang 1.8 156.63 NOTE --no-build-vignettes
r-devel-linux-x86_64-fedora-gcc 1.8 158.96 NOTE --no-build-vignettes
r-devel-macosx-x86_64-clang 1.8 129.52 NOTE --no-build-vignettes
r-devel-macosx-x86_64-gcc 1.8 ERROR
r-devel-windows-ix86+x86_64 1.8 5.00 47.00 52.00 NOTE --no-vignettes
r-patched-linux-x86_64 1.8 1.66 114.49 116.15 NOTE
r-patched-solaris-sparc 1.8 378.20 NOTE --no-vignettes
r-patched-solaris-x86 1.8 351.80 NOTE
r-release-linux-ix86 1.8 4.00 235.00 239.00 NOTE
r-release-linux-x86_64 1.8 1.56 125.40 126.97 NOTE
r-release-macosx-x86_64 1.8 NOTE
r-release-windows-ix86+x86_64 1.8 5.00 48.00 53.00 NOTE --no-vignettes
r-oldrel-windows-ix86+x86_64 1.8 5.00 49.00 54.00 NOTE --no-vignettes

Check Details

Version: 1.8
Check: installed package size
Result: NOTE
     installed size is 5.3Mb
     sub-directories of 1Mb or more:
     data 4.7Mb
Flavors: r-devel-linux-x86_64-debian-clang, r-devel-linux-x86_64-debian-gcc, r-patched-linux-x86_64, r-patched-solaris-x86, r-release-linux-ix86, r-release-linux-x86_64, r-release-macosx-x86_64

Version: 1.8
Flags: --no-build-vignettes
Check: installed package size
Result: NOTE
     installed size is 5.3Mb
     sub-directories of 1Mb or more:
     data 4.7Mb
Flavors: r-devel-linux-x86_64-fedora-clang, r-devel-linux-x86_64-fedora-gcc, r-devel-macosx-x86_64-clang

Version: 1.8
Check: package dependencies
Result: ERROR
    Package required but not available: ‘quantreg’
    
    See the information on DESCRIPTION files in the chapter ‘Creating R
    packages’ of the ‘Writing R Extensions’ manual.
Flavor: r-devel-macosx-x86_64-gcc

Version: 1.8
Flags: --no-vignettes
Check: installed package size
Result: NOTE
     installed size is 5.3Mb
     sub-directories of 1Mb or more:
     data 4.7Mb
Flavors: r-devel-windows-ix86+x86_64, r-patched-solaris-sparc, r-release-windows-ix86+x86_64, r-oldrel-windows-ix86+x86_64