CRAN Package Check Results for Package abc

Last updated on 2015-03-01 00:49:30.

Flavor Version Tinstall Tcheck Ttotal Status Flags
r-devel-linux-x86_64-debian-clang 2.0 1.44 232.28 233.72 NOTE
r-devel-linux-x86_64-debian-gcc 2.0 1.40 235.12 236.51 NOTE
r-devel-linux-x86_64-fedora-clang 2.0 267.34 NOTE --no-build-vignettes
r-devel-linux-x86_64-fedora-gcc 2.0 255.35 NOTE --no-build-vignettes
r-devel-osx-x86_64-clang 2.0 221.62 NOTE --no-build-vignettes
r-devel-windows-ix86+x86_64 2.0 8.00 301.00 309.00 NOTE
r-patched-linux-x86_64 2.0 1.81 266.63 268.44 NOTE
r-patched-solaris-sparc 2.0 615.20 NOTE --no-vignettes
r-patched-solaris-x86 2.0 774.30 NOTE
r-release-linux-ix86 2.0 2.16 417.29 419.45 NOTE
r-release-linux-x86_64 2.0 1.84 266.33 268.17 NOTE
r-release-osx-x86_64-mavericks 2.0 NOTE
r-release-osx-x86_64-snowleopard 2.0 NOTE
r-release-windows-ix86+x86_64 2.0 6.00 355.00 361.00 NOTE
r-oldrel-windows-ix86+x86_64 2.0 7.00 325.00 332.00 NOTE

Check Details

Version: 2.0
Check: installed package size
Result: NOTE
     installed size is 5.2Mb
     sub-directories of 1Mb or more:
     data 4.7Mb
Flavors: r-devel-linux-x86_64-debian-clang, r-devel-linux-x86_64-debian-gcc, r-devel-windows-ix86+x86_64, r-patched-linux-x86_64, r-patched-solaris-x86, r-release-linux-ix86, r-release-linux-x86_64, r-release-osx-x86_64-mavericks, r-release-osx-x86_64-snowleopard, r-release-windows-ix86+x86_64, r-oldrel-windows-ix86+x86_64

Version: 2.0
Flags: --no-build-vignettes
Check: installed package size
Result: NOTE
     installed size is 5.2Mb
     sub-directories of 1Mb or more:
     data 4.7Mb
Flavors: r-devel-linux-x86_64-fedora-clang, r-devel-linux-x86_64-fedora-gcc, r-devel-osx-x86_64-clang

Version: 2.0
Flags: --no-vignettes
Check: installed package size
Result: NOTE
     installed size is 5.4Mb
     sub-directories of 1Mb or more:
     data 4.8Mb
Flavor: r-patched-solaris-sparc