CRAN Package Check Results for Package abcdeFBA

Last updated on 2014-12-18 11:50:00.

Flavor Version Tinstall Tcheck Ttotal Status Flags
r-devel-linux-x86_64-debian-clang 0.4 3.10 23.58 26.68 NOTE
r-devel-linux-x86_64-debian-gcc 0.4 3.62 22.74 26.36 NOTE
r-devel-linux-x86_64-fedora-clang 0.4 51.29 NOTE
r-devel-linux-x86_64-fedora-gcc 0.4 49.70 NOTE
r-devel-osx-x86_64-clang 0.4 45.96 NOTE
r-devel-windows-ix86+x86_64 0.4 12.00 34.00 46.00 NOTE
r-patched-linux-x86_64 0.4 3.32 23.14 26.46 NOTE
r-patched-solaris-sparc 0.4 286.70 NOTE
r-patched-solaris-x86 0.4 78.30 NOTE
r-release-linux-ix86 0.4 4.28 32.32 36.59 NOTE
r-release-linux-x86_64 0.4 3.08 23.11 26.18 NOTE
r-release-osx-x86_64-mavericks 0.4 NOTE
r-release-osx-x86_64-snowleopard 0.4 OK
r-release-windows-ix86+x86_64 0.4 9.00 40.00 49.00 NOTE
r-oldrel-windows-ix86+x86_64 0.4 10.00 46.00 56.00 NOTE

Check Details

Version: 0.4
Check: top-level files
Result: NOTE
    Non-standard file/directory found at top level:
     ‘doc’
Flavors: r-devel-linux-x86_64-debian-clang, r-devel-linux-x86_64-debian-gcc, r-devel-linux-x86_64-fedora-clang, r-devel-linux-x86_64-fedora-gcc, r-patched-linux-x86_64, r-release-linux-x86_64

Version: 0.4
Check: dependencies in R code
Result: NOTE
    Packages in Depends field not imported from:
     ‘Rglpk’ ‘corrplot’ ‘lattice’ ‘rgl’
     These packages need to be imported from (in the NAMESPACE file)
     for when this namespace is loaded but not attached.
    See the information on DESCRIPTION files in the chapter ‘Creating R
    packages’ of the ‘Writing R Extensions’ manual.
Flavors: r-devel-linux-x86_64-debian-clang, r-devel-linux-x86_64-debian-gcc, r-devel-linux-x86_64-fedora-clang, r-devel-linux-x86_64-fedora-gcc, r-devel-osx-x86_64-clang, r-devel-windows-ix86+x86_64, r-patched-linux-x86_64, r-patched-solaris-sparc, r-patched-solaris-x86, r-release-linux-ix86, r-release-linux-x86_64, r-release-osx-x86_64-mavericks, r-release-windows-ix86+x86_64, r-oldrel-windows-ix86+x86_64

Version: 0.4
Check: R code for possible problems
Result: NOTE
    BFD_Processor: no visible global function definition for ‘levelplot’
    BFD_Processor: no visible global function definition for ‘corrplot’
    FBA_solve: no visible global function definition for ‘Rglpk_solve_LP’
    PHPP: no visible global function definition for ‘levelplot’
    PHPP: no visible global function definition for ‘persp3d’
    PHPP: no visible global function definition for ‘play3d’
    PHPP: no visible global function definition for ‘spin3d’
Flavors: r-devel-linux-x86_64-debian-clang, r-devel-linux-x86_64-debian-gcc, r-devel-linux-x86_64-fedora-clang, r-devel-linux-x86_64-fedora-gcc, r-devel-osx-x86_64-clang, r-devel-windows-ix86+x86_64, r-patched-linux-x86_64, r-patched-solaris-sparc, r-patched-solaris-x86, r-release-linux-ix86, r-release-linux-x86_64, r-release-windows-ix86+x86_64