CRAN Package Check Results for Package abcdeFBA

Last updated on 2015-04-02 08:49:23.

Flavor Version Tinstall Tcheck Ttotal Status Flags
r-devel-linux-x86_64-debian-clang 0.4 2.95 19.79 22.74 NOTE
r-devel-linux-x86_64-debian-gcc 0.4 3.13 19.96 23.09 NOTE
r-devel-linux-x86_64-fedora-clang 0.4 44.54 NOTE
r-devel-linux-x86_64-fedora-gcc 0.4 40.55 NOTE
r-devel-osx-x86_64-clang 0.4 44.73 NOTE
r-prerel-windows-ix86+x86_64 0.4 9.00 32.00 41.00 NOTE
r-prerel-linux-x86_64 0.4 2.94 20.18 23.12 NOTE
r-prerel-solaris-sparc 0.4 284.70 NOTE
r-prerel-solaris-x86 0.4 75.70 NOTE
r-release-linux-x86_64 0.4 3.26 23.71 26.96 NOTE
r-release-osx-x86_64-mavericks 0.4 NOTE
r-release-osx-x86_64-snowleopard 0.4 OK
r-release-windows-ix86+x86_64 0.4 9.00 38.00 47.00 NOTE
r-oldrel-windows-ix86+x86_64 0.4 10.00 41.00 51.00 NOTE

Check Details

Version: 0.4
Check: DESCRIPTION meta-information
Result: NOTE
    Malformed Title field: should not end in a period.
Flavors: r-devel-linux-x86_64-debian-clang, r-devel-linux-x86_64-debian-gcc, r-devel-linux-x86_64-fedora-clang, r-devel-linux-x86_64-fedora-gcc, r-devel-osx-x86_64-clang, r-prerel-windows-ix86+x86_64, r-prerel-linux-x86_64, r-prerel-solaris-sparc, r-prerel-solaris-x86

Version: 0.4
Check: top-level files
Result: NOTE
    Non-standard file/directory found at top level:
     ‘doc’
Flavors: r-devel-linux-x86_64-debian-clang, r-devel-linux-x86_64-debian-gcc, r-devel-linux-x86_64-fedora-clang, r-devel-linux-x86_64-fedora-gcc, r-prerel-linux-x86_64, r-release-linux-x86_64

Version: 0.4
Check: dependencies in R code
Result: NOTE
    Packages in Depends field not imported from:
     ‘Rglpk’ ‘corrplot’ ‘lattice’ ‘rgl’
     These packages need to be imported from (in the NAMESPACE file)
     for when this namespace is loaded but not attached.
Flavors: r-devel-linux-x86_64-debian-clang, r-devel-linux-x86_64-debian-gcc, r-devel-linux-x86_64-fedora-clang, r-devel-linux-x86_64-fedora-gcc, r-devel-osx-x86_64-clang, r-prerel-windows-ix86+x86_64, r-prerel-linux-x86_64, r-prerel-solaris-sparc, r-prerel-solaris-x86, r-release-linux-x86_64, r-release-windows-ix86+x86_64

Version: 0.4
Check: R code for possible problems
Result: NOTE
    BFD_Processor: no visible global function definition for ‘levelplot’
    BFD_Processor: no visible global function definition for ‘corrplot’
    FBA_solve: no visible global function definition for ‘Rglpk_solve_LP’
    PHPP: no visible global function definition for ‘levelplot’
    PHPP: no visible global function definition for ‘persp3d’
    PHPP: no visible global function definition for ‘play3d’
    PHPP: no visible global function definition for ‘spin3d’
Flavors: r-devel-linux-x86_64-debian-clang, r-devel-linux-x86_64-debian-gcc, r-devel-linux-x86_64-fedora-clang, r-devel-linux-x86_64-fedora-gcc, r-devel-osx-x86_64-clang, r-prerel-windows-ix86+x86_64, r-prerel-linux-x86_64, r-prerel-solaris-sparc, r-prerel-solaris-x86, r-release-linux-x86_64, r-release-osx-x86_64-mavericks, r-release-windows-ix86+x86_64

Version: 0.4
Check: dependencies in R code
Result: NOTE
    Packages in Depends field not imported from:
     ‘Rglpk’ ‘corrplot’ ‘lattice’ ‘rgl’
     These packages need to be imported from (in the NAMESPACE file)
     for when this namespace is loaded but not attached.
    See the information on DESCRIPTION files in the chapter ‘Creating R
    packages’ of the ‘Writing R Extensions’ manual.
Flavors: r-release-osx-x86_64-mavericks, r-oldrel-windows-ix86+x86_64