CRAN Package Check Results for Package abcdeFBA

Last updated on 2014-07-23 04:48:20.

Flavor Version Tinstall Tcheck Ttotal Status Flags
r-devel-linux-x86_64-debian-clang 0.4 3.17 25.02 28.19 NOTE
r-devel-linux-x86_64-debian-gcc 0.4 3.06 24.80 27.86 NOTE
r-devel-linux-x86_64-fedora-clang 0.4 55.88 NOTE
r-devel-linux-x86_64-fedora-gcc 0.4 54.12 NOTE
r-devel-osx-x86_64-clang 0.4 50.62 NOTE
r-devel-windows-ix86+x86_64 0.4 7.00 40.00 47.00 NOTE
r-patched-linux-x86_64 0.4 3.10 24.56 27.66 NOTE
r-patched-solaris-sparc 0.4 296.20 NOTE
r-patched-solaris-x86 0.4 80.40 NOTE
r-release-linux-ix86 0.4 5.58 38.02 43.60 NOTE
r-release-linux-x86_64 0.4 3.22 25.81 29.03 NOTE
r-release-osx-x86_64-mavericks 0.4 NOTE
r-release-osx-x86_64-snowleopard 0.4 OK
r-release-windows-ix86+x86_64 0.4 9.00 40.00 49.00 NOTE
r-oldrel-windows-ix86+x86_64 0.4 9.00 43.00 52.00 NOTE

Check Details

Version: 0.4
Check: dependencies in R code
Result: NOTE
    Packages in Depends field not imported from:
     ‘Rglpk’ ‘corrplot’ ‘lattice’ ‘rgl’
     These packages need to be imported from (in the NAMESPACE file)
     for when this namespace is loaded but not attached.
    See the information on DESCRIPTION files in the chapter ‘Creating R
    packages’ of the ‘Writing R Extensions’ manual.
Flavors: r-devel-linux-x86_64-debian-clang, r-devel-linux-x86_64-debian-gcc, r-devel-linux-x86_64-fedora-clang, r-devel-linux-x86_64-fedora-gcc, r-devel-osx-x86_64-clang, r-devel-windows-ix86+x86_64, r-patched-linux-x86_64, r-patched-solaris-sparc, r-patched-solaris-x86, r-release-linux-ix86, r-release-linux-x86_64, r-release-osx-x86_64-mavericks, r-release-windows-ix86+x86_64, r-oldrel-windows-ix86+x86_64

Version: 0.4
Check: top-level files
Result: NOTE
    Non-standard file/directory found at top level:
     ‘doc’
Flavors: r-devel-linux-x86_64-fedora-clang, r-devel-linux-x86_64-fedora-gcc