CRAN Package Check Results for Package abcdeFBA

Last updated on 2014-04-18 11:47:13.

Flavor Version Tinstall Tcheck Ttotal Status Flags
r-devel-linux-x86_64-debian-clang 0.4 3.24 27.02 30.27 NOTE
r-devel-linux-x86_64-debian-gcc NOTE
r-devel-linux-x86_64-fedora-clang 0.4 57.96 NOTE
r-devel-linux-x86_64-fedora-gcc 0.4 53.23 NOTE
r-devel-macosx-x86_64-clang 0.4 53.13 NOTE
r-devel-macosx-x86_64-gcc 0.4 NOTE
r-devel-windows-ix86+x86_64 0.4 8.00 38.00 46.00 NOTE
r-patched-linux-x86_64 0.4 3.24 27.40 30.64 NOTE
r-patched-solaris-sparc 0.4 296.20 NOTE
r-patched-solaris-x86 0.4 83.90 NOTE
r-release-linux-ix86 0.4 9.00 50.00 59.00 NOTE
r-release-linux-x86_64 0.4 3.12 27.02 30.14 NOTE
r-release-macosx-x86_64 0.4 OK
r-release-windows-ix86+x86_64 0.4 8.00 38.00 46.00 NOTE
r-oldrel-windows-ix86+x86_64 0.4 8.00 41.00 49.00 NOTE

Check Details

Version: 0.4
Check: dependencies in R code
Result: NOTE
    Packages in Depends field not imported from:
     ‘Rglpk’ ‘corrplot’ ‘lattice’ ‘rgl’
     These packages need to be imported from (in the NAMESPACE file)
     for when this namespace is loaded but not attached.
    See the information on DESCRIPTION files in the chapter ‘Creating R
    packages’ of the ‘Writing R Extensions’ manual.
Flavors: r-devel-linux-x86_64-debian-clang, r-devel-linux-x86_64-debian-gcc, r-devel-linux-x86_64-fedora-clang, r-devel-linux-x86_64-fedora-gcc, r-devel-macosx-x86_64-clang, r-devel-macosx-x86_64-gcc, r-devel-windows-ix86+x86_64, r-patched-linux-x86_64, r-patched-solaris-sparc, r-patched-solaris-x86, r-release-linux-ix86, r-release-linux-x86_64, r-release-windows-ix86+x86_64, r-oldrel-windows-ix86+x86_64

Version: 0.4
Check: top-level files
Result: NOTE
    Non-standard file/directory found at top level:
     ‘doc’
Flavors: r-devel-linux-x86_64-fedora-clang, r-devel-linux-x86_64-fedora-gcc