CRAN Package Check Results for Package abcdeFBA

Last updated on 2015-03-02 11:47:15.

Flavor Version Tinstall Tcheck Ttotal Status Flags
r-devel-linux-x86_64-debian-clang 0.4 2.80 20.47 23.27 NOTE
r-devel-linux-x86_64-debian-gcc 0.4 2.84 19.95 22.80 NOTE
r-devel-linux-x86_64-fedora-clang 0.4 44.15 NOTE
r-devel-linux-x86_64-fedora-gcc 0.4 40.40 NOTE
r-devel-osx-x86_64-clang 0.4 41.06 NOTE
r-devel-windows-ix86+x86_64 0.4 12.00 44.00 56.00 NOTE
r-patched-linux-x86_64 0.4 3.63 23.96 27.60 NOTE
r-patched-solaris-sparc 0.4 304.40 NOTE
r-patched-solaris-x86 0.4 78.10 NOTE
r-release-linux-ix86 0.4 4.31 36.48 40.79 NOTE
r-release-linux-x86_64 0.4 3.28 23.94 27.22 NOTE
r-release-osx-x86_64-mavericks 0.4 NOTE
r-release-osx-x86_64-snowleopard 0.4 OK
r-release-windows-ix86+x86_64 0.4 14.00 52.00 66.00 NOTE
r-oldrel-windows-ix86+x86_64 0.4 9.00 46.00 55.00 NOTE

Check Details

Version: 0.4
Check: DESCRIPTION meta-information
Result: NOTE
    Malformed Title field: should not end in a period.
Flavors: r-devel-linux-x86_64-debian-clang, r-devel-linux-x86_64-debian-gcc, r-devel-linux-x86_64-fedora-clang, r-devel-linux-x86_64-fedora-gcc, r-devel-osx-x86_64-clang, r-devel-windows-ix86+x86_64

Version: 0.4
Check: top-level files
Result: NOTE
    Non-standard file/directory found at top level:
     ‘doc’
Flavors: r-devel-linux-x86_64-debian-clang, r-devel-linux-x86_64-debian-gcc, r-devel-linux-x86_64-fedora-clang, r-devel-linux-x86_64-fedora-gcc, r-patched-linux-x86_64, r-release-linux-ix86, r-release-linux-x86_64

Version: 0.4
Check: dependencies in R code
Result: NOTE
    Packages in Depends field not imported from:
     ‘Rglpk’ ‘corrplot’ ‘lattice’ ‘rgl’
     These packages need to be imported from (in the NAMESPACE file)
     for when this namespace is loaded but not attached.
Flavors: r-devel-linux-x86_64-debian-clang, r-devel-linux-x86_64-debian-gcc, r-devel-linux-x86_64-fedora-clang, r-devel-linux-x86_64-fedora-gcc, r-devel-osx-x86_64-clang, r-devel-windows-ix86+x86_64, r-patched-linux-x86_64, r-patched-solaris-x86

Version: 0.4
Check: R code for possible problems
Result: NOTE
    BFD_Processor: no visible global function definition for ‘levelplot’
    BFD_Processor: no visible global function definition for ‘corrplot’
    FBA_solve: no visible global function definition for ‘Rglpk_solve_LP’
    PHPP: no visible global function definition for ‘levelplot’
    PHPP: no visible global function definition for ‘persp3d’
    PHPP: no visible global function definition for ‘play3d’
    PHPP: no visible global function definition for ‘spin3d’
Flavors: r-devel-linux-x86_64-debian-clang, r-devel-linux-x86_64-debian-gcc, r-devel-linux-x86_64-fedora-clang, r-devel-linux-x86_64-fedora-gcc, r-devel-osx-x86_64-clang, r-devel-windows-ix86+x86_64, r-patched-linux-x86_64, r-patched-solaris-sparc, r-patched-solaris-x86, r-release-linux-ix86, r-release-linux-x86_64, r-release-osx-x86_64-mavericks, r-release-windows-ix86+x86_64

Version: 0.4
Check: dependencies in R code
Result: NOTE
    Packages in Depends field not imported from:
     ‘Rglpk’ ‘corrplot’ ‘lattice’ ‘rgl’
     These packages need to be imported from (in the NAMESPACE file)
     for when this namespace is loaded but not attached.
    See the information on DESCRIPTION files in the chapter ‘Creating R
    packages’ of the ‘Writing R Extensions’ manual.
Flavors: r-patched-solaris-sparc, r-release-linux-ix86, r-release-linux-x86_64, r-release-osx-x86_64-mavericks, r-release-windows-ix86+x86_64, r-oldrel-windows-ix86+x86_64