CRAN Package Check Results for Package abcrf

Last updated on 2022-10-05 07:51:28 CEST.

Flavor Version Tinstall Tcheck Ttotal Status Flags
r-devel-linux-x86_64-debian-clang 1.9 78.58 105.42 184.00 OK
r-devel-linux-x86_64-debian-gcc 1.9 64.22 77.99 142.21 OK
r-devel-linux-x86_64-fedora-clang 1.9 272.25 OK
r-devel-linux-x86_64-fedora-gcc 1.9 254.09 OK
r-devel-windows-x86_64 1.9 71.00 144.00 215.00 OK
r-patched-linux-x86_64 1.9 73.14 96.97 170.11 OK
r-release-linux-x86_64 1.9 58.48 97.96 156.44 OK
r-release-macos-arm64 1.9 61.00 NOTE
r-release-macos-x86_64 1.9 85.00 NOTE
r-release-windows-x86_64 1.9 67.00 147.00 214.00 OK
r-oldrel-macos-arm64 1.9 63.00 NOTE
r-oldrel-macos-x86_64 1.9 86.00 NOTE
r-oldrel-windows-ix86+x86_64 1.9 195.00 177.00 372.00 NOTE

Check Details

Version: 1.9
Check: installed package size
Result: NOTE
     installed size is 5.4Mb
     sub-directories of 1Mb or more:
     data 2.6Mb
     libs 2.5Mb
Flavors: r-release-macos-arm64, r-release-macos-x86_64, r-oldrel-macos-arm64, r-oldrel-macos-x86_64, r-oldrel-windows-ix86+x86_64