CRAN Package Check Results for Package abctools

Last updated on 2017-02-23 11:48:34.

Flavor Version Tinstall Tcheck Ttotal Status Flags
r-devel-linux-x86_64-debian-clang 1.0.4 3.62 44.48 48.10 NOTE
r-devel-linux-x86_64-debian-gcc 1.0.4 3.94 44.85 48.79 NOTE
r-devel-linux-x86_64-fedora-clang 1.0.4 105.41 NOTE --no-stop-on-test-error
r-devel-linux-x86_64-fedora-gcc 1.0.4 104.82 NOTE --no-stop-on-test-error
r-devel-macos-x86_64-clang 1.0.4 81.23 NOTE --no-stop-on-test-error
r-devel-windows-ix86+x86_64 1.0.4 18.00 138.00 156.00 OK
r-patched-linux-x86_64 1.0.4 3.50 41.25 44.74 OK
r-patched-solaris-sparc 1.0.4 566.30 OK
r-patched-solaris-x86 1.0.4 125.40 OK
r-release-linux-x86_64 1.0.4 3.58 41.14 44.72 OK
r-release-osx-x86_64-mavericks 1.0.4 OK
r-release-windows-ix86+x86_64 1.0.4 16.00 149.00 165.00 OK
r-oldrel-windows-ix86+x86_64 1.0.4 18.00 98.00 116.00 OK

Check Details

Version: 1.0.4
Check: compiled code
Result: NOTE
    File ‘abctools/libs/abctools.so’:
     Found no calls to: ‘R_registerRoutines’, ‘R_useDynamicSymbols’
    
    It is good practice to register native routines and to disable symbol
    search.
    
    See ‘Writing portable packages’ in the ‘Writing R Extensions’ manual.
Flavors: r-devel-linux-x86_64-debian-clang, r-devel-linux-x86_64-debian-gcc

Version: 1.0.4
Flags: --no-stop-on-test-error
Check: compiled code
Result: NOTE
    File ‘abctools/libs/abctools.so’:
     Found no calls to: ‘R_registerRoutines’, ‘R_useDynamicSymbols’
    
    It is good practice to register native routines and to disable symbol
    search.
    
    See ‘Writing portable packages’ in the ‘Writing R Extensions’ manual.
Flavors: r-devel-linux-x86_64-fedora-clang, r-devel-linux-x86_64-fedora-gcc, r-devel-macos-x86_64-clang