CRAN Package Check Results for Package abctools

Last updated on 2017-03-29 23:52:51.

Flavor Version Tinstall Tcheck Ttotal Status Flags
r-devel-linux-x86_64-debian-clang 1.0.4 3.68 45.14 48.81 NOTE
r-devel-linux-x86_64-debian-gcc 1.0.4 3.89 44.27 48.16 NOTE
r-devel-linux-x86_64-fedora-clang 1.0.4 107.53 NOTE --no-stop-on-test-error
r-devel-linux-x86_64-fedora-gcc 1.0.4 110.98 NOTE --no-stop-on-test-error
r-devel-macos-x86_64-clang 1.0.4 81.09 NOTE --no-stop-on-test-error
r-devel-windows-ix86+x86_64 1.0.4 14.00 120.00 134.00 OK
r-patched-linux-x86_64 1.0.4 3.80 44.14 47.94 NOTE
r-patched-solaris-sparc 1.0.4 609.80 OK
r-patched-solaris-x86 1.0.4 144.20 OK
r-release-linux-x86_64 1.0.4 3.56 40.28 43.84 OK
r-release-osx-x86_64-mavericks 1.0.4 OK
r-release-windows-ix86+x86_64 1.0.4 30.00 115.00 145.00 OK
r-oldrel-windows-ix86+x86_64 1.0.4 19.00 144.00 163.00 OK

Check Details

Version: 1.0.4
Check: compiled code
Result: NOTE
    File ‘abctools/libs/abctools.so’:
     Found no calls to: ‘R_registerRoutines’, ‘R_useDynamicSymbols’
    
    It is good practice to register native routines and to disable symbol
    search.
    
    See ‘Writing portable packages’ in the ‘Writing R Extensions’ manual.
Flavors: r-devel-linux-x86_64-debian-clang, r-devel-linux-x86_64-debian-gcc, r-patched-linux-x86_64

Version: 1.0.4
Flags: --no-stop-on-test-error
Check: compiled code
Result: NOTE
    File ‘abctools/libs/abctools.so’:
     Found no calls to: ‘R_registerRoutines’, ‘R_useDynamicSymbols’
    
    It is good practice to register native routines and to disable symbol
    search.
    
    See ‘Writing portable packages’ in the ‘Writing R Extensions’ manual.
Flavors: r-devel-linux-x86_64-fedora-clang, r-devel-linux-x86_64-fedora-gcc, r-devel-macos-x86_64-clang