CRAN Package Check Results for Package abctools

Last updated on 2015-04-18 08:48:34.

Flavor Version Tinstall Tcheck Ttotal Status Flags
r-devel-linux-x86_64-debian-clang 1.0 1.93 24.04 25.97 NOTE
r-devel-linux-x86_64-debian-gcc 1.0 1.83 23.75 25.58 NOTE
r-devel-linux-x86_64-fedora-clang 1.0 50.13 NOTE
r-devel-linux-x86_64-fedora-gcc 1.0 48.64 NOTE
r-devel-osx-x86_64-clang 1.0 44.98 NOTE
r-prerel-windows-ix86+x86_64 1.0 10.00 52.00 62.00 NOTE
r-prerel-linux-x86_64 1.0 1.83 24.29 26.12 NOTE
r-prerel-solaris-sparc 1.0 342.50 NOTE
r-prerel-solaris-x86 1.0 68.90 NOTE
r-release-linux-x86_64 1.0 2.63 30.71 33.34 OK
r-release-osx-x86_64-mavericks 1.0 OK
r-release-osx-x86_64-snowleopard 1.0 OK
r-release-windows-ix86+x86_64 1.0 11.00 85.00 96.00 OK
r-oldrel-windows-ix86+x86_64 1.0 11.00 96.00 107.00 OK

Check Details

Version: 1.0
Check: DESCRIPTION meta-information
Result: NOTE
    Malformed Description field: should contain one or more complete sentences.
Flavors: r-devel-linux-x86_64-debian-clang, r-devel-linux-x86_64-debian-gcc, r-devel-linux-x86_64-fedora-clang, r-devel-linux-x86_64-fedora-gcc, r-devel-osx-x86_64-clang, r-prerel-windows-ix86+x86_64, r-prerel-linux-x86_64, r-prerel-solaris-sparc, r-prerel-solaris-x86