CRAN Package Check Results for Package abctools

Last updated on 2015-05-24 22:46:54.

Flavor Version Tinstall Tcheck Ttotal Status Flags
r-devel-linux-x86_64-debian-clang 1.0 1.90 24.74 26.64 NOTE
r-devel-linux-x86_64-debian-gcc 1.0 1.93 23.90 25.83 NOTE
r-devel-linux-x86_64-fedora-clang 1.0 50.80 NOTE
r-devel-linux-x86_64-fedora-gcc 1.0 48.66 NOTE
r-devel-osx-x86_64-clang 1.0 46.54 NOTE
r-devel-windows-ix86+x86_64 1.0 8.00 56.00 64.00 NOTE
r-patched-linux-x86_64 1.0 1.96 24.26 26.22 NOTE
r-patched-solaris-sparc 1.0 326.60 NOTE
r-patched-solaris-x86 1.0 71.80 NOTE
r-release-linux-x86_64 1.0 1.96 24.62 26.57 NOTE
r-release-osx-x86_64-mavericks 1.0 NOTE
r-release-osx-x86_64-snowleopard 1.0 ERROR
r-release-windows-ix86+x86_64 1.0 9.00 57.00 66.00 NOTE
r-oldrel-windows-ix86+x86_64 1.0 11.00 68.00 79.00 OK

Check Details

Version: 1.0
Check: DESCRIPTION meta-information
Result: NOTE
    Malformed Description field: should contain one or more complete sentences.
Flavors: r-devel-linux-x86_64-debian-clang, r-devel-linux-x86_64-debian-gcc, r-devel-linux-x86_64-fedora-clang, r-devel-linux-x86_64-fedora-gcc, r-devel-osx-x86_64-clang, r-devel-windows-ix86+x86_64, r-patched-linux-x86_64, r-patched-solaris-sparc, r-patched-solaris-x86, r-release-linux-x86_64, r-release-osx-x86_64-mavericks, r-release-windows-ix86+x86_64

Version: 1.0
Check: package dependencies
Result: ERROR
    Package required but not available: ‘abc’
    
    Package suggested but not available for checking: ‘ggplot2’
    
    See section ‘The DESCRIPTION file’ in the ‘Writing R Extensions’
    manual.
Flavor: r-release-osx-x86_64-snowleopard