CRAN Package Check Results for Package abctools

Last updated on 2015-07-02 03:46:38.

Flavor Version Tinstall Tcheck Ttotal Status Flags
r-devel-linux-x86_64-debian-clang 1.0.2 1.90 23.63 25.53 NOTE
r-devel-linux-x86_64-debian-gcc 1.0.2 1.82 23.52 25.34 NOTE
r-devel-linux-x86_64-fedora-clang 1.0.2 49.61 NOTE
r-devel-linux-x86_64-fedora-gcc 1.0.2 47.33 NOTE
r-devel-osx-x86_64-clang 1.0.2 48.00 OK
r-devel-windows-ix86+x86_64 1.0.2 8.00 52.00 60.00 NOTE
r-patched-linux-x86_64 1.0.2 1.94 24.39 26.33 OK
r-patched-solaris-sparc 1.0.2 282.60 OK
r-patched-solaris-x86 1.0.2 71.10 OK
r-release-linux-x86_64 1.0.2 1.86 23.66 25.52 OK
r-release-osx-x86_64-mavericks 1.0.2 OK
r-release-windows-ix86+x86_64 1.0.2 8.00 56.00 64.00 OK
r-oldrel-windows-ix86+x86_64 1.0.2 11.00 78.00 89.00 OK

Check Details

Version: 1.0.2
Check: R code for possible problems
Result: NOTE
    AS.select: no visible binding for global variable ‘var’
    AS.test: no visible global function definition for ‘hist’
    combmat: no visible global function definition for ‘combn’
    covstats.mc: no visible global function definition for ‘runif’
    covstats.mc : <anonymous>: no visible global function definition for
     ‘complete.cases’
    covstats.pi : <anonymous>: no visible global function definition for
     ‘complete.cases’
    covstats.pi : <anonymous> : <anonymous>: no visible global function
     definition for ‘ks.test’
    covstats.pi : <anonymous> : <anonymous>: no visible binding for global
     variable ‘punif’
    covstats.pi : <anonymous> : <anonymous>: no visible global function
     definition for ‘qnorm’
    covstats.pi : <anonymous> : <anonymous>: no visible global function
     definition for ‘pchisq’
    mc.ci: no visible global function definition for ‘quantile’
    mc.ci: no visible global function definition for ‘modifyList’
    mc.ci: no visible binding for global variable ‘plot’
    mc.ci: no visible global function definition for ‘lines’
    mc.ci: no visible global function definition for ‘qbeta’
    mincrit: no visible binding for global variable ‘var’
    saABC: no visible global function definition for ‘par’
    saABC: no visible global function definition for ‘lm.fit’
    saABC: no visible global function definition for ‘AIC’
    semiauto.abc: no visible binding for global variable ‘var’
Flavors: r-devel-linux-x86_64-debian-clang, r-devel-linux-x86_64-debian-gcc, r-devel-linux-x86_64-fedora-clang, r-devel-linux-x86_64-fedora-gcc, r-devel-windows-ix86+x86_64