CRAN Package Check Results for Package abctools

Last updated on 2014-04-23 20:47:07.

Flavor Version Tinstall Tcheck Ttotal Status Flags
r-devel-linux-x86_64-debian-clang 0.2-2 2.40 29.76 32.17 WARN
r-devel-linux-x86_64-debian-gcc 0.2-2 2.30 30.39 32.69 WARN
r-devel-linux-x86_64-fedora-clang 0.2-2 60.45 WARN
r-devel-linux-x86_64-fedora-gcc 0.2-2 58.76 WARN
r-devel-osx-x86_64-clang 0.2-2 53.83 WARN
r-devel-osx-x86_64-gcc 0.2-2 ERROR
r-devel-windows-ix86+x86_64 0.2-2 8.00 65.00 73.00 WARN
r-patched-linux-x86_64 0.2-2 2.52 17.80 20.33 WARN
r-patched-solaris-sparc 0.2-2 347.20 NOTE
r-patched-solaris-x86 0.2-2 82.60 NOTE
r-release-linux-ix86 0.2-2 4.00 55.00 59.00 WARN
r-release-linux-x86_64 0.2-2 2.28 30.31 32.60 WARN
r-release-osx-x86_64-mavericks 0.2-2 WARN
r-release-osx-x86_64-snowleopard 0.2-2 OK
r-release-windows-ix86+x86_64 0.2-2 9.00 61.00 70.00 WARN
r-oldrel-windows-ix86+x86_64 0.2-2 9.00 62.00 71.00 NOTE

Check Details

Version: 0.2-2
Check: whether package can be installed
Result: WARNING
    Found the following significant warnings:
     abctools.c:265:1: warning: control reaches end of non-void function [-Wreturn-type]
    See ‘/home/hornik/tmp/R.check/r-devel-clang/Work/PKGS/abctools.Rcheck/00install.out’ for details.
Flavor: r-devel-linux-x86_64-debian-clang

Version: 0.2-2
Check: dependencies in R code
Result: NOTE
    Packages in Depends field not imported from:
     ‘abc’ ‘abind’ ‘pls’ ‘plyr’
     These packages need to be imported from (in the NAMESPACE file)
     for when this namespace is loaded but not attached.
    See the information on DESCRIPTION files in the chapter ‘Creating R
    packages’ of the ‘Writing R Extensions’ manual.
Flavors: r-devel-linux-x86_64-debian-clang, r-devel-linux-x86_64-debian-gcc, r-devel-linux-x86_64-fedora-clang, r-devel-linux-x86_64-fedora-gcc, r-devel-osx-x86_64-clang, r-devel-windows-ix86+x86_64, r-patched-linux-x86_64, r-patched-solaris-sparc, r-patched-solaris-x86, r-release-linux-ix86, r-release-linux-x86_64, r-release-osx-x86_64-mavericks, r-release-windows-ix86+x86_64, r-oldrel-windows-ix86+x86_64

Version: 0.2-2
Check: whether package can be installed
Result: WARNING
    Found the following significant warnings:
     abctools.c:265:1: warning: control reaches end of non-void function [-Wreturn-type]
    See ‘/home/hornik/tmp/R.check/r-devel-gcc/Work/PKGS/abctools.Rcheck/00install.out’ for details.
Flavor: r-devel-linux-x86_64-debian-gcc

Version: 0.2-2
Check: whether package can be installed
Result: WARNING
    Found the following significant warnings:
     abctools.c:265:1: warning: control reaches end of non-void function [-Wreturn-type]
    See ‘/data/gannet/ripley/R/packages/tests-clang/abctools.Rcheck/00install.out’ for details.
Flavor: r-devel-linux-x86_64-fedora-clang

Version: 0.2-2
Check: whether package can be installed
Result: WARNING
    Found the following significant warnings:
     abctools.c:265:1: warning: control reaches end of non-void function [-Wreturn-type]
    See ‘/data/gannet/ripley/R/packages/tests-devel/abctools.Rcheck/00install.out’ for details.
Flavor: r-devel-linux-x86_64-fedora-gcc

Version: 0.2-2
Check: whether package can be installed
Result: WARNING
    Found the following significant warnings:
     abctools.c:265:1: warning: control reaches end of non-void function [-Wreturn-type]
    See ‘/Users/ripley/R/packages/tests-devel/abctools.Rcheck/00install.out’ for details.
Flavor: r-devel-osx-x86_64-clang

Version: 0.2-2
Check: package dependencies
Result: ERROR
    Package required but not available: ‘abc’
    
    Package suggested but not available for checking: ‘ggplot2’
    
    See the information on DESCRIPTION files in the chapter ‘Creating R
    packages’ of the ‘Writing R Extensions’ manual.
Flavor: r-devel-osx-x86_64-gcc

Version: 0.2-2
Check: whether package can be installed
Result: WARNING
    Found the following significant warnings:
     abctools.c:265:1: warning: control reaches end of non-void function [-Wreturn-type]
     abctools.c:265:1: warning: control reaches end of non-void function [-Wreturn-type]
    See 'd:/Rcompile/CRANpkg/local/3.2/abctools.Rcheck/00install.out' for details.
Flavor: r-devel-windows-ix86+x86_64

Version: 0.2-2
Check: whether package can be installed
Result: WARNING
    Found the following significant warnings:
     abctools.c:265:1: warning: control reaches end of non-void function [-Wreturn-type]
    See ‘/home/hornik/tmp/R.check/r-patched-gcc/Work/PKGS/abctools.Rcheck/00install.out’ for details.
Flavor: r-patched-linux-x86_64

Version: 0.2-2
Check: whether package can be installed
Result: WARNING
    Found the following significant warnings:
     abctools.c:265:1: warning: control reaches end of non-void function [-Wreturn-type]
    See ‘/home/hornik/tmp/R.check/r-release-gcc/Work/PKGS/abctools.Rcheck/00install.out’ for details.
Flavors: r-release-linux-ix86, r-release-linux-x86_64

Version: 0.2-2
Check: PDF version of manual
Result: WARNING
    LaTeX errors when creating PDF version.
    This typically indicates Rd problems.
    LaTeX errors found:
    ! LaTeX Error: File `upquote.sty' not found.
    
    Type X to quit or <RETURN> to proceed,
    or enter new name. (Default extension: sty)
    
    430dae5e/Rd2.tex:8: ==> Fatal error occurred, no output PDF file produced!
Flavor: r-release-osx-x86_64-mavericks

Version: 0.2-2
Check: whether package can be installed
Result: WARNING
    Found the following significant warnings:
     abctools.c:265:1: warning: control reaches end of non-void function [-Wreturn-type]
     abctools.c:265:1: warning: control reaches end of non-void function [-Wreturn-type]
    See 'd:/Rcompile/CRANpkg/local/3.1/abctools.Rcheck/00install.out' for details.
Flavor: r-release-windows-ix86+x86_64