CRAN Package Check Results for Package abctools

Last updated on 2014-11-24 19:50:17.

Flavor Version Tinstall Tcheck Ttotal Status Flags
r-devel-linux-x86_64-debian-clang 0.3-2 2.56 30.31 32.88 NOTE
r-devel-linux-x86_64-debian-gcc 0.3-2 2.24 29.77 32.01 NOTE
r-devel-linux-x86_64-fedora-clang 0.3-2 66.62 NOTE
r-devel-linux-x86_64-fedora-gcc 0.3-2 63.67 NOTE
r-devel-osx-x86_64-clang 0.3-2 57.69 NOTE
r-devel-windows-ix86+x86_64 0.3-2 10.00 66.00 76.00 NOTE
r-patched-linux-x86_64 0.3-2 2.55 30.66 33.21 NOTE
r-patched-solaris-sparc 0.3-2 371.00 NOTE
r-patched-solaris-x86 0.3-2 89.10 NOTE
r-release-linux-ix86 0.3-2 3.06 40.56 43.62 NOTE
r-release-linux-x86_64 0.3-2 2.40 30.92 33.32 NOTE
r-release-osx-x86_64-mavericks 0.3-2 OK
r-release-osx-x86_64-snowleopard 0.3-2 OK
r-release-windows-ix86+x86_64 0.3-2 11.00 67.00 78.00 NOTE
r-oldrel-windows-ix86+x86_64 0.3-2 11.00 70.00 81.00 OK

Check Details

Version: 0.3-2
Check: dependencies in R code
Result: NOTE
    Package in Depends field not imported from: ‘parallel’
     These packages need to be imported from (in the NAMESPACE file)
     for when this namespace is loaded but not attached.
    See the information on DESCRIPTION files in the chapter ‘Creating R
    packages’ of the ‘Writing R Extensions’ manual.
Flavors: r-devel-linux-x86_64-debian-clang, r-devel-linux-x86_64-debian-gcc, r-devel-linux-x86_64-fedora-clang, r-devel-linux-x86_64-fedora-gcc, r-devel-osx-x86_64-clang, r-devel-windows-ix86+x86_64, r-patched-linux-x86_64, r-patched-solaris-sparc, r-patched-solaris-x86, r-release-linux-ix86, r-release-linux-x86_64, r-release-windows-ix86+x86_64

Version: 0.3-2
Check: R code for possible problems
Result: NOTE
    cov.mc: no visible global function definition for ‘mclapply’
    cov.pi: no visible global function definition for ‘mclapply’
Flavors: r-devel-linux-x86_64-debian-clang, r-devel-linux-x86_64-debian-gcc, r-devel-linux-x86_64-fedora-clang, r-devel-linux-x86_64-fedora-gcc, r-devel-osx-x86_64-clang, r-devel-windows-ix86+x86_64, r-patched-linux-x86_64, r-patched-solaris-sparc, r-patched-solaris-x86, r-release-linux-ix86, r-release-linux-x86_64, r-release-windows-ix86+x86_64