CRAN Package Check Results for Package abctools

Last updated on 2015-03-27 12:48:25.

Flavor Version Tinstall Tcheck Ttotal Status Flags
r-devel-linux-x86_64-debian-clang 1.0 1.84 24.08 25.91 NOTE
r-devel-linux-x86_64-debian-gcc 1.0 1.94 23.57 25.51 NOTE
r-devel-linux-x86_64-fedora-clang 1.0 50.99 NOTE
r-devel-linux-x86_64-fedora-gcc 1.0 47.95 NOTE
r-devel-osx-x86_64-clang 1.0 49.67 NOTE
r-prerel-windows-ix86+x86_64 1.0 9.00 50.00 59.00 NOTE
r-prerel-linux-x86_64 1.0 1.80 23.91 25.71 NOTE
r-prerel-solaris-sparc 1.0 342.50 NOTE
r-prerel-solaris-x86 1.0 69.40 NOTE
r-release-linux-x86_64 1.0 2.70 30.98 33.68 OK
r-release-osx-x86_64-mavericks 1.0 OK
r-release-osx-x86_64-snowleopard 1.0 OK
r-release-windows-ix86+x86_64 1.0 10.00 76.00 86.00 OK
r-oldrel-windows-ix86+x86_64 1.0 11.00 73.00 84.00 OK

Check Details

Version: 1.0
Check: DESCRIPTION meta-information
Result: NOTE
    Malformed Description field: should contain one or more complete sentences.
Flavors: r-devel-linux-x86_64-debian-clang, r-devel-linux-x86_64-debian-gcc, r-devel-linux-x86_64-fedora-clang, r-devel-linux-x86_64-fedora-gcc, r-devel-osx-x86_64-clang, r-prerel-windows-ix86+x86_64, r-prerel-linux-x86_64, r-prerel-solaris-sparc, r-prerel-solaris-x86