CRAN Package Check Results for Package abd

Last updated on 2015-03-30 05:48:30.

Flavor Version Tinstall Tcheck Ttotal Status Flags
r-devel-linux-x86_64-debian-clang 0.2-7 6.41 60.45 66.86 OK
r-devel-linux-x86_64-debian-gcc 0.2-7 6.18 59.62 65.80 OK
r-devel-linux-x86_64-fedora-clang 0.2-7 143.57 OK
r-devel-linux-x86_64-fedora-gcc 0.2-7 127.96 OK
r-devel-osx-x86_64-clang 0.2-7 129.02 OK
r-prerel-windows-ix86+x86_64 0.2-7 22.00 90.00 112.00 OK
r-prerel-linux-x86_64 0.2-7 6.21 58.63 64.84 OK
r-prerel-solaris-sparc 0.2-7 861.60 OK
r-prerel-solaris-x86 0.2-7 179.50 OK
r-release-linux-x86_64 0.2-7 12.20 82.86 95.06 OK
r-release-osx-x86_64-mavericks 0.2-7 OK
r-release-osx-x86_64-snowleopard 0.2-7 OK
r-release-windows-ix86+x86_64 0.2-7 31.00 136.00 167.00 OK
r-oldrel-windows-ix86+x86_64 0.2-7 30.00 130.00 160.00 NOTE

Check Details

Version: 0.2-7
Check: dependencies in R code
Result: NOTE
    Missing or unexported object: 'abd::dataInfo'
    See the information on DESCRIPTION files in the chapter 'Creating R
    packages' of the 'Writing R Extensions' manual.
Flavor: r-oldrel-windows-ix86+x86_64