CRAN Package Check Results for Package abd

Last updated on 2017-08-24 02:48:00.

Flavor Version Tinstall Tcheck Ttotal Status Flags
r-devel-linux-x86_64-debian-clang 0.2-8 4.89 56.09 60.98 OK
r-devel-linux-x86_64-debian-gcc 0.2-8 5.11 54.22 59.34 OK
r-devel-linux-x86_64-fedora-clang 0.2-8 127.63 OK
r-devel-linux-x86_64-fedora-gcc 0.2-8 127.92 OK
r-devel-windows-ix86+x86_64 0.2-8 19.00 101.00 120.00 OK
r-patched-linux-x86_64 0.2-8 4.97 55.17 60.14 OK
r-patched-solaris-x86 0.2-8 174.20 OK
r-release-linux-x86_64 0.2-8 5.46 56.79 62.25 OK
r-release-windows-ix86+x86_64 0.2-8 16.00 97.00 113.00 OK
r-release-osx-x86_64 0.2-8 NOTE
r-oldrel-windows-ix86+x86_64 0.2-8 32.00 102.00 134.00 OK
r-oldrel-osx-x86_64 0.2-8 OK

Check Details

Version: 0.2-8
Check: package dependencies
Result: NOTE
    Package suggested but not available for checking: ‘HH’
Flavor: r-release-osx-x86_64