CRAN Package Check Results for Package abd

Last updated on 2014-07-26 19:50:18.

Flavor Version Tinstall Tcheck Ttotal Status Flags
r-devel-linux-x86_64-debian-clang 0.2-6 5.94 50.60 56.54 NOTE
r-devel-linux-x86_64-debian-gcc 0.2-6 6.02 50.58 56.60 NOTE
r-devel-linux-x86_64-fedora-clang 0.2-6 117.03 NOTE
r-devel-linux-x86_64-fedora-gcc 0.2-6 111.14 NOTE
r-devel-osx-x86_64-clang 0.2-6 99.41 NOTE
r-devel-windows-ix86+x86_64 0.2-6 22.00 82.00 104.00 NOTE
r-patched-linux-x86_64 0.2-6 5.64 50.22 55.86 NOTE
r-patched-solaris-sparc 0.2-6 434.30 NOTE
r-patched-solaris-x86 0.2-6 143.00 NOTE
r-release-linux-ix86 0.2-6 6.88 62.04 68.92 NOTE
r-release-linux-x86_64 0.2-6 5.96 50.27 56.23 NOTE
r-release-osx-x86_64-mavericks 0.2-6 NOTE
r-release-osx-x86_64-snowleopard 0.2-6 NOTE
r-release-windows-ix86+x86_64 0.2-6 18.00 86.00 104.00 NOTE
r-oldrel-windows-ix86+x86_64 0.2-6 21.00 88.00 109.00 NOTE

Check Details

Version: 0.2-6
Check: package dependencies
Result: NOTE
    Package suggested but not available for checking: ‘manipulate’
Flavors: r-devel-linux-x86_64-debian-clang, r-devel-linux-x86_64-debian-gcc, r-devel-linux-x86_64-fedora-clang, r-devel-linux-x86_64-fedora-gcc, r-devel-osx-x86_64-clang, r-devel-windows-ix86+x86_64, r-patched-linux-x86_64, r-patched-solaris-sparc, r-patched-solaris-x86, r-release-linux-ix86, r-release-linux-x86_64, r-release-osx-x86_64-mavericks, r-release-windows-ix86+x86_64, r-oldrel-windows-ix86+x86_64

Version: 0.2-6
Check: package dependencies
Result: NOTE
    Packages suggested but not available for checking: ‘HH’ ‘manipulate’
Flavor: r-release-osx-x86_64-snowleopard