CRAN Package Check Results for Package abd

Last updated on 2015-05-03 19:46:59.

Flavor Version Tinstall Tcheck Ttotal Status Flags
r-devel-linux-x86_64-debian-clang 0.2-7 6.09 61.82 67.91 OK
r-devel-linux-x86_64-debian-gcc 0.2-7 6.00 61.08 67.08 OK
r-devel-linux-x86_64-fedora-clang 0.2-7 142.66 OK
r-devel-linux-x86_64-fedora-gcc 0.2-7 129.65 OK
r-devel-osx-x86_64-clang 0.2-7 115.52 OK
r-devel-windows-ix86+x86_64 0.2-7 25.00 102.00 127.00 OK
r-patched-linux-x86_64 0.2-7 6.06 59.78 65.84 OK
r-patched-solaris-sparc 0.2-7 861.60 OK
r-patched-solaris-x86 0.2-7 185.20 OK
r-release-linux-x86_64 0.2-7 6.04 59.90 65.94 OK
r-release-osx-x86_64-mavericks 0.2-7 OK
r-release-osx-x86_64-snowleopard 0.2-7 ERROR
r-release-windows-ix86+x86_64 0.2-7 24.00 96.00 120.00 OK
r-oldrel-windows-ix86+x86_64 0.2-7 29.00 131.00 160.00 OK

Check Details

Version: 0.2-7
Check: package dependencies
Result: ERROR
    Package required but not available: ‘mosaic’
    
    Packages suggested but not available for checking:
     ‘car’ ‘ggplot2’ ‘HH’ ‘Hmisc’
    
    See section ‘The DESCRIPTION file’ in the ‘Writing R Extensions’
    manual.
Flavor: r-release-osx-x86_64-snowleopard