CRAN Package Check Results for Package abd

Last updated on 2015-01-28 01:47:57.

Flavor Version Tinstall Tcheck Ttotal Status Flags
r-devel-linux-x86_64-debian-clang 0.2-6 3.84 39.30 43.14 NOTE
r-devel-linux-x86_64-debian-gcc 0.2-6 4.23 38.07 42.30 NOTE
r-devel-linux-x86_64-fedora-clang 0.2-6 114.14 NOTE
r-devel-linux-x86_64-fedora-gcc 0.2-6 112.75 NOTE
r-devel-osx-x86_64-clang 0.2-6 100.93 NOTE
r-devel-windows-ix86+x86_64 0.2-6 18.00 67.00 85.00 NOTE
r-patched-linux-x86_64 0.2-6 6.21 50.66 56.87 NOTE
r-patched-solaris-sparc 0.2-6 593.20 NOTE
r-patched-solaris-x86 0.2-6 146.50 NOTE
r-release-linux-ix86 0.2-6 6.83 61.97 68.80 NOTE
r-release-linux-x86_64 0.2-6 6.64 50.33 56.96 NOTE
r-release-osx-x86_64-mavericks 0.2-6 NOTE
r-release-osx-x86_64-snowleopard 0.2-6 NOTE
r-release-windows-ix86+x86_64 0.2-6 24.00 92.00 116.00 NOTE
r-oldrel-windows-ix86+x86_64 0.2-6 23.00 90.00 113.00 OK

Check Details

Version: 0.2-6
Check: dependencies in R code
Result: NOTE
    Package in Depends field not imported from: ‘grid’
     These packages need to be imported from (in the NAMESPACE file)
     for when this namespace is loaded but not attached.
Flavors: r-devel-linux-x86_64-debian-clang, r-devel-linux-x86_64-debian-gcc, r-devel-linux-x86_64-fedora-clang, r-devel-linux-x86_64-fedora-gcc, r-devel-osx-x86_64-clang, r-devel-windows-ix86+x86_64

Version: 0.2-6
Check: R code for possible problems
Result: NOTE
    abdData: no visible binding for global variable ‘dataInfo’
Flavors: r-devel-linux-x86_64-debian-clang, r-devel-linux-x86_64-debian-gcc, r-devel-linux-x86_64-fedora-clang, r-devel-linux-x86_64-fedora-gcc, r-devel-osx-x86_64-clang, r-devel-windows-ix86+x86_64, r-patched-linux-x86_64, r-patched-solaris-sparc, r-patched-solaris-x86, r-release-linux-ix86, r-release-linux-x86_64, r-release-osx-x86_64-mavericks, r-release-windows-ix86+x86_64

Version: 0.2-6
Check: dependencies in R code
Result: NOTE
    Package in Depends field not imported from: ‘grid’
     These packages need to be imported from (in the NAMESPACE file)
     for when this namespace is loaded but not attached.
    See the information on DESCRIPTION files in the chapter ‘Creating R
    packages’ of the ‘Writing R Extensions’ manual.
Flavors: r-patched-linux-x86_64, r-patched-solaris-sparc, r-patched-solaris-x86, r-release-linux-ix86, r-release-linux-x86_64, r-release-osx-x86_64-mavericks, r-release-windows-ix86+x86_64

Version: 0.2-6
Check: package dependencies
Result: NOTE
    Packages suggested but not available for checking: ‘HH’ ‘manipulate’
Flavor: r-release-osx-x86_64-snowleopard