CRAN Package Check Results for Package abd

Last updated on 2017-04-27 05:51:28.

Flavor Version Tinstall Tcheck Ttotal Status Flags
r-devel-linux-x86_64-debian-clang 0.2-8 4.92 55.74 60.66 OK
r-devel-linux-x86_64-debian-gcc 0.2-8 5.18 54.30 59.47 OK
r-devel-linux-x86_64-fedora-clang 0.2-8 128.90 OK --no-stop-on-test-error
r-devel-linux-x86_64-fedora-gcc 0.2-8 125.85 OK --no-stop-on-test-error
r-devel-windows-ix86+x86_64 0.2-8 18.00 166.00 184.00 OK
r-patched-linux-x86_64 0.2-8 5.07 55.22 60.29 OK
r-patched-solaris-sparc 0.2-8 730.90 OK
r-patched-solaris-x86 0.2-8 165.60 OK
r-release-linux-x86_64 0.2-8 5.30 54.89 60.19 OK
r-release-windows-ix86+x86_64 0.2-8 20.00 117.00 137.00 OK
r-release-osx-x86_64 0.2-8 NOTE
r-oldrel-windows-ix86+x86_64 0.2-8 17.00 120.00 137.00 OK
r-oldrel-osx-x86_64 0.2-8 OK

Check Details

Version: 0.2-8
Check: package dependencies
Result: NOTE
    Package suggested but not available for checking: ‘HH’
Flavor: r-release-osx-x86_64