CRAN Package Check Results for Package abd

Last updated on 2018-02-24 12:47:48 CET.

Flavor Version Tinstall Tcheck Ttotal Status Flags
r-devel-linux-x86_64-debian-clang 0.2-8 7.53 88.74 96.27 OK
r-devel-linux-x86_64-debian-gcc 0.2-8 6.25 70.30 76.55 OK
r-devel-linux-x86_64-fedora-clang 0.2-8 115.97 OK
r-devel-linux-x86_64-fedora-gcc 0.2-8 112.99 OK
r-devel-windows-ix86+x86_64 0.2-8 28.00 150.00 178.00 OK
r-patched-linux-x86_64 0.2-8 5.99 91.80 97.79 OK
r-patched-solaris-x86 0.2-8 174.80 OK
r-release-linux-x86_64 0.2-8 6.50 92.63 99.13 OK
r-release-windows-ix86+x86_64 0.2-8 30.00 160.00 190.00 OK
r-release-osx-x86_64 0.2-8 NOTE
r-oldrel-windows-ix86+x86_64 0.2-8 17.00 114.00 131.00 OK
r-oldrel-osx-x86_64 0.2-8 OK

Check Details

Version: 0.2-8
Check: package dependencies
Result: NOTE
    Package suggested but not available for checking: ‘HH’
Flavor: r-release-osx-x86_64