CRAN Package Check Results for Package abd

Last updated on 2014-08-20 09:48:00.

Flavor Version Tinstall Tcheck Ttotal Status Flags
r-devel-linux-x86_64-debian-clang 0.2-6 5.71 50.13 55.84 NOTE
r-devel-linux-x86_64-debian-gcc 0.2-6 5.63 48.73 54.36 NOTE
r-devel-linux-x86_64-fedora-clang 0.2-6 112.84 NOTE
r-devel-linux-x86_64-fedora-gcc 0.2-6 113.98 NOTE
r-devel-osx-x86_64-clang 0.2-6 96.16 NOTE
r-devel-windows-ix86+x86_64 0.2-6 17.00 81.00 98.00 NOTE
r-patched-linux-x86_64 0.2-6 5.50 50.48 55.98 NOTE
r-patched-solaris-sparc 0.2-6 672.20 NOTE
r-patched-solaris-x86 0.2-6 142.20 NOTE
r-release-linux-ix86 0.2-6 7.00 63.05 70.05 NOTE
r-release-linux-x86_64 0.2-6 5.89 50.92 56.81 NOTE
r-release-osx-x86_64-mavericks 0.2-6 NOTE
r-release-osx-x86_64-snowleopard 0.2-6 NOTE
r-release-windows-ix86+x86_64 0.2-6 19.00 89.00 108.00 NOTE
r-oldrel-windows-ix86+x86_64 0.2-6 18.00 84.00 102.00 NOTE

Check Details

Version: 0.2-6
Check: package dependencies
Result: NOTE
    Package suggested but not available for checking: ‘manipulate’
Flavors: r-devel-linux-x86_64-debian-clang, r-devel-linux-x86_64-debian-gcc, r-devel-linux-x86_64-fedora-clang, r-devel-linux-x86_64-fedora-gcc, r-devel-osx-x86_64-clang, r-devel-windows-ix86+x86_64, r-patched-linux-x86_64, r-patched-solaris-sparc, r-patched-solaris-x86, r-release-linux-ix86, r-release-linux-x86_64, r-release-osx-x86_64-mavericks, r-release-windows-ix86+x86_64, r-oldrel-windows-ix86+x86_64

Version: 0.2-6
Check: dependencies in R code
Result: NOTE
    Package in Depends field not imported from: ‘grid’
     These packages need to be imported from (in the NAMESPACE file)
     for when this namespace is loaded but not attached.
    See the information on DESCRIPTION files in the chapter ‘Creating R
    packages’ of the ‘Writing R Extensions’ manual.
Flavors: r-devel-linux-x86_64-debian-clang, r-devel-linux-x86_64-debian-gcc, r-devel-linux-x86_64-fedora-clang, r-devel-linux-x86_64-fedora-gcc, r-devel-osx-x86_64-clang, r-devel-windows-ix86+x86_64, r-patched-linux-x86_64, r-patched-solaris-sparc, r-patched-solaris-x86

Version: 0.2-6
Check: R code for possible problems
Result: NOTE
    abdData: no visible binding for global variable ‘dataInfo’
Flavors: r-devel-linux-x86_64-fedora-clang, r-devel-linux-x86_64-fedora-gcc, r-devel-osx-x86_64-clang

Version: 0.2-6
Check: package dependencies
Result: NOTE
    Packages suggested but not available for checking: ‘HH’ ‘manipulate’
Flavor: r-release-osx-x86_64-snowleopard