CRAN Package Check Results for Package abd

Last updated on 2014-04-25 05:47:11.

Flavor Version Tinstall Tcheck Ttotal Status Flags
r-devel-linux-x86_64-debian-clang 0.2-6 5.61 40.62 46.23 NOTE
r-devel-linux-x86_64-debian-gcc 0.2-6 4.77 40.80 45.56 NOTE
r-devel-linux-x86_64-fedora-clang 0.2-6 87.94 NOTE
r-devel-linux-x86_64-fedora-gcc 0.2-6 83.21 NOTE
r-devel-osx-x86_64-clang 0.2-6 75.86 NOTE
r-devel-osx-x86_64-gcc 0.2-6 ERROR
r-devel-windows-ix86+x86_64 0.2-6 13.00 64.00 77.00 NOTE
r-patched-linux-x86_64 0.2-6 4.88 28.87 33.75 NOTE
r-patched-solaris-sparc 0.2-6 434.30 NOTE
r-patched-solaris-x86 0.2-6 110.90 NOTE
r-release-linux-ix86 0.2-6 11.00 70.00 81.00 NOTE
r-release-linux-x86_64 0.2-6 5.82 41.18 47.00 NOTE
r-release-osx-x86_64-mavericks 0.2-6 WARN
r-release-osx-x86_64-snowleopard 0.2-6 NOTE
r-release-windows-ix86+x86_64 0.2-6 13.00 65.00 78.00 NOTE
r-oldrel-windows-ix86+x86_64 0.2-6 16.00 67.00 83.00 NOTE

Check Details

Version: 0.2-6
Check: package dependencies
Result: NOTE
    Package suggested but not available for checking: ‘manipulate’
Flavors: r-devel-linux-x86_64-debian-clang, r-devel-linux-x86_64-debian-gcc, r-devel-linux-x86_64-fedora-clang, r-devel-linux-x86_64-fedora-gcc, r-devel-osx-x86_64-clang, r-devel-windows-ix86+x86_64, r-patched-linux-x86_64, r-patched-solaris-sparc, r-patched-solaris-x86, r-release-linux-ix86, r-release-linux-x86_64, r-release-windows-ix86+x86_64, r-oldrel-windows-ix86+x86_64

Version: 0.2-6
Check: package dependencies
Result: ERROR
    Package required but not available: ‘mosaic’
    
    Packages suggested but not available for checking:
     ‘car’ ‘ggplot2’ ‘HH’ ‘Hmisc’ ‘manipulate’
    
    See the information on DESCRIPTION files in the chapter ‘Creating R
    packages’ of the ‘Writing R Extensions’ manual.
Flavor: r-devel-osx-x86_64-gcc

Version: 0.2-6
Check: package dependencies
Result: NOTE
    Packages suggested but not available for checking: ‘HH’ ‘manipulate’
Flavors: r-release-osx-x86_64-mavericks, r-release-osx-x86_64-snowleopard

Version: 0.2-6
Check: PDF version of manual
Result: WARNING
    LaTeX errors when creating PDF version.
    This typically indicates Rd problems.
    LaTeX errors found:
    ! LaTeX Error: File `upquote.sty' not found.
    
    Type X to quit or <RETURN> to proceed,
    or enter new name. (Default extension: sty)
    
    /private/tmp/RtmpfpZZwl/Rd2pdf119c324457613/Rd2.tex:8: ==> Fatal error occurre
    d, no output PDF file produced!
Flavor: r-release-osx-x86_64-mavericks