CRAN Package Check Results for Package abd

Last updated on 2017-10-20 04:46:58.

Flavor Version Tinstall Tcheck Ttotal Status Flags
r-devel-linux-x86_64-debian-clang 0.2-8 5.58 54.63 60.21 OK
r-devel-linux-x86_64-debian-gcc 0.2-8 6.53 59.43 65.96 OK
r-devel-linux-x86_64-fedora-clang 0.2-8 130.97 OK
r-devel-linux-x86_64-fedora-gcc 0.2-8 129.44 OK
r-devel-windows-ix86+x86_64 0.2-8 33.00 144.00 177.00 OK
r-patched-linux-x86_64 0.2-8 4.91 55.54 60.45 OK
r-patched-solaris-x86 0.2-8 173.60 OK
r-release-linux-x86_64 0.2-8 5.20 55.68 60.88 OK
r-release-windows-ix86+x86_64 0.2-8 29.00 138.00 167.00 OK
r-release-osx-x86_64 0.2-8 NOTE
r-oldrel-windows-ix86+x86_64 0.2-8 42.00 141.00 183.00 OK
r-oldrel-osx-x86_64 0.2-8 OK

Check Details

Version: 0.2-8
Check: package dependencies
Result: NOTE
    Package suggested but not available for checking: ‘HH’
Flavor: r-release-osx-x86_64