CRAN Package Check Results for Package abd

Last updated on 2017-06-23 16:47:22.

Flavor Version Tinstall Tcheck Ttotal Status Flags
r-devel-linux-x86_64-debian-clang 0.2-8 5.41 55.70 61.11 OK
r-devel-linux-x86_64-debian-gcc 0.2-8 5.32 54.87 60.19 OK
r-devel-linux-x86_64-fedora-clang 0.2-8 123.81 OK
r-devel-linux-x86_64-fedora-gcc 0.2-8 121.88 OK
r-devel-windows-ix86+x86_64 0.2-8 35.00 135.00 170.00 OK
r-patched-linux-x86_64 0.2-8 4.87 54.29 59.16 OK
r-patched-solaris-sparc 0.2-8 730.90 OK
r-patched-solaris-x86 0.2-8 163.20 OK
r-release-linux-x86_64 0.2-8 5.50 54.21 59.71 OK
r-release-windows-ix86+x86_64 0.2-8 16.00 149.00 165.00 OK
r-release-osx-x86_64 0.2-8 NOTE
r-oldrel-windows-ix86+x86_64 0.2-8 24.00 132.00 156.00 OK
r-oldrel-osx-x86_64 0.2-8 OK

Check Details

Version: 0.2-8
Check: package dependencies
Result: NOTE
    Package suggested but not available for checking: ‘HH’
Flavor: r-release-osx-x86_64