CRAN Package Check Results for Package abd

Last updated on 2018-04-25 01:46:20 CEST.

Flavor Version Tinstall Tcheck Ttotal Status Flags
r-devel-linux-x86_64-debian-clang 0.2-8 7.84 88.82 96.66 OK
r-devel-linux-x86_64-debian-gcc 0.2-8 6.27 69.88 76.15 OK
r-devel-linux-x86_64-fedora-clang 0.2-8 117.45 OK
r-devel-linux-x86_64-fedora-gcc 0.2-8 115.27 OK
r-devel-windows-ix86+x86_64 0.2-8 30.00 125.00 155.00 OK
r-patched-linux-x86_64 0.2-8 6.94 87.44 94.38 OK
r-patched-solaris-x86 0.2-8 171.90 OK
r-release-linux-x86_64 0.2-8 6.98 86.44 93.42 OK
r-release-windows-ix86+x86_64 0.2-8 30.00 125.00 155.00 OK
r-release-osx-x86_64 0.2-8 OK
r-oldrel-windows-ix86+x86_64 0.2-8 20.00 170.00 190.00 OK
r-oldrel-osx-x86_64 0.2-8 NOTE

Check Details

Version: 0.2-8
Check: package dependencies
Result: NOTE
    Package suggested but not available for checking: ‘HH’
Flavor: r-oldrel-osx-x86_64