Last updated on 2025-06-22 12:49:38 CEST.
Flavor | Version | Tinstall | Tcheck | Ttotal | Status | Flags |
---|---|---|---|---|---|---|
r-devel-linux-x86_64-debian-clang | 0.4.10 | 218.74 | 90.34 | 309.08 | OK | |
r-devel-linux-x86_64-debian-gcc | 0.4.10 | 184.25 | 75.99 | 260.24 | OK | |
r-devel-linux-x86_64-fedora-clang | 0.4.10 | 591.69 | OK | |||
r-devel-linux-x86_64-fedora-gcc | 0.4.10 | 601.72 | OK | |||
r-devel-windows-x86_64 | 0.4.10 | 207.00 | 138.00 | 345.00 | OK | |
r-patched-linux-x86_64 | 0.4.10 | 234.75 | 99.88 | 334.63 | OK | |
r-release-linux-x86_64 | 0.4.10 | 230.06 | 99.62 | 329.68 | OK | |
r-release-macos-arm64 | 0.4.10 | 147.00 | OK | |||
r-release-macos-x86_64 | 0.4.10 | 319.00 | OK | |||
r-release-windows-x86_64 | 0.4.10 | 199.00 | 134.00 | 333.00 | OK | |
r-oldrel-macos-arm64 | 0.4.10 | 146.00 | NOTE | |||
r-oldrel-macos-x86_64 | 0.4.10 | 327.00 | NOTE | |||
r-oldrel-windows-x86_64 | 0.4.10 | 239.00 | 167.00 | 406.00 | OK |
Version: 0.4.10
Check: installed package size
Result: NOTE
installed size is 107.0Mb
sub-directories of 1Mb or more:
libs 106.0Mb
Flavors: r-oldrel-macos-arm64, r-oldrel-macos-x86_64