CRAN Package Check Results for Package abglasso

Last updated on 2022-10-04 05:50:24 CEST.

Flavor Version Tinstall Tcheck Ttotal Status Flags
r-devel-linux-x86_64-debian-clang 0.1.1 2.28 24.41 26.69 OK
r-devel-linux-x86_64-debian-gcc 0.1.1 1.74 19.19 20.93 OK
r-devel-linux-x86_64-fedora-clang 0.1.1 45.76 NOTE
r-devel-linux-x86_64-fedora-gcc 0.1.1 44.17 NOTE
r-devel-windows-x86_64 0.1.1 10.00 50.00 60.00 OK
r-patched-linux-x86_64 0.1.1 1.98 23.17 25.15 OK
r-release-linux-x86_64 0.1.1 1.82 23.18 25.00 OK
r-release-macos-arm64 0.1.1 15.00 NOTE
r-release-macos-x86_64 0.1.1 22.00 NOTE
r-release-windows-x86_64 0.1.1 8.00 47.00 55.00 OK
r-oldrel-macos-arm64 0.1.1 17.00 NOTE
r-oldrel-macos-x86_64 0.1.1 22.00 NOTE
r-oldrel-windows-ix86+x86_64 0.1.1 5.00 47.00 52.00 OK

Check Details

Version: 0.1.1
Check: dependencies in R code
Result: NOTE
    Namespace in Imports field not imported from: ‘MASS’
     All declared Imports should be used.
Flavors: r-devel-linux-x86_64-fedora-clang, r-devel-linux-x86_64-fedora-gcc, r-release-macos-arm64, r-release-macos-x86_64, r-oldrel-macos-arm64, r-oldrel-macos-x86_64