CRAN Package Check Results for Package abind

Last updated on 2014-07-23 15:47:41.

Flavor Version Tinstall Tcheck Ttotal Status Flags
r-devel-linux-x86_64-debian-clang 1.4-0 0.75 10.84 11.59 OK
r-devel-linux-x86_64-debian-gcc 1.4-0 0.51 10.75 11.26 OK
r-devel-linux-x86_64-fedora-clang 1.4-0 23.66 NOTE
r-devel-linux-x86_64-fedora-gcc 1.4-0 22.79 NOTE
r-devel-osx-x86_64-clang 1.4-0 27.28 OK
r-devel-windows-ix86+x86_64 1.4-0 2.00 18.00 20.00 OK
r-patched-linux-x86_64 1.4-0 0.82 10.93 11.75 OK
r-patched-solaris-sparc 1.4-0 138.90 OK
r-patched-solaris-x86 1.4-0 33.80 OK
r-release-linux-ix86 1.4-0 0.84 17.88 18.71 OK
r-release-linux-x86_64 1.4-0 0.60 11.52 12.12 OK
r-release-osx-x86_64-mavericks 1.4-0 OK
r-release-windows-ix86+x86_64 1.4-0 3.00 19.00 22.00 OK
r-oldrel-windows-ix86+x86_64 1.4-0 2.00 20.00 22.00 OK

Check Details

Version: 1.4-0
Check: top-level files
Result: NOTE
    Non-standard file/directory found at top level:
     ‘DevNotes.txt’
Flavors: r-devel-linux-x86_64-fedora-clang, r-devel-linux-x86_64-fedora-gcc