CRAN Package Check Results for Package abind

Last updated on 2014-11-26 19:49:28.

Flavor Version Tinstall Tcheck Ttotal Status Flags
r-devel-linux-x86_64-debian-clang 1.4-0 0.86 11.07 11.92 NOTE
r-devel-linux-x86_64-debian-gcc 1.4-0 1.12 10.92 12.04 NOTE
r-devel-linux-x86_64-fedora-clang 1.4-0 24.70 NOTE
r-devel-linux-x86_64-fedora-gcc 1.4-0 24.89 NOTE
r-devel-osx-x86_64-clang 1.4-0 24.50 OK
r-devel-windows-ix86+x86_64 1.4-0 2.00 19.00 21.00 OK
r-patched-linux-x86_64 1.4-0 0.91 11.20 12.11 NOTE
r-patched-solaris-sparc 1.4-0 141.10 OK
r-patched-solaris-x86 1.4-0 34.80 OK
r-release-linux-ix86 1.4-0 0.82 17.68 18.50 OK
r-release-linux-x86_64 1.4-0 0.60 10.91 11.51 NOTE
r-release-osx-x86_64-mavericks 1.4-0 OK
r-release-windows-ix86+x86_64 1.4-0 2.00 19.00 21.00 OK
r-oldrel-windows-ix86+x86_64 1.4-0 2.00 20.00 22.00 OK

Check Details

Version: 1.4-0
Check: top-level files
Result: NOTE
    Non-standard file/directory found at top level:
     ‘DevNotes.txt’
Flavors: r-devel-linux-x86_64-debian-clang, r-devel-linux-x86_64-debian-gcc, r-devel-linux-x86_64-fedora-clang, r-devel-linux-x86_64-fedora-gcc, r-patched-linux-x86_64, r-release-linux-x86_64