CRAN Package Check Results for Package abind

Last updated on 2014-04-24 15:50:33.

Flavor Version Tinstall Tcheck Ttotal Status Flags
r-devel-linux-x86_64-debian-clang 1.4-0 0.57 11.82 12.39 OK
r-devel-linux-x86_64-debian-gcc 1.4-0 0.60 11.61 12.22 OK
r-devel-linux-x86_64-fedora-clang 1.4-0 23.55 NOTE
r-devel-linux-x86_64-fedora-gcc 1.4-0 22.15 NOTE
r-devel-osx-x86_64-clang 1.4-0 25.20 OK
r-devel-osx-x86_64-gcc 1.4-0 OK
r-devel-windows-ix86+x86_64 1.4-0 2.00 18.00 20.00 OK
r-patched-linux-x86_64 1.4-0 1.04 -0.78 0.27 OK
r-patched-solaris-sparc 1.4-0 138.90 OK
r-patched-solaris-x86 1.4-0 34.60 OK
r-release-linux-ix86 1.4-0 1.00 26.00 27.00 OK
r-release-linux-x86_64 1.4-0 0.92 11.84 12.76 OK
r-release-osx-x86_64-mavericks 1.4-0 OK
r-release-windows-ix86+x86_64 1.4-0 4.00 27.00 31.00 OK
r-oldrel-windows-ix86+x86_64 1.4-0 2.00 20.00 22.00 OK

Check Details

Version: 1.4-0
Check: top-level files
Result: NOTE
    Non-standard file/directory found at top level:
     ‘DevNotes.txt’
Flavors: r-devel-linux-x86_64-fedora-clang, r-devel-linux-x86_64-fedora-gcc