CRAN Package Check Results for Package abind

Last updated on 2015-01-30 11:49:05.

Flavor Version Tinstall Tcheck Ttotal Status Flags
r-devel-linux-x86_64-debian-clang 1.4-0 0.58 10.72 11.30 NOTE
r-devel-linux-x86_64-debian-gcc 1.4-0 0.55 10.46 11.00 NOTE
r-devel-linux-x86_64-fedora-clang 1.4-0 24.75 NOTE
r-devel-linux-x86_64-fedora-gcc 1.4-0 23.09 NOTE
r-devel-osx-x86_64-clang 1.4-0 25.44 OK
r-devel-windows-ix86+x86_64 1.4-0 3.00 17.00 20.00 OK
r-patched-linux-x86_64 1.4-0 0.68 11.28 11.96 NOTE
r-patched-solaris-sparc 1.4-0 155.00 OK
r-patched-solaris-x86 1.4-0 35.10 OK
r-release-linux-ix86 1.4-0 0.84 16.83 17.67 OK
r-release-linux-x86_64 1.4-0 0.58 11.50 12.08 NOTE
r-release-osx-x86_64-mavericks 1.4-0 OK
r-release-windows-ix86+x86_64 1.4-0 2.00 19.00 21.00 OK
r-oldrel-windows-ix86+x86_64 1.4-0 2.00 20.00 22.00 OK

Check Details

Version: 1.4-0
Check: top-level files
Result: NOTE
    Non-standard file/directory found at top level:
     ‘DevNotes.txt’
Flavors: r-devel-linux-x86_64-debian-clang, r-devel-linux-x86_64-debian-gcc, r-devel-linux-x86_64-fedora-clang, r-devel-linux-x86_64-fedora-gcc, r-patched-linux-x86_64, r-release-linux-x86_64