CRAN Package Check Results for Package abind

Last updated on 2014-10-02 18:47:39.

Flavor Version Tinstall Tcheck Ttotal Status Flags
r-devel-linux-x86_64-debian-clang 1.4-0 1.15 11.31 12.46 NOTE
r-devel-linux-x86_64-debian-gcc 1.4-0 0.68 11.36 12.04 NOTE
r-devel-linux-x86_64-fedora-clang 1.4-0 23.66 NOTE
r-devel-linux-x86_64-fedora-gcc 1.4-0 23.34 NOTE
r-devel-osx-x86_64-clang 1.4-0 27.10 OK
r-devel-windows-ix86+x86_64 1.4-0 2.00 18.00 20.00 OK
r-patched-linux-x86_64 1.4-0 0.77 11.34 12.11 NOTE
r-patched-solaris-sparc 1.4-0 141.10 OK
r-patched-solaris-x86 1.4-0 36.40 OK
r-release-linux-ix86 1.4-0 0.81 18.07 18.88 OK
r-release-linux-x86_64 1.4-0 0.54 11.32 11.86 NOTE
r-release-osx-x86_64-mavericks 1.4-0 OK
r-release-windows-ix86+x86_64 1.4-0 3.00 19.00 22.00 OK
r-oldrel-windows-ix86+x86_64 1.4-0 2.00 20.00 22.00 OK

Check Details

Version: 1.4-0
Check: top-level files
Result: NOTE
    Non-standard file/directory found at top level:
     ‘DevNotes.txt’
Flavors: r-devel-linux-x86_64-debian-clang, r-devel-linux-x86_64-debian-gcc, r-devel-linux-x86_64-fedora-clang, r-devel-linux-x86_64-fedora-gcc, r-patched-linux-x86_64, r-release-linux-x86_64