CRAN Package Check Results for Package abind

Last updated on 2015-08-29 20:47:50.

Flavor Version Tinstall Tcheck Ttotal Status Flags
r-devel-linux-x86_64-debian-clang 1.4-3 0.51 10.57 11.08 NOTE
r-devel-linux-x86_64-debian-gcc 1.4-3 0.51 10.48 11.00 NOTE
r-devel-linux-x86_64-fedora-clang 1.4-3 21.30 NOTE
r-devel-linux-x86_64-fedora-gcc 1.4-3 19.33 NOTE
r-devel-osx-x86_64-clang 1.4-3 23.32 OK
r-devel-windows-ix86+x86_64 1.4-3 4.00 34.00 38.00 NOTE
r-patched-linux-x86_64 1.4-3 0.56 11.16 11.72 OK
r-patched-solaris-sparc 1.4-3 150.10 OK
r-patched-solaris-x86 1.4-3 34.30 OK
r-release-linux-x86_64 1.4-3 0.56 11.12 11.68 OK
r-release-osx-x86_64-mavericks 1.4-3 OK
r-release-windows-ix86+x86_64 1.4-3 3.00 27.00 30.00 OK
r-oldrel-windows-ix86+x86_64 1.4-3 3.00 21.00 24.00 OK

Check Details

Version: 1.4-3
Check: R code for possible problems
Result: NOTE
    abind: no visible global function definition for ‘object.size’
    acorn.default: no visible global function definition for ‘head’
    acorn.default: no visible global function definition for ‘tail’
    afill<-.default: no visible global function definition for ‘Quote’
    asub.default: no visible global function definition for ‘Quote’
    Undefined global functions or variables:
     Quote head object.size tail
    Consider adding
     importFrom("methods", "Quote")
     importFrom("utils", "head", "object.size", "tail")
    to your NAMESPACE (and ensure that your DESCRIPTION Imports field
    contains 'methods').
Flavors: r-devel-linux-x86_64-debian-clang, r-devel-linux-x86_64-debian-gcc, r-devel-linux-x86_64-fedora-clang, r-devel-linux-x86_64-fedora-gcc, r-devel-windows-ix86+x86_64