CRAN Package Check Results for Package abind

Last updated on 2014-12-20 03:49:25.

Flavor Version Tinstall Tcheck Ttotal Status Flags
r-devel-linux-x86_64-debian-clang 1.4-0 1.04 11.34 12.38 NOTE
r-devel-linux-x86_64-debian-gcc 1.4-0 0.58 11.38 11.97 NOTE
r-devel-linux-x86_64-fedora-clang 1.4-0 24.23 NOTE
r-devel-linux-x86_64-fedora-gcc 1.4-0 22.28 NOTE
r-devel-osx-x86_64-clang 1.4-0 24.00 OK
r-devel-windows-ix86+x86_64 1.4-0 5.00 23.00 28.00 OK
r-patched-linux-x86_64 1.4-0 0.76 10.98 11.74 NOTE
r-patched-solaris-sparc 1.4-0 141.10 OK
r-patched-solaris-x86 1.4-0 34.10 OK
r-release-linux-ix86 1.4-0 0.83 17.58 18.41 OK
r-release-linux-x86_64 1.4-0 1.00 11.24 12.24 NOTE
r-release-osx-x86_64-mavericks 1.4-0 OK
r-release-windows-ix86+x86_64 1.4-0 2.00 19.00 21.00 OK
r-oldrel-windows-ix86+x86_64 1.4-0 2.00 20.00 22.00 OK

Check Details

Version: 1.4-0
Check: top-level files
Result: NOTE
    Non-standard file/directory found at top level:
     ‘DevNotes.txt’
Flavors: r-devel-linux-x86_64-debian-clang, r-devel-linux-x86_64-debian-gcc, r-devel-linux-x86_64-fedora-clang, r-devel-linux-x86_64-fedora-gcc, r-patched-linux-x86_64, r-release-linux-x86_64