CRAN Package Check Results for Package abind

Last updated on 2016-07-01 03:46:43.

Flavor Version Tinstall Tcheck Ttotal Status Flags
r-devel-linux-x86_64-debian-gcc 1.4-3 0.59 12.51 13.10 NOTE
r-devel-linux-x86_64-fedora-clang 1.4-3 19.81 NOTE
r-devel-linux-x86_64-fedora-gcc 1.4-3 18.45 NOTE
r-devel-osx-x86_64-clang 1.4-3 18.49 NOTE
r-devel-windows-ix86+x86_64 1.4-3 3.00 27.00 30.00 NOTE
r-patched-linux-x86_64 1.4-3 0.61 13.88 14.49 NOTE
r-patched-solaris-sparc 1.4-3 125.80 NOTE
r-patched-solaris-x86 1.4-3 27.30 NOTE
r-release-linux-x86_64 1.4-3 0.56 12.33 12.89 NOTE
r-release-osx-x86_64-mavericks 1.4-3 NOTE
r-release-windows-ix86+x86_64 1.4-3 4.00 42.00 46.00 NOTE
r-oldrel-windows-ix86+x86_64 1.4-3 3.00 19.00 22.00 OK

Check Details

Version: 1.4-3
Check: R code for possible problems
Result: NOTE
    abind: no visible global function definition for ‘object.size’
    acorn.default: no visible global function definition for ‘head’
    acorn.default: no visible global function definition for ‘tail’
    afill<-.default: no visible global function definition for ‘Quote’
    asub.default: no visible global function definition for ‘Quote’
    Undefined global functions or variables:
     Quote head object.size tail
    Consider adding
     importFrom("methods", "Quote")
     importFrom("utils", "head", "object.size", "tail")
    to your NAMESPACE file (and ensure that your DESCRIPTION Imports field
    contains 'methods').
Flavors: r-devel-linux-x86_64-debian-gcc, r-devel-linux-x86_64-fedora-clang, r-devel-linux-x86_64-fedora-gcc, r-devel-osx-x86_64-clang, r-devel-windows-ix86+x86_64, r-patched-linux-x86_64, r-patched-solaris-sparc, r-patched-solaris-x86, r-release-linux-x86_64, r-release-osx-x86_64-mavericks, r-release-windows-ix86+x86_64