CRAN Package Check Results for Package abind

Last updated on 2014-09-19 10:49:22.

Flavor Version Tinstall Tcheck Ttotal Status Flags
r-devel-linux-x86_64-debian-clang 1.4-0 0.79 11.06 11.85 NOTE
r-devel-linux-x86_64-debian-gcc 1.4-0 0.53 10.74 11.27 NOTE
r-devel-linux-x86_64-fedora-clang 1.4-0 23.04 NOTE
r-devel-linux-x86_64-fedora-gcc 1.4-0 22.85 NOTE
r-devel-osx-x86_64-clang 1.4-0 27.00 OK
r-devel-windows-ix86+x86_64 1.4-0 2.00 19.00 21.00 OK
r-patched-linux-x86_64 1.4-0 0.52 10.95 11.46 NOTE
r-patched-solaris-sparc 1.4-0 141.10 OK
r-patched-solaris-x86 1.4-0 33.60 OK
r-release-linux-ix86 1.4-0 0.82 18.06 18.89 OK
r-release-linux-x86_64 1.4-0 0.85 11.30 12.15 NOTE
r-release-osx-x86_64-mavericks 1.4-0 OK
r-release-windows-ix86+x86_64 1.4-0 3.00 19.00 22.00 OK
r-oldrel-windows-ix86+x86_64 1.4-0 2.00 20.00 22.00 OK

Check Details

Version: 1.4-0
Check: top-level files
Result: NOTE
    Non-standard file/directory found at top level:
     ‘DevNotes.txt’
Flavors: r-devel-linux-x86_64-debian-clang, r-devel-linux-x86_64-debian-gcc, r-devel-linux-x86_64-fedora-clang, r-devel-linux-x86_64-fedora-gcc, r-patched-linux-x86_64, r-release-linux-x86_64