CRAN Package Check Results for Package abind

Last updated on 2014-08-30 07:48:34.

Flavor Version Tinstall Tcheck Ttotal Status Flags
r-devel-linux-x86_64-debian-clang 1.4-0 0.78 11.01 11.78 OK
r-devel-linux-x86_64-debian-gcc 1.4-0 0.62 10.59 11.21 OK
r-devel-linux-x86_64-fedora-clang 1.4-0 23.11 NOTE
r-devel-linux-x86_64-fedora-gcc 1.4-0 21.53 NOTE
r-devel-osx-x86_64-clang 1.4-0 26.48 OK
r-devel-windows-ix86+x86_64 1.4-0 2.00 19.00 21.00 OK
r-patched-linux-x86_64 1.4-0 0.61 11.16 11.77 OK
r-patched-solaris-sparc 1.4-0 141.10 OK
r-patched-solaris-x86 1.4-0 33.30 OK
r-release-linux-ix86 1.4-0 0.82 17.91 18.73 OK
r-release-linux-x86_64 1.4-0 0.73 11.66 12.39 OK
r-release-osx-x86_64-mavericks 1.4-0 OK
r-release-windows-ix86+x86_64 1.4-0 3.00 19.00 22.00 OK
r-oldrel-windows-ix86+x86_64 1.4-0 2.00 20.00 22.00 OK

Check Details

Version: 1.4-0
Check: top-level files
Result: NOTE
    Non-standard file/directory found at top level:
     ‘DevNotes.txt’
Flavors: r-devel-linux-x86_64-fedora-clang, r-devel-linux-x86_64-fedora-gcc