CRAN Package Check Results for Package abjData

Last updated on 2024-02-21 18:50:57 CET.

Flavor Version Tinstall Tcheck Ttotal Status Flags
r-devel-linux-x86_64-debian-clang 1.1.2 OK
r-devel-linux-x86_64-debian-gcc 1.1.2 12.22 19.00 31.22 OK
r-devel-linux-x86_64-fedora-clang 1.1.2 53.05 NOTE
r-devel-linux-x86_64-fedora-gcc 1.1.2 51.31 NOTE
r-devel-windows-x86_64 1.1.2 16.00 39.00 55.00 OK
r-patched-linux-x86_64 1.1.2 18.21 23.49 41.70 OK
r-release-linux-x86_64 1.1.2 15.75 23.28 39.03 OK
r-release-macos-arm64 1.1.2 30.00 OK
r-release-macos-x86_64 1.1.2 35.00 OK
r-release-windows-x86_64 1.1.2 17.00 40.00 57.00 OK
r-oldrel-macos-arm64 1.1.2 29.00 OK
r-oldrel-windows-x86_64 1.1.2 28.00 43.00 71.00 OK

Check Details

Version: 1.1.2
Check: data for non-ASCII characters
Result: NOTE Note: found 134469 marked UTF-8 strings Flavors: r-devel-linux-x86_64-fedora-clang, r-devel-linux-x86_64-fedora-gcc