CRAN Package Check Results for Package abjutils

Last updated on 2019-11-13 12:46:51 CET.

Flavor Version Tinstall Tcheck Ttotal Status Flags
r-devel-linux-x86_64-debian-clang 0.2.3 2.94 25.19 28.13 NOTE
r-devel-linux-x86_64-debian-gcc 0.2.3 2.30 20.00 22.30 NOTE
r-devel-linux-x86_64-fedora-clang 0.2.3 34.70 NOTE
r-devel-linux-x86_64-fedora-gcc 0.2.3 34.00 NOTE
r-devel-windows-ix86+x86_64 0.2.3 16.00 65.00 81.00 NOTE
r-patched-linux-x86_64 0.2.3 2.53 24.61 27.14 NOTE
r-patched-solaris-x86 0.2.3 50.90 NOTE
r-release-linux-x86_64 0.2.3 2.43 24.46 26.89 NOTE
r-release-windows-ix86+x86_64 0.2.3 15.00 64.00 79.00 NOTE
r-release-osx-x86_64 0.2.3 NOTE
r-oldrel-windows-ix86+x86_64 0.2.3 4.00 48.00 52.00 NOTE
r-oldrel-osx-x86_64 0.2.3 NOTE

Check Details

Version: 0.2.3
Check: dependencies in R code
Result: NOTE
    Missing or unexported object: 'devtools::use_package'
Flavors: r-devel-linux-x86_64-debian-clang, r-devel-linux-x86_64-debian-gcc, r-devel-windows-ix86+x86_64, r-patched-linux-x86_64, r-release-linux-x86_64, r-release-windows-ix86+x86_64, r-oldrel-windows-ix86+x86_64

Version: 0.2.3
Check: dependencies in R code
Result: NOTE
    Namespaces in Imports field not imported from:
     ‘httr’ ‘progress’
     All declared Imports should be used.
    Missing or unexported object: ‘devtools::use_package’
Flavors: r-devel-linux-x86_64-fedora-clang, r-devel-linux-x86_64-fedora-gcc, r-patched-solaris-x86

Version: 0.2.3
Check: dependencies in R code
Result: NOTE
    Namespaces in Imports field not imported from:
     ‘httr’ ‘progress’
     All declared Imports should be used.
Flavors: r-release-osx-x86_64, r-oldrel-osx-x86_64