CRAN Package Check Results for Package abn

Last updated on 2016-04-30 18:46:41.

Flavor Version Tinstall Tcheck Ttotal Status Flags
r-devel-linux-x86_64-debian-gcc 1.0 7.04 28.28 35.32 NOTE
r-devel-linux-x86_64-fedora-clang 1.0 58.57 OK
r-devel-linux-x86_64-fedora-gcc 1.0 67.53 OK
r-devel-osx-x86_64-clang 1.0 65.09 OK
r-devel-windows-ix86+x86_64 1.0 30.00 70.00 100.00 OK
r-patched-linux-x86_64 1.0 7.16 27.57 34.73 NOTE
r-patched-solaris-sparc 1.0 366.60 NOTE
r-patched-solaris-x86 1.0 74.60 NOTE
r-release-linux-x86_64 1.0 7.39 35.32 42.72 NOTE
r-release-osx-x86_64-mavericks 1.0 NOTE
r-release-windows-ix86+x86_64 1.0 42.00 96.00 138.00 OK
r-oldrel-windows-ix86+x86_64 1.0 42.00 108.00 150.00 OK

Check Details

Version: 1.0
Check: package dependencies
Result: NOTE
    Package suggested but not available for checking: ‘INLA’
Flavors: r-devel-linux-x86_64-debian-gcc, r-patched-linux-x86_64, r-patched-solaris-sparc, r-patched-solaris-x86, r-release-linux-x86_64, r-release-osx-x86_64-mavericks

Version: 1.0
Check: installed package size
Result: NOTE
     installed size is 5.5Mb
     sub-directories of 1Mb or more:
     bootstrapping_example 1.2Mb
     libs 2.9Mb
Flavor: r-release-osx-x86_64-mavericks