CRAN Package Check Results for Package abn

Last updated on 2015-08-29 06:47:28.

Flavor Version Tinstall Tcheck Ttotal Status Flags
r-devel-linux-x86_64-debian-clang 0.85 5.11 59.16 64.27 NOTE
r-devel-linux-x86_64-debian-gcc 0.85 6.36 61.04 67.40 NOTE
r-devel-linux-x86_64-fedora-clang 0.85 124.24 NOTE
r-devel-linux-x86_64-fedora-gcc 0.85 143.84 NOTE
r-devel-osx-x86_64-clang 0.85 101.28 NOTE
r-devel-windows-ix86+x86_64 0.85 48.00 168.00 216.00 NOTE
r-patched-linux-x86_64 0.85 6.48 62.30 68.78 NOTE
r-patched-solaris-sparc 0.85 1002.20 NOTE
r-patched-solaris-x86 0.85 213.00 NOTE
r-release-linux-x86_64 0.85 6.63 61.64 68.27 NOTE
r-release-osx-x86_64-mavericks 0.85 NOTE
r-release-windows-ix86+x86_64 0.85 35.00 154.00 189.00 NOTE
r-oldrel-windows-ix86+x86_64 0.85 42.00 122.00 164.00 NOTE

Check Details

Version: 0.85
Check: package dependencies
Result: NOTE
    Package suggested but not available for checking: ‘INLA’
Flavors: r-devel-linux-x86_64-debian-clang, r-devel-linux-x86_64-debian-gcc, r-patched-linux-x86_64, r-patched-solaris-sparc, r-patched-solaris-x86, r-release-linux-x86_64, r-release-osx-x86_64-mavericks

Version: 0.85
Check: dependencies in R code
Result: NOTE
    'library' or 'require' calls in package code:
     ‘INLA’ ‘Rgraphviz’
     Please use :: or requireNamespace() instead.
     See section 'Suggested packages' in the 'Writing R Extensions' manual.
Flavors: r-devel-linux-x86_64-debian-clang, r-devel-linux-x86_64-debian-gcc, r-devel-linux-x86_64-fedora-clang, r-devel-linux-x86_64-fedora-gcc, r-devel-osx-x86_64-clang, r-devel-windows-ix86+x86_64, r-patched-linux-x86_64, r-patched-solaris-sparc, r-patched-solaris-x86, r-release-linux-x86_64, r-release-osx-x86_64-mavericks, r-release-windows-ix86+x86_64, r-oldrel-windows-ix86+x86_64

Version: 0.85
Check: R code for possible problems
Result: NOTE
    buildscorecache: no visible global function definition for ‘sd’
    check.valid.data: no visible global function definition for
     ‘complete.cases’
    eval.across.grid: no visible global function definition for ‘spline’
    find.next.left.x: no visible global function definition for ‘spline’
    find.next.right.x: no visible global function definition for ‘spline’
    fitabn: no visible global function definition for ‘sd’
    fitabn: no visible global function definition for ‘new’
    getModeVector: no visible global function definition for ‘spline’
    getmarginals: no visible global function definition for ‘sd’
    graphicsetup: no visible global function definition for ‘dev.list’
    graphicsetup: no visible global function definition for ‘dev.set’
    search.hillclimber: no visible global function definition for ‘new’
    search.hillclimber: no visible global function definition for ‘plot’
    search.hillclimber: no visible global function definition for
     ‘initialize’
    Undefined global functions or variables:
     complete.cases dev.list dev.set initialize new plot sd spline
    Consider adding
     importFrom("grDevices", "dev.list", "dev.set")
     importFrom("graphics", "plot")
     importFrom("methods", "initialize", "new")
     importFrom("stats", "complete.cases", "sd", "spline")
    to your NAMESPACE (and ensure that your DESCRIPTION Imports field
    contains 'methods').
Flavors: r-devel-linux-x86_64-debian-clang, r-devel-linux-x86_64-debian-gcc, r-devel-linux-x86_64-fedora-clang, r-devel-linux-x86_64-fedora-gcc, r-devel-windows-ix86+x86_64