CRAN Package Check Results for Package abn

Last updated on 2016-07-27 02:46:51.

Flavor Version Tinstall Tcheck Ttotal Status Flags
r-devel-linux-x86_64-debian-clang 1.0 9.18 29.58 38.77 NOTE
r-devel-linux-x86_64-debian-gcc 1.0 10.03 33.14 43.17 NOTE
r-devel-linux-x86_64-fedora-clang 1.0 57.71 OK
r-devel-linux-x86_64-fedora-gcc 1.0 69.08 OK
r-devel-osx-x86_64-clang 1.0 48.44 OK
r-devel-windows-ix86+x86_64 1.0 29.00 82.00 111.00 OK
r-patched-linux-x86_64 1.0 8.55 32.64 41.19 NOTE
r-patched-solaris-sparc 1.0 372.50 NOTE
r-patched-solaris-x86 1.0 72.30 NOTE
r-release-linux-x86_64 1.0 8.67 33.87 42.54 NOTE
r-release-osx-x86_64-mavericks 1.0 NOTE
r-release-windows-ix86+x86_64 1.0 37.00 101.00 138.00 OK
r-oldrel-windows-ix86+x86_64 1.0 42.00 96.00 138.00 OK

Check Details

Version: 1.0
Check: package dependencies
Result: NOTE
    Package suggested but not available for checking: ‘INLA’
Flavors: r-devel-linux-x86_64-debian-clang, r-devel-linux-x86_64-debian-gcc, r-patched-linux-x86_64, r-patched-solaris-sparc, r-patched-solaris-x86, r-release-linux-x86_64, r-release-osx-x86_64-mavericks

Version: 1.0
Check: installed package size
Result: NOTE
     installed size is 5.5Mb
     sub-directories of 1Mb or more:
     bootstrapping_example 1.2Mb
     libs 2.9Mb
Flavor: r-release-osx-x86_64-mavericks