CRAN Package Check Results for Package abn

Last updated on 2016-10-01 22:47:11.

Flavor Version Tinstall Tcheck Ttotal Status Flags
r-devel-linux-x86_64-debian-clang 1.0 7.29 28.53 35.82 NOTE
r-devel-linux-x86_64-debian-gcc 1.0 7.50 30.38 37.89 NOTE
r-devel-linux-x86_64-fedora-clang 1.0 62.09 OK
r-devel-linux-x86_64-fedora-gcc 1.0 71.76 OK
r-devel-macos-x86_64-clang 1.0 47.92 OK
r-devel-windows-ix86+x86_64 1.0 50.00 96.00 146.00 OK
r-patched-linux-x86_64 1.0 7.49 29.26 36.75 NOTE
r-patched-solaris-sparc 1.0 372.50 NOTE
r-patched-solaris-x86 1.0 72.90 NOTE
r-release-linux-x86_64 1.0 7.34 28.58 35.92 NOTE
r-release-osx-x86_64-mavericks 1.0 NOTE
r-release-windows-ix86+x86_64 1.0 30.00 75.00 105.00 OK
r-oldrel-windows-ix86+x86_64 1.0 199.00 83.00 282.00 OK

Check Details

Version: 1.0
Check: package dependencies
Result: NOTE
    Package suggested but not available for checking: ‘INLA’
Flavors: r-devel-linux-x86_64-debian-clang, r-devel-linux-x86_64-debian-gcc, r-patched-linux-x86_64, r-patched-solaris-sparc, r-patched-solaris-x86, r-release-linux-x86_64, r-release-osx-x86_64-mavericks

Version: 1.0
Check: installed package size
Result: NOTE
     installed size is 5.5Mb
     sub-directories of 1Mb or more:
     bootstrapping_example 1.2Mb
     libs 2.9Mb
Flavor: r-release-osx-x86_64-mavericks