CRAN Package Check Results for Package abn

Last updated on 2015-05-29 05:46:55.

Flavor Version Tinstall Tcheck Ttotal Status Flags
r-devel-linux-x86_64-debian-clang 0.85 5.09 59.56 64.64 NOTE
r-devel-linux-x86_64-debian-gcc 0.85 6.34 61.23 67.57 NOTE
r-devel-linux-x86_64-fedora-clang 0.85 129.63 NOTE
r-devel-linux-x86_64-fedora-gcc 0.85 151.02 NOTE
r-devel-osx-x86_64-clang 0.85 98.16 NOTE
r-devel-windows-ix86+x86_64 0.85 32.00 114.00 146.00 NOTE
r-patched-linux-x86_64 0.85 6.46 61.86 68.32 NOTE
r-patched-solaris-sparc 0.85 1023.50 NOTE
r-patched-solaris-x86 0.85 211.80 NOTE
r-release-linux-x86_64 0.85 6.46 61.96 68.42 NOTE
r-release-osx-x86_64-mavericks 0.85 NOTE
r-release-osx-x86_64-snowleopard 0.85 NOTE
r-release-windows-ix86+x86_64 0.85 29.00 137.00 166.00 NOTE
r-oldrel-windows-ix86+x86_64 0.85 45.00 124.00 169.00 NOTE

Check Details

Version: 0.85
Check: package dependencies
Result: NOTE
    Package suggested but not available for checking: ‘INLA’
Flavors: r-devel-linux-x86_64-debian-clang, r-devel-linux-x86_64-debian-gcc, r-patched-linux-x86_64, r-patched-solaris-sparc, r-patched-solaris-x86, r-release-linux-x86_64, r-release-osx-x86_64-mavericks

Version: 0.85
Check: dependencies in R code
Result: NOTE
    'library' or 'require' calls in package code:
     ‘INLA’ ‘Rgraphviz’
     Please use :: or requireNamespace() instead.
     See section 'Suggested packages' in the 'Writing R Extensions' manual.
Flavors: r-devel-linux-x86_64-debian-clang, r-devel-linux-x86_64-debian-gcc, r-devel-linux-x86_64-fedora-clang, r-devel-linux-x86_64-fedora-gcc, r-devel-osx-x86_64-clang, r-devel-windows-ix86+x86_64, r-patched-linux-x86_64, r-patched-solaris-sparc, r-patched-solaris-x86, r-release-linux-x86_64, r-release-osx-x86_64-mavericks, r-release-osx-x86_64-snowleopard, r-release-windows-ix86+x86_64, r-oldrel-windows-ix86+x86_64

Version: 0.85
Check: package dependencies
Result: NOTE
    Packages suggested but not available for checking: ‘INLA’ ‘Rgraphviz’
Flavor: r-release-osx-x86_64-snowleopard