CRAN Package Check Results for Package abn

Last updated on 2016-08-30 12:46:48.

Flavor Version Tinstall Tcheck Ttotal Status Flags
r-devel-linux-x86_64-debian-clang 1.0 7.30 26.28 33.58 NOTE
r-devel-linux-x86_64-debian-gcc 1.0 7.28 29.04 36.31 NOTE
r-devel-linux-x86_64-fedora-clang 1.0 60.65 OK
r-devel-linux-x86_64-fedora-gcc 1.0 70.52 OK
r-devel-osx-x86_64-clang 1.0 48.56 OK
r-devel-windows-ix86+x86_64 1.0 47.00 95.00 142.00 OK
r-patched-linux-x86_64 1.0 6.54 27.97 34.50 NOTE
r-patched-solaris-sparc 1.0 372.50 NOTE
r-patched-solaris-x86 1.0 72.60 NOTE
r-release-linux-x86_64 1.0 6.60 28.39 34.99 NOTE
r-release-osx-x86_64-mavericks 1.0 NOTE
r-release-windows-ix86+x86_64 1.0 37.00 101.00 138.00 OK
r-oldrel-windows-ix86+x86_64 1.0 42.00 96.00 138.00 OK

Check Details

Version: 1.0
Check: package dependencies
Result: NOTE
    Package suggested but not available for checking: ‘INLA’
Flavors: r-devel-linux-x86_64-debian-clang, r-devel-linux-x86_64-debian-gcc, r-patched-linux-x86_64, r-patched-solaris-sparc, r-patched-solaris-x86, r-release-linux-x86_64, r-release-osx-x86_64-mavericks

Version: 1.0
Check: installed package size
Result: NOTE
     installed size is 5.5Mb
     sub-directories of 1Mb or more:
     bootstrapping_example 1.2Mb
     libs 2.9Mb
Flavor: r-release-osx-x86_64-mavericks