CRAN Package Check Results for Package abn

Last updated on 2017-07-20 23:51:05.

Flavor Version Tinstall Tcheck Ttotal Status Flags
r-devel-linux-x86_64-debian-clang 1.0.2 7.45 36.88 44.33 NOTE
r-devel-linux-x86_64-debian-gcc 1.0.2 7.68 37.54 45.23 NOTE
r-devel-linux-x86_64-fedora-clang 1.0.2 65.52 NOTE
r-devel-linux-x86_64-fedora-gcc 1.0.2 78.51 NOTE
r-devel-windows-ix86+x86_64 1.0.2 38.00 74.00 112.00 OK
r-patched-linux-x86_64 1.0.2 7.35 38.97 46.33 NOTE
r-patched-solaris-x86 1.0.2 94.40 NOTE
r-release-linux-x86_64 1.0.2 7.38 39.25 46.63 NOTE
r-release-windows-ix86+x86_64 1.0.2 37.00 77.00 114.00 OK
r-release-osx-x86_64 1.0.2 NOTE
r-oldrel-windows-ix86+x86_64 1.0.2 36.00 89.00 125.00 OK
r-oldrel-osx-x86_64 1.0.2 NOTE

Check Details

Version: 1.0.2
Check: package dependencies
Result: NOTE
    Package suggested but not available for checking: ‘INLA’
Flavors: r-devel-linux-x86_64-debian-clang, r-devel-linux-x86_64-debian-gcc, r-patched-linux-x86_64, r-patched-solaris-x86, r-release-linux-x86_64, r-oldrel-osx-x86_64

Version: 1.0.2
Check: compiled code
Result: NOTE
    File ‘abn/libs/abn.so’:
     Found no calls to: ‘R_registerRoutines’, ‘R_useDynamicSymbols’
    
    It is good practice to register native routines and to disable symbol
    search.
    
    See ‘Writing portable packages’ in the ‘Writing R Extensions’ manual.
Flavors: r-devel-linux-x86_64-debian-clang, r-devel-linux-x86_64-debian-gcc, r-devel-linux-x86_64-fedora-clang, r-devel-linux-x86_64-fedora-gcc, r-patched-linux-x86_64, r-release-linux-x86_64

Version: 1.0.2
Check: package dependencies
Result: NOTE
    Packages suggested but not available for checking: ‘INLA’ ‘Rgraphviz’
Flavor: r-release-osx-x86_64

Version: 1.0.2
Check: installed package size
Result: NOTE
     installed size is 6.5Mb
     sub-directories of 1Mb or more:
     bootstrapping_example 1.2Mb
     libs 3.3Mb
Flavors: r-release-osx-x86_64, r-oldrel-osx-x86_64

Version: 1.0.2
Check: re-building of vignette outputs
Result: NOTE
    Error in re-building vignettes:
     ...
    Loading required package: Cairo
    Error in texi2dvi(file = file, pdf = TRUE, clean = clean, quiet = quiet, :
     Running 'texi2dvi' on 'abn_v1.0.2.tex' failed.
    LaTeX errors:
    ! LaTeX Error: File `wrapfig.sty' not found.
    
    Type X to quit or <RETURN> to proceed,
    or enter new name. (Default extension: sty)
    
    ! Emergency stop.
    <read *>
    
    l.33 ^^M
    
    ! ==> Fatal error occurred, no output PDF file produced!
    Calls: buildVignettes -> texi2pdf -> texi2dvi
    Execution halted
Flavor: r-release-osx-x86_64