CRAN Package Check Results for Package abn

Last updated on 2015-03-06 23:48:10.

Flavor Version Tinstall Tcheck Ttotal Status Flags
r-devel-linux-x86_64-debian-clang 0.85 5.08 58.99 64.07 NOTE
r-devel-linux-x86_64-debian-gcc 0.85 6.28 61.66 67.95 NOTE
r-devel-linux-x86_64-fedora-clang 0.85 129.42 NOTE
r-devel-linux-x86_64-fedora-gcc 0.85 135.11 NOTE
r-devel-osx-x86_64-clang 0.85 95.40 NOTE
r-devel-windows-ix86+x86_64 0.85 35.00 122.00 157.00 NOTE
r-patched-linux-x86_64 0.85 6.70 63.45 70.15 NOTE
r-patched-solaris-sparc 0.85 1077.60 NOTE
r-patched-solaris-x86 0.85 220.40 NOTE
r-release-linux-ix86 0.85 9.96 101.88 111.83 NOTE
r-release-linux-x86_64 0.85 6.57 63.17 69.74 NOTE
r-release-osx-x86_64-mavericks 0.85 NOTE
r-release-osx-x86_64-snowleopard 0.85 NOTE
r-release-windows-ix86+x86_64 0.85 32.00 126.00 158.00 NOTE
r-oldrel-windows-ix86+x86_64 0.85 31.00 130.00 161.00 NOTE

Check Details

Version: 0.85
Check: package dependencies
Result: NOTE
    Package suggested but not available for checking: ‘INLA’
Flavors: r-devel-linux-x86_64-debian-clang, r-devel-linux-x86_64-debian-gcc, r-patched-linux-x86_64, r-patched-solaris-sparc, r-patched-solaris-x86, r-release-linux-ix86, r-release-linux-x86_64, r-release-osx-x86_64-mavericks, r-release-osx-x86_64-snowleopard, r-release-windows-ix86+x86_64, r-oldrel-windows-ix86+x86_64

Version: 0.85
Check: dependencies in R code
Result: NOTE
    'library' or 'require' calls in package code:
     ‘INLA’ ‘Rgraphviz’
     Please use :: or requireNamespace() instead.
     See section 'Suggested packages' in the 'Writing R Extensions' manual.
Flavors: r-devel-linux-x86_64-debian-clang, r-devel-linux-x86_64-debian-gcc, r-devel-linux-x86_64-fedora-clang, r-devel-linux-x86_64-fedora-gcc, r-devel-osx-x86_64-clang, r-devel-windows-ix86+x86_64, r-patched-linux-x86_64, r-patched-solaris-sparc, r-patched-solaris-x86