CRAN Package Check Results for Package abn

Last updated on 2017-01-20 03:47:08.

Flavor Version Tinstall Tcheck Ttotal Status Flags
r-devel-linux-x86_64-debian-clang 1.0.2 7.12 29.83 36.95 NOTE
r-devel-linux-x86_64-debian-gcc 1.0.2 7.38 31.43 38.81 NOTE
r-devel-linux-x86_64-fedora-clang 1.0.2 65.90 OK --no-stop-on-test-error
r-devel-linux-x86_64-fedora-gcc 1.0.2 76.00 OK --no-stop-on-test-error
r-devel-macos-x86_64-clang 1.0.2 52.96 OK --no-stop-on-test-error
r-devel-windows-ix86+x86_64 1.0.2 46.00 75.00 121.00 OK
r-patched-linux-x86_64 1.0.2 6.75 29.01 35.76 NOTE
r-patched-solaris-sparc 1.0.2 393.80 NOTE
r-patched-solaris-x86 1.0.2 74.50 NOTE
r-release-linux-x86_64 1.0.2 6.82 28.86 35.68 NOTE
r-release-osx-x86_64-mavericks 1.0.2 NOTE
r-release-windows-ix86+x86_64 1.0.2 36.00 89.00 125.00 OK
r-oldrel-windows-ix86+x86_64 1.0.2 72.00 204.00 276.00 OK

Check Details

Version: 1.0.2
Check: package dependencies
Result: NOTE
    Package suggested but not available for checking: ‘INLA’
Flavors: r-devel-linux-x86_64-debian-clang, r-devel-linux-x86_64-debian-gcc, r-patched-linux-x86_64, r-patched-solaris-sparc, r-patched-solaris-x86, r-release-linux-x86_64, r-release-osx-x86_64-mavericks

Version: 1.0.2
Check: installed package size
Result: NOTE
     installed size is 6.0Mb
     sub-directories of 1Mb or more:
     bootstrapping_example 1.2Mb
     libs 2.9Mb
Flavor: r-release-osx-x86_64-mavericks