CRAN Package Check Results for Package abn

Last updated on 2015-01-26 16:46:34.

Flavor Version Tinstall Tcheck Ttotal Status Flags
r-devel-linux-x86_64-debian-clang 0.85 5.01 68.11 73.12 NOTE
r-devel-linux-x86_64-debian-gcc 0.85 6.32 63.76 70.08 NOTE
r-devel-linux-x86_64-fedora-clang 0.85 132.61 NOTE
r-devel-linux-x86_64-fedora-gcc 0.85 141.86 NOTE
r-devel-osx-x86_64-clang 0.85 97.75 NOTE
r-devel-windows-ix86+x86_64 0.85 38.00 121.00 159.00 NOTE
r-patched-linux-x86_64 0.85 6.65 63.26 69.91 NOTE
r-patched-solaris-sparc 0.85 954.40 NOTE
r-patched-solaris-x86 0.85 221.50 NOTE
r-release-linux-ix86 0.85 8.91 98.49 107.40 NOTE
r-release-linux-x86_64 0.85 6.73 62.36 69.10 NOTE
r-release-osx-x86_64-mavericks 0.85 NOTE
r-release-osx-x86_64-snowleopard 0.85 NOTE
r-release-windows-ix86+x86_64 0.85 32.00 126.00 158.00 NOTE
r-oldrel-windows-ix86+x86_64 0.85 31.00 130.00 161.00 NOTE

Check Details

Version: 0.85
Check: package dependencies
Result: NOTE
    Package suggested but not available for checking: ‘INLA’
Flavors: r-devel-linux-x86_64-debian-clang, r-devel-linux-x86_64-debian-gcc, r-devel-windows-ix86+x86_64, r-patched-linux-x86_64, r-patched-solaris-sparc, r-patched-solaris-x86, r-release-linux-ix86, r-release-linux-x86_64, r-release-osx-x86_64-mavericks, r-release-osx-x86_64-snowleopard, r-release-windows-ix86+x86_64, r-oldrel-windows-ix86+x86_64

Version: 0.85
Check: dependencies in R code
Result: NOTE
    'library' or 'require' calls in package code:
     ‘INLA’ ‘Rgraphviz’
     Please use :: or requireNamespace() instead.
     See section 'Suggested packages' in the 'Writing R Extensions' manual.
Flavors: r-devel-linux-x86_64-debian-clang, r-devel-linux-x86_64-debian-gcc, r-devel-linux-x86_64-fedora-clang, r-devel-linux-x86_64-fedora-gcc, r-devel-osx-x86_64-clang, r-devel-windows-ix86+x86_64