CRAN Package Check Results for Package abn

Last updated on 2014-10-24 14:47:16.

Flavor Version Tinstall Tcheck Ttotal Status Flags
r-devel-linux-x86_64-debian-clang 0.83 4.93 15.32 20.25 NOTE
r-devel-linux-x86_64-debian-gcc 0.83 6.52 15.45 21.96 NOTE
r-devel-linux-x86_64-fedora-clang 0.83 39.22 NOTE
r-devel-linux-x86_64-fedora-gcc 0.83 38.14 NOTE
r-devel-osx-x86_64-clang 0.83 36.06 NOTE
r-devel-windows-ix86+x86_64 0.83 31.00 31.00 62.00 NOTE
r-patched-linux-x86_64 0.83 6.44 15.66 22.11 NOTE
r-patched-solaris-sparc 0.83 235.90 NOTE
r-patched-solaris-x86 0.83 56.20 NOTE
r-release-linux-ix86 0.83 9.06 22.69 31.75 NOTE
r-release-linux-x86_64 0.83 6.39 16.10 22.49 NOTE
r-release-osx-x86_64-mavericks 0.83 ERROR
r-release-windows-ix86+x86_64 0.83 41.00 35.00 76.00 NOTE
r-oldrel-windows-ix86+x86_64 0.83 36.00 41.00 77.00 NOTE

Check Details

Version: 0.83
Check: package dependencies
Result: NOTE
    Package suggested but not available for checking: ‘INLA’
Flavors: r-devel-linux-x86_64-debian-clang, r-devel-linux-x86_64-debian-gcc, r-devel-linux-x86_64-fedora-clang, r-devel-linux-x86_64-fedora-gcc, r-devel-osx-x86_64-clang, r-devel-windows-ix86+x86_64, r-patched-linux-x86_64, r-patched-solaris-sparc, r-patched-solaris-x86, r-release-linux-ix86, r-release-linux-x86_64, r-release-osx-x86_64-mavericks, r-release-windows-ix86+x86_64, r-oldrel-windows-ix86+x86_64

Version: 0.83
Check: R code for possible problems
Result: NOTE
    graphicsetup: no visible global function definition for ‘Cairo’
Flavors: r-devel-linux-x86_64-debian-clang, r-devel-linux-x86_64-debian-gcc, r-devel-linux-x86_64-fedora-clang, r-devel-linux-x86_64-fedora-gcc, r-devel-osx-x86_64-clang, r-devel-windows-ix86+x86_64, r-patched-linux-x86_64, r-patched-solaris-sparc, r-patched-solaris-x86

Version: 0.83
Check: Rd line widths
Result: NOTE
    Rd file 'abninla-internal.Rd':
     \usage lines wider than 90 characters:
     calc.node.inla.glm(child.loc,dag.m.loc,data.df.loc,data.dists.loc,ntrials.loc,exposure.loc,compute.fixed.loc,
     mean.intercept.loc,prec.intercept.loc,mean.loc,prec.loc,loggam.shape.loc,loggam.inv.scale.loc,verbose.loc)
     calc.node.inla.glmm(child.loc,dag.m.loc,data.df.loc,data.dists.loc,ntrials.loc,exposure.loc,compute.fixed.loc,
     mean.intercept.loc,prec.intercept.loc,mean.loc,prec.loc,loggam.shape.loc,loggam.inv.scale.loc,verbose.loc)
    
    Rd file 'fitabn.Rd':
     \examples lines wider than 100 characters:
     ## but here goes...be patient
    
    Rd file 'mostprobable.Rd':
     \examples lines wider than 100 characters:
     cor.vars=c("b1","b2","b3","b4"),## each node uses a random effect adjustment
    
    These lines will be truncated in the PDF manual.
Flavors: r-devel-linux-x86_64-debian-clang, r-devel-linux-x86_64-debian-gcc, r-devel-linux-x86_64-fedora-clang, r-devel-linux-x86_64-fedora-gcc, r-patched-linux-x86_64, r-release-linux-x86_64

Version: 0.83
Check: whether package can be installed
Result: ERROR
    Installation failed.
Flavor: r-release-osx-x86_64-mavericks