CRAN Package Check Results for Package abn

Last updated on 2017-02-24 10:47:19.

Flavor Version Tinstall Tcheck Ttotal Status Flags
r-devel-linux-x86_64-debian-clang 1.0.2 7.25 29.79 37.03 NOTE
r-devel-linux-x86_64-debian-gcc 1.0.2 7.29 31.07 38.36 NOTE
r-devel-linux-x86_64-fedora-clang 1.0.2 66.20 NOTE --no-stop-on-test-error
r-devel-linux-x86_64-fedora-gcc 1.0.2 75.52 NOTE --no-stop-on-test-error
r-devel-macos-x86_64-clang 1.0.2 54.15 NOTE --no-stop-on-test-error
r-devel-windows-ix86+x86_64 1.0.2 32.00 97.00 129.00 OK
r-patched-linux-x86_64 1.0.2 6.87 28.54 35.41 NOTE
r-patched-solaris-sparc 1.0.2 393.80 NOTE
r-patched-solaris-x86 1.0.2 77.40 NOTE
r-release-linux-x86_64 1.0.2 6.54 28.85 35.39 NOTE
r-release-osx-x86_64-mavericks 1.0.2 NOTE
r-release-windows-ix86+x86_64 1.0.2 36.00 89.00 125.00 OK
r-oldrel-windows-ix86+x86_64 1.0.2 72.00 204.00 276.00 OK

Check Details

Version: 1.0.2
Check: package dependencies
Result: NOTE
    Package suggested but not available for checking: ‘INLA’
Flavors: r-devel-linux-x86_64-debian-clang, r-devel-linux-x86_64-debian-gcc, r-patched-linux-x86_64, r-patched-solaris-sparc, r-patched-solaris-x86, r-release-linux-x86_64, r-release-osx-x86_64-mavericks

Version: 1.0.2
Check: compiled code
Result: NOTE
    File ‘abn/libs/abn.so’:
     Found no calls to: ‘R_registerRoutines’, ‘R_useDynamicSymbols’
    
    It is good practice to register native routines and to disable symbol
    search.
    
    See ‘Writing portable packages’ in the ‘Writing R Extensions’ manual.
Flavors: r-devel-linux-x86_64-debian-clang, r-devel-linux-x86_64-debian-gcc

Version: 1.0.2
Flags: --no-stop-on-test-error
Check: compiled code
Result: NOTE
    File ‘abn/libs/abn.so’:
     Found no calls to: ‘R_registerRoutines’, ‘R_useDynamicSymbols’
    
    It is good practice to register native routines and to disable symbol
    search.
    
    See ‘Writing portable packages’ in the ‘Writing R Extensions’ manual.
Flavors: r-devel-linux-x86_64-fedora-clang, r-devel-linux-x86_64-fedora-gcc, r-devel-macos-x86_64-clang

Version: 1.0.2
Check: installed package size
Result: NOTE
     installed size is 6.0Mb
     sub-directories of 1Mb or more:
     bootstrapping_example 1.2Mb
     libs 2.9Mb
Flavor: r-release-osx-x86_64-mavericks