CRAN Package Check Results for Package abn

Last updated on 2016-02-09 10:47:46.

Flavor Version Tinstall Tcheck Ttotal Status Flags
r-devel-linux-x86_64-debian-gcc 1.0 6.46 26.81 33.27 NOTE
r-devel-linux-x86_64-fedora-clang 1.0 57.41 OK
r-devel-linux-x86_64-fedora-gcc 1.0 68.18 OK
r-devel-osx-x86_64-clang 1.0 64.26 OK
r-devel-windows-ix86+x86_64 1.0 52.00 81.00 133.00 OK
r-patched-linux-x86_64 1.0 6.71 33.90 40.61 NOTE
r-patched-solaris-sparc 1.0 483.50 NOTE
r-patched-solaris-x86 1.0 92.60 NOTE
r-release-linux-x86_64 1.0 6.77 34.33 41.09 NOTE
r-release-osx-x86_64-mavericks 1.0 NOTE
r-release-windows-ix86+x86_64 1.0 42.00 96.00 138.00 OK
r-oldrel-windows-ix86+x86_64 1.0 42.00 108.00 150.00 OK

Check Details

Version: 1.0
Check: package dependencies
Result: NOTE
    Package suggested but not available for checking: ‘INLA’
Flavors: r-devel-linux-x86_64-debian-gcc, r-patched-linux-x86_64, r-patched-solaris-sparc, r-patched-solaris-x86, r-release-linux-x86_64, r-release-osx-x86_64-mavericks

Version: 1.0
Check: installed package size
Result: NOTE
     installed size is 5.5Mb
     sub-directories of 1Mb or more:
     bootstrapping_example 1.2Mb
     libs 2.9Mb
Flavor: r-release-osx-x86_64-mavericks