CRAN Package Check Results for Package abn

Last updated on 2014-12-21 11:46:28.

Flavor Version Tinstall Tcheck Ttotal Status Flags
r-devel-linux-x86_64-debian-clang 0.85 5.11 59.92 65.03 NOTE
r-devel-linux-x86_64-debian-gcc 0.85 6.51 61.54 68.05 NOTE
r-devel-linux-x86_64-fedora-clang 0.85 133.24 NOTE
r-devel-linux-x86_64-fedora-gcc 0.85 134.76 NOTE
r-devel-osx-x86_64-clang 0.85 96.48 NOTE
r-devel-windows-ix86+x86_64 0.85 29.00 2.00 31.00 ERROR
r-patched-linux-x86_64 0.85 6.60 62.13 68.73 NOTE
r-patched-solaris-sparc 0.85 999.60 NOTE
r-patched-solaris-x86 0.85 223.00 NOTE
r-release-linux-ix86 0.85 8.73 98.31 107.04 NOTE
r-release-linux-x86_64 0.85 6.52 63.18 69.70 NOTE
r-release-osx-x86_64-mavericks 0.85 ERROR
r-release-osx-x86_64-snowleopard 0.85 NOTE
r-release-windows-ix86+x86_64 0.85 16.00 2.00 18.00 ERROR
r-oldrel-windows-ix86+x86_64 0.85 16.00 1.00 17.00 ERROR

Check Details

Version: 0.85
Check: package dependencies
Result: NOTE
    Package suggested but not available for checking: ‘INLA’
Flavors: r-devel-linux-x86_64-debian-clang, r-devel-linux-x86_64-debian-gcc, r-devel-linux-x86_64-fedora-clang, r-devel-linux-x86_64-fedora-gcc, r-devel-osx-x86_64-clang, r-devel-windows-ix86+x86_64, r-patched-linux-x86_64, r-patched-solaris-sparc, r-patched-solaris-x86, r-release-linux-ix86, r-release-linux-x86_64, r-release-osx-x86_64-mavericks, r-release-osx-x86_64-snowleopard, r-release-windows-ix86+x86_64, r-oldrel-windows-ix86+x86_64

Version: 0.85
Check: whether package can be installed
Result: ERROR
    Installation failed.
Flavors: r-devel-windows-ix86+x86_64, r-release-osx-x86_64-mavericks, r-release-windows-ix86+x86_64, r-oldrel-windows-ix86+x86_64