CRAN Package Check Results for Package abn

Last updated on 2017-03-29 18:46:53.

Flavor Version Tinstall Tcheck Ttotal Status Flags
r-devel-linux-x86_64-debian-clang 1.0.2 7.35 29.98 37.34 NOTE
r-devel-linux-x86_64-debian-gcc 1.0.2 7.61 31.47 39.09 NOTE
r-devel-linux-x86_64-fedora-clang 1.0.2 65.72 NOTE --no-stop-on-test-error
r-devel-linux-x86_64-fedora-gcc 1.0.2 78.85 NOTE --no-stop-on-test-error
r-devel-macos-x86_64-clang 1.0.2 52.43 NOTE --no-stop-on-test-error
r-devel-windows-ix86+x86_64 1.0.2 39.00 75.00 114.00 OK
r-patched-linux-x86_64 1.0.2 6.84 31.56 38.39 NOTE
r-patched-solaris-sparc 1.0.2 466.90 NOTE
r-patched-solaris-x86 1.0.2 93.20 NOTE
r-release-linux-x86_64 1.0.2 6.94 28.15 35.09 NOTE
r-release-osx-x86_64-mavericks 1.0.2 NOTE
r-release-windows-ix86+x86_64 1.0.2 36.00 89.00 125.00 OK
r-oldrel-windows-ix86+x86_64 1.0.2 72.00 204.00 276.00 OK

Check Details

Version: 1.0.2
Check: package dependencies
Result: NOTE
    Package suggested but not available for checking: ‘INLA’
Flavors: r-devel-linux-x86_64-debian-clang, r-devel-linux-x86_64-debian-gcc, r-patched-linux-x86_64, r-patched-solaris-sparc, r-patched-solaris-x86, r-release-linux-x86_64, r-release-osx-x86_64-mavericks

Version: 1.0.2
Check: compiled code
Result: NOTE
    File ‘abn/libs/abn.so’:
     Found no calls to: ‘R_registerRoutines’, ‘R_useDynamicSymbols’
    
    It is good practice to register native routines and to disable symbol
    search.
    
    See ‘Writing portable packages’ in the ‘Writing R Extensions’ manual.
Flavors: r-devel-linux-x86_64-debian-clang, r-devel-linux-x86_64-debian-gcc, r-patched-linux-x86_64

Version: 1.0.2
Flags: --no-stop-on-test-error
Check: compiled code
Result: NOTE
    File ‘abn/libs/abn.so’:
     Found no calls to: ‘R_registerRoutines’, ‘R_useDynamicSymbols’
    
    It is good practice to register native routines and to disable symbol
    search.
    
    See ‘Writing portable packages’ in the ‘Writing R Extensions’ manual.
Flavors: r-devel-linux-x86_64-fedora-clang, r-devel-linux-x86_64-fedora-gcc, r-devel-macos-x86_64-clang

Version: 1.0.2
Check: installed package size
Result: NOTE
     installed size is 6.0Mb
     sub-directories of 1Mb or more:
     bootstrapping_example 1.2Mb
     libs 2.9Mb
Flavor: r-release-osx-x86_64-mavericks