CRAN Package Check Results for Package abn

Last updated on 2015-07-28 09:46:51.

Flavor Version Tinstall Tcheck Ttotal Status Flags
r-devel-linux-x86_64-debian-clang 0.85 5.29 63.77 69.06 NOTE
r-devel-linux-x86_64-debian-gcc 0.85 6.44 61.68 68.12 NOTE
r-devel-linux-x86_64-fedora-clang 0.85 127.98 NOTE
r-devel-linux-x86_64-fedora-gcc 0.85 146.10 NOTE
r-devel-osx-x86_64-clang 0.85 91.95 NOTE
r-devel-windows-ix86+x86_64 0.85 34.00 129.00 163.00 NOTE
r-patched-linux-x86_64 0.85 6.32 60.43 66.76 NOTE
r-patched-solaris-sparc 0.85 1002.20 NOTE
r-patched-solaris-x86 0.85 212.90 NOTE
r-release-linux-x86_64 0.85 6.41 61.88 68.30 NOTE
r-release-osx-x86_64-mavericks 0.85 NOTE
r-release-windows-ix86+x86_64 0.85 33.00 121.00 154.00 NOTE
r-oldrel-windows-ix86+x86_64 0.85 45.00 124.00 169.00 NOTE

Check Details

Version: 0.85
Check: package dependencies
Result: NOTE
    Package suggested but not available for checking: ‘INLA’
Flavors: r-devel-linux-x86_64-debian-clang, r-devel-linux-x86_64-debian-gcc, r-patched-linux-x86_64, r-patched-solaris-sparc, r-patched-solaris-x86, r-release-linux-x86_64, r-release-osx-x86_64-mavericks

Version: 0.85
Check: dependencies in R code
Result: NOTE
    'library' or 'require' calls in package code:
     ‘INLA’ ‘Rgraphviz’
     Please use :: or requireNamespace() instead.
     See section 'Suggested packages' in the 'Writing R Extensions' manual.
Flavors: r-devel-linux-x86_64-debian-clang, r-devel-linux-x86_64-debian-gcc, r-devel-linux-x86_64-fedora-clang, r-devel-linux-x86_64-fedora-gcc, r-devel-osx-x86_64-clang, r-devel-windows-ix86+x86_64, r-patched-linux-x86_64, r-patched-solaris-sparc, r-patched-solaris-x86, r-release-linux-x86_64, r-release-osx-x86_64-mavericks, r-release-windows-ix86+x86_64, r-oldrel-windows-ix86+x86_64

Version: 0.85
Check: R code for possible problems
Result: NOTE
    buildscorecache: no visible global function definition for ‘sd’
    check.valid.data: no visible global function definition for
     ‘complete.cases’
    eval.across.grid: no visible global function definition for ‘spline’
    find.next.left.x: no visible global function definition for ‘spline’
    find.next.right.x: no visible global function definition for ‘spline’
    fitabn: no visible global function definition for ‘sd’
    fitabn: no visible global function definition for ‘new’
    getModeVector: no visible global function definition for ‘spline’
    getmarginals: no visible global function definition for ‘sd’
    graphicsetup: no visible global function definition for ‘dev.list’
    graphicsetup: no visible global function definition for ‘dev.set’
    search.hillclimber: no visible global function definition for ‘new’
    search.hillclimber: no visible global function definition for ‘plot’
    search.hillclimber: no visible global function definition for
     ‘initialize’
    Undefined global functions or variables:
     complete.cases dev.list dev.set initialize new plot sd spline
    Consider adding
     importFrom("grDevices", "dev.list", "dev.set")
     importFrom("graphics", "plot")
     importFrom("methods", "initialize", "new")
     importFrom("stats", "complete.cases", "sd", "spline")
    to your NAMESPACE.
Flavors: r-devel-linux-x86_64-debian-clang, r-devel-linux-x86_64-debian-gcc, r-devel-linux-x86_64-fedora-clang, r-devel-linux-x86_64-fedora-gcc, r-devel-windows-ix86+x86_64