CRAN Package Check Results for Package abn

Last updated on 2016-05-26 11:49:26.

Flavor Version Tinstall Tcheck Ttotal Status Flags
r-devel-linux-x86_64-debian-gcc 1.0 7.31 28.26 35.57 NOTE
r-devel-linux-x86_64-fedora-clang 1.0 60.70 OK
r-devel-linux-x86_64-fedora-gcc 1.0 66.98 OK
r-devel-osx-x86_64-clang 1.0 65.56 OK
r-devel-windows-ix86+x86_64 1.0 29.00 75.00 104.00 OK
r-patched-linux-x86_64 1.0 6.92 27.78 34.70 NOTE
r-patched-solaris-sparc 1.0 371.00 NOTE
r-patched-solaris-x86 1.0 74.30 NOTE
r-release-linux-x86_64 1.0 6.81 27.73 34.54 NOTE
r-release-osx-x86_64-mavericks 1.0 NOTE
r-release-windows-ix86+x86_64 1.0 37.00 101.00 138.00 OK
r-oldrel-windows-ix86+x86_64 1.0 42.00 96.00 138.00 OK

Check Details

Version: 1.0
Check: package dependencies
Result: NOTE
    Package suggested but not available for checking: ‘INLA’
Flavors: r-devel-linux-x86_64-debian-gcc, r-patched-linux-x86_64, r-patched-solaris-sparc, r-patched-solaris-x86, r-release-linux-x86_64, r-release-osx-x86_64-mavericks

Version: 1.0
Check: installed package size
Result: NOTE
     installed size is 5.5Mb
     sub-directories of 1Mb or more:
     bootstrapping_example 1.2Mb
     libs 2.9Mb
Flavor: r-release-osx-x86_64-mavericks