CRAN Package Check Results for Package abn

Last updated on 2014-04-17 20:47:30.

Flavor Version Tinstall Tcheck Ttotal Status Flags
r-devel-linux-x86_64-debian-clang 0.83 4.95 16.90 21.85 NOTE
r-devel-linux-x86_64-debian-gcc 0.83 8.38 17.08 25.46 NOTE
r-devel-linux-x86_64-fedora-clang 0.83 41.32 NOTE
r-devel-linux-x86_64-fedora-gcc 0.83 41.34 NOTE
r-devel-macosx-x86_64-clang 0.83 39.58 NOTE
r-devel-macosx-x86_64-gcc 0.83 NOTE
r-devel-windows-ix86+x86_64 0.83 31.00 43.00 74.00 NOTE
r-patched-linux-x86_64 0.83 10.12 17.23 27.35 NOTE
r-patched-solaris-sparc 0.83 241.00 NOTE
r-patched-solaris-x86 0.83 56.40 NOTE
r-release-linux-ix86 0.83 16.00 33.00 49.00 NOTE
r-release-linux-x86_64 0.83 6.30 17.58 23.88 NOTE
r-release-windows-ix86+x86_64 0.83 59.00 49.00 108.00 NOTE
r-oldrel-windows-ix86+x86_64 0.83 33.00 35.00 68.00 NOTE

Check Details

Version: 0.83
Check: package dependencies
Result: NOTE
    Package suggested but not available for checking: ‘INLA’
Flavors: r-devel-linux-x86_64-debian-clang, r-devel-linux-x86_64-debian-gcc, r-devel-linux-x86_64-fedora-clang, r-devel-linux-x86_64-fedora-gcc, r-devel-macosx-x86_64-clang, r-devel-windows-ix86+x86_64, r-patched-linux-x86_64, r-patched-solaris-sparc, r-patched-solaris-x86, r-release-linux-ix86, r-release-linux-x86_64, r-release-windows-ix86+x86_64, r-oldrel-windows-ix86+x86_64

Version: 0.83
Check: Rd line widths
Result: NOTE
    Rd file 'abninla-internal.Rd':
     \usage lines wider than 90 characters:
     calc.node.inla.glm(child.loc,dag.m.loc,data.df.loc,data.dists.loc,ntrials.loc,exposure.loc,compute.fixed.loc,
     mean.intercept.loc,prec.intercept.loc,mean.loc,prec.loc,loggam.shape.loc,loggam.inv.scale.loc,verbose.loc)
     calc.node.inla.glmm(child.loc,dag.m.loc,data.df.loc,data.dists.loc,ntrials.loc,exposure.loc,compute.fixed.loc,
     mean.intercept.loc,prec.intercept.loc,mean.loc,prec.loc,loggam.shape.loc,loggam.inv.scale.loc,verbose.loc)
    
    Rd file 'fitabn.Rd':
     \examples lines wider than 100 characters:
     ## but here goes...be patient
    
    Rd file 'mostprobable.Rd':
     \examples lines wider than 100 characters:
     cor.vars=c("b1","b2","b3","b4"),## each node uses a random effect adjustment
    
    These lines will be truncated in the PDF manual.
Flavors: r-devel-linux-x86_64-fedora-clang, r-devel-linux-x86_64-fedora-gcc

Version: 0.83
Check: package dependencies
Result: NOTE
    Packages suggested but not available for checking: ‘INLA’ ‘Rgraphviz’
Flavor: r-devel-macosx-x86_64-gcc