CRAN Package Check Results for Package abstr

Last updated on 2022-01-25 18:51:33 CET.

Flavor Version Tinstall Tcheck Ttotal Status Flags
r-devel-linux-x86_64-debian-clang 0.4.1 3.21 64.32 67.53 OK
r-devel-linux-x86_64-debian-gcc 0.4.1 2.82 51.35 54.17 OK
r-devel-linux-x86_64-fedora-clang 0.4.1 80.09 NOTE
r-devel-linux-x86_64-fedora-gcc 0.4.1 72.70 NOTE
r-devel-windows-x86_64-new-UL 0.4.1 47.00 93.00 140.00 OK
r-devel-windows-x86_64-new-TK 0.4.1 NOTE
r-patched-linux-x86_64 0.4.1 2.04 62.74 64.78 OK
r-release-linux-x86_64 0.4.1 2.24 62.83 65.07 OK
r-release-macos-arm64 0.4.1 NOTE
r-release-macos-x86_64 0.4.1 NOTE
r-release-windows-ix86+x86_64 0.4.1 7.00 82.00 89.00 OK
r-oldrel-macos-x86_64 0.4.1 NOTE
r-oldrel-windows-ix86+x86_64 0.4.1 7.00 84.00 91.00 OK

Check Details

Version: 0.4.1
Check: dependencies in R code
Result: NOTE
    Namespace in Imports field not imported from: ‘tibble’
     All declared Imports should be used.
Flavors: r-devel-linux-x86_64-fedora-clang, r-devel-linux-x86_64-fedora-gcc, r-devel-windows-x86_64-new-TK, r-release-macos-arm64, r-release-macos-x86_64, r-oldrel-macos-x86_64